Report for Taint-0.09

Back
From: metabase:user:322078bc-2aae-11df-837a-5e0a49663a4f
Subject: FAIL Taint-0.09 v5.10.0 GNU/Linux
Date: 2010-11-17T02:53:41Z

This distribution has been tested as part of the CPAN Testers
project, supporting the Perl programming language.  See
http://wiki.cpantesters.org/ for more information or email
questions to cpan-testers-discuss@perl.org


--

Dear Tom Phoenix,
    
This is a computer-generated error report created automatically by
CPANPLUS, version 0.9010. Testers personal comments may appear 
at the end of this report.


Thank you for uploading your work to CPAN.  However, it appears that
there were some problems testing your distribution.

TEST RESULTS:

Below is the error stack from stage 'make test':

[MSG] [Wed Nov 17 02:53:41 2010] Trying to get 'ftp://cpan.bingosnet.co.uk/CPAN/authors/id/M/MI/MIKO/CHECKSUMS'
[MSG] [Wed Nov 17 02:53:41 2010] Checksum matches for 'Debug-ShowStuff-1.11.tar.gz'
[MSG] [Wed Nov 17 02:53:41 2010] Extracted 'Debug::ShowStuff' to '/home/cpan/pit/bare/conf/perl-5.10.0/.cpanplus/5.10.0/build/Debug-ShowStuff-1.11'
[MSG] [Wed Nov 17 02:53:42 2010] CPANPLUS is prefering Build.PL
[MSG] [Wed Nov 17 02:53:42 2010] Loading YACSmoke database "/home/cpan/pit/bare/conf/perl-5.10.0/.cpanplus/cpansmoke.dat"
[MSG] [Wed Nov 17 02:53:42 2010] Checking if your kit is complete...
Looks good
Warning: prerequisite MemHandle 0.06 not found.
Warning: prerequisite Taint 0.09 not found.
Warning: prerequisite Tie::IxHash 1.1 not found.
Writing Makefile for Debug::ShowStuff

[MSG] [Wed Nov 17 02:53:42 2010] DEFAULT 'filter_prereqs' HANDLER RETURNING 'sub return value'
[MSG] [Wed Nov 17 02:53:42 2010] Checking for previous PASS result for "Debug-ShowStuff-1.11"
[MSG] [Wed Nov 17 02:53:42 2010] Module 'Debug::ShowStuff' requires 'MemHandle' version '0.06' to be installed 
[MSG] [Wed Nov 17 02:53:42 2010] Module 'Debug::ShowStuff' requires 'Taint' version '0.09' to be installed 
[MSG] [Wed Nov 17 02:53:42 2010] Module 'Debug::ShowStuff' requires 'Tie::IxHash' version '1.1' to be installed 
[MSG] [Wed Nov 17 02:53:43 2010] Trying to get 'ftp://cpan.bingosnet.co.uk/CPAN/authors/id/S/SC/SCR/CHECKSUMS'
[MSG] [Wed Nov 17 02:53:44 2010] Checksum matches for 'MemHandle-0.06.tar.gz'
[MSG] [Wed Nov 17 02:53:44 2010] Extracted 'MemHandle' to '/home/cpan/pit/bare/conf/perl-5.10.0/.cpanplus/5.10.0/build/MemHandle-0.06'
[MSG] [Wed Nov 17 02:53:44 2010] CPANPLUS is prefering Build.PL
[MSG] [Wed Nov 17 02:53:44 2010] Checking if your kit is complete...
Looks good
Writing Makefile for MemHandle

[MSG] [Wed Nov 17 02:53:44 2010] DEFAULT 'filter_prereqs' HANDLER RETURNING 'sub return value'
[MSG] [Wed Nov 17 02:53:44 2010] Checking for previous PASS result for "MemHandle-0.06"
[MSG] [Wed Nov 17 02:53:45 2010] cp MemHandle/Tie.pm blib/lib/MemHandle/Tie.pm
cp MemHandle.pm blib/lib/MemHandle.pm
Manifying blib/man3/MemHandle::Tie.3
Manifying blib/man3/MemHandle.3

[MSG] [Wed Nov 17 02:53:45 2010] MAKE TEST passed: PERL_DL_NONLAZY=1 /home/cpan/pit/bare/perl-5.10.0/bin/perl "-Iblib/lib" "-Iblib/arch" test.pl
1..3
ok 1
ok 2
ok 3

[MSG] [Wed Nov 17 02:53:45 2010] Sending test report for 'MemHandle-0.06'
[MSG] [Wed Nov 17 02:53:45 2010] Successfully sent 'pass' report for 'MemHandle-0.06'
[MSG] [Wed Nov 17 02:53:45 2010] Trying to get 'ftp://cpan.bingosnet.co.uk/CPAN/authors/id/P/PH/PHOENIX/CHECKSUMS'
[MSG] [Wed Nov 17 02:53:45 2010] Checksum matches for 'Taint-0.09.tar.gz'
[MSG] [Wed Nov 17 02:53:46 2010] Extracted 'Taint' to '/home/cpan/pit/bare/conf/perl-5.10.0/.cpanplus/5.10.0/build/Taint-0.09'
[MSG] [Wed Nov 17 02:53:46 2010] CPANPLUS is prefering Build.PL
[MSG] [Wed Nov 17 02:53:46 2010] Checking if your kit is complete...
Looks good
Writing Makefile for Taint

[MSG] [Wed Nov 17 02:53:46 2010] DEFAULT 'filter_prereqs' HANDLER RETURNING 'sub return value'
[MSG] [Wed Nov 17 02:53:46 2010] Checking for previous PASS result for "Taint-0.09"
[MSG] [Wed Nov 17 02:53:48 2010] cp Taint.pm blib/lib/Taint.pm
Manifying blib/man3/Taint.3

[ERROR] [Wed Nov 17 02:53:48 2010] MAKE TEST failed: No such file or directory PERL_DL_NONLAZY=1 /home/cpan/pit/bare/perl-5.10.0/bin/perl "-MExtUtils::Command::MM" "-e" "test_harness(0, 'blib/lib', 'blib/arch')" t/*.t
t/0-basic.t .... 
Failed 7/52 subtests 
t/no-taint.t ... ok
t/tied.t ....... 
Failed 2/11 subtests 
t/u-untaint.t .. ok

Test Summary Report
-------------------
t/0-basic.t  (Wstat: 0 Tests: 52 Failed: 7)
  Failed tests:  32, 38-41, 43, 52
t/tied.t     (Wstat: 0 Tests: 12 Failed: 3)
  Failed tests:  8-9, 12
  Parse errors: Bad plan.  You planned 11 tests but ran 12.
Files=4, Tests=78,  0 wallclock secs ( 0.06 usr  0.01 sys +  0.10 cusr  0.01 csys =  0.18 CPU)
Result: FAIL
Failed 2/4 test programs. 10/78 subtests failed.
make: *** [test_dynamic] Error 255

[MSG] [Wed Nov 17 02:53:48 2010] DEFAULT 'proceed_on_test_failure' HANDLER RETURNING 'sub return value'


Perl module toolchain versions installed:
	Module Name                        Have
	CPANPLUS                         0.9010
	CPANPLUS::Dist::Build              0.50
	Cwd                                3.33
	ExtUtils::CBuilder               0.2703
	ExtUtils::Command                  1.16
	ExtUtils::Install                  1.54
	ExtUtils::MakeMaker                6.56
	ExtUtils::Manifest                 1.58
	ExtUtils::ParseXS                2.2206
	File::Spec                         3.33
	Module::Build                    0.3607
	Test::Harness                      3.22
	Test::More                         0.96
	version                            0.85

******************************** NOTE ********************************
The comments above are created mechanically, possibly without manual
checking by the sender.  As there are many people performing automatic
tests on each upload to CPAN, it is likely that you will receive 
identical messages about the same problem.

If you believe that the message is mistaken, please reply to the first
one with correction and/or additional informations, and do not take
it personally.  We appreciate your patience. :)
**********************************************************************

Additional comments:
 

This report was machine-generated by CPANPLUS::Dist::YACSmoke 0.58.
Powered by minismokebox version 0.36

------------------------------
ENVIRONMENT AND OTHER CONTEXT
------------------------------

Environment variables:

    AUTOMATED_TESTING = 1
    LANG = en_GB.UTF-8
    PATH = /usr/local/sbin:/usr/local/bin:/usr/sbin:/usr/bin:/sbin:/bin:/usr/games
    PERL5LIB = :/home/cpan/pit/bare/conf/perl-5.10.0/.cpanplus/5.10.0/build/MemHandle-0.06/blib/lib:/home/cpan/pit/bare/conf/perl-5.10.0/.cpanplus/5.10.0/build/MemHandle-0.06/blib/arch:/home/cpan/pit/bare/conf/perl-5.10.0/.cpanplus/5.10.0/build/Taint-0.09/blib/lib:/home/cpan/pit/bare/conf/perl-5.10.0/.cpanplus/5.10.0/build/Taint-0.09/blib/arch
    PERL5_CPANPLUS_IS_RUNNING = 29726
    PERL5_CPANPLUS_IS_VERSION = 0.9010
    PERL5_MINISMOKEBOX = 0.36
    PERL5_YACSMOKE_BASE = /home/cpan/pit/bare/conf/perl-5.10.0
    PERL_EXTUTILS_AUTOINSTALL = --defaultdeps
    PERL_MM_USE_DEFAULT = 1
    SHELL = /bin/bash
    TERM = screen

Perl special variables (and OS-specific diagnostics, for MSWin32):

    Perl: $^X = /home/cpan/pit/bare/perl-5.10.0/bin/perl
    UID:  $<  = 1001
    EUID: $>  = 1001
    GID:  $(  = 1001 1001
    EGID: $)  = 1001 1001


-------------------------------


--

Summary of my perl5 (revision 5 version 10 subversion 0) configuration:
  Platform:
    osname=linux, osvers=2.6.32-23-generic, archname=x86_64-linux
    uname='linux velvet 2.6.32-23-generic #37-ubuntu smp fri jun 11 08:03:28 utc 2010 x86_64 gnulinux '
    config_args='-des -Dprefix=/home/cpan/pit/bare/perl-5.10.0'
    hint=recommended, useposix=true, d_sigaction=define
    useithreads=undef, usemultiplicity=undef
    useperlio=define, d_sfio=undef, uselargefiles=define, usesocks=undef
    use64bitint=define, use64bitall=define, uselongdouble=undef
    usemymalloc=n, bincompat5005=undef
  Compiler:
    cc='cc', ccflags ='-fno-strict-aliasing -pipe -I/usr/local/include -D_LARGEFILE_SOURCE -D_FILE_OFFSET_BITS=64',
    optimize='-O2',
    cppflags='-fno-strict-aliasing -pipe -I/usr/local/include'
    ccversion='', gccversion='4.4.3', gccosandvers=''
    intsize=4, longsize=8, ptrsize=8, doublesize=8, byteorder=12345678
    d_longlong=define, longlongsize=8, d_longdbl=define, longdblsize=16
    ivtype='long', ivsize=8, nvtype='double', nvsize=8, Off_t='off_t', lseeksize=8
    alignbytes=8, prototype=define
  Linker and Libraries:
    ld='cc', ldflags =' -L/usr/local/lib'
    libpth=/usr/local/lib /lib /usr/lib /lib64 /usr/lib64
    libs=-lnsl -ldl -lm -lcrypt -lutil -lc
    perllibs=-lnsl -ldl -lm -lcrypt -lutil -lc
    libc=/lib/libc-2.11.1.so, so=so, useshrplib=false, libperl=libperl.a
    gnulibc_version='2.11.1'
  Dynamic Linking:
    dlsrc=dl_dlopen.xs, dlext=so, d_dlsymun=undef, ccdlflags='-Wl,-E'
    cccdlflags='-fPIC', lddlflags='-shared -O2 -L/usr/local/lib'


Characteristics of this binary (from libperl): 
  Compile-time options: PERL_DONT_CREATE_GVSV PERL_MALLOC_WRAP USE_64_BIT_ALL
                        USE_64_BIT_INT USE_LARGE_FILES USE_PERLIO
  Built under linux
  Compiled at Jul 22 2010 00:31:31
  %ENV:
    PERL5LIB=":/home/cpan/pit/bare/conf/perl-5.10.0/.cpanplus/5.10.0/build/MemHandle-0.06/blib/lib:/home/cpan/pit/bare/conf/perl-5.10.0/.cpanplus/5.10.0/build/MemHandle-0.06/blib/arch:/home/cpan/pit/bare/conf/perl-5.10.0/.cpanplus/5.10.0/build/Taint-0.09/blib/lib:/home/cpan/pit/bare/conf/perl-5.10.0/.cpanplus/5.10.0/build/Taint-0.09/blib/arch"
    PERL5_CPANPLUS_IS_RUNNING="29726"
    PERL5_CPANPLUS_IS_VERSION="0.9010"
    PERL5_MINISMOKEBOX="0.36"
    PERL5_YACSMOKE_BASE="/home/cpan/pit/bare/conf/perl-5.10.0"
    PERL_EXTUTILS_AUTOINSTALL="--defaultdeps"
    PERL_MM_USE_DEFAULT="1"
  @INC:
    /home/cpan/pit/bare/conf/perl-5.10.0/.cpanplus/5.10.0/build/MemHandle-0.06/blib/lib
    /home/cpan/pit/bare/conf/perl-5.10.0/.cpanplus/5.10.0/build/MemHandle-0.06/blib/arch
    /home/cpan/pit/bare/conf/perl-5.10.0/.cpanplus/5.10.0/build/Taint-0.09/blib/lib
    /home/cpan/pit/bare/conf/perl-5.10.0/.cpanplus/5.10.0/build/Taint-0.09/blib/arch
    /home/cpan/pit/bare/perl-5.10.0/lib/5.10.0/x86_64-linux
    /home/cpan/pit/bare/perl-5.10.0/lib/5.10.0
    /home/cpan/pit/bare/perl-5.10.0/lib/site_perl/5.10.0/x86_64-linux
    /home/cpan/pit/bare/perl-5.10.0/lib/site_perl/5.10.0
    .