Geo-Coder-US-Census v0.06 Perl 5 v5.20.1 amd64-freebsd-ld

Status
Fail
From
Slaven Rezić
Dist
Geo-Coder-US-Census v0.06
Platform
Perl 5 v5.20.1 amd64-freebsd-ld
Date
2023-02-03 20:11:03
ID
e28a07fe-a3fe-11ed-a96f-e0306e8775ea
This distribution has been tested as part of the CPAN Testers
project, supporting the Perl programming language.  See
http://wiki.cpantesters.org/ for more information or email
questions to cpan-testers-discuss@perl.org


--
Dear Nigel Horne,

This is a computer-generated report for Geo-Coder-US-Census-0.06
on perl 5.20.1, created by CPAN-Reporter-1.2018.

Thank you for uploading your work to CPAN.  However, there was a problem
testing your distribution.

If you think this report is invalid, please consult the CPAN Testers Wiki
for suggestions on how to avoid getting FAIL reports for missing library
or binary dependencies, unsupported operating systems, and so on:

http://wiki.cpantesters.org/wiki/CPANAuthorNotes

Sections of this report:

    * Tester comments
    * Program output
    * Prerequisites
    * Environment and other context

------------------------------
TESTER COMMENTS
------------------------------

Additional comments from tester:

none provided

------------------------------
PROGRAM OUTPUT
------------------------------

Output from '/usr/bin/make test':

PERL_DL_NONLAZY=1 "/usr/perl5.20.1Dp/bin/perl" "-MExtUtils::Command::MM" "-MTest::Harness" "-e" "undef *Test::Harness::Switches; test_harness(0, 'blib/lib', 'blib/arch')" t/*.t
# Testing Geo::Coder::US::Census 0.06, Perl 5.020001, /usr/perl5.20.1Dp/bin/perl
t/00-load.t ........... ok
t/10-new.t ............ ok
# Author tests not required for installation
t/bin.t ............... ok
t/boiler.t ............ ok
t/carp.t .............. ok
t/changes.t ........... skipped: Author tests not required for installation
t/comment-spelling.t .. skipped: Author tests not required for installation
t/coverage.t .......... ok
t/critic.t ............ skipped: Author tests not required for installation
t/cv.t ................ skipped: Author tests not required for installation
t/dist.t .............. skipped: Author tests not required for installation
t/eof.t ............... skipped: Author tests not required for installation
t/eol.t ............... skipped: Author tests not required for installation
t/gv.t ................ skipped: Author tests not required for installation
t/kwalitee.t .......... skipped: Author tests not required for installation
t/links.t ............. skipped: Author tests not required for installation
t/manifest.t .......... skipped: Author tests not required for installation
t/metrics.t ........... skipped: Author tests not required for installation
t/namespaces.t ........ skipped: Author tests not required for installation
t/no404s.t ............ skipped: Author tests not required for installation
t/noplan.t ............ skipped: Author tests not required for installation
t/pod-cm.t ............ skipped: Test::Pod::Spelling::CommonMistakes required for testing POD spelling
t/pod-spelling.t ...... skipped: Author tests not required for installation
t/pod.t ............... skipped: Author tests not required for installation
t/port.t .............. skipped: Test::Portability::Files required for testing filenames portability
t/prereq.t ............ skipped: Author tests not required for installation
t/snippets.t .......... skipped: Author tests not required for installation
t/strict.t ............ skipped: Author tests not required for installation
t/unused.t ............ skipped: Author tests not required for installation
https://geocoding.geo.census.gov/geocoder/locations/address?state=DC&street=1600+Pennsylvania+Ave+NW&format=json&benchmark=Public_AR_Current&city=Washington API returned error: 500 write failed:  at t/us.t line 35.
Use of uninitialized value $p in numeric eq (==) at /usr/perl5.20.1Dp/lib/site_perl/5.20.1/Test/Number/Delta.pm line 187.
Use of uninitialized value $p in subtraction (-) at /usr/perl5.20.1Dp/lib/site_perl/5.20.1/Test/Number/Delta.pm line 187.
Use of uninitialized value $p in sprintf at /usr/perl5.20.1Dp/lib/site_perl/5.20.1/Test/Number/Delta.pm line 190.

#   Failed test at t/us.t line 36.
# 0.000 and 38.900 are not equal to within 0.01
Use of uninitialized value $p in numeric eq (==) at /usr/perl5.20.1Dp/lib/site_perl/5.20.1/Test/Number/Delta.pm line 187.
Use of uninitialized value $p in subtraction (-) at /usr/perl5.20.1Dp/lib/site_perl/5.20.1/Test/Number/Delta.pm line 187.
Use of uninitialized value $p in sprintf at /usr/perl5.20.1Dp/lib/site_perl/5.20.1/Test/Number/Delta.pm line 190.

#   Failed test at t/us.t line 37.
# 0.000 and -77.040 are not equal to within 0.01
https://geocoding.geo.census.gov/geocoder/locations/address?city=Washington&benchmark=Public_AR_Current&format=json&street=1600+Pennsylvania+Ave+NW&state=DC API returned error: 500 write failed:  at t/us.t line 40.
Use of uninitialized value $p in numeric eq (==) at /usr/perl5.20.1Dp/lib/site_perl/5.20.1/Test/Number/Delta.pm line 187.
Use of uninitialized value $p in subtraction (-) at /usr/perl5.20.1Dp/lib/site_perl/5.20.1/Test/Number/Delta.pm line 187.
Use of uninitialized value $p in sprintf at /usr/perl5.20.1Dp/lib/site_perl/5.20.1/Test/Number/Delta.pm line 190.

#   Failed test at t/us.t line 41.
# 0.000 and 38.900 are not equal to within 0.01
Use of uninitialized value $p in numeric eq (==) at /usr/perl5.20.1Dp/lib/site_perl/5.20.1/Test/Number/Delta.pm line 187.
Use of uninitialized value $p in subtraction (-) at /usr/perl5.20.1Dp/lib/site_perl/5.20.1/Test/Number/Delta.pm line 187.
Use of uninitialized value $p in sprintf at /usr/perl5.20.1Dp/lib/site_perl/5.20.1/Test/Number/Delta.pm line 190.

#   Failed test at t/us.t line 42.
# 0.000 and -77.040 are not equal to within 0.01
https://geocoding.geo.census.gov/geocoder/locations/address?format=json&street=1363+Kelly+Rd&state=IN&city=Coal+City&benchmark=Public_AR_Current API returned error: 500 write failed:  at t/us.t line 48.
https://geocoding.geo.census.gov/geocoder/locations/address?city=Bushnell&benchmark=Public_AR_Current&format=json&street=6502+102nd+Ave&state=FL API returned error: 500 write failed:  at t/us.t line 67.
Use of uninitialized value $p in numeric eq (==) at /usr/perl5.20.1Dp/lib/site_perl/5.20.1/Test/Number/Delta.pm line 187.
Use of uninitialized value $p in subtraction (-) at /usr/perl5.20.1Dp/lib/site_perl/5.20.1/Test/Number/Delta.pm line 187.
Use of uninitialized value $p in sprintf at /usr/perl5.20.1Dp/lib/site_perl/5.20.1/Test/Number/Delta.pm line 190.

#   Failed test at t/us.t line 68.
# 0.000 and 28.610 are not equal to within 0.01
Use of uninitialized value $p in numeric eq (==) at /usr/perl5.20.1Dp/lib/site_perl/5.20.1/Test/Number/Delta.pm line 187.
Use of uninitialized value $p in subtraction (-) at /usr/perl5.20.1Dp/lib/site_perl/5.20.1/Test/Number/Delta.pm line 187.
Use of uninitialized value $p in sprintf at /usr/perl5.20.1Dp/lib/site_perl/5.20.1/Test/Number/Delta.pm line 190.

#   Failed test at t/us.t line 69.
# 0.000 and -82.210 are not equal to within 0.01
https://geocoding.geo.census.gov/geocoder/locations/address?city=Greensboro&benchmark=Public_AR_Current&format=json&street=121+McIver+St&state=NC API returned error: 500 write failed:  at t/us.t line 71.
Use of uninitialized value $p in numeric eq (==) at /usr/perl5.20.1Dp/lib/site_perl/5.20.1/Test/Number/Delta.pm line 187.
Use of uninitialized value $p in subtraction (-) at /usr/perl5.20.1Dp/lib/site_perl/5.20.1/Test/Number/Delta.pm line 187.
Use of uninitialized value $p in sprintf at /usr/perl5.20.1Dp/lib/site_perl/5.20.1/Test/Number/Delta.pm line 190.

#   Failed test at t/us.t line 72.
# 0.000 and 36.080 are not equal to within 0.01
Use of uninitialized value $p in numeric eq (==) at /usr/perl5.20.1Dp/lib/site_perl/5.20.1/Test/Number/Delta.pm line 187.
Use of uninitialized value $p in subtraction (-) at /usr/perl5.20.1Dp/lib/site_perl/5.20.1/Test/Number/Delta.pm line 187.
Use of uninitialized value $p in sprintf at /usr/perl5.20.1Dp/lib/site_perl/5.20.1/Test/Number/Delta.pm line 190.

#   Failed test at t/us.t line 73.
# 0.000 and -79.810 are not equal to within 0.01
https://geocoding.geo.census.gov/geocoder/locations/address?format=json&street=105+West+St&state=IN&city=Spencer&benchmark=Public_AR_Current API returned error: 500 write failed:  at t/us.t line 78.
Use of uninitialized value $p in numeric eq (==) at /usr/perl5.20.1Dp/lib/site_perl/5.20.1/Test/Number/Delta.pm line 187.
Use of uninitialized value $p in subtraction (-) at /usr/perl5.20.1Dp/lib/site_perl/5.20.1/Test/Number/Delta.pm line 187.
Use of uninitialized value $p in sprintf at /usr/perl5.20.1Dp/lib/site_perl/5.20.1/Test/Number/Delta.pm line 190.

#   Failed test at t/us.t line 79.
# 0.000 and 39.280 are not equal to within 0.01
Use of uninitialized value $p in numeric eq (==) at /usr/perl5.20.1Dp/lib/site_perl/5.20.1/Test/Number/Delta.pm line 187.
Use of uninitialized value $p in subtraction (-) at /usr/perl5.20.1Dp/lib/site_perl/5.20.1/Test/Number/Delta.pm line 187.
Use of uninitialized value $p in sprintf at /usr/perl5.20.1Dp/lib/site_perl/5.20.1/Test/Number/Delta.pm line 190.

#   Failed test at t/us.t line 80.
# 0.000 and -86.760 are not equal to within 0.01
# Looks like you failed 10 tests of 18.

You have loaded versions of test modules known to have problems with Test2.
This could explain some test failures.
 * Module 'Test::Exception' is outdated, we recommed updating above 0.42. error was: 'Test::Exception version 0.42 required--this is only version 0.36 at /usr/perl5.20.1Dp/lib/site_perl/5.20.1/Test2/API/Breakage.pm line 75.'; INC is /usr/perl5.20.1Dp/lib/site_perl/5.20.1/Test/Exception.pm

t/us.t ................ 
Dubious, test returned 10 (wstat 2560, 0xa00)
Failed 10/18 subtests 
t/used.t .............. skipped: Author tests not required for installation
t/vars.t .............. skipped: Author tests not required for installation

Test Summary Report
-------------------
t/boiler.t          (Wstat: 0 Tests: 3 Failed: 0)
  TODO passed:   1-3
t/us.t              (Wstat: 2560 Tests: 18 Failed: 10)
  Failed tests:  4-7, 10-15
  Non-zero exit status: 10
Files=32, Tests=32,  6 wallclock secs ( 0.05 usr  0.04 sys +  1.57 cusr  2.02 csys =  3.68 CPU)
Result: FAIL
Failed 1/32 test programs. 10/32 subtests failed.
*** Error code 255

Stop.
make: stopped in /home/cpansand/.cpan/build/2023020300/Geo-Coder-US-Census-0.06-0Vr5HV

------------------------------
PREREQUISITES
------------------------------

Prerequisite modules loaded:

requires:

    Module                 Need     Have    
    ---------------------- -------- --------
    Encode                 0        2.60    
    Geo::StreetAddress::US 0        1.04    
    HTTP::Request          0        6.00    
    JSON::MaybeXS          0        1.003003
    LWP::Protocol::https   0        6.06    
    LWP::UserAgent         0        6.10    
    Net::SSLeay            1.81     1.92    
    perl                   5.006002 5.020001
    URI                    0        1.65    

build_requires:

    Module                 Need     Have    
    ---------------------- -------- --------
    ExtUtils::MakeMaker    0        7.58    
    IPC::System::Simple    0        1.25    
    Test::Carp             0        0.2     
    Test::LWP::UserAgent   0        0.036   
    Test::Most             0        0.34    
    Test::NoWarnings       0        1.04    
    Test::Number::Delta    0        1.06    
    Test::Script           1.12     1.29    

configure_requires:

    Module                 Need     Have    
    ---------------------- -------- --------
    ExtUtils::MakeMaker    0        7.58    


------------------------------
ENVIRONMENT AND OTHER CONTEXT
------------------------------

Environment variables:

    LC_ALL = de_DE.ISO8859-1
    PATH = /usr/local/bin:/usr/bin:/bin:/usr/local/sbin:/usr/sbin:/sbin:/home/cpansand/bin/freebsd10.3:/home/cpansand/bin/sh:/home/cpansand/bin:/usr/games:/home/cpansand/devel:/home/eserte/src/srezic-misc/scripts
    PERL5LIB = /home/cpansand/.cpan/build/2023020300/Geo-StreetAddress-US-1.04-O5LPGo/blib/arch:/home/cpansand/.cpan/build/2023020300/Geo-StreetAddress-US-1.04-O5LPGo/blib/lib:/home/cpansand/.cpan/build/2023020300/Test-LWP-UserAgent-0.036-ZxZhDC/blib/arch:/home/cpansand/.cpan/build/2023020300/Test-LWP-UserAgent-0.036-ZxZhDC/blib/lib:/home/cpansand/.cpan/build/2023020300/Test-RequiresInternet-0.05-oae81y/blib/arch:/home/cpansand/.cpan/build/2023020300/Test-RequiresInternet-0.05-oae81y/blib/lib:/home/cpansand/.cpan/build/2023020300/Test-Needs-0.002010-bF6F39/blib/arch:/home/cpansand/.cpan/build/2023020300/Test-Needs-0.002010-bF6F39/blib/lib:/home/cpansand/.cpan/build/2023020300/Net-SSLeay-1.92-GmzMjX/blib/arch:/home/cpansand/.cpan/build/2023020300/Net-SSLeay-1.92-GmzMjX/blib/lib:/home/cpansand/.cpan/build/2023020300/Test-Script-1.29-iB6SUu/blib/arch:/home/cpansand/.cpan/build/2023020300/Test-Script-1.29-iB6SUu/blib/lib
    PERL5OPT = 
    PERL5_CPANPLUS_IS_RUNNING = 80588
    PERL5_CPAN_IS_RUNNING = 80588
    PERL5_CPAN_IS_RUNNING_IN_RECURSION = 55453,80588
    PERLDOC = -MPod::Perldoc::ToTextOverstrike
    PERL_BATCH = yes
    PERL_CANARY_STABILITY_NOPROMPT = 1
    PERL_CPAN_REPORTER_CONFIG = /var/tmp/cpansmoker-1023/2023020202/cpanreporter_000_config.ini
    PERL_EXTUTILS_AUTOINSTALL = --defaultdeps
    SHELL = /usr/local/bin/zsh
    TERM = screen
    TMPDIR = /var/tmp/cpansmoker-1023/2023020202

Perl special variables (and OS-specific diagnostics, for MSWin32):

    $^X = /usr/perl5.20.1Dp/bin/perl
    $UID/$EUID = 1023 / 1023
    $GID = 1023 1023
    $EGID = 1023 1023

Perl module toolchain versions installed:

    Module              Have    
    ------------------- --------
    CPAN                2.05    
    CPAN::Meta          2.143240
    Cwd                 3.48    
    ExtUtils::CBuilder  0.280217
    ExtUtils::Command   7.58    
    ExtUtils::Install   2.06    
    ExtUtils::MakeMaker 7.58    
    ExtUtils::Manifest  1.70    
    ExtUtils::ParseXS   3.35    
    File::Spec          3.48    
    JSON                2.90    
    JSON::PP            2.27400 
    Module::Build       0.4211  
    Module::Signature   n/a     
    Parse::CPAN::Meta   1.4422  
    Test::Harness       3.30    
    Test::More          1.302183
    YAML                1.14    
    YAML::Syck          1.29    
    version             0.9909  


--

Summary of my perl5 (revision 5 version 20 subversion 1) configuration:
   
  Platform:
    osname=freebsd, osvers=10.1-release, archname=amd64-freebsd-ld
    uname='freebsd cvrsnica-freebsd-101.herceg.de 10.1-release freebsd 10.1-release #0 r274401: tue nov 11 21:02:49 utc 2014 root@releng1.nyi.freebsd.org:usrobjusrsrcsysgeneric amd64 '
    config_args='-ds -e -Dprefix=/usr/perl5.20.1Dp -Duselongdouble'
    hint=recommended, useposix=true, d_sigaction=define
    useithreads=undef, usemultiplicity=undef
    use64bitint=define, use64bitall=define, uselongdouble=define
    usemymalloc=n, bincompat5005=undef
  Compiler:
    cc='cc', ccflags ='-DHAS_FPSETMASK -DHAS_FLOATINGPOINT_H -fno-strict-aliasing -pipe -fstack-protector -I/usr/local/include',
    optimize='-O',
    cppflags='-DHAS_FPSETMASK -DHAS_FLOATINGPOINT_H -fno-strict-aliasing -pipe -fstack-protector -I/usr/local/include'
    ccversion='', gccversion='4.2.1 Compatible FreeBSD Clang 3.4.1 (tags/RELEASE_34/dot1-final 208032)', gccosandvers=''
    intsize=4, longsize=8, ptrsize=8, doublesize=8, byteorder=12345678
    d_longlong=define, longlongsize=8, d_longdbl=define, longdblsize=16
    ivtype='long', ivsize=8, nvtype='long double', nvsize=16, Off_t='off_t', lseeksize=8
    alignbytes=16, prototype=define
  Linker and Libraries:
    ld='cc', ldflags ='-pthread -Wl,-E  -fstack-protector -L/usr/local/lib'
    libpth=/usr/lib /usr/local/lib /usr/include/clang/3.4.1 /usr/lib
    libs=-lgdbm -lm -lcrypt -lutil -lc
    perllibs=-lm -lcrypt -lutil -lc
    libc=, so=so, useshrplib=false, libperl=libperl.a
    gnulibc_version=''
  Dynamic Linking:
    dlsrc=dl_dlopen.xs, dlext=so, d_dlsymun=undef, ccdlflags=' '
    cccdlflags='-DPIC -fPIC', lddlflags='-shared  -L/usr/local/lib -fstack-protector'


Characteristics of this binary (from libperl): 
  Compile-time options: HAS_TIMES PERLIO_LAYERS PERL_DONT_CREATE_GVSV
                        PERL_HASH_FUNC_ONE_AT_A_TIME_HARD PERL_MALLOC_WRAP
                        PERL_NEW_COPY_ON_WRITE PERL_PRESERVE_IVUV
                        USE_64_BIT_ALL USE_64_BIT_INT USE_LARGE_FILES
                        USE_LOCALE USE_LOCALE_COLLATE USE_LOCALE_CTYPE
                        USE_LOCALE_NUMERIC USE_LONG_DOUBLE USE_PERLIO
                        USE_PERL_ATOF
  Built under freebsd
  Compiled at Feb 13 2015 08:17:27
  %ENV:
    PERL5LIB="/home/cpansand/.cpan/build/2023020300/Geo-StreetAddress-US-1.04-O5LPGo/blib/arch:/home/cpansand/.cpan/build/2023020300/Geo-StreetAddress-US-1.04-O5LPGo/blib/lib:/home/cpansand/.cpan/build/2023020300/Test-LWP-UserAgent-0.036-ZxZhDC/blib/arch:/home/cpansand/.cpan/build/2023020300/Test-LWP-UserAgent-0.036-ZxZhDC/blib/lib:/home/cpansand/.cpan/build/2023020300/Test-RequiresInternet-0.05-oae81y/blib/arch:/home/cpansand/.cpan/build/2023020300/Test-RequiresInternet-0.05-oae81y/blib/lib:/home/cpansand/.cpan/build/2023020300/Test-Needs-0.002010-bF6F39/blib/arch:/home/cpansand/.cpan/build/2023020300/Test-Needs-0.002010-bF6F39/blib/lib:/home/cpansand/.cpan/build/2023020300/Net-SSLeay-1.92-GmzMjX/blib/arch:/home/cpansand/.cpan/build/2023020300/Net-SSLeay-1.92-GmzMjX/blib/lib:/home/cpansand/.cpan/build/2023020300/Test-Script-1.29-iB6SUu/blib/arch:/home/cpansand/.cpan/build/2023020300/Test-Script-1.29-iB6SUu/blib/lib"
    PERL5OPT=""
    PERL5_CPANPLUS_IS_RUNNING="80588"
    PERL5_CPAN_IS_RUNNING="80588"
    PERL5_CPAN_IS_RUNNING_IN_RECURSION="55453,80588"
    PERLDOC="-MPod::Perldoc::ToTextOverstrike"
    PERL_BATCH="yes"
    PERL_CANARY_STABILITY_NOPROMPT="1"
    PERL_CPAN_REPORTER_CONFIG="/var/tmp/cpansmoker-1023/2023020202/cpanreporter_000_config.ini"
    PERL_EXTUTILS_AUTOINSTALL="--defaultdeps"
  @INC:
    /home/cpansand/.cpan/build/2023020300/Geo-StreetAddress-US-1.04-O5LPGo/blib/arch
    /home/cpansand/.cpan/build/2023020300/Geo-StreetAddress-US-1.04-O5LPGo/blib/lib
    /home/cpansand/.cpan/build/2023020300/Test-LWP-UserAgent-0.036-ZxZhDC/blib/arch
    /home/cpansand/.cpan/build/2023020300/Test-LWP-UserAgent-0.036-ZxZhDC/blib/lib
    /home/cpansand/.cpan/build/2023020300/Test-RequiresInternet-0.05-oae81y/blib/arch
    /home/cpansand/.cpan/build/2023020300/Test-RequiresInternet-0.05-oae81y/blib/lib
    /home/cpansand/.cpan/build/2023020300/Test-Needs-0.002010-bF6F39/blib/arch
    /home/cpansand/.cpan/build/2023020300/Test-Needs-0.002010-bF6F39/blib/lib
    /home/cpansand/.cpan/build/2023020300/Net-SSLeay-1.92-GmzMjX/blib/arch
    /home/cpansand/.cpan/build/2023020300/Net-SSLeay-1.92-GmzMjX/blib/lib
    /home/cpansand/.cpan/build/2023020300/Test-Script-1.29-iB6SUu/blib/arch
    /home/cpansand/.cpan/build/2023020300/Test-Script-1.29-iB6SUu/blib/lib
    /usr/perl5.20.1Dp/lib/site_perl/5.20.1/amd64-freebsd-ld
    /usr/perl5.20.1Dp/lib/site_perl/5.20.1
    /usr/perl5.20.1Dp/lib/5.20.1/amd64-freebsd-ld
    /usr/perl5.20.1Dp/lib/5.20.1
    .