Report for VCI-0.7.1

Back
From: metabase:user:320bfe00-2aae-11df-837a-5e0a49663a4f
Subject: FAIL VCI-0.7.1 v5.24.0 GNU/Linux
Date: 2016-09-30T03:49:26Z

This distribution has been tested as part of the CPAN Testers
project, supporting the Perl programming language.  See
http://wiki.cpantesters.org/ for more information or email
questions to cpan-testers-discuss@perl.org


--
Dear Max Kanat-Alexander,

This is a computer-generated report for VCI-0.7.1
on perl 5.24.0, created by CPAN-Reporter-1.2018.

Thank you for uploading your work to CPAN.  However, there was a problem
testing your distribution.

If you think this report is invalid, please consult the CPAN Testers Wiki
for suggestions on how to avoid getting FAIL reports for missing library
or binary dependencies, unsupported operating systems, and so on:

http://wiki.cpantesters.org/wiki/CPANAuthorNotes

Sections of this report:

    * Tester comments
    * Program output
    * Prerequisites
    * Environment and other context

------------------------------
TESTER COMMENTS
------------------------------

Additional comments from tester:

this report is from an automated smoke testing program
and was not reviewed by a human for accuracy

------------------------------
PROGRAM OUTPUT
------------------------------

Output from '/usr/bin/make test':

PERL_DL_NONLAZY=1 "/tmp/basesmoker-reloperl-6_ll/bin/perl" "-MExtUtils::Command::MM" "-MTest::Harness" "-e" "undef *Test::Harness::Switches; test_harness(0, 'inc', 'blib/lib', 'blib/arch')" t/*.t
t/010_abstract_compile.t .. ok
t/020_bzr_compile.t ....... ok
"my" variable $cmd masks earlier declaration in same statement at /tmp/loop_over_bdir-23260-sd3UXG/VCI-0.7.1-0/blib/lib/VCI/VCS/Cvs.pm line 39, <DATA> line 1.
"my" variable $cmd masks earlier declaration in same statement at /tmp/loop_over_bdir-23260-sd3UXG/VCI-0.7.1-0/blib/lib/VCI/VCS/Cvs.pm line 41, <DATA> line 1.
"my" variable $cmd masks earlier declaration in same scope at /tmp/loop_over_bdir-23260-sd3UXG/VCI-0.7.1-0/blib/lib/VCI/VCS/Cvs.pm line 42, <DATA> line 1.
"my" variable $cmd masks earlier declaration in same scope at /tmp/loop_over_bdir-23260-sd3UXG/VCI-0.7.1-0/blib/lib/VCI/VCS/Cvs.pm line 46, <DATA> line 1.
"my" variable $cmd masks earlier declaration in same statement at /tmp/loop_over_bdir-23260-sd3UXG/VCI-0.7.1-0/blib/lib/VCI/VCS/Cvs.pm line 48, <DATA> line 1.
"my" variable $cmd masks earlier declaration in same statement at /tmp/loop_over_bdir-23260-sd3UXG/VCI-0.7.1-0/blib/lib/VCI/VCS/Cvs.pm line 50, <DATA> line 1.
"my" variable $cmd masks earlier declaration in same scope at /tmp/loop_over_bdir-23260-sd3UXG/VCI-0.7.1-0/blib/lib/VCI/VCS/Cvs.pm line 51, <DATA> line 1.

#   Failed test 'use VCI::VCS::Cvs;'
#   at t/020_cvs_compile.t line 11.
#     Tried to use 'VCI::VCS::Cvs'.
#     Error:  syntax error at /tmp/loop_over_bdir-23260-sd3UXG/VCI-0.7.1-0/blib/lib/VCI/VCS/Cvs.pm line 30, near "$bin qw(cvs cvsps)"
# Global symbol "$bin" requires explicit package name (did you forget to declare "my $bin"?) at /tmp/loop_over_bdir-23260-sd3UXG/VCI-0.7.1-0/blib/lib/VCI/VCS/Cvs.pm line 31, <DATA> line 1.
# Global symbol "$bin" requires explicit package name (did you forget to declare "my $bin"?) at /tmp/loop_over_bdir-23260-sd3UXG/VCI-0.7.1-0/blib/lib/VCI/VCS/Cvs.pm line 31, <DATA> line 1.
# Global symbol "@need" requires explicit package name (did you forget to declare "my @need"?) at /tmp/loop_over_bdir-23260-sd3UXG/VCI-0.7.1-0/blib/lib/VCI/VCS/Cvs.pm line 33, <DATA> line 1.
# syntax error at /tmp/loop_over_bdir-23260-sd3UXG/VCI-0.7.1-0/blib/lib/VCI/VCS/Cvs.pm line 34, near "}"
# syntax error at /tmp/loop_over_bdir-23260-sd3UXG/VCI-0.7.1-0/blib/lib/VCI/VCS/Cvs.pm line 43, near "}"
# syntax error at /tmp/loop_over_bdir-23260-sd3UXG/VCI-0.7.1-0/blib/lib/VCI/VCS/Cvs.pm line 52, near "}"
# Can't use global @_ in "my" at /tmp/loop_over_bdir-23260-sd3UXG/VCI-0.7.1-0/blib/lib/VCI/VCS/Cvs.pm line 58, near "= @_"
# Global symbol "$params" requires explicit package name (did you forget to declare "my $params"?) at /tmp/loop_over_bdir-23260-sd3UXG/VCI-0.7.1-0/blib/lib/VCI/VCS/Cvs.pm line 59, <DATA> line 1.
# syntax error at /tmp/loop_over_bdir-23260-sd3UXG/VCI-0.7.1-0/blib/lib/VCI/VCS/Cvs.pm line 103, near "}"
# /tmp/loop_over_bdir-23260-sd3UXG/VCI-0.7.1-0/blib/lib/VCI/VCS/Cvs.pm has too many errors.
# Compilation failed in require at t/020_cvs_compile.t line 11, <DATA> line 1.
# BEGIN failed--compilation aborted at t/020_cvs_compile.t line 11, <DATA> line 1.
# Looks like you failed 1 test of 8.
t/020_cvs_compile.t ....... 
Dubious, test returned 1 (wstat 256, 0x100)
Failed 1/8 subtests 
Class::MOP::load_class is deprecated at /home/sand/src/perl/repoperls/installed-perls/host/k93x64sid/v5.24.0/a3f9/lib/site_perl/5.24.0/x86_64-linux-thread-multi-ld/Class/MOP.pm line 69.
	Class::MOP::load_class("Git", "-version", undef) called at t/lib/Support.pm line 225
	eval {...} called at t/lib/Support.pm line 225
	Support::feature_enabled("git") called at t/020_git_compile.t line 8
t/020_git_compile.t ....... skipped: git requirements not installed
t/020_hg_compile.t ........ ok
Class::MOP::load_class is deprecated at /home/sand/src/perl/repoperls/installed-perls/host/k93x64sid/v5.24.0/a3f9/lib/site_perl/5.24.0/x86_64-linux-thread-multi-ld/Class/MOP.pm line 69.
	Class::MOP::load_class("SVN::Core", "-version", "1.2.0") called at t/lib/Support.pm line 225
	eval {...} called at t/lib/Support.pm line 225
	Support::feature_enabled("svn") called at t/020_svn_compile.t line 8
t/020_svn_compile.t ....... skipped: svn requirements not installed
Class::MOP::load_class is deprecated at /home/sand/src/perl/repoperls/installed-perls/host/k93x64sid/v5.24.0/a3f9/lib/site_perl/5.24.0/x86_64-linux-thread-multi-ld/Class/MOP.pm line 69, <DATA> line 1.
	Class::MOP::load_class("VCI::VCS::Bzr") called at t/lib/Support.pm line 232
	Support::check_requirements("Bzr") called at t/bzr.t line 72
t/bzr.t ................... skipped: missing: bzr, bzrtools, bzr-xmloutput
Class::MOP::load_class is deprecated at /home/sand/src/perl/repoperls/installed-perls/host/k93x64sid/v5.24.0/a3f9/lib/site_perl/5.24.0/x86_64-linux-thread-multi-ld/Class/MOP.pm line 69, <DATA> line 1.
	Class::MOP::load_class("VCI::VCS::Cvs") called at t/lib/Support.pm line 232
	Support::check_requirements("Cvs") called at t/cvs.t line 97
"my" variable $cmd masks earlier declaration in same statement at /tmp/loop_over_bdir-23260-sd3UXG/VCI-0.7.1-0/blib/lib/VCI/VCS/Cvs.pm line 39, <DATA> line 1.
"my" variable $cmd masks earlier declaration in same statement at /tmp/loop_over_bdir-23260-sd3UXG/VCI-0.7.1-0/blib/lib/VCI/VCS/Cvs.pm line 41, <DATA> line 1.
"my" variable $cmd masks earlier declaration in same scope at /tmp/loop_over_bdir-23260-sd3UXG/VCI-0.7.1-0/blib/lib/VCI/VCS/Cvs.pm line 42, <DATA> line 1.
"my" variable $cmd masks earlier declaration in same scope at /tmp/loop_over_bdir-23260-sd3UXG/VCI-0.7.1-0/blib/lib/VCI/VCS/Cvs.pm line 46, <DATA> line 1.
"my" variable $cmd masks earlier declaration in same statement at /tmp/loop_over_bdir-23260-sd3UXG/VCI-0.7.1-0/blib/lib/VCI/VCS/Cvs.pm line 48, <DATA> line 1.
"my" variable $cmd masks earlier declaration in same statement at /tmp/loop_over_bdir-23260-sd3UXG/VCI-0.7.1-0/blib/lib/VCI/VCS/Cvs.pm line 50, <DATA> line 1.
"my" variable $cmd masks earlier declaration in same scope at /tmp/loop_over_bdir-23260-sd3UXG/VCI-0.7.1-0/blib/lib/VCI/VCS/Cvs.pm line 51, <DATA> line 1.
syntax error at /tmp/loop_over_bdir-23260-sd3UXG/VCI-0.7.1-0/blib/lib/VCI/VCS/Cvs.pm line 30, near "$bin qw(cvs cvsps)"
Global symbol "$bin" requires explicit package name (did you forget to declare "my $bin"?) at /tmp/loop_over_bdir-23260-sd3UXG/VCI-0.7.1-0/blib/lib/VCI/VCS/Cvs.pm line 31, <DATA> line 1.
Global symbol "$bin" requires explicit package name (did you forget to declare "my $bin"?) at /tmp/loop_over_bdir-23260-sd3UXG/VCI-0.7.1-0/blib/lib/VCI/VCS/Cvs.pm line 31, <DATA> line 1.
Global symbol "@need" requires explicit package name (did you forget to declare "my @need"?) at /tmp/loop_over_bdir-23260-sd3UXG/VCI-0.7.1-0/blib/lib/VCI/VCS/Cvs.pm line 33, <DATA> line 1.
syntax error at /tmp/loop_over_bdir-23260-sd3UXG/VCI-0.7.1-0/blib/lib/VCI/VCS/Cvs.pm line 34, near "}"
syntax error at /tmp/loop_over_bdir-23260-sd3UXG/VCI-0.7.1-0/blib/lib/VCI/VCS/Cvs.pm line 43, near "}"
syntax error at /tmp/loop_over_bdir-23260-sd3UXG/VCI-0.7.1-0/blib/lib/VCI/VCS/Cvs.pm line 52, near "}"
Can't use global @_ in "my" at /tmp/loop_over_bdir-23260-sd3UXG/VCI-0.7.1-0/blib/lib/VCI/VCS/Cvs.pm line 58, near "= @_"
Global symbol "$params" requires explicit package name (did you forget to declare "my $params"?) at /tmp/loop_over_bdir-23260-sd3UXG/VCI-0.7.1-0/blib/lib/VCI/VCS/Cvs.pm line 59, <DATA> line 1.
syntax error at /tmp/loop_over_bdir-23260-sd3UXG/VCI-0.7.1-0/blib/lib/VCI/VCS/Cvs.pm line 103, near "}"
/tmp/loop_over_bdir-23260-sd3UXG/VCI-0.7.1-0/blib/lib/VCI/VCS/Cvs.pm has too many errors.
Compilation failed in require at /home/sand/src/perl/repoperls/installed-perls/host/k93x64sid/v5.24.0/a3f9/lib/site_perl/5.24.0/Module/Runtime.pm line 317, <DATA> line 1. at t/lib/Support.pm line 232, <DATA> line 1.
	Support::check_requirements("Cvs") called at t/cvs.t line 97
t/cvs.t ................... 
Dubious, test returned 255 (wstat 65280, 0xff00)
No subtests run 
Class::MOP::load_class is deprecated at /home/sand/src/perl/repoperls/installed-perls/host/k93x64sid/v5.24.0/a3f9/lib/site_perl/5.24.0/x86_64-linux-thread-multi-ld/Class/MOP.pm line 69, <DATA> line 1.
	Class::MOP::load_class("Git", "-version", undef) called at t/lib/Support.pm line 225
	eval {...} called at t/lib/Support.pm line 225
	Support::feature_enabled("git") called at t/git.t line 86
t/git.t ................... skipped: git requirements not installed
t/hg_remote.t ............. skipped: VCI_REMOTE_TESTS environment variable not set to 1
t/pod.t ................... ok

#   Failed test 'Pod coverage on VCI::Abstract::Project'
#   at t/pod_coverage.t line 29.
# Coverage for VCI::Abstract::Project is 0.0%, with 1 naked subroutine:
# 	get_commit_prototype
Use of each() on hash after insertion without resetting hash iterator results in undefined behavior, Perl interpreter: 0x1b1d010 at /home/sand/src/perl/repoperls/installed-perls/host/k93x64sid/v5.24.0/a3f9/lib/site_perl/5.24.0/Devel/Symdump.pm line 53.
# Looks like you failed 1 test of 12.
t/pod_coverage.t .......... 
Dubious, test returned 1 (wstat 256, 0x100)
Failed 1/12 subtests 
t/svn.t ................... skipped: Unable to create svn testing repo: 500 Can't connect to vci.everythingsolved.com:80 at t/svn.t line 80, <DATA> line 1.
Class::MOP::load_class is deprecated at /home/sand/src/perl/repoperls/installed-perls/host/k93x64sid/v5.24.0/a3f9/lib/site_perl/5.24.0/x86_64-linux-thread-multi-ld/Class/MOP.pm line 69, <DATA> line 1.
	Class::MOP::load_class() called at /tmp/loop_over_bdir-23260-sd3UXG/VCI-0.7.1-0/blib/lib/VCI.pm line 40
	eval {...} called at /tmp/loop_over_bdir-23260-sd3UXG/VCI-0.7.1-0/blib/lib/VCI.pm line 40
	VCI::connect() called at t/vci_api_version.t line 9
	Test::Exception::throws_ok() called at t/vci_api_version.t line 10
t/vci_api_version.t ....... ok

Test Summary Report
-------------------
t/020_cvs_compile.t     (Wstat: 256 Tests: 8 Failed: 1)
  Failed test:  8
  Non-zero exit status: 1
t/cvs.t                 (Wstat: 65280 Tests: 0 Failed: 0)
  Non-zero exit status: 255
  Parse errors: No plan found in TAP output
t/pod_coverage.t        (Wstat: 256 Tests: 12 Failed: 1)
  Failed test:  6
  Non-zero exit status: 1
Files=14, Tests=111,  6 wallclock secs ( 0.04 usr  0.04 sys +  4.79 cusr  0.55 csys =  5.42 CPU)
Result: FAIL
Failed 3/14 test programs. 2/111 subtests failed.
Makefile:881: recipe for target 'test_dynamic' failed
make: *** [test_dynamic] Error 255

------------------------------
PREREQUISITES
------------------------------

Prerequisite modules loaded:

requires:

    Module                      Need  Have    
    --------------------------- ----- --------
    DateTime                    0     1.39    
    DateTime::Format::DateParse 0     0.05    
    ExtUtils::MakeMaker         6.42  7.24    
    IPC::Cmd                    0.42  0.96    
    LWP::UserAgent              0     6.15    
    Module::Load::Conditional   0.24  0.68    
    Moose                       0.27  2.1806  
    MooseX::Method              0     0.44    
    Path::Abstract              0.093 0.096   
    Test::Exception             0     0.43    
    Test::More                  0     1.302059
    Test::Warn                  0     0.30    
    Text::Diff::Parser          0.07  0.1001  
    XML::Simple                 0     2.22    

build_requires:

    Module                      Need  Have    
    --------------------------- ----- --------
    ExtUtils::MakeMaker         0     7.24    

configure_requires:

    Module                      Need  Have    
    --------------------------- ----- --------
    ExtUtils::MakeMaker         6.42  7.24    


------------------------------
ENVIRONMENT AND OTHER CONTEXT
------------------------------

Environment variables:

    AUTOMATED_TESTING = 1
    LANG = C
    PATH = /home/sand/bin:/usr/local/bin:/usr/bin:/bin:/usr/games:/usr/local/perl/bin:/usr/X11/bin:/sbin:/usr/sbin
    PERL = /tmp/basesmoker-reloperl-6_ll/bin/perl
    PERL5LIB = 
    PERL5OPT = 
    PERL5_CPANPLUS_IS_RUNNING = 25849
    PERL5_CPAN_IS_RUNNING = 25849
    PERL_CANARY_STABILITY_NOPROMPT = 1
    PERL_MM_USE_DEFAULT = 1
    SHELL = /usr/bin/zsh
    TERM = screen

Perl special variables (and OS-specific diagnostics, for MSWin32):

    $^X = /tmp/basesmoker-reloperl-6_ll/bin/perl
    $UID/$EUID = 1005 / 1005
    $GID = 1005 1005
    $EGID = 1005 1005

Perl module toolchain versions installed:

    Module              Have    
    ------------------- --------
    CPAN                2.15    
    CPAN::Meta          2.150010
    Cwd                 3.63    
    ExtUtils::CBuilder  0.280225
    ExtUtils::Command   7.24    
    ExtUtils::Install   2.04    
    ExtUtils::MakeMaker 7.24    
    ExtUtils::Manifest  1.70    
    ExtUtils::ParseXS   3.31    
    File::Spec          3.63    
    JSON                2.90    
    JSON::PP            2.27300 
    Module::Build       0.4220  
    Module::Signature   0.81    
    Parse::CPAN::Meta   2.150010
    Test::Harness       3.36    
    Test::More          1.302059
    YAML                1.18    
    YAML::Syck          1.29    
    version             0.9916  


--

Summary of my perl5 (revision 5 version 24 subversion 0) configuration:
  Commit id: be2c0c650b028f54e427f2469a59942edfdff8a9
  Platform:
    osname=linux, osvers=4.7.0-1-amd64, archname=x86_64-linux-thread-multi-ld
    uname='linux k93x64sid 4.7.0-1-amd64 #1 smp debian 4.7.5-1 (2016-09-26) x86_64 gnulinux '
    config_args='-Dprefix=/home/sand/src/perl/repoperls/installed-perls/host/k93x64sid/v5.24.0/a3f9 -Dmyhostname=k93x64sid -Dinstallusrbinperl=n -Uversiononly -Dusedevel -des -Ui_db -Dlibswanted=cl pthread socket inet nsl gdbm dbm malloc dl ld sun m crypt sec util c cposix posix ucb BSD gdbm_compat -Duseithreads -Duselongdouble -DDEBUGGING=-g'
    hint=recommended, useposix=true, d_sigaction=define
    useithreads=define, usemultiplicity=define
    use64bitint=define, use64bitall=define, uselongdouble=define
    usemymalloc=n, bincompat5005=undef
  Compiler:
    cc='cc', ccflags ='-D_REENTRANT -D_GNU_SOURCE -fwrapv -fno-strict-aliasing -pipe -fstack-protector-strong -I/usr/local/include -D_LARGEFILE_SOURCE -D_FILE_OFFSET_BITS=64',
    optimize='-O2 -g',
    cppflags='-D_REENTRANT -D_GNU_SOURCE -fwrapv -fno-strict-aliasing -pipe -fstack-protector-strong -I/usr/local/include'
    ccversion='', gccversion='6.2.0 20160927', gccosandvers=''
    intsize=4, longsize=8, ptrsize=8, doublesize=8, byteorder=12345678, doublekind=3
    d_longlong=define, longlongsize=8, d_longdbl=define, longdblsize=16, longdblkind=3
    ivtype='long', ivsize=8, nvtype='long double', nvsize=16, Off_t='off_t', lseeksize=8
    alignbytes=16, prototype=define
  Linker and Libraries:
    ld='cc', ldflags =' -fstack-protector-strong -L/usr/local/lib'
    libpth=/usr/local/lib /usr/lib/gcc/x86_64-linux-gnu/6/include-fixed /usr/include/x86_64-linux-gnu /usr/lib /lib/x86_64-linux-gnu /lib/../lib /usr/lib/x86_64-linux-gnu /usr/lib/../lib /lib
    libs=-lpthread -lnsl -ldl -lm -lcrypt -lutil -lc
    perllibs=-lpthread -lnsl -ldl -lm -lcrypt -lutil -lc
    libc=libc-2.24.so, so=so, useshrplib=false, libperl=libperl.a
    gnulibc_version='2.24'
  Dynamic Linking:
    dlsrc=dl_dlopen.xs, dlext=so, d_dlsymun=undef, ccdlflags='-Wl,-E'
    cccdlflags='-fPIC', lddlflags='-shared -O2 -g -L/usr/local/lib -fstack-protector-strong'


Characteristics of this binary (from libperl): 
  Compile-time options: HAS_TIMES MULTIPLICITY PERLIO_LAYERS
                        PERL_COPY_ON_WRITE PERL_DONT_CREATE_GVSV
                        PERL_HASH_FUNC_ONE_AT_A_TIME_HARD
                        PERL_IMPLICIT_CONTEXT PERL_MALLOC_WRAP
                        PERL_PRESERVE_IVUV PERL_USE_DEVEL USE_64_BIT_ALL
                        USE_64_BIT_INT USE_ITHREADS USE_LARGE_FILES
                        USE_LOCALE USE_LOCALE_COLLATE USE_LOCALE_CTYPE
                        USE_LOCALE_NUMERIC USE_LOCALE_TIME USE_LONG_DOUBLE
                        USE_PERLIO USE_PERL_ATOF USE_REENTRANT_API
  Built under linux
  Compiled at Sep 29 2016 19:53:31
  %ENV:
    PERL="/tmp/basesmoker-reloperl-6_ll/bin/perl"
    PERL5LIB=""
    PERL5OPT=""
    PERL5_CPANPLUS_IS_RUNNING="25849"
    PERL5_CPAN_IS_RUNNING="25849"
    PERL_CANARY_STABILITY_NOPROMPT="1"
    PERL_MM_USE_DEFAULT="1"
  @INC:
    /home/sand/src/perl/repoperls/installed-perls/host/k93x64sid/v5.24.0/a3f9/lib/site_perl/5.24.0/x86_64-linux-thread-multi-ld
    /home/sand/src/perl/repoperls/installed-perls/host/k93x64sid/v5.24.0/a3f9/lib/site_perl/5.24.0
    /home/sand/src/perl/repoperls/installed-perls/host/k93x64sid/v5.24.0/a3f9/lib/5.24.0/x86_64-linux-thread-multi-ld
    /home/sand/src/perl/repoperls/installed-perls/host/k93x64sid/v5.24.0/a3f9/lib/5.24.0
    .