IPC-Run v20200505.0 Perl 5 v5.16.3 MSWin32-x64-multi-thread

Status
Fail
From
twata
Dist
IPC-Run v20200505.0
Platform
Perl 5 v5.16.3 MSWin32-x64-multi-thread
Date
2020-05-06 09:30:31
ID
e0bb30ae-6fbd-1014-a0e8-df4476a13fd6
This distribution has been tested as part of the CPAN Testers
project, supporting the Perl programming language.  See
http://wiki.cpantesters.org/ for more information or email
questions to cpan-testers-discuss@perl.org


--
Dear Todd Rinaldo,

This is a computer-generated report for IPC-Run-20200505.0
on perl 5.16.3, created by CPAN-Reporter-1.2018.

Thank you for uploading your work to CPAN.  However, there was a problem
testing your distribution.

If you think this report is invalid, please consult the CPAN Testers Wiki
for suggestions on how to avoid getting FAIL reports for missing library
or binary dependencies, unsupported operating systems, and so on:

http://wiki.cpantesters.org/wiki/CPANAuthorNotes

Sections of this report:

    * Tester comments
    * Program output
    * Prerequisites
    * Environment and other context

------------------------------
TESTER COMMENTS
------------------------------

Additional comments from tester:

none provided

------------------------------
PROGRAM OUTPUT
------------------------------

Output from 'C:\Strawberry\c\bin\dmake.exe test':

C:\"Strawberry\perl\bin\perl.exe" "-MExtUtils::Command::MM" "-MTest::Harness" "-e" "undef *Test::Harness::Switches; test_harness(0, 'blib\lib', 'blib\arch')" t/*.t
t/adopt.t ............................ skipped: adopt not implemented yet
t/autoflush.t ........................ ok
t/autovivifyfh.t ..................... ok
t/binmode.t .......................... ok
t/bogus.t ............................ ok
Can't spawn a subroutine on Win32 at t/child_fd_inadvertently_closed.t line 60.
No command before '3<' at t/child_fd_inadvertently_closed.t line 60.
Unexpected SCALAR(0x2842750) in harness() parameter 7 at t/child_fd_inadvertently_closed.t line 60.
# Looks like your test exited with 25 before it could output anything.
t/child_fd_inadvertently_closed.t .... 
Dubious, test returned 25 (wstat 6400, 0x1900)
Failed 1/1 subtests 
No such signal: SIGUSR1 at t/eintr.t line 27.
t/eintr.t ............................ skipped: can't deliver a signal on this platform
t/filter.t ........................... ok
t/harness.t .......................... ok
t/io.t ............................... ok
t/kill_kill.t ........................ skipped: Temporarily ignoring test failure on Win32
t/parallel.t ......................... skipped: Parallel tests are dangerous on MSWin32
permission denied: t/parent_and_child_fds_match.t at t/parent_and_child_fds_match.t line 53.
# Looks like your test exited with 255 just after 1.
t/parent_and_child_fds_match.t ....... 
Dubious, test returned 255 (wstat 65280, 0xff00)
Failed 2/3 subtests 
t/pty.t .............................. skipped: IO::Pty not installed
t/pump.t ............................. ok
t/readonly.t ......................... ok
t/run.t .............................. ok
t/run_stdin-callback-return-array.t .. ok
t/signal.t ........................... skipped: Skipping on Win32
t/timeout.t .......................... ok
t/timer.t ............................ ok
t/utf8.t ............................. skipped: no cat on Windows
Subroutine IPPROTO_TCP redefined at C:\home\pianokey\perl5\lib\perl5/MSWin32-x64-multi-thread/Socket.pm line 4294967295.
t/win32_compile.t .................... ok
t/win32_newlines.t ................... skipped: Skipping when not on Win32
t/windows_search_path.t .............. ok

Test Summary Report
-------------------
t/child_fd_inadvertently_closed.t  (Wstat: 6400 Tests: 0 Failed: 0)
  Non-zero exit status: 25
  Parse errors: Bad plan.  You planned 1 tests but ran 0.
t/parent_and_child_fds_match.t     (Wstat: 65280 Tests: 1 Failed: 0)
  Non-zero exit status: 255
  Parse errors: Bad plan.  You planned 3 tests but ran 1.
Files=25, Tests=676, 30 wallclock secs ( 0.16 usr +  0.14 sys =  0.30 CPU)
Result: FAIL
Failed 2/25 test programs. 0/676 subtests failed.
dmake.exe:  Error code 255, while making 'test_dynamic'

------------------------------
PREREQUISITES
------------------------------

Prerequisite modules loaded:

requires:

    Module              Need   Have    
    ------------------- ------ --------
    Test::More          0.47   1.302175
    Win32::Process      0.14   0.14    
    Win32API::File      0.0901 0.1201  

build_requires:

    Module              Need   Have    
    ------------------- ------ --------
    ExtUtils::MakeMaker 0      7.44    

configure_requires:

    Module              Need   Have    
    ------------------- ------ --------
    ExtUtils::MakeMaker 0      7.44    


------------------------------
ENVIRONMENT AND OTHER CONTEXT
------------------------------

Environment variables:

    COMSPEC = C:\WINDOWS\system32\cmd.exe
    NONINTERACTIVE_TESTING = 1
    NUMBER_OF_PROCESSORS = 4
    PATH = C:\home\pianokey\perl5\bin;C:\WINDOWS\system32;C:\WINDOWS;C:\WINDOWS\System32\Wbem;C:\WINDOWS\System32\WindowsPowerShell\v1.0\;C:\Strawberry\c\bin;C:\Strawberry\perl\site\bin;C:\Strawberry\perl\bin
    PERL5LIB = C:\home\pianokey\perl5\lib\perl5
    PERL5OPT = 
    PERL5_CPANPLUS_IS_RUNNING = 9372
    PERL5_CPAN_IS_RUNNING = 9372
    PERL_LOCAL_LIB_ROOT = C:\home\pianokey\perl5
    PERL_MB_OPT = --install_base "C:\\home\\pianokey\\perl5"
    PERL_MM_OPT = INSTALL_BASE=C:\\home\\pianokey\\perl5
    PERL_MM_USE_DEFAULT = 1
    PERL_USE_UNSAFE_INC = 1
    PROCESSOR_IDENTIFIER = Intel64 Family 6 Model 58 Stepping 9, GenuineIntel
    TEMP = C:\Users\USER\AppData\Local\Temp
    TERM = dumb

Perl special variables (and OS-specific diagnostics, for MSWin32):

    $^X = C:\Strawberry\perl\bin\perl.exe
    $UID/$EUID = 0 / 0
    $GID = 0
    $EGID = 0
    Win32::GetOSName = Win8
    Win32::GetOSVersion = , 6, 2, 9200, 2, 0, 0, 256, 1
    Win32::FsType = NTFS
    Win32::IsAdminUser = 0

Perl module toolchain versions installed:

    Module              Have    
    ------------------- --------
    CPAN                2.28    
    CPAN::Meta          2.150010
    Cwd                 3.40    
    ExtUtils::CBuilder  0.280234
    ExtUtils::Command   7.44    
    ExtUtils::Install   2.06    
    ExtUtils::MakeMaker 7.44    
    ExtUtils::Manifest  1.70    
    ExtUtils::ParseXS   3.35    
    File::Spec          3.40    
    JSON                4.02    
    JSON::PP            4.04    
    Module::Build       0.4229  
    Module::Signature   n/a     
    Parse::CPAN::Meta   2.150010
    Test::Harness       3.42    
    Test::More          1.302175
    YAML                1.30    
    YAML::Syck          1.23    
    version             0.9924  


--

Summary of my perl5 (revision 5 version 16 subversion 3) configuration:
   
  Platform:
    osname=MSWin32, osvers=4.0, archname=MSWin32-x64-multi-thread
    uname='Win32 strawberry-perl 5.16.3.1 #1 Tue Mar 12 12:12:07 2013 x64'
    config_args='undef'
    hint=recommended, useposix=true, d_sigaction=undef
    useithreads=define, usemultiplicity=define
    useperlio=define, d_sfio=undef, uselargefiles=define, usesocks=undef
    use64bitint=define, use64bitall=undef, uselongdouble=undef
    usemymalloc=n, bincompat5005=undef
  Compiler:
    cc='gcc', ccflags =' -s -O2 -DWIN32 -DWIN64 -DCONSERVATIVE  -DPERL_TEXTMODE_SCRIPTS -DPERL_IMPLICIT_CONTEXT -DPERL_IMPLICIT_SYS -fno-strict-aliasing -mms-bitfields',
    optimize='-s -O2',
    cppflags='-DWIN32'
    ccversion='', gccversion='4.6.3', gccosandvers=''
    intsize=4, longsize=4, ptrsize=8, doublesize=8, byteorder=12345678
    d_longlong=define, longlongsize=8, d_longdbl=define, longdblsize=12
    ivtype='long long', ivsize=8, nvtype='double', nvsize=8, Off_t='long long', lseeksize=8
    alignbytes=8, prototype=define
  Linker and Libraries:
    ld='g++', ldflags ='-s -L"C:\Strawberry\perl\lib\CORE" -L"C:\Strawberry\c\lib"'
    libpth=C:\Strawberry\c\lib C:\Strawberry\c\x86_64-w64-mingw32\lib
    libs=-lmoldname -lkernel32 -luser32 -lgdi32 -lwinspool -lcomdlg32 -ladvapi32 -lshell32 -lole32 -loleaut32 -lnetapi32 -luuid -lws2_32 -lmpr -lwinmm -lversion -lodbc32 -lodbccp32 -lcomctl32
    perllibs=-lmoldname -lkernel32 -luser32 -lgdi32 -lwinspool -lcomdlg32 -ladvapi32 -lshell32 -lole32 -loleaut32 -lnetapi32 -luuid -lws2_32 -lmpr -lwinmm -lversion -lodbc32 -lodbccp32 -lcomctl32
    libc=, so=dll, useshrplib=true, libperl=libperl516.a
    gnulibc_version=''
  Dynamic Linking:
    dlsrc=dl_win32.xs, dlext=dll, d_dlsymun=undef, ccdlflags=' '
    cccdlflags=' ', lddlflags='-mdll -s -L"C:\Strawberry\perl\lib\CORE" -L"C:\Strawberry\c\lib"'


Characteristics of this binary (from libperl): 
  Compile-time options: HAS_TIMES HAVE_INTERP_INTERN MULTIPLICITY
                        PERLIO_LAYERS PERL_DONT_CREATE_GVSV
                        PERL_IMPLICIT_CONTEXT PERL_IMPLICIT_SYS
                        PERL_MALLOC_WRAP PERL_PRESERVE_IVUV PL_OP_SLAB_ALLOC
                        USE_64_BIT_INT USE_ITHREADS USE_LARGE_FILES
                        USE_LOCALE USE_LOCALE_COLLATE USE_LOCALE_CTYPE
                        USE_LOCALE_NUMERIC USE_PERLIO USE_PERL_ATOF
  Built under MSWin32
  Compiled at Mar 12 2013 12:16:40
  %ENV:
    PERL5LIB="C:\home\pianokey\perl5\lib\perl5"
    PERL5_CPANPLUS_IS_RUNNING="9372"
    PERL5_CPAN_IS_RUNNING="9372"
    PERL_LOCAL_LIB_ROOT="C:\home\pianokey\perl5"
    PERL_MB_OPT="--install_base "C:\\home\\pianokey\\perl5""
    PERL_MM_OPT="INSTALL_BASE=C:\\home\\pianokey\\perl5"
    PERL_MM_USE_DEFAULT="1"
    PERL_USE_UNSAFE_INC="1"
  @INC:
    C:\home\pianokey\perl5\lib\perl5/MSWin32-x64-multi-thread
    C:\home\pianokey\perl5\lib\perl5
    C:/Strawberry/perl/site/lib
    C:/Strawberry/perl/vendor/lib
    C:/Strawberry/perl/lib
    .