CGI-Buffer v0.82 Perl 5 v5.18.4 armv7l-linux-thread-multi
- Status
- Fail
- From
- Nigel Horne
- Dist
-
CGI-Buffer v0.82
- Platform
- Perl 5 v5.18.4 armv7l-linux-thread-multi
- Date
- 2018-08-31 14:12:21
- ID
- e0381b1c-ad27-11e8-8fb1-ef5133556b3f
This distribution has been tested as part of the CPAN Testers
project, supporting the Perl programming language. See
http://wiki.cpantesters.org/ for more information or email
questions to cpan-testers-discuss@perl.org
--
Dear Nigel Horne,
This is a computer-generated report for CGI-Buffer-0.82
on perl 5.18.4, created by CPAN-Reporter-1.2018.
Thank you for uploading your work to CPAN. However, there was a problem
testing your distribution.
If you think this report is invalid, please consult the CPAN Testers Wiki
for suggestions on how to avoid getting FAIL reports for missing library
or binary dependencies, unsupported operating systems, and so on:
http://wiki.cpantesters.org/wiki/CPANAuthorNotes
Sections of this report:
* Tester comments
* Program output
* Prerequisites
* Environment and other context
------------------------------
TESTER COMMENTS
------------------------------
Additional comments from tester:
none provided
------------------------------
PROGRAM OUTPUT
------------------------------
Output from '/usr/bin/make test':
PERL_DL_NONLAZY=1 "/mnt/nas/home/pi2/njh/perl5/perlbrew/perls/perl-5.18.4/bin/perl5.18.4" "-MExtUtils::Command::MM" "-MTest::Harness" "-e" "undef *Test::Harness::Switches; test_harness(0, 'blib/lib', 'blib/arch')" t/*.t
t/changes.t ........ skipped: Author tests not required for installation
t/apoc.t ........... skipped: Test::Apocalypse required for testing the distribution
t/boiler.t ......... ok
# Testing CGI::Buffer 0.82, Perl 5.018004, /mnt/nas/home/pi2/njh/perl5/perlbrew/perls/perl-5.18.4/bin/perl5.18.4
t/00-load.t ........ ok
t/critic.t ......... skipped: Author tests not required for installation
t/cv.t ............. skipped: Author tests not required for installation
t/dist.t ........... skipped: Author tests not required for installation
t/gv.t ............. skipped: Author tests not required for installation
t/coverage.t ....... ok
t/is_cached.t ...... ok
t/kwalitee.t ....... skipped: Author tests not required for installation
t/links.t .......... skipped: Author tests not required for installation
t/manifest.t ....... skipped: Author tests not required for installation
t/metrics.t ........ skipped: Author tests not required for installation
t/namespaces.t ..... skipped: Author tests not required for installation
t/no404s.t ......... skipped: Author tests not required for installation
# Author tests not required for installation
t/noopentickets.t .. ok
t/noplan.t ......... skipped: Author tests not required for installation
t/last_mod.t ....... ok
t/pod-cm.t ......... skipped: Test::Pod::Spelling::CommonMistakes required for testing POD spelling
t/pod.t ............ skipped: Author tests not required for installation
t/prereq.t ......... skipped: Author tests not required for installation
t/port.t ........... skipped: Test::Portability::Files required for testing filenames portability
t/spelling.t ....... skipped: Author tests not required for installation
t/snippets.t ....... skipped: Author tests not required for installation
t/strict.t ......... skipped: Author tests not required for installation
t/too_late.t ....... ok
t/unused.t ......... skipped: Author tests not required for installation
t/used.t ........... skipped: Author tests not required for installation
t/vars.t ........... skipped: Author tests not required for installation
# Failed test at t/js.t line 69.
#
# Failed test at t/js.t line 73.
#
# Failed test at t/js.t line 74.
#
Use of uninitialized value in string eq at t/js.t line 75, <$fout> chunk 1.
Use of uninitialized value $length in string eq at t/js.t line 75, <$fout> chunk 1.
# Failed test at t/js.t line 77.
#
# Failed test at t/js.t line 78.
#
# Looks like you failed 5 tests of 9.
#
t/js.t .............
Dubious, test returned 5 (wstat 1280, 0x500)
Failed 5/9 subtests
# Failed test at t/output.t line 81.
#
# Failed test at t/output.t line 85.
#
# Failed test at t/output.t line 90.
#
# Failed test at t/output.t line 91.
#
Use of uninitialized value in string eq at t/output.t line 92, <$fin> chunk 2.
# Failed test at t/output.t line 92.
#
t/output.t .........
Failed 78/103 subtests
Test Summary Report
-------------------
t/boiler.t (Wstat: 0 Tests: 3 Failed: 0)
TODO passed: 1-3
t/js.t (Wstat: 1280 Tests: 9 Failed: 5)
Failed tests: 2-4, 6-7
Non-zero exit status: 5
t/output.t (Wstat: 14 Tests: 30 Failed: 5)
Failed tests: 8, 10, 13-15
Non-zero wait status: 14
Parse errors: Bad plan. You planned 103 tests but ran 30.
Files=32, Tests=60, 364 wallclock secs ( 0.65 usr 0.18 sys + 192.56 cusr 7.98 csys = 201.37 CPU)
Result: FAIL
Failed 2/32 test programs. 10/60 subtests failed.
Makefile:904: recipe for target 'test_dynamic' failed
make: *** [test_dynamic] Error 255
------------------------------
PREREQUISITES
------------------------------
Prerequisite modules loaded:
requires:
Module Need Have
-------------------- -------- --------
Carp 0 1.29
CGI::Info 0.51 0.61
Compress::Zlib 0 2.069
CSS::Packer 0 2.02
Digest::MD5 0 2.55
Encode 0 2.84
File::Spec 0 3.62
HTML::Lint 0 2.26
HTML::Packer 1 2.03
HTTP::Date 0 6.02
HTTP::Status 0 6.11
IO::Compress::Brotli 0.003 0.004001
IO::String 0 1.08
JavaScript::Packer 2 2.02
perl 5.006002 5.018004
Storable 0 2.41
Time::localtime 0 1.02
build_requires:
Module Need Have
-------------------- -------- --------
DateTime 0 1.42
ExtUtils::MakeMaker 0 7.30
Test::Most 0 0.35
Test::TempDir::Tiny 0 0.016
WWW::RT::CPAN 0 0.002
configure_requires:
Module Need Have
-------------------- -------- --------
ExtUtils::MakeMaker 0 7.30
------------------------------
ENVIRONMENT AND OTHER CONTEXT
------------------------------
Environment variables:
HARNESS_OPTIONS = j4:c
LANG = en_GB.UTF-8
LD_LIBRARY_PATH = /usr/local/lib:
PATH = /home/njh/perl5/perlbrew/bin:/home/njh/perl5/perlbrew/perls/perl-5.18.4/bin::/home/njh/bin:/usr/local/sbin:/usr/local/bin:/usr/sbin:/usr/bin:/sbin:/bin:/usr/local/games:/usr/games:/mnt/nas/export/bin
PERL5LIB =
PERL5OPT =
PERL5_CPANPLUS_IS_RUNNING = 21080
PERL5_CPAN_IS_RUNNING = 21080
PERLBREW_HOME = /home/njh/.perlbrew
PERLBREW_MANPATH = /home/njh/perl5/perlbrew/perls/perl-5.18.4/man
PERLBREW_PATH = /home/njh/perl5/perlbrew/bin:/home/njh/perl5/perlbrew/perls/perl-5.18.4/bin
PERLBREW_PERL = perl-5.18.4
PERLBREW_ROOT = /home/njh/perl5/perlbrew
PERLBREW_SHELLRC_VERSION = 0.84
PERLBREW_VERSION = 0.84
SHELL = /bin/bash
TEMP = /tmp/user/1000
TERM = xterm-256color
TMPDIR = /home/njh/tmp
Perl special variables (and OS-specific diagnostics, for MSWin32):
$^X = /mnt/nas/home/pi2/njh/perl5/perlbrew/perls/perl-5.18.4/bin/perl5.18.4
$UID/$EUID = 1000 / 1000
$GID = 1000 4 20 24 25 27 29 30 44 46 60 100 101 108 997 998 999 1000
$EGID = 1000 4 20 24 25 27 29 30 44 46 60 100 101 108 997 998 999 1000
Perl module toolchain versions installed:
Module Have
------------------- --------
CPAN 2.16
CPAN::Meta 2.150005
Cwd 3.62
ExtUtils::CBuilder 0.280224
ExtUtils::Command 7.30
ExtUtils::Install 2.06
ExtUtils::MakeMaker 7.30
ExtUtils::Manifest 1.70
ExtUtils::ParseXS 3.30
File::Spec 3.62
JSON 2.90
JSON::PP 2.27300
Module::Build 0.4216
Module::Signature n/a
Parse::CPAN::Meta 1.4422
Test::Harness 3.36
Test::More 1.302136
YAML 1.26
YAML::Syck 1.30
version 0.9916
--
Summary of my perl5 (revision 5 version 18 subversion 4) configuration:
Platform:
osname=linux, osvers=4.1.12-v7+, archname=armv7l-linux-thread-multi
uname='linux pi2.bandsman.co.uk 4.1.12-v7+ #825 smp preempt fri nov 6 18:36:38 gmt 2015 armv7l gnulinux '
config_args='-de -Dprefix=/home/njh/perl5/perlbrew/perls/perl-5.18.4 -Duseithreads -Dusemultiplicity -Dusedevel -Accflags=-O2 -W -Wformat=2 -Wswitch -Wshadow -Wwrite-strings -Wuninitialized -Wall -pipe -fomit-frame-pointer -D_FORTIFY_SOURCE=2 -Wpointer-arith -Wstrict-prototypes -fstack-protector -Wstack-protector -Wextra -Wbad-function-cast -Wcast-align -Wcast-qual -Wdisabled-optimization -Wendif-labels -Wfloat-equal -Wformat-nonliteral -Winline -Wmissing-declarations -Wmissing-prototypes -Wnested-externs -Wpointer-arith -Wundef -Wformat-security -mtune=native -march=native -mfpu=vfp -mfloat-abi=hard -Aeval:scriptdir=/home/njh/perl5/perlbrew/perls/perl-5.18.4/bin'
hint=recommended, useposix=true, d_sigaction=define
useithreads=define, usemultiplicity=define
useperlio=define, d_sfio=undef, uselargefiles=define, usesocks=undef
use64bitint=undef, use64bitall=undef, uselongdouble=undef
usemymalloc=n, bincompat5005=undef
Compiler:
cc='cc', ccflags ='-D_REENTRANT -D_GNU_SOURCE -O2 -W -Wformat=2 -Wswitch -Wshadow -Wwrite-strings -Wuninitialized -Wall -pipe -fomit-frame-pointer -D_FORTIFY_SOURCE=2 -Wpointer-arith -Wstrict-prototypes -fstack-protector -Wstack-protector -Wextra -Wbad-function-cast -Wcast-align -Wcast-qual -Wdisabled-optimization -Wendif-labels -Wfloat-equal -Wformat-nonliteral -Winline -Wmissing-declarations -Wmissing-prototypes -Wnested-externs -Wpointer-arith -Wundef -Wformat-security -mtune=native -march=native -mfpu=vfp -mfloat-abi=hard -fno-strict-aliasing -I/usr/local/include -D_LARGEFILE_SOURCE -D_FILE_OFFSET_BITS=64',
optimize='-O2',
cppflags='-D_REENTRANT -D_GNU_SOURCE -O2 -W -Wformat=2 -Wswitch -Wshadow -Wwrite-strings -Wuninitialized -Wall -pipe -fomit-frame-pointer -D_FORTIFY_SOURCE=2 -Wpointer-arith -Wstrict-prototypes -fstack-protector -Wstack-protector -Wextra -Wbad-function-cast -Wcast-align -Wcast-qual -Wdisabled-optimization -Wendif-labels -Wfloat-equal -Wformat-nonliteral -Winline -Wmissing-declarations -Wmissing-prototypes -Wnested-externs -Wpointer-arith -Wundef -Wformat-security -mtune=native -march=native -mfpu=vfp -mfloat-abi=hard -fno-strict-aliasing -I/usr/local/include'
ccversion='', gccversion='4.9.2', gccosandvers=''
intsize=4, longsize=4, ptrsize=4, doublesize=8, byteorder=1234
d_longlong=define, longlongsize=8, d_longdbl=define, longdblsize=8
ivtype='long', ivsize=4, nvtype='double', nvsize=8, Off_t='off_t', lseeksize=8
alignbytes=8, prototype=define
Linker and Libraries:
ld='cc', ldflags =' -fstack-protector -L/usr/local/lib'
libpth=/usr/local/lib /lib/arm-linux-gnueabihf /lib /usr/lib/arm-linux-gnueabihf /usr/lib
libs=-lnsl -lgdbm -ldb -ldl -lm -lcrypt -lutil -lpthread -lc -lgdbm_compat
perllibs=-lnsl -ldl -lm -lcrypt -lutil -lpthread -lc
libc=libc-2.19.so, so=so, useshrplib=false, libperl=libperl.a
gnulibc_version='2.19'
Dynamic Linking:
dlsrc=dl_dlopen.xs, dlext=so, d_dlsymun=undef, ccdlflags='-Wl,-E'
cccdlflags='-fPIC', lddlflags='-shared -O2 -L/usr/local/lib -fstack-protector'
Characteristics of this binary (from libperl):
Compile-time options: HAS_TIMES MULTIPLICITY PERLIO_LAYERS
PERL_DONT_CREATE_GVSV
PERL_HASH_FUNC_ONE_AT_A_TIME_HARD
PERL_IMPLICIT_CONTEXT PERL_MALLOC_WRAP
PERL_PRESERVE_IVUV PERL_SAWAMPERSAND PERL_USE_DEVEL
USE_ITHREADS USE_LARGE_FILES USE_LOCALE
USE_LOCALE_COLLATE USE_LOCALE_CTYPE
USE_LOCALE_NUMERIC USE_PERLIO USE_PERL_ATOF
USE_REENTRANT_API
Built under linux
Compiled at Nov 17 2015 15:58:53
%ENV:
PERL5LIB=""
PERL5OPT=""
PERL5_CPANPLUS_IS_RUNNING="21080"
PERL5_CPAN_IS_RUNNING="21080"
PERLBREW_HOME="/home/njh/.perlbrew"
PERLBREW_MANPATH="/home/njh/perl5/perlbrew/perls/perl-5.18.4/man"
PERLBREW_PATH="/home/njh/perl5/perlbrew/bin:/home/njh/perl5/perlbrew/perls/perl-5.18.4/bin"
PERLBREW_PERL="perl-5.18.4"
PERLBREW_ROOT="/home/njh/perl5/perlbrew"
PERLBREW_SHELLRC_VERSION="0.84"
PERLBREW_VERSION="0.84"
@INC:
/home/njh/perl5/perlbrew/perls/perl-5.18.4/lib/site_perl/5.18.4/armv7l-linux-thread-multi
/home/njh/perl5/perlbrew/perls/perl-5.18.4/lib/site_perl/5.18.4
/home/njh/perl5/perlbrew/perls/perl-5.18.4/lib/5.18.4/armv7l-linux-thread-multi
/home/njh/perl5/perlbrew/perls/perl-5.18.4/lib/5.18.4
.