SReview v0.5.1 Perl 5 v5.30.1 armv6l-linux
- Status
- Fail
- From
- gregor herrmann
- Dist
-
SReview v0.5.1
- Platform
- Perl 5 v5.30.1 armv6l-linux
- Date
- 2020-01-26 14:41:02
- ID
- dfe4a3b8-4049-11ea-a0c3-4e0c34b716d6
This distribution has been tested as part of the CPAN Testers
project, supporting the Perl programming language. See
http://wiki.cpantesters.org/ for more information or email
questions to cpan-testers-discuss@perl.org
--
Dear Wouter Verhelst,
This is a computer-generated report for SReview-0.5.1
on perl 5.30.1, created by CPAN-Reporter-1.2018.
Thank you for uploading your work to CPAN. However, there was a problem
testing your distribution.
If you think this report is invalid, please consult the CPAN Testers Wiki
for suggestions on how to avoid getting FAIL reports for missing library
or binary dependencies, unsupported operating systems, and so on:
http://wiki.cpantesters.org/wiki/CPANAuthorNotes
Sections of this report:
* Tester comments
* Program output
* Prerequisites
* Environment and other context
------------------------------
TESTER COMMENTS
------------------------------
Additional comments from tester:
this report is from an automated smoke testing program
and was not reviewed by a human for accuracy
------------------------------
PROGRAM OUTPUT
------------------------------
Output from '/usr/bin/make test':
PERL_DL_NONLAZY=1 "/srv/smoker/perl5/perlbrew/perls/perl-5.30.1/bin/perl" "-MExtUtils::Command::MM" "-MTest::Harness" "-e" "undef *Test::Harness::Switches; test_harness(0, 'blib/lib', 'blib/arch')" t/*.t
t/010-config.t ...... ok
Can't exec "ffmpeg": No such file or directory at /srv/smoker/cpan/build/SReview-0.5.1-0/blib/lib/SReview/CodecMap.pm line 19.
readline() on closed filehandle CHECK_FDK at /srv/smoker/cpan/build/SReview-0.5.1-0/blib/lib/SReview/CodecMap.pm line 20.
Use of uninitialized value in pattern match (m//) at /srv/smoker/cpan/build/SReview-0.5.1-0/blib/lib/SReview/CodecMap.pm line 20.
Can't exec "ffprobe": No such file or directory at /srv/smoker/cpan/build/SReview-0.5.1-0/blib/lib/SReview/Video.pm line 694.
readline() on closed filehandle JSON at /srv/smoker/cpan/build/SReview-0.5.1-0/blib/lib/SReview/Video.pm line 696.
malformed JSON string, neither tag, array, object, number, string or atom, at character offset 0 (before "(end of string)") at /srv/smoker/perl5/perlbrew/perls/perl-5.30.1/lib/site_perl/5.30.1/Mojo/JSON.pm line 39.
# Looks like your test exited with 9 just after 5.
t/020-convert.t .....
Dubious, test returned 9 (wstat 2304, 0x900)
Failed 5/10 subtests
Can't exec "ffmpeg": No such file or directory at /srv/smoker/cpan/build/SReview-0.5.1-0/blib/lib/SReview/CodecMap.pm line 19.
readline() on closed filehandle CHECK_FDK at /srv/smoker/cpan/build/SReview-0.5.1-0/blib/lib/SReview/CodecMap.pm line 20.
Use of uninitialized value in pattern match (m//) at /srv/smoker/cpan/build/SReview-0.5.1-0/blib/lib/SReview/CodecMap.pm line 20.
Can't exec "ffprobe": No such file or directory at /srv/smoker/cpan/build/SReview-0.5.1-0/blib/lib/SReview/Video.pm line 694.
readline() on closed filehandle JSON at /srv/smoker/cpan/build/SReview-0.5.1-0/blib/lib/SReview/Video.pm line 696.
malformed JSON string, neither tag, array, object, number, string or atom, at character offset 0 (before "(end of string)") at /srv/smoker/perl5/perlbrew/perls/perl-5.30.1/lib/site_perl/5.30.1/Mojo/JSON.pm line 39.
# Looks like your test exited with 9 just after 5.
t/030-copy.t ........
Dubious, test returned 9 (wstat 2304, 0x900)
Failed 5/10 subtests
t/040-db.t .......... ok
Can't exec "ffmpeg": No such file or directory at /srv/smoker/cpan/build/SReview-0.5.1-0/blib/lib/SReview/CodecMap.pm line 19.
readline() on closed filehandle CHECK_FDK at /srv/smoker/cpan/build/SReview-0.5.1-0/blib/lib/SReview/CodecMap.pm line 20.
Use of uninitialized value in pattern match (m//) at /srv/smoker/cpan/build/SReview-0.5.1-0/blib/lib/SReview/CodecMap.pm line 20.
Can't exec "ffprobe": No such file or directory at /srv/smoker/cpan/build/SReview-0.5.1-0/blib/lib/SReview/Video.pm line 694.
readline() on closed filehandle JSON at /srv/smoker/cpan/build/SReview-0.5.1-0/blib/lib/SReview/Video.pm line 696.
malformed JSON string, neither tag, array, object, number, string or atom, at character offset 0 (before "(end of string)") at /srv/smoker/perl5/perlbrew/perls/perl-5.30.1/lib/site_perl/5.30.1/Mojo/JSON.pm line 39.
# Looks like your test exited with 9 just after 3.
t/050-probe.t .......
Dubious, test returned 9 (wstat 2304, 0x900)
Failed 9/12 subtests
Can't exec "ffmpeg": No such file or directory at /srv/smoker/cpan/build/SReview-0.5.1-0/blib/lib/SReview/CodecMap.pm line 19.
readline() on closed filehandle CHECK_FDK at /srv/smoker/cpan/build/SReview-0.5.1-0/blib/lib/SReview/CodecMap.pm line 20.
Use of uninitialized value in pattern match (m//) at /srv/smoker/cpan/build/SReview-0.5.1-0/blib/lib/SReview/CodecMap.pm line 20.
Can't exec "ffprobe": No such file or directory at /srv/smoker/cpan/build/SReview-0.5.1-0/blib/lib/SReview/Video.pm line 694.
readline() on closed filehandle JSON at /srv/smoker/cpan/build/SReview-0.5.1-0/blib/lib/SReview/Video.pm line 696.
malformed JSON string, neither tag, array, object, number, string or atom, at character offset 0 (before "(end of string)") at /srv/smoker/perl5/perlbrew/perls/perl-5.30.1/lib/site_perl/5.30.1/Mojo/JSON.pm line 39.
# Looks like your test exited with 9 just after 4.
t/060-profiles.t ....
Dubious, test returned 9 (wstat 2304, 0x900)
Failed 16/20 subtests
Can't exec "ffmpeg": No such file or directory at /srv/smoker/cpan/build/SReview-0.5.1-0/blib/lib/SReview/CodecMap.pm line 19.
readline() on closed filehandle CHECK_FDK at /srv/smoker/cpan/build/SReview-0.5.1-0/blib/lib/SReview/CodecMap.pm line 20.
Use of uninitialized value in pattern match (m//) at /srv/smoker/cpan/build/SReview-0.5.1-0/blib/lib/SReview/CodecMap.pm line 20.
Can't exec "ffprobe": No such file or directory at /srv/smoker/cpan/build/SReview-0.5.1-0/blib/lib/SReview/Video.pm line 694.
readline() on closed filehandle JSON at /srv/smoker/cpan/build/SReview-0.5.1-0/blib/lib/SReview/Video.pm line 696.
malformed JSON string, neither tag, array, object, number, string or atom, at character offset 0 (before "(end of string)") at /srv/smoker/perl5/perlbrew/perls/perl-5.30.1/lib/site_perl/5.30.1/Mojo/JSON.pm line 39.
# Looks like your test exited with 9 just after 3.
t/070-reporting.t ...
Dubious, test returned 9 (wstat 2304, 0x900)
Failed 4/7 subtests
Can't exec "ffmpeg": No such file or directory at /srv/smoker/cpan/build/SReview-0.5.1-0/blib/lib/SReview/CodecMap.pm line 19.
readline() on closed filehandle CHECK_FDK at /srv/smoker/cpan/build/SReview-0.5.1-0/blib/lib/SReview/CodecMap.pm line 20.
Use of uninitialized value in pattern match (m//) at /srv/smoker/cpan/build/SReview-0.5.1-0/blib/lib/SReview/CodecMap.pm line 20.
t/080-runthrough.t .. ok
Warning: could not find configuration file /etc/sreview/config.pm, falling back to defaults at /srv/smoker/cpan/build/SReview-0.5.1-0/blib/lib/SReview/Config/Common.pm line 30.
t/090-talk.t ........ ok
Warning: could not find configuration file /etc/sreview/config.pm, falling back to defaults at /srv/smoker/cpan/build/SReview-0.5.1-0/blib/lib/SReview/Config/Common.pm line 30.
t/095-files.t ....... ok
Warning: could not find configuration file /etc/sreview/config.pm, falling back to defaults at /srv/smoker/cpan/build/SReview-0.5.1-0/blib/lib/SReview/Config/Common.pm line 30.
Can't exec "ffmpeg": No such file or directory at /srv/smoker/cpan/build/SReview-0.5.1-0/blib/lib/SReview/CodecMap.pm line 19.
readline() on closed filehandle CHECK_FDK at /srv/smoker/cpan/build/SReview-0.5.1-0/blib/lib/SReview/CodecMap.pm line 20.
Use of uninitialized value in pattern match (m//) at /srv/smoker/cpan/build/SReview-0.5.1-0/blib/lib/SReview/CodecMap.pm line 20.
t/100-mojo.t ........ ok
Test Summary Report
-------------------
t/020-convert.t (Wstat: 2304 Tests: 5 Failed: 0)
Non-zero exit status: 9
Parse errors: Bad plan. You planned 10 tests but ran 5.
t/030-copy.t (Wstat: 2304 Tests: 5 Failed: 0)
Non-zero exit status: 9
Parse errors: Bad plan. You planned 10 tests but ran 5.
t/050-probe.t (Wstat: 2304 Tests: 3 Failed: 0)
Non-zero exit status: 9
Parse errors: Bad plan. You planned 12 tests but ran 3.
t/060-profiles.t (Wstat: 2304 Tests: 4 Failed: 0)
Non-zero exit status: 9
Parse errors: Bad plan. You planned 20 tests but ran 4.
t/070-reporting.t (Wstat: 2304 Tests: 3 Failed: 0)
Non-zero exit status: 9
Parse errors: Bad plan. You planned 7 tests but ran 3.
Files=11, Tests=100, 181 wallclock secs ( 0.97 usr 0.15 sys + 143.54 cusr 4.46 csys = 149.12 CPU)
Result: FAIL
Failed 5/11 test programs. 0/100 subtests failed.
make: *** [Makefile:1022: test_dynamic] Error 255
------------------------------
PREREQUISITES
------------------------------
Prerequisite modules loaded:
requires:
Module Need Have
----------------------------------- ---- --------
DateTime 0 1.51
DateTime::Format::ISO8601 0 0.08
Mojo::JSON 0 0
Mojo::Pg 0 4.17
Mojolicious::Plugin::OAuth2::Server 0 0.44
Moose 0 2.2012
Net::Amazon::S3 0 0.87
build_requires:
Module Need Have
----------------------------------- ---- --------
ExtUtils::MakeMaker 0 7.44
Test::More 0 1.302171
configure_requires:
Module Need Have
----------------------------------- ---- --------
ExtUtils::MakeMaker 0 7.44
------------------------------
ENVIRONMENT AND OTHER CONTEXT
------------------------------
Environment variables:
AUTOMATED_TESTING = 1
LC_CTYPE = de_AT.utf8
LD_LIBRARY_PATH = /usr/lib/libeatmydata
NONINTERACTIVE_TESTING = 1
PATH = /srv/smoker/bin:/usr/lib/ccache:/srv/smoker/perl5/perlbrew/bin:/srv/smoker/perl5/perlbrew/perls/perl-5.30.1/bin:/usr/local/bin:/usr/bin:/bin:/usr/local/games:/usr/games
PERL5LIB =
PERL5OPT =
PERL5_CPANPLUS_IS_RUNNING = 13331
PERL5_CPAN_IS_RUNNING = 13331
PERL5_CPAN_IS_RUNNING_IN_RECURSION = 6735,13331
PERLBREW_HOME = /srv/smoker/.perlbrew
PERLBREW_MANPATH = /srv/smoker/perl5/perlbrew/perls/perl-5.30.1/man
PERLBREW_PATH = /srv/smoker/perl5/perlbrew/bin:/srv/smoker/perl5/perlbrew/perls/perl-5.30.1/bin
PERLBREW_PERL = perl-5.30.1
PERLBREW_ROOT = /srv/smoker/perl5/perlbrew
PERLBREW_SHELLRC_VERSION = 0.87
PERLBREW_VERSION = 0.87
PERL_CR_SMOKER_CURRENT = SReview-0.5.1
PERL_EXTUTILS_AUTOINSTALL = --defaultdeps
PERL_MM_USE_DEFAULT = 1
PERL_TEST_TIME_OUT_FACTOR = 3
PERL_TEST_TIME_OUT_FACTOR = 3
PERL_USE_UNSAFE_INC = 1
SHELL = /bin/bash
TERM = screen-256color
Perl special variables (and OS-specific diagnostics, for MSWin32):
$^X = /srv/smoker/perl5/perlbrew/perls/perl-5.30.1/bin/perl
$UID/$EUID = 1111 / 1111
$GID = 65534 65534
$EGID = 65534 65534
Perl module toolchain versions installed:
Module Have
------------------- --------
CPAN 2.27
CPAN::Meta 2.150010
Cwd 3.78
ExtUtils::CBuilder 0.280234
ExtUtils::Command 7.44
ExtUtils::Install 2.14
ExtUtils::MakeMaker 7.44
ExtUtils::Manifest 1.72
ExtUtils::ParseXS 3.40
File::Spec 3.78
JSON 4.02
JSON::PP 4.04
Module::Build 0.4229
Module::Signature n/a
Parse::CPAN::Meta 2.150010
Test::Harness 3.42
Test::More 1.302171
YAML 1.29
YAML::Syck 1.31
version 0.9924
--
Summary of my perl5 (revision 5 version 30 subversion 1) configuration:
Platform:
osname=linux
osvers=4.9.0-6-rpi
archname=armv6l-linux
uname='linux smoker 4.9.0-6-rpi #1 raspbian 4.9.82-1+deb9u3+rpi2 (2018-11-09) armv6l gnulinux '
config_args='-de -Dprefix=/srv/smoker/perl5/perlbrew/perls/perl-5.30.1 -Aeval:scriptdir=/srv/smoker/perl5/perlbrew/perls/perl-5.30.1/bin'
hint=recommended
useposix=true
d_sigaction=define
useithreads=undef
usemultiplicity=undef
use64bitint=undef
use64bitall=undef
uselongdouble=undef
usemymalloc=n
default_inc_excludes_dot=define
bincompat5005=undef
Compiler:
cc='cc'
ccflags ='-fwrapv -fno-strict-aliasing -pipe -fstack-protector-strong -I/usr/local/include -D_LARGEFILE_SOURCE -D_FILE_OFFSET_BITS=64 -D_FORTIFY_SOURCE=2'
optimize='-O2'
cppflags='-fwrapv -fno-strict-aliasing -pipe -fstack-protector-strong -I/usr/local/include'
ccversion=''
gccversion='9.2.1 20191102'
gccosandvers=''
intsize=4
longsize=4
ptrsize=4
doublesize=8
byteorder=1234
doublekind=3
d_longlong=define
longlongsize=8
d_longdbl=define
longdblsize=8
longdblkind=0
ivtype='long'
ivsize=4
nvtype='double'
nvsize=8
Off_t='off_t'
lseeksize=8
alignbytes=8
prototype=define
Linker and Libraries:
ld='cc'
ldflags =' -fstack-protector-strong -L/usr/local/lib'
libpth=/usr/local/lib /usr/lib/gcc/arm-linux-gnueabihf/9/include-fixed /usr/include/arm-linux-gnueabihf /usr/lib /lib/arm-linux-gnueabihf /lib /usr/lib/arm-linux-gnueabihf
libs=-lpthread -lnsl -ldb -ldl -lm -lcrypt -lutil -lc
perllibs=-lpthread -lnsl -ldl -lm -lcrypt -lutil -lc
libc=libc-2.29.so
so=so
useshrplib=false
libperl=libperl.a
gnulibc_version='2.29'
Dynamic Linking:
dlsrc=dl_dlopen.xs
dlext=so
d_dlsymun=undef
ccdlflags='-Wl,-E'
cccdlflags='-fPIC'
lddlflags='-shared -O2 -L/usr/local/lib -fstack-protector-strong'
Characteristics of this binary (from libperl):
Compile-time options:
HAS_TIMES
PERLIO_LAYERS
PERL_COPY_ON_WRITE
PERL_DONT_CREATE_GVSV
PERL_MALLOC_WRAP
PERL_OP_PARENT
PERL_PRESERVE_IVUV
USE_LARGE_FILES
USE_LOCALE
USE_LOCALE_COLLATE
USE_LOCALE_CTYPE
USE_LOCALE_NUMERIC
USE_LOCALE_TIME
USE_PERLIO
USE_PERL_ATOF
Locally applied patches:
Devel::PatchPerl 1.38
Built under linux
Compiled at Nov 10 2019 16:55:46
%ENV:
PERL5LIB=""
PERL5OPT=""
PERL5_CPANPLUS_IS_RUNNING="13331"
PERL5_CPAN_IS_RUNNING="13331"
PERL5_CPAN_IS_RUNNING_IN_RECURSION="6735,13331"
PERLBREW_HOME="/srv/smoker/.perlbrew"
PERLBREW_MANPATH="/srv/smoker/perl5/perlbrew/perls/perl-5.30.1/man"
PERLBREW_PATH="/srv/smoker/perl5/perlbrew/bin:/srv/smoker/perl5/perlbrew/perls/perl-5.30.1/bin"
PERLBREW_PERL="perl-5.30.1"
PERLBREW_ROOT="/srv/smoker/perl5/perlbrew"
PERLBREW_SHELLRC_VERSION="0.87"
PERLBREW_VERSION="0.87"
PERL_CR_SMOKER_CURRENT="SReview-0.5.1"
PERL_EXTUTILS_AUTOINSTALL="--defaultdeps"
PERL_MM_USE_DEFAULT="1"
PERL_TEST_TIME_OUT_FACTOR="3"
PERL_USE_UNSAFE_INC="1"
@INC:
/srv/smoker/perl5/perlbrew/perls/perl-5.30.1/lib/site_perl/5.30.1/armv6l-linux
/srv/smoker/perl5/perlbrew/perls/perl-5.30.1/lib/site_perl/5.30.1
/srv/smoker/perl5/perlbrew/perls/perl-5.30.1/lib/5.30.1/armv6l-linux
/srv/smoker/perl5/perlbrew/perls/perl-5.30.1/lib/5.30.1
.