Report for Inline-Mason-0.07

Back
From: metabase:user:e3434da8-b236-11df-85ca-0247c6d74bde
Subject: FAIL Inline-Mason-0.07 v5.8.9 GNU/Linux
Date: 2011-09-13T17:36:09Z

This distribution has been tested as part of the CPAN Testers
project, supporting the Perl programming language.  See
http://wiki.cpantesters.org/ for more information or email
questions to cpan-testers-discuss@perl.org


--
Dear Yung-chung Lin,

This is a computer-generated report for Inline-Mason-0.07
on perl 5.8.9, created by CPAN-Reporter-1.1902.

Thank you for uploading your work to CPAN.  However, there was a problem
testing your distribution.

If you think this report is invalid, please consult the CPAN Testers Wiki
for suggestions on how to avoid getting FAIL reports for missing library
or binary dependencies, unsupported operating systems, and so on:

http://wiki.cpantesters.org/wiki/CPANAuthorNotes

Sections of this report:

    * Tester comments
    * Program output
    * Prerequisites
    * Environment and other context

------------------------------
TESTER COMMENTS
------------------------------

Additional comments from tester:

this report is from an automated smoke testing program
and was not reviewed by a human for accuracy

------------------------------
PROGRAM OUTPUT
------------------------------

Output from '/usr/bin/make test':

PERL_DL_NONLAZY=1 /home/perl58/testing/bin/perl5.8.9 "-MExtUtils::Command::MM" "-e" "test_harness(0, 'blib/lib', 'blib/arch')" t/*.t
t/Inline-Mason.func.t ..... ok
Use of uninitialized value in <HANDLE> at /home/perl58/.cpan/build/Inline-Mason-0.07-by3Dgu/blib/lib/Inline/Mason/OO.pm line 63.
readline() on unopened filehandle at /home/perl58/.cpan/build/Inline-Mason-0.07-by3Dgu/blib/lib/Inline/Mason/OO.pm line 63.
Use of uninitialized value in pattern match (m//) at /home/perl58/.cpan/build/Inline-Files-0.68-nJs8BF/blib/lib/Inline/Files/Virtual.pm line 233.
Use of uninitialized value in concatenation (.) or string at /home/perl58/.cpan/build/Inline-Files-0.68-nJs8BF/blib/lib/Inline/Files/Virtual.pm line 233.
close() on unopened filehandle OO:: at /home/perl58/.cpan/build/Inline-Files-0.68-nJs8BF/blib/lib/Inline/Files/Virtual.pm line 235.
Use of uninitialized value in <HANDLE> at /home/perl58/.cpan/build/Inline-Mason-0.07-by3Dgu/blib/lib/Inline/Mason/OO.pm line 63.
readline() on unopened filehandle at /home/perl58/.cpan/build/Inline-Mason-0.07-by3Dgu/blib/lib/Inline/Mason/OO.pm line 63.
Use of uninitialized value in pattern match (m//) at /home/perl58/.cpan/build/Inline-Files-0.68-nJs8BF/blib/lib/Inline/Files/Virtual.pm line 233.
Use of uninitialized value in concatenation (.) or string at /home/perl58/.cpan/build/Inline-Files-0.68-nJs8BF/blib/lib/Inline/Files/Virtual.pm line 233.
close() on unopened filehandle OO:: at /home/perl58/.cpan/build/Inline-Files-0.68-nJs8BF/blib/lib/Inline/Files/Virtual.pm line 235.
Use of uninitialized value in <HANDLE> at /home/perl58/.cpan/build/Inline-Mason-0.07-by3Dgu/blib/lib/Inline/Mason/OO.pm line 63.
readline() on unopened filehandle at /home/perl58/.cpan/build/Inline-Mason-0.07-by3Dgu/blib/lib/Inline/Mason/OO.pm line 63.
Use of uninitialized value in pattern match (m//) at /home/perl58/.cpan/build/Inline-Files-0.68-nJs8BF/blib/lib/Inline/Files/Virtual.pm line 233.
Use of uninitialized value in concatenation (.) or string at /home/perl58/.cpan/build/Inline-Files-0.68-nJs8BF/blib/lib/Inline/Files/Virtual.pm line 233.
close() on unopened filehandle OO:: at /home/perl58/.cpan/build/Inline-Files-0.68-nJs8BF/blib/lib/Inline/Files/Virtual.pm line 235.
Use of uninitialized value in <HANDLE> at /home/perl58/.cpan/build/Inline-Mason-0.07-by3Dgu/blib/lib/Inline/Mason/OO.pm line 63.
readline() on unopened filehandle at /home/perl58/.cpan/build/Inline-Mason-0.07-by3Dgu/blib/lib/Inline/Mason/OO.pm line 63.
Use of uninitialized value in pattern match (m//) at /home/perl58/.cpan/build/Inline-Files-0.68-nJs8BF/blib/lib/Inline/Files/Virtual.pm line 233.
Use of uninitialized value in concatenation (.) or string at /home/perl58/.cpan/build/Inline-Files-0.68-nJs8BF/blib/lib/Inline/Files/Virtual.pm line 233.
close() on unopened filehandle OO:: at /home/perl58/.cpan/build/Inline-Files-0.68-nJs8BF/blib/lib/Inline/Files/Virtual.pm line 235.
Use of uninitialized value in <HANDLE> at /home/perl58/.cpan/build/Inline-Mason-0.07-by3Dgu/blib/lib/Inline/Mason/OO.pm line 63.
readline() on unopened filehandle at /home/perl58/.cpan/build/Inline-Mason-0.07-by3Dgu/blib/lib/Inline/Mason/OO.pm line 63.
Use of uninitialized value in pattern match (m//) at /home/perl58/.cpan/build/Inline-Files-0.68-nJs8BF/blib/lib/Inline/Files/Virtual.pm line 233.
Use of uninitialized value in concatenation (.) or string at /home/perl58/.cpan/build/Inline-Files-0.68-nJs8BF/blib/lib/Inline/Files/Virtual.pm line 233.
close() on unopened filehandle OO:: at /home/perl58/.cpan/build/Inline-Files-0.68-nJs8BF/blib/lib/Inline/Files/Virtual.pm line 235.
main::HELLO does not exist.
# Looks like your test exited with 9 before it could output anything.
t/Inline-Mason.OO.t ....... 
Dubious, test returned 9 (wstat 2304, 0x900)
No subtests run 
Use of uninitialized value in <HANDLE> at /home/perl58/.cpan/build/Inline-Mason-0.07-by3Dgu/blib/lib/Inline/Mason.pm line 65.
readline() on unopened filehandle at /home/perl58/.cpan/build/Inline-Mason-0.07-by3Dgu/blib/lib/Inline/Mason.pm line 65.
Undefined subroutine &main::NIFTY called at t/Inline-Mason.passive.t line 4.
# Looks like your test exited with 255 before it could output anything.
t/Inline-Mason.passive.t .. 
Dubious, test returned 255 (wstat 65280, 0xff00)
No subtests run 
Use of uninitialized value in <HANDLE> at /home/perl58/.cpan/build/Inline-Mason-0.07-by3Dgu/blib/lib/Inline/Mason.pm line 65.
readline() on unopened filehandle at /home/perl58/.cpan/build/Inline-Mason-0.07-by3Dgu/blib/lib/Inline/Mason.pm line 65.
Use of uninitialized value in <HANDLE> at /home/perl58/.cpan/build/Inline-Mason-0.07-by3Dgu/blib/lib/Inline/Mason.pm line 65.
readline() on unopened filehandle at /home/perl58/.cpan/build/Inline-Mason-0.07-by3Dgu/blib/lib/Inline/Mason.pm line 65.
Use of uninitialized value in <HANDLE> at /home/perl58/.cpan/build/Inline-Mason-0.07-by3Dgu/blib/lib/Inline/Mason.pm line 65.
readline() on unopened filehandle at /home/perl58/.cpan/build/Inline-Mason-0.07-by3Dgu/blib/lib/Inline/Mason.pm line 65.
Use of uninitialized value in string at /home/perl58/.cpan/build/Text-MicroMason-2.13-l1q_2W/blib/lib/Text/MicroMason/Base.pm line 194.

#   Failed test 'hello world'
#   at t/Inline-Mason.t line 3.
#                   ''
#     doesn't match '(?si-xm:hello world)'
main::HELLO does not exist.
# Looks like you failed 1 test of 1.
# Looks like your test exited with 255 just after 1.
t/Inline-Mason.t .......... 
Dubious, test returned 255 (wstat 65280, 0xff00)
Failed 1/1 subtests 

Test Summary Report
-------------------
t/Inline-Mason.OO.t     (Wstat: 2304 Tests: 0 Failed: 0)
  Non-zero exit status: 9
  Parse errors: No plan found in TAP output
t/Inline-Mason.passive.t (Wstat: 65280 Tests: 0 Failed: 0)
  Non-zero exit status: 255
  Parse errors: No plan found in TAP output
t/Inline-Mason.t        (Wstat: 65280 Tests: 1 Failed: 1)
  Failed test:  1
  Non-zero exit status: 255
Files=4, Tests=5,  0 wallclock secs ( 0.02 usr  0.01 sys +  0.11 cusr  0.04 csys =  0.18 CPU)
Result: FAIL
Failed 3/4 test programs. 1/5 subtests failed.
make: *** [test_dynamic] Error 255

------------------------------
PREREQUISITES
------------------------------

Prerequisite modules loaded:

requires:

    Module                 Need Have
    ---------------------- ---- ----
    Inline::Files::Virtual 0.53 0.53
    Text::MicroMason       1    2.13


------------------------------
ENVIRONMENT AND OTHER CONTEXT
------------------------------

Environment variables:

    AUTOMATED_TESTING = 1
    LANG = en_US.utf8
    LC_COLLATE = C
    LC_MONETARY = nl_NL.utf8
    PATH = /home/tester/perl5/perlbrew/bin:/home/tester/perl5/perlbrew/perls/perl-5.15.1/bin:/usr/lib64/qt-3.3/bin:/usr/lib64/ccache:/usr/local/bin:/bin:/usr/bin:/usr/local/sbin:/usr/sbin:/sbin:/home/tester/bin:/home/tester/bin
    PATH_WITHOUT_PERLBREW = /usr/lib64/qt-3.3/bin:/usr/lib64/ccache:/usr/local/bin:/bin:/usr/bin:/usr/local/sbin:/usr/sbin:/sbin:/home/tester/bin
    PERL5LIB = /home/perl58/.cpan/build/Text-MicroMason-2.13-l1q_2W/blib/arch:/home/perl58/.cpan/build/Text-MicroMason-2.13-l1q_2W/blib/lib:/home/perl58/.cpan/build/Class-MixinFactory-0.92-l86btL/blib/arch:/home/perl58/.cpan/build/Class-MixinFactory-0.92-l86btL/blib/lib:/home/perl58/.cpan/build/Inline-Files-0.68-nJs8BF/blib/arch:/home/perl58/.cpan/build/Inline-Files-0.68-nJs8BF/blib/lib
    PERL5OPT = 
    PERL5_CPANPLUS_IS_RUNNING = 17642
    PERL5_CPAN_IS_RUNNING = 17642
    PERL5_CPAN_IS_RUNNING_IN_RECURSION = 23161,17642
    PERLBREW_PATH = /home/tester/perl5/perlbrew/bin:/home/tester/perl5/perlbrew/perls/perl-5.15.1/bin
    PERLBREW_PERL = perl-5.15.1
    PERLBREW_ROOT = /home/tester/perl5/perlbrew
    PERLBREW_VERSION = 0.15
    PERL_CR_SMOKER_CURRENT = Inline-Mason-0.07
    PERL_EXTUTILS_AUTOINSTALL = --defaultdeps
    PERL_MM_USE_DEFAULT = 1
    SHELL = /bin/bash
    TERM = screen

Perl special variables (and OS-specific diagnostics, for MSWin32):

    $^X = /home/perl58/testing/bin/perl5.8.9
    $UID/$EUID = 506 / 506
    $GID = 506 506
    $EGID = 506 506

Perl module toolchain versions installed:

    Module              Have    
    ------------------- --------
    CPAN                1.9600  
    Cwd                 3.29    
    ExtUtils::CBuilder  0.280202
    ExtUtils::Command   1.16    
    ExtUtils::Install   1.52    
    ExtUtils::MakeMaker 6.56    
    ExtUtils::Manifest  1.56    
    ExtUtils::ParseXS   2.2206  
    File::Spec          3.29    
    Module::Build       0.3800  
    Module::Signature   n/a     
    Test::Harness       3.23    
    Test::More          0.98    
    YAML                n/a     
    YAML::Syck          1.17    
    version             0.90    


--

Summary of my perl5 (revision 5 version 8 subversion 9) configuration:
  Platform:
    osname=linux, osvers=2.6.35.11-83.fc14.x86_64, archname=x86_64-linux-thread-multi
    uname='linux firenze.fritz.box 2.6.35.11-83.fc14.x86_64 #1 smp mon feb 7 07:06:44 utc 2011 x86_64 x86_64 x86_64 gnulinux '
    config_args='-Dprefix=/home/perl58/testing/ -Dusethreads -Dusedevel -des'
    hint=recommended, useposix=true, d_sigaction=define
    usethreads=define use5005threads=undef useithreads=define usemultiplicity=define
    useperlio=define d_sfio=undef uselargefiles=define usesocks=undef
    use64bitint=define use64bitall=define uselongdouble=undef
    usemymalloc=n, bincompat5005=undef
  Compiler:
    cc='cc', ccflags ='-D_REENTRANT -D_GNU_SOURCE -DTHREADS_HAVE_PIDS -fno-strict-aliasing -pipe -I/usr/local/include -D_LARGEFILE_SOURCE -D_FILE_OFFSET_BITS=64 -I/usr/include/gdbm',
    optimize='-O2',
    cppflags='-D_REENTRANT -D_GNU_SOURCE -DTHREADS_HAVE_PIDS -fno-strict-aliasing -pipe -I/usr/local/include -I/usr/include/gdbm'
    ccversion='', gccversion='4.5.1 20100924 (Red Hat 4.5.1-4)', gccosandvers=''
    intsize=4, longsize=8, ptrsize=8, doublesize=8, byteorder=12345678
    d_longlong=define, longlongsize=8, d_longdbl=define, longdblsize=16
    ivtype='long', ivsize=8, nvtype='double', nvsize=8, Off_t='off_t', lseeksize=8
    alignbytes=8, prototype=define
  Linker and Libraries:
    ld='cc', ldflags =' -L/usr/local/lib'
    libpth=/usr/local/lib /lib /usr/lib /lib64 /usr/lib64 /usr/local/lib64
    libs=-lnsl -lgdbm -ldb -ldl -lm -lcrypt -lutil -lpthread -lc
    perllibs=-lnsl -ldl -lm -lcrypt -lutil -lpthread -lc
    libc=, so=so, useshrplib=false, libperl=libperl.a
    gnulibc_version='2.13'
  Dynamic Linking:
    dlsrc=dl_dlopen.xs, dlext=so, d_dlsymun=undef, ccdlflags='-Wl,-E'
    cccdlflags='-fPIC', lddlflags='-shared -O2 -L/usr/local/lib'


Characteristics of this binary (from libperl): 
  Compile-time options: MULTIPLICITY PERL_IMPLICIT_CONTEXT PERL_MALLOC_WRAP
                        THREADS_HAVE_PIDS USE_64_BIT_ALL USE_64_BIT_INT
                        USE_FAST_STDIO USE_ITHREADS USE_LARGE_FILES
                        USE_PERLIO USE_REENTRANT_API
  Built under linux
  Compiled at Jun  4 2011 22:22:39
  %ENV:
    PERL5LIB="/home/perl58/.cpan/build/Text-MicroMason-2.13-l1q_2W/blib/arch:/home/perl58/.cpan/build/Text-MicroMason-2.13-l1q_2W/blib/lib:/home/perl58/.cpan/build/Class-MixinFactory-0.92-l86btL/blib/arch:/home/perl58/.cpan/build/Class-MixinFactory-0.92-l86btL/blib/lib:/home/perl58/.cpan/build/Inline-Files-0.68-nJs8BF/blib/arch:/home/perl58/.cpan/build/Inline-Files-0.68-nJs8BF/blib/lib"
    PERL5OPT=""
    PERL5_CPANPLUS_IS_RUNNING="17642"
    PERL5_CPAN_IS_RUNNING="17642"
    PERL5_CPAN_IS_RUNNING_IN_RECURSION="23161,17642"
    PERLBREW_PATH="/home/tester/perl5/perlbrew/bin:/home/tester/perl5/perlbrew/perls/perl-5.15.1/bin"
    PERLBREW_PERL="perl-5.15.1"
    PERLBREW_ROOT="/home/tester/perl5/perlbrew"
    PERLBREW_VERSION="0.15"
    PERL_CR_SMOKER_CURRENT="Inline-Mason-0.07"
    PERL_EXTUTILS_AUTOINSTALL="--defaultdeps"
    PERL_MM_USE_DEFAULT="1"
  @INC:
    /home/perl58/.cpan/build/Text-MicroMason-2.13-l1q_2W/blib/arch
    /home/perl58/.cpan/build/Text-MicroMason-2.13-l1q_2W/blib/lib
    /home/perl58/.cpan/build/Class-MixinFactory-0.92-l86btL/blib/arch
    /home/perl58/.cpan/build/Class-MixinFactory-0.92-l86btL/blib/lib
    /home/perl58/.cpan/build/Inline-Files-0.68-nJs8BF/blib/arch
    /home/perl58/.cpan/build/Inline-Files-0.68-nJs8BF/blib/lib
    /home/perl58/testing/lib/5.8.9/x86_64-linux-thread-multi
    /home/perl58/testing/lib/5.8.9
    /home/perl58/testing/lib/site_perl/5.8.9/x86_64-linux-thread-multi
    /home/perl58/testing/lib/site_perl/5.8.9
    .