DBIx-Custom v0.41 Perl 5 v5.8.3 i686-linux-thread-multi

Status
Na
From
Nigel Horne
Dist
DBIx-Custom v0.41
Platform
Perl 5 v5.8.3 i686-linux-thread-multi
Date
2017-11-06 17:28:12
ID
dd6ffe7c-c317-11e7-8e07-958d21cd0eb8
This distribution has been tested as part of the CPAN Testers
project, supporting the Perl programming language.  See
http://wiki.cpantesters.org/ for more information or email
questions to cpan-testers-discuss@perl.org


--
Dear Yuki Kimoto,

This is a computer-generated report for DBIx-Custom-0.41
on perl 5.8.3, created by CPAN-Reporter-1.2017.

Thank you for uploading your work to CPAN.  While attempting to build or test
this distribution, the distribution signaled that support is not available
either for this operating system or this version of Perl.  Nevertheless, any
diagnostic output produced is provided below for reference.  If this is not
what you expect, you may wish to consult the CPAN Testers Wiki:

http://wiki.cpantesters.org/wiki/CPANAuthorNotes

Sections of this report:

    * Tester comments
    * Program output
    * Prerequisites
    * Environment and other context

------------------------------
TESTER COMMENTS
------------------------------

Additional comments from tester:

this report is from an automated smoke testing program
and was not reviewed by a human for accuracy

------------------------------
PROGRAM OUTPUT
------------------------------

Output from '/usr/bin/make test':

PERL_DL_NONLAZY=1 "/home/njh/perl5/perlbrew/perls/perl-5.8.3/bin/perl" "-MExtUtils::Command::MM" "-MTest::Harness" "-e" "undef *Test::Harness::Switches; test_harness(0, 'blib/lib', 'blib/arch')" t/*.t t/next/*.t
Perl v5.8.7 required--this is only v5.8.3, stopped at /home/njh/.cpan/build/DBIx-Custom-0.41-2/blib/lib/DBIx/Custom.pm line 1.
BEGIN failed--compilation aborted at /home/njh/.cpan/build/DBIx-Custom-0.41-2/blib/lib/DBIx/Custom.pm line 1.
Compilation failed in require at t/access.t line 7.
BEGIN failed--compilation aborted at t/access.t line 7.
t/access.t ....................... 
Dubious, test returned 255 (wstat 65280, 0xff00)
No subtests run 
Perl v5.8.7 required--this is only v5.8.3, stopped at /home/njh/.cpan/build/DBIx-Custom-0.41-2/blib/lib/DBIx/Custom.pm line 1.
BEGIN failed--compilation aborted at /home/njh/.cpan/build/DBIx-Custom-0.41-2/blib/lib/DBIx/Custom.pm line 1.
Compilation failed in require at t/access2007-accdb.t line 7.
BEGIN failed--compilation aborted at t/access2007-accdb.t line 7.
t/access2007-accdb.t ............. 
Dubious, test returned 255 (wstat 65280, 0xff00)
No subtests run 
Perl v5.8.7 required--this is only v5.8.3, stopped at /home/njh/.cpan/build/DBIx-Custom-0.41-2/blib/lib/DBIx/Custom.pm line 1.
BEGIN failed--compilation aborted at /home/njh/.cpan/build/DBIx-Custom-0.41-2/blib/lib/DBIx/Custom.pm line 1.
Compilation failed in require at t/access2010-accdb.t line 7.
BEGIN failed--compilation aborted at t/access2010-accdb.t line 7.
t/access2010-accdb.t ............. 
Dubious, test returned 255 (wstat 65280, 0xff00)
No subtests run 
Perl v5.8.7 required--this is only v5.8.3, stopped at /home/njh/.cpan/build/DBIx-Custom-0.41-2/blib/lib/DBIx/Custom.pm line 1.
BEGIN failed--compilation aborted at /home/njh/.cpan/build/DBIx-Custom-0.41-2/blib/lib/DBIx/Custom.pm line 1.
Compilation failed in require at t/common-mysql-fullqualified.t line 12.
BEGIN failed--compilation aborted at t/common-mysql-fullqualified.t line 12.
t/common-mysql-fullqualified.t ... 
Dubious, test returned 255 (wstat 65280, 0xff00)
No subtests run 
Perl v5.8.7 required--this is only v5.8.3, stopped at /home/njh/.cpan/build/DBIx-Custom-0.41-2/blib/lib/DBIx/Custom.pm line 1.
BEGIN failed--compilation aborted at /home/njh/.cpan/build/DBIx-Custom-0.41-2/blib/lib/DBIx/Custom.pm line 1.
Compilation failed in require at t/common-mysql.t line 10.
BEGIN failed--compilation aborted at t/common-mysql.t line 10.
t/common-mysql.t ................. 
Dubious, test returned 255 (wstat 65280, 0xff00)
No subtests run 
Perl v5.8.7 required--this is only v5.8.3, stopped at /home/njh/.cpan/build/DBIx-Custom-0.41-2/blib/lib/DBIx/Custom.pm line 1.
BEGIN failed--compilation aborted at /home/njh/.cpan/build/DBIx-Custom-0.41-2/blib/lib/DBIx/Custom.pm line 1.
Compilation failed in require at t/common-oracle.t line 10.
BEGIN failed--compilation aborted at t/common-oracle.t line 10.
t/common-oracle.t ................ 
Dubious, test returned 255 (wstat 65280, 0xff00)
No subtests run 
Perl v5.8.7 required--this is only v5.8.3, stopped at /home/njh/.cpan/build/DBIx-Custom-0.41-2/blib/lib/DBIx/Custom.pm line 1.
BEGIN failed--compilation aborted at /home/njh/.cpan/build/DBIx-Custom-0.41-2/blib/lib/DBIx/Custom.pm line 1.
Compilation failed in require at t/common-postgresql.t line 10.
BEGIN failed--compilation aborted at t/common-postgresql.t line 10.
t/common-postgresql.t ............ 
Dubious, test returned 255 (wstat 65280, 0xff00)
No subtests run 
Perl v5.8.7 required--this is only v5.8.3, stopped at /home/njh/.cpan/build/DBIx-Custom-0.41-2/blib/lib/DBIx/Custom.pm line 1.
BEGIN failed--compilation aborted at /home/njh/.cpan/build/DBIx-Custom-0.41-2/blib/lib/DBIx/Custom.pm line 1.
Compilation failed in require at t/common-sqlite-fullqualified.t line 8.
BEGIN failed--compilation aborted at t/common-sqlite-fullqualified.t line 8.
t/common-sqlite-fullqualified.t .. 
Dubious, test returned 255 (wstat 65280, 0xff00)
No subtests run 
Perl v5.8.7 required--this is only v5.8.3, stopped at /home/njh/.cpan/build/DBIx-Custom-0.41-2/blib/lib/DBIx/Custom.pm line 1.
BEGIN failed--compilation aborted at /home/njh/.cpan/build/DBIx-Custom-0.41-2/blib/lib/DBIx/Custom.pm line 1.
Compilation failed in require at t/common-sqlite-quote.t line 8.
BEGIN failed--compilation aborted at t/common-sqlite-quote.t line 8.
t/common-sqlite-quote.t .......... 
Dubious, test returned 255 (wstat 65280, 0xff00)
No subtests run 
Perl v5.8.7 required--this is only v5.8.3, stopped at /home/njh/.cpan/build/DBIx-Custom-0.41-2/blib/lib/DBIx/Custom.pm line 1.
BEGIN failed--compilation aborted at /home/njh/.cpan/build/DBIx-Custom-0.41-2/blib/lib/DBIx/Custom.pm line 1.
Compilation failed in require at t/common-sqlite.t line 8.
BEGIN failed--compilation aborted at t/common-sqlite.t line 8.
t/common-sqlite.t ................ 
Dubious, test returned 255 (wstat 65280, 0xff00)
No subtests run 
Perl v5.8.7 required--this is only v5.8.3, stopped at /home/njh/.cpan/build/DBIx-Custom-0.41-2/blib/lib/DBIx/Custom.pm line 1.
BEGIN failed--compilation aborted at /home/njh/.cpan/build/DBIx-Custom-0.41-2/blib/lib/DBIx/Custom.pm line 1.
Compilation failed in require at t/common-sqlserver.t line 10.
BEGIN failed--compilation aborted at t/common-sqlserver.t line 10.
t/common-sqlserver.t ............. 
Dubious, test returned 255 (wstat 65280, 0xff00)
No subtests run 
t/common.t ....................... skipped: common.t is always skipped
Perl v5.8.7 required--this is only v5.8.3, stopped at /home/njh/.cpan/build/DBIx-Custom-0.41-2/blib/lib/DBIx/Custom.pm line 1.
BEGIN failed--compilation aborted at /home/njh/.cpan/build/DBIx-Custom-0.41-2/blib/lib/DBIx/Custom.pm line 1.
Compilation failed in require at t/mysql-async.t line 7.
BEGIN failed--compilation aborted at t/mysql-async.t line 7.
t/mysql-async.t .................. 
Dubious, test returned 255 (wstat 65280, 0xff00)
No subtests run 
Perl v5.8.7 required--this is only v5.8.3, stopped at /home/njh/.cpan/build/DBIx-Custom-0.41-2/blib/lib/DBIx/Custom.pm line 1.
BEGIN failed--compilation aborted at /home/njh/.cpan/build/DBIx-Custom-0.41-2/blib/lib/DBIx/Custom.pm line 1.
Compilation failed in require at t/mysql.t line 7.
BEGIN failed--compilation aborted at t/mysql.t line 7.
t/mysql.t ........................ 
Dubious, test returned 255 (wstat 65280, 0xff00)
No subtests run 
Perl v5.8.7 required--this is only v5.8.3, stopped at /home/njh/.cpan/build/DBIx-Custom-0.41-2/blib/lib/DBIx/Custom.pm line 1.
BEGIN failed--compilation aborted at /home/njh/.cpan/build/DBIx-Custom-0.41-2/blib/lib/DBIx/Custom.pm line 1.
Compilation failed in require at t/sqlite-quote.t line 2.
BEGIN failed--compilation aborted at t/sqlite-quote.t line 2.
t/sqlite-quote.t ................. 
Dubious, test returned 255 (wstat 65280, 0xff00)
No subtests run 
Perl v5.8.7 required--this is only v5.8.3, stopped at /home/njh/.cpan/build/DBIx-Custom-0.41-2/blib/lib/DBIx/Custom.pm line 1.
BEGIN failed--compilation aborted at /home/njh/.cpan/build/DBIx-Custom-0.41-2/blib/lib/DBIx/Custom.pm line 1.
Compilation failed in require at t/mysql2.t line 7.
BEGIN failed--compilation aborted at t/mysql2.t line 7.
t/mysql2.t ....................... 
Dubious, test returned 255 (wstat 65280, 0xff00)
No subtests run 

#   Failed test 'use DBIx::Custom;'
#   at t/sqlite.t line 16.
#     Tried to use 'DBIx::Custom'.
#     Error:  Perl v5.8.7 required--this is only v5.8.3, stopped at /home/njh/.cpan/build/DBIx-Custom-0.41-2/blib/lib/DBIx/Custom.pm line 1.
# BEGIN failed--compilation aborted at /home/njh/.cpan/build/DBIx-Custom-0.41-2/blib/lib/DBIx/Custom.pm line 1.
# Compilation failed in require at t/sqlite.t line 16.
# BEGIN failed--compilation aborted at t/sqlite.t line 16.
syntax error at t/sqlite.t line 24, near "has dsn"
syntax error at t/sqlite.t line 25, near "}"
Execution of t/sqlite.t aborted due to compilation errors.
# Looks like you failed 1 test of 1.
# Looks like your test exited with 255 just after 1.
t/sqlite.t ....................... 
Dubious, test returned 255 (wstat 65280, 0xff00)
Failed 1/1 subtests 

Test Summary Report
-------------------
t/access.t                     (Wstat: 65280 Tests: 0 Failed: 0)
  Non-zero exit status: 255
  Parse errors: No plan found in TAP output
t/access2007-accdb.t           (Wstat: 65280 Tests: 0 Failed: 0)
  Non-zero exit status: 255
  Parse errors: No plan found in TAP output
t/access2010-accdb.t           (Wstat: 65280 Tests: 0 Failed: 0)
  Non-zero exit status: 255
  Parse errors: No plan found in TAP output
t/common-mysql-fullqualified.t (Wstat: 65280 Tests: 0 Failed: 0)
  Non-zero exit status: 255
  Parse errors: No plan found in TAP output
t/common-mysql.t               (Wstat: 65280 Tests: 0 Failed: 0)
  Non-zero exit status: 255
  Parse errors: No plan found in TAP output
t/common-oracle.t              (Wstat: 65280 Tests: 0 Failed: 0)
  Non-zero exit status: 255
  Parse errors: No plan found in TAP output
t/common-postgresql.t          (Wstat: 65280 Tests: 0 Failed: 0)
  Non-zero exit status: 255
  Parse errors: No plan found in TAP output
t/common-sqlite-fullqualified.t (Wstat: 65280 Tests: 0 Failed: 0)
  Non-zero exit status: 255
  Parse errors: No plan found in TAP output
t/common-sqlite-quote.t        (Wstat: 65280 Tests: 0 Failed: 0)
  Non-zero exit status: 255
  Parse errors: No plan found in TAP output
t/common-sqlite.t              (Wstat: 65280 Tests: 0 Failed: 0)
  Non-zero exit status: 255
  Parse errors: No plan found in TAP output
t/common-sqlserver.t           (Wstat: 65280 Tests: 0 Failed: 0)
  Non-zero exit status: 255
  Parse errors: No plan found in TAP output
t/mysql-async.t                (Wstat: 65280 Tests: 0 Failed: 0)
  Non-zero exit status: 255
  Parse errors: No plan found in TAP output
t/mysql.t                      (Wstat: 65280 Tests: 0 Failed: 0)
  Non-zero exit status: 255
  Parse errors: No plan found in TAP output
t/sqlite-quote.t               (Wstat: 65280 Tests: 0 Failed: 0)
  Non-zero exit status: 255
  Parse errors: No plan found in TAP output
t/mysql2.t                     (Wstat: 65280 Tests: 0 Failed: 0)
  Non-zero exit status: 255
  Parse errors: No plan found in TAP output
t/sqlite.t                     (Wstat: 65280 Tests: 1 Failed: 1)
  Failed test:  1
  Non-zero exit status: 255
Files=17, Tests=1,  2 wallclock secs ( 0.05 usr  0.05 sys +  1.69 cusr  1.06 csys =  2.85 CPU)
Result: FAIL
Failed 16/17 test programs. 1/1 subtests failed.
Makefile:892: recipe for target 'test_dynamic' failed
make: *** [test_dynamic] Error 255

------------------------------
PREREQUISITES
------------------------------

Prerequisite modules loaded:

requires:

    Module              Need  Have    
    ------------------- ----- --------
    DBD::SQLite         1.25  1.48    
    DBI                 1.605 1.634   
    DBIx::Connector     0.56  0.56    
    Object::Simple      3.1   3.19    
    Test::More          0     1.001014

build_requires:

    Module              Need  Have    
    ------------------- ----- --------
    ExtUtils::MakeMaker 0     7.18    

configure_requires:

    Module              Need  Have    
    ------------------- ----- --------
    ExtUtils::MakeMaker 0     7.18    


------------------------------
ENVIRONMENT AND OTHER CONTEXT
------------------------------

Environment variables:

    AUTOMATED_TESTING = 1
    HARNESS_OPTIONS = j2
    LANG = en_US.UTF-8
    PATH = /home/njh/perl5/perlbrew/bin:/home/njh/perl5/perlbrew/perls/perl-5.8.3/bin:/home/njh/perl5/perlbrew/bin:/usr/bin:/bin
    PERL5LIB = /home/njh/.cpan/build/Object-Simple-3.19-2/blib/arch:/home/njh/.cpan/build/Object-Simple-3.19-2/blib/lib:/home/njh/.cpan/build/DBIx-Connector-0.56-2/blib/arch:/home/njh/.cpan/build/DBIx-Connector-0.56-2/blib/lib:/home/njh/.cpan/build/Test-MockModule-0.13-15/blib/arch:/home/njh/.cpan/build/Test-MockModule-0.13-15/blib/lib:/home/njh/.cpan/build/SUPER-1.20141117-15/blib/arch:/home/njh/.cpan/build/SUPER-1.20141117-15/blib/lib:/home/njh/.cpan/build/Sub-Identify-0.14-29/blib/arch:/home/njh/.cpan/build/Sub-Identify-0.14-29/blib/lib
    PERL5OPT = 
    PERL5_CPANPLUS_IS_RUNNING = 24331
    PERL5_CPAN_IS_RUNNING = 24331
    PERLBREW_BASHRC_VERSION = 0.73
    PERLBREW_HOME = /home/njh/.perlbrew
    PERLBREW_LIB = 
    PERLBREW_MANPATH = /home/njh/perl5/perlbrew/perls/perl-5.8.3/man
    PERLBREW_PATH = /home/njh/perl5/perlbrew/bin:/home/njh/perl5/perlbrew/perls/perl-5.8.3/bin
    PERLBREW_PERL = perl-5.8.3
    PERLBREW_ROOT = /home/njh/perl5/perlbrew
    PERLBREW_VERSION = 0.73
    PERL_LOCAL_LIB_ROOT = 
    SHELL = /bin/sh

Perl special variables (and OS-specific diagnostics, for MSWin32):

    $^X = /home/njh/perl5/perlbrew/perls/perl-5.8.3/bin/perl
    $UID/$EUID = 1000 / 1000
    $GID = 1000 1000 108 46 44 30 29 25 24 4
    $EGID = 1000 1000 108 46 44 30 29 25 24 4

Perl module toolchain versions installed:

    Module              Have    
    ------------------- --------
    CPAN                2.16    
    CPAN::Meta          2.150005
    Cwd                 3.60    
    ExtUtils::CBuilder  0.280224
    ExtUtils::Command   7.18    
    ExtUtils::Install   1.54    
    ExtUtils::MakeMaker 7.18    
    ExtUtils::Manifest  1.70    
    ExtUtils::ParseXS   3.30    
    File::Spec          3.60    
    JSON                n/a     
    JSON::PP            2.27203 
    Module::Build       0.4216  
    Module::Signature   n/a     
    Parse::CPAN::Meta   1.4417  
    Test::Harness       3.35    
    Test::More          1.001014
    YAML                1.23    
    YAML::Syck          1.30    
    version             0.9912  


--

Summary of my perl5 (revision 5.0 version 8 subversion 3) configuration:
  Platform:
    osname=linux, osvers=4.2.0-1-686-pae, archname=i686-linux-thread-multi
    uname='linux zack 4.2.0-1-686-pae #1 smp debian 4.2.6-1 (2015-11-10) i686 gnulinux '
    config_args='-de -Dprefix=/home/njh/perl5/perlbrew/perls/perl-5.8.3 -Duseithreads -Dusemultiplicity -Dusedevel -Accflags= -Aeval:scriptdir=/home/njh/perl5/perlbrew/perls/perl-5.8.3/bin'
    hint=recommended, useposix=true, d_sigaction=define
    usethreads=define use5005threads=undef useithreads=define usemultiplicity=define
    useperlio=define d_sfio=undef uselargefiles=define usesocks=undef
    use64bitint=undef use64bitall=undef uselongdouble=undef
    usemymalloc=n, bincompat5005=undef
  Compiler:
    cc='cc', ccflags ='-D_REENTRANT -D_GNU_SOURCE -fno-strict-aliasing -I/usr/local/include -D_LARGEFILE_SOURCE -D_FILE_OFFSET_BITS=64',
    optimize='-O2',
    cppflags='-D_REENTRANT -D_GNU_SOURCE -fno-strict-aliasing -I/usr/local/include'
    ccversion='', gccversion='5.2.1 20151121', gccosandvers=''
    intsize=4, longsize=4, ptrsize=4, doublesize=8, byteorder=1234
    d_longlong=define, longlongsize=8, d_longdbl=define, longdblsize=12
    ivtype='long', ivsize=4, nvtype='double', nvsize=8, Off_t='off_t', lseeksize=8
    alignbytes=4, prototype=define
  Linker and Libraries:
    ld='cc', ldflags =' -L/usr/local/lib'
    libpth=/usr/local/lib /lib/i386-linux-gnu /lib/../lib /usr/lib/i386-linux-gnu /usr/lib/../lib /lib /usr/lib
    libs=-lnsl -lgdbm -ldb -ldl -lm -lcrypt -lutil -lpthread -lc -lgdbm_compat
    perllibs=-lnsl -ldl -lm -lcrypt -lutil -lpthread -lc -lgdbm_compat
    libc=libc-2.19.so, so=so, useshrplib=false, libperl=libperl.a
    gnulibc_version='2.19'
  Dynamic Linking:
    dlsrc=dl_dlopen.xs, dlext=so, d_dlsymun=undef, ccdlflags='-rdynamic'
    cccdlflags='-fpic', lddlflags='-shared -L/usr/local/lib'


Characteristics of this binary (from libperl): 
  Compile-time options: MULTIPLICITY USE_ITHREADS USE_LARGE_FILES PERL_IMPLICIT_CONTEXT
  Locally applied patches:
  	Devel::PatchPerl 1.38
  Built under linux
  Compiled at Nov 24 2015 04:00:14
  %ENV:
    PERL5LIB="/home/njh/.cpan/build/Object-Simple-3.19-2/blib/arch:/home/njh/.cpan/build/Object-Simple-3.19-2/blib/lib:/home/njh/.cpan/build/DBIx-Connector-0.56-2/blib/arch:/home/njh/.cpan/build/DBIx-Connector-0.56-2/blib/lib:/home/njh/.cpan/build/Test-MockModule-0.13-15/blib/arch:/home/njh/.cpan/build/Test-MockModule-0.13-15/blib/lib:/home/njh/.cpan/build/SUPER-1.20141117-15/blib/arch:/home/njh/.cpan/build/SUPER-1.20141117-15/blib/lib:/home/njh/.cpan/build/Sub-Identify-0.14-29/blib/arch:/home/njh/.cpan/build/Sub-Identify-0.14-29/blib/lib"
    PERL5OPT=""
    PERL5_CPANPLUS_IS_RUNNING="24331"
    PERL5_CPAN_IS_RUNNING="24331"
    PERLBREW_BASHRC_VERSION="0.73"
    PERLBREW_HOME="/home/njh/.perlbrew"
    PERLBREW_LIB=""
    PERLBREW_MANPATH="/home/njh/perl5/perlbrew/perls/perl-5.8.3/man"
    PERLBREW_PATH="/home/njh/perl5/perlbrew/bin:/home/njh/perl5/perlbrew/perls/perl-5.8.3/bin"
    PERLBREW_PERL="perl-5.8.3"
    PERLBREW_ROOT="/home/njh/perl5/perlbrew"
    PERLBREW_VERSION="0.73"
    PERL_LOCAL_LIB_ROOT=""
  @INC:
    /home/njh/.cpan/build/Object-Simple-3.19-2/blib/arch
    /home/njh/.cpan/build/Object-Simple-3.19-2/blib/lib
    /home/njh/.cpan/build/DBIx-Connector-0.56-2/blib/arch
    /home/njh/.cpan/build/DBIx-Connector-0.56-2/blib/lib
    /home/njh/.cpan/build/Test-MockModule-0.13-15/blib/arch
    /home/njh/.cpan/build/Test-MockModule-0.13-15/blib/lib
    /home/njh/.cpan/build/SUPER-1.20141117-15/blib/arch
    /home/njh/.cpan/build/SUPER-1.20141117-15/blib/lib
    /home/njh/.cpan/build/Sub-Identify-0.14-29/blib/arch
    /home/njh/.cpan/build/Sub-Identify-0.14-29/blib/lib
    /home/njh/perl5/perlbrew/perls/perl-5.8.3/lib/5.8.3/i686-linux-thread-multi
    /home/njh/perl5/perlbrew/perls/perl-5.8.3/lib/5.8.3
    /home/njh/perl5/perlbrew/perls/perl-5.8.3/lib/site_perl/5.8.3/i686-linux-thread-multi
    /home/njh/perl5/perlbrew/perls/perl-5.8.3/lib/site_perl/5.8.3
    /home/njh/perl5/perlbrew/perls/perl-5.8.3/lib/site_perl
    .