Back
From: metabase:user:0d96120c-29e2-11e5-b049-ede3035d37de
Subject: FAIL Text-Hatena-0.20 v5.12.5 SunOS/Solaris
Date: 2015-07-27T00:03:08Z
This distribution has been tested as part of the CPAN Testers
project, supporting the Perl programming language. See
http://wiki.cpantesters.org/ for more information or email
questions to cpan-testers-discuss@perl.org
--
Dear Junya Kondo,
This is a computer-generated report for Text-Hatena-0.20
on perl 5.12.5, created by CPAN-Reporter-1.2014.
Thank you for uploading your work to CPAN. However, there was a problem
testing your distribution.
If you think this report is invalid, please consult the CPAN Testers Wiki
for suggestions on how to avoid getting FAIL reports for missing library
or binary dependencies, unsupported operating systems, and so on:
http://wiki.cpantesters.org/wiki/CPANAuthorNotes
Sections of this report:
* Tester comments
* Program output
* Prerequisites
* Environment and other context
------------------------------
TESTER COMMENTS
------------------------------
Additional comments from tester:
this report is from an automated smoke testing program
and was not reviewed by a human for accuracy
------------------------------
PROGRAM OUTPUT
------------------------------
Output from '/usr/bin/make test':
PERL_DL_NONLAZY=1 "/usr/perl5/5.12/bin/perl" "-MExtUtils::Command::MM" "-MTest::Harness" "-e" "undef *Test::Harness::Switches; test_harness(0, 'blib/lib', 'blib/arch')" t/*.t
# Failed test 'use Text::Hatena;'
# at t/00_compile.t line 7.
# Tried to use 'Text::Hatena'.
# Error: Base class package "Class::Data::Inheritable" is empty.
# (Perhaps you need to 'use' the module which defines that package first,
# or make that module available in @INC (@INC contains: lib /export/home/jmaslak/.cpan/build/Text-Hatena-0.20-N6Lym9/blib/lib /export/home/jmaslak/.cpan/build/Text-Hatena-0.20-N6Lym9/blib/arch /export/home/jmaslak/.cpan/build/Parse-RecDescent-1.967009-zrLzFp/blib/arch /export/home/jmaslak/.cpan/build/Parse-RecDescent-1.967009-zrLzFp/blib/lib /export/home/jmaslak/.cpan/build/Regexp-Assemble-0.35-eyaN3i/blib/arch /export/home/jmaslak/.cpan/build/Regexp-Assemble-0.35-eyaN3i/blib/lib /export/home/jmaslak/sysperl/lib/perl5/i86pc-solaris-64int /export/home/jmaslak/sysperl/lib/perl5 /usr/perl5/site_perl/5.12/i86pc-solaris-64int /usr/perl5/site_perl/5.12 /usr/perl5/vendor_perl/5.12/i86pc-solaris-64int /usr/perl5/vendor_perl/5.12 /usr/perl5/5.12/lib/i86pc-solaris-64int /usr/perl5/5.12/lib .).
# at lib/Text/Hatena.pm line 5.
# BEGIN failed--compilation aborted at lib/Text/Hatena.pm line 5.
# Compilation failed in require at t/00_compile.t line 7.
# BEGIN failed--compilation aborted at t/00_compile.t line 7.
# Looks like you failed 1 test of 1.
t/00_compile.t ..........
Dubious, test returned 1 (wstat 256, 0x100)
Failed 1/1 subtests
Can't locate object method "mk_classdata" via package "Text::Hatena::AutoLink" at /export/home/jmaslak/.cpan/build/Text-Hatena-0.20-N6Lym9/blib/lib/Text/Hatena/AutoLink.pm line 9.
Compilation failed in require at /export/home/jmaslak/.cpan/build/Text-Hatena-0.20-N6Lym9/blib/lib/Text/Hatena.pm line 8.
BEGIN failed--compilation aborted at /export/home/jmaslak/.cpan/build/Text-Hatena-0.20-N6Lym9/blib/lib/Text/Hatena.pm line 8.
Compilation failed in require at t/01_module.t line 5.
BEGIN failed--compilation aborted at t/01_module.t line 5.
t/01_module.t ...........
Dubious, test returned 2 (wstat 512, 0x200)
No subtests run
Can't locate object method "syntax" via package "MyParser" at t/lib/MyParser.pm line 6.
Compilation failed in require at t/02_module_extend.t line 6.
BEGIN failed--compilation aborted at t/02_module_extend.t line 6.
t/02_module_extend.t ....
Dubious, test returned 255 (wstat 65280, 0xff00)
No subtests run
Can't locate object method "mk_classdata" via package "Text::Hatena::AutoLink" at /export/home/jmaslak/.cpan/build/Text-Hatena-0.20-N6Lym9/blib/lib/Text/Hatena/AutoLink.pm line 9.
Compilation failed in require at t/10_autolink.t line 4.
BEGIN failed--compilation aborted at t/10_autolink.t line 4.
t/10_autolink.t .........
Dubious, test returned 2 (wstat 512, 0x200)
No subtests run
Can't locate object method "mk_classdata" via package "Text::Hatena::AutoLink" at /export/home/jmaslak/.cpan/build/Text-Hatena-0.20-N6Lym9/blib/lib/Text/Hatena/AutoLink.pm line 9.
Compilation failed in require at t/11_autolink_extend.t line 4.
BEGIN failed--compilation aborted at t/11_autolink_extend.t line 4.
t/11_autolink_extend.t ..
Dubious, test returned 2 (wstat 512, 0x200)
No subtests run
Test Summary Report
-------------------
t/00_compile.t (Wstat: 256 Tests: 1 Failed: 1)
Failed test: 1
Non-zero exit status: 1
t/01_module.t (Wstat: 512 Tests: 0 Failed: 0)
Non-zero exit status: 2
Parse errors: No plan found in TAP output
t/02_module_extend.t (Wstat: 65280 Tests: 0 Failed: 0)
Non-zero exit status: 255
Parse errors: No plan found in TAP output
t/10_autolink.t (Wstat: 512 Tests: 0 Failed: 0)
Non-zero exit status: 2
Parse errors: No plan found in TAP output
t/11_autolink_extend.t (Wstat: 512 Tests: 0 Failed: 0)
Non-zero exit status: 2
Parse errors: No plan found in TAP output
Files=5, Tests=1, 1 wallclock secs ( 0.05 usr 0.05 sys + 0.29 cusr 0.23 csys = 0.62 CPU)
Result: FAIL
Failed 5/5 test programs. 1/1 subtests failed.
*** Error code 2
make: Fatal error: Command failed for target `test_dynamic'
------------------------------
PREREQUISITES
------------------------------
Prerequisite modules loaded:
requires:
Module Need Have
------------------- ---- --------
Parse::RecDescent 1.94 1.967009
Regexp::Assemble 0.28 0.35
Test::Base 0.53 0.88
Test::More 0.32 1.001014
build_requires:
Module Need Have
------------------- ---- --------
ExtUtils::MakeMaker 0 7.04
------------------------------
ENVIRONMENT AND OTHER CONTEXT
------------------------------
Environment variables:
AUTOMATED_TESTING = 1
LANG = en_US.UTF-8
LC_ALL =
LC_COLLATE =
LC_CTYPE =
LC_MESSAGES =
LC_MONETARY =
LC_NUMERIC =
LC_TIME =
NONINTERACTIVE_TESTING = 1
PATH = /export/home/jmaslak/sysperl/bin:/export/home/jmaslak/perltest/bin:/export/home/jmaslak/bin:~/bin:/export/home/jmaslak/perl5/perlbrew/bin:/export/home/jmaslak/perl5/perlbrew/perls/perl-5.23.1/bin:/usr/bin:/bin:/usr/ccs/bin:/usr/sbin:/usr/ccs/bin:/opt/solarisstudio12.4/bin:/usr/ucb:~/perltest/bin
PERL5LIB = /export/home/jmaslak/.cpan/build/Parse-RecDescent-1.967009-zrLzFp/blib/arch:/export/home/jmaslak/.cpan/build/Parse-RecDescent-1.967009-zrLzFp/blib/lib:/export/home/jmaslak/.cpan/build/Regexp-Assemble-0.35-eyaN3i/blib/arch:/export/home/jmaslak/.cpan/build/Regexp-Assemble-0.35-eyaN3i/blib/lib:/export/home/jmaslak/sysperl/lib/perl5
PERL5OPT =
PERL5_CPANPLUS_IS_RUNNING = 17217
PERL5_CPAN_IS_RUNNING = 17217
PERL5_CPAN_IS_RUNNING_IN_RECURSION = 21250,17217
PERLBREW_BASHRC_VERSION = 0.73
PERLBREW_HOME = /export/home/jmaslak/.perlbrew
PERLBREW_MANPATH = /export/home/jmaslak/perl5/perlbrew/perls/perl-5.23.1/man
PERLBREW_PATH = /export/home/jmaslak/perl5/perlbrew/bin:/export/home/jmaslak/perl5/perlbrew/perls/perl-5.23.1/bin
PERLBREW_PERL = perl-5.23.1
PERLBREW_ROOT = /export/home/jmaslak/perl5/perlbrew
PERLBREW_VERSION = 0.73
PERL_CR_SMOKER_CURRENT = Template-Plugin-Hatena-0.02
PERL_EXTUTILS_AUTOINSTALL = --defaultdeps
PERL_LOCAL_LIB_ROOT = /export/home/jmaslak/sysperl
PERL_MB_OPT = --install_base "//export/home/jmaslak/sysperl"
PERL_MM_OPT = INSTALL_BASE=/export/home/jmaslak/sysperl
PERL_MM_USE_DEFAULT = 1
SHELL = /usr/bin/bash
TERM = screen
Perl special variables (and OS-specific diagnostics, for MSWin32):
$^X = /usr/perl5/5.12/bin/perl
$UID/$EUID = 100 / 100
$GID = 10 10
$EGID = 10 10
Perl module toolchain versions installed:
Module Have
------------------- --------
CPAN 2.10
CPAN::Meta 2.150005
Cwd 3.47
ExtUtils::CBuilder 0.280223
ExtUtils::Command 1.16
ExtUtils::Install 1.55
ExtUtils::MakeMaker 7.04
ExtUtils::Manifest 1.65
ExtUtils::ParseXS 3.24
File::Spec 3.47
JSON 2.90
JSON::PP 2.27203
Module::Build 0.4214
Module::Signature n/a
Parse::CPAN::Meta 1.4417
Test::Harness 3.35
Test::More 1.001014
YAML 1.15
YAML::Syck n/a
version 0.9912
--
Summary of my perl5 (revision 5 version 12 subversion 5) configuration:
Platform:
osname=solaris, osvers=2.11, archname=i86pc-solaris-64int
uname='sunos localhost 5.11 i86pc i386 i86pc'
config_args='-Dprefix=/usr/perl5/5.12 -Dprivlib=/usr/perl5/5.12/lib -Dsitelib=/usr/perl5/site_perl/5.12 -Dvendorprefix=/usr/perl5/5.12 -Dvendorlib=/usr/perl5/vendor_perl/5.12 -Dlibperl=libperl.so -Duseshrplib -Dusedtrace -Duse64bitint -Dcc=cc -Doptimize=-xO4 -Dcf_email=userland-discuss@opensolaris.org -Dcf_by=perl-bugs -Dmyhostname=localhost -Dmksymlinks -O -de'
hint=recommended, useposix=true, d_sigaction=define
useithreads=undef, usemultiplicity=undef
useperlio=define, d_sfio=undef, uselargefiles=define, usesocks=undef
use64bitint=define, use64bitall=undef, uselongdouble=undef
usemymalloc=n, bincompat5005=undef
Compiler:
cc='cc', ccflags ='-DPTR_IS_LONG -I/usr/gnu/include -D_LARGEFILE_SOURCE -D_FILE_OFFSET_BITS=64 -DPERL_USE_SAFE_PUTENV',
optimize='-xO4 ',
cppflags='-DPTR_IS_LONG -I/usr/gnu/include'
ccversion='Sun C 5.10 SunOS_i386 Patch 142363-07 2010/12/09', gccversion='', gccosandvers=''
intsize=4, longsize=4, ptrsize=4, doublesize=8, byteorder=12345678
d_longlong=define, longlongsize=8, d_longdbl=define, longdblsize=12
ivtype='long long', ivsize=8, nvtype='double', nvsize=8, Off_t='off_t', lseeksize=8
alignbytes=4, prototype=define
Linker and Libraries:
ld='cc', ldflags =' -L/usr/lib -L/usr/ccs/lib -L/lib -L/usr/gnu/lib '
libpth=/usr/lib /usr/ccs/lib /lib /usr/gnu/lib
libs=-lsocket -lnsl -lgdbm -ldb -ldl -lm -lc
perllibs=-lsocket -lnsl -ldl -lm -lc
libc=/lib/libc.so, so=so, useshrplib=true, libperl=libperl.so
gnulibc_version=''
Dynamic Linking:
dlsrc=dl_dlopen.xs, dlext=so, d_dlsymun=undef, ccdlflags=' -R /usr/perl5/5.12/lib/i86pc-solaris-64int/CORE'
cccdlflags='-KPIC', lddlflags='-G -L/usr/lib -L/usr/ccs/lib -L/lib -L/usr/gnu/lib'
Characteristics of this binary (from libperl):
Compile-time options: PERL_DONT_CREATE_GVSV PERL_MALLOC_WRAP
PERL_USE_SAFE_PUTENV USE_64_BIT_INT USE_LARGE_FILES
USE_PERLIO USE_PERL_ATOF
Locally applied patches:
7111771 Problem with utility/perl
7125218 Problem with utility/perl
7030196 Problem with utility/perl
15820486 Problem with utility/perl
15880426 Problem with utility/perl
16417744 Problem with utility/perl
16427786 Problem with utility/perl
Built under solaris
Compiled at Jun 17 2014 12:36:17
%ENV:
PERL5LIB="/export/home/jmaslak/.cpan/build/Parse-RecDescent-1.967009-zrLzFp/blib/arch:/export/home/jmaslak/.cpan/build/Parse-RecDescent-1.967009-zrLzFp/blib/lib:/export/home/jmaslak/.cpan/build/Regexp-Assemble-0.35-eyaN3i/blib/arch:/export/home/jmaslak/.cpan/build/Regexp-Assemble-0.35-eyaN3i/blib/lib:/export/home/jmaslak/sysperl/lib/perl5"
PERL5OPT=""
PERL5_CPANPLUS_IS_RUNNING="17217"
PERL5_CPAN_IS_RUNNING="17217"
PERL5_CPAN_IS_RUNNING_IN_RECURSION="21250,17217"
PERLBREW_BASHRC_VERSION="0.73"
PERLBREW_HOME="/export/home/jmaslak/.perlbrew"
PERLBREW_MANPATH="/export/home/jmaslak/perl5/perlbrew/perls/perl-5.23.1/man"
PERLBREW_PATH="/export/home/jmaslak/perl5/perlbrew/bin:/export/home/jmaslak/perl5/perlbrew/perls/perl-5.23.1/bin"
PERLBREW_PERL="perl-5.23.1"
PERLBREW_ROOT="/export/home/jmaslak/perl5/perlbrew"
PERLBREW_VERSION="0.73"
PERL_CR_SMOKER_CURRENT="Template-Plugin-Hatena-0.02"
PERL_EXTUTILS_AUTOINSTALL="--defaultdeps"
PERL_LOCAL_LIB_ROOT="/export/home/jmaslak/sysperl"
PERL_MB_OPT="--install_base "//export/home/jmaslak/sysperl""
PERL_MM_OPT="INSTALL_BASE=/export/home/jmaslak/sysperl"
PERL_MM_USE_DEFAULT="1"
@INC:
/export/home/jmaslak/.cpan/build/Parse-RecDescent-1.967009-zrLzFp/blib/arch
/export/home/jmaslak/.cpan/build/Parse-RecDescent-1.967009-zrLzFp/blib/lib
/export/home/jmaslak/.cpan/build/Regexp-Assemble-0.35-eyaN3i/blib/arch
/export/home/jmaslak/.cpan/build/Regexp-Assemble-0.35-eyaN3i/blib/lib
/export/home/jmaslak/sysperl/lib/perl5/i86pc-solaris-64int
/export/home/jmaslak/sysperl/lib/perl5
/usr/perl5/site_perl/5.12/i86pc-solaris-64int
/usr/perl5/site_perl/5.12
/usr/perl5/vendor_perl/5.12/i86pc-solaris-64int
/usr/perl5/vendor_perl/5.12
/usr/perl5/5.12/lib/i86pc-solaris-64int
/usr/perl5/5.12/lib
.