Report for BioX-Workflow-0.18

Back
From: metabase:user:314402c4-2aae-11df-837a-5e0a49663a4f
Subject: FAIL BioX-Workflow-0.18 v5.20.3 GNU/Linux
Date: 2015-12-09T20:17:24Z

This distribution has been tested as part of the CPAN Testers
project, supporting the Perl programming language.  See
http://wiki.cpantesters.org/ for more information or email
questions to cpan-testers-discuss@perl.org


--
Dear Jillian Rowe,

This is a computer-generated report for BioX-Workflow-0.18
on perl 5.20.3, created by CPAN-Reporter-1.2015.

Thank you for uploading your work to CPAN.  However, there was a problem
testing your distribution.

If you think this report is invalid, please consult the CPAN Testers Wiki
for suggestions on how to avoid getting FAIL reports for missing library
or binary dependencies, unsupported operating systems, and so on:

http://wiki.cpantesters.org/wiki/CPANAuthorNotes

Sections of this report:

    * Tester comments
    * Program output
    * Prerequisites
    * Environment and other context

------------------------------
TESTER COMMENTS
------------------------------

Additional comments from tester:

none provided

------------------------------
PROGRAM OUTPUT
------------------------------

Output from './Build test':

t/author-pod-syntax.t .. skipped: these tests are for testing by the author
t/basic.t .............. ok
Can't locate Slurp.pm in @INC (you may need to install the Slurp module) (@INC contains: t/lib /home/cpansand/.cpan/build/2015120921/BioX-Workflow-0.18-OE1ySp/blib/lib /home/cpansand/.cpan/build/2015120921/BioX-Workflow-0.18-OE1ySp/blib/arch /home/cpansand/.cpan/build/2015120921/Mojo-Webqq-1.6.6-KxWn8j/blib/arch /home/cpansand/.cpan/build/2015120921/Mojo-Webqq-1.6.6-KxWn8j/blib/lib /home/cpansand/.cpan/build/2015120921/Net-SSL-ExpireDate-1.15-pTTiz3/blib/arch /home/cpansand/.cpan/build/2015120921/Net-SSL-ExpireDate-1.15-pTTiz3/blib/lib /home/cpansand/.cpan/build/2015120921/Crypt-OpenSSL-X509-1.806-DkotQd/blib/arch /home/cpansand/.cpan/build/2015120921/Crypt-OpenSSL-X509-1.806-DkotQd/blib/lib /home/cpansand/.cpan/build/2015120921/Dist-Zilla-Plugin-Rinci-AbstractFromMeta-0.09-HkK1La/blib/arch /home/cpansand/.cpan/build/2015120921/Dist-Zilla-Plugin-Rinci-AbstractFromMeta-0.09-HkK1La/blib/lib /home/cpansand/.cpan/build/2015120921/Mojo-Webqq-1.6.6-KxWn8j/blib/arch /home/cpansand/.cpan/build/2015120921/Mojo-Webqq-1.6.6-KxWn8j/blib/lib /home/cpansand/.cpan/build/2015120921/Net-SSL-ExpireDate-1.15-pTTiz3/blib/arch /home/cpansand/.cpan/build/2015120921/Net-SSL-ExpireDate-1.15-pTTiz3/blib/lib /home/cpansand/.cpan/build/2015120921/Crypt-OpenSSL-X509-1.806-DkotQd/blib/arch /home/cpansand/.cpan/build/2015120921/Crypt-OpenSSL-X509-1.806-DkotQd/blib/lib /home/cpansand/.cpan/build/2015120921/Dist-Zilla-Plugin-Rinci-AbstractFromMeta-0.09-HkK1La/blib/arch /home/cpansand/.cpan/build/2015120921/Dist-Zilla-Plugin-Rinci-AbstractFromMeta-0.09-HkK1La/blib/lib /opt/perl-5.20.3/lib/site_perl/5.20.3/x86_64-linux /opt/perl-5.20.3/lib/site_perl/5.20.3 /opt/perl-5.20.3/lib/5.20.3/x86_64-linux /opt/perl-5.20.3/lib/5.20.3 .) at t/lib/TestsFor/BioX/Workflow/Test001.pm line 10.
	TestsFor::BioX::Workflow::Test001::BEGIN() called at t/lib/TestsFor/BioX/Workflow/Test001.pm line 10
	eval {...} called at t/lib/TestsFor/BioX/Workflow/Test001.pm line 10
	require TestsFor/BioX/Workflow/Test001.pm called at (eval 3) line 1
	Test::Class::Moose::Load::BEGIN() called at t/lib/TestsFor/BioX/Workflow/Test001.pm line 10
	eval {...} called at t/lib/TestsFor/BioX/Workflow/Test001.pm line 10
	eval 'use TestsFor::BioX::Workflow::Test001 ()' called at /opt/perl-5.20.3/lib/site_perl/5.20.3/Test/Class/Moose/Load.pm line 53
	Test::Class::Moose::Load::_load("Test::Class::Moose::Load", "t/lib/TestsFor/BioX/Workflow/Test001.pm", "t/lib") called at /opt/perl-5.20.3/lib/site_perl/5.20.3/Test/Class/Moose/Load.pm line 67
	Test::Class::Moose::Load::__ANON__() called at /opt/perl-5.20.3/lib/5.20.3/File/Find.pm line 758
	File::Find::_find_dir(HASH(0x1854a08), "t/lib", 3) called at /opt/perl-5.20.3/lib/5.20.3/File/Find.pm line 578
	File::Find::_find_opt(HASH(0x1854a08), "t/lib") called at /opt/perl-5.20.3/lib/5.20.3/File/Find.pm line 1081
	File::Find::find(HASH(0x1854a08), "t/lib") called at /opt/perl-5.20.3/lib/site_perl/5.20.3/Test/Class/Moose/Load.pm line 72
	Test::Class::Moose::Load::import("Test::Class::Moose::Load", "t/lib") called at t/test_class_tests.t line 1
	main::BEGIN() called at t/lib/TestsFor/BioX/Workflow/Test001.pm line 10
	eval {...} called at t/lib/TestsFor/BioX/Workflow/Test001.pm line 10
BEGIN failed--compilation aborted at t/lib/TestsFor/BioX/Workflow/Test001.pm line 10.
	require TestsFor/BioX/Workflow/Test001.pm called at (eval 3) line 1
	Test::Class::Moose::Load::BEGIN() called at t/lib/TestsFor/BioX/Workflow/Test001.pm line 10
	eval {...} called at t/lib/TestsFor/BioX/Workflow/Test001.pm line 10
	eval 'use TestsFor::BioX::Workflow::Test001 ()' called at /opt/perl-5.20.3/lib/site_perl/5.20.3/Test/Class/Moose/Load.pm line 53
	Test::Class::Moose::Load::_load("Test::Class::Moose::Load", "t/lib/TestsFor/BioX/Workflow/Test001.pm", "t/lib") called at /opt/perl-5.20.3/lib/site_perl/5.20.3/Test/Class/Moose/Load.pm line 67
	Test::Class::Moose::Load::__ANON__() called at /opt/perl-5.20.3/lib/5.20.3/File/Find.pm line 758
	File::Find::_find_dir(HASH(0x1854a08), "t/lib", 3) called at /opt/perl-5.20.3/lib/5.20.3/File/Find.pm line 578
	File::Find::_find_opt(HASH(0x1854a08), "t/lib") called at /opt/perl-5.20.3/lib/5.20.3/File/Find.pm line 1081
	File::Find::find(HASH(0x1854a08), "t/lib") called at /opt/perl-5.20.3/lib/site_perl/5.20.3/Test/Class/Moose/Load.pm line 72
	Test::Class::Moose::Load::import("Test::Class::Moose::Load", "t/lib") called at t/test_class_tests.t line 1
	main::BEGIN() called at t/lib/TestsFor/BioX/Workflow/Test001.pm line 10
	eval {...} called at t/lib/TestsFor/BioX/Workflow/Test001.pm line 10
Compilation failed in require at (eval 3) line 1.
	Test::Class::Moose::Load::BEGIN() called at (eval 3) line 1
	eval {...} called at (eval 3) line 1
	eval 'use TestsFor::BioX::Workflow::Test001 ()' called at /opt/perl-5.20.3/lib/site_perl/5.20.3/Test/Class/Moose/Load.pm line 53
	Test::Class::Moose::Load::_load("Test::Class::Moose::Load", "t/lib/TestsFor/BioX/Workflow/Test001.pm", "t/lib") called at /opt/perl-5.20.3/lib/site_perl/5.20.3/Test/Class/Moose/Load.pm line 67
	Test::Class::Moose::Load::__ANON__() called at /opt/perl-5.20.3/lib/5.20.3/File/Find.pm line 758
	File::Find::_find_dir(HASH(0x1854a08), "t/lib", 3) called at /opt/perl-5.20.3/lib/5.20.3/File/Find.pm line 578
	File::Find::_find_opt(HASH(0x1854a08), "t/lib") called at /opt/perl-5.20.3/lib/5.20.3/File/Find.pm line 1081
	File::Find::find(HASH(0x1854a08), "t/lib") called at /opt/perl-5.20.3/lib/site_perl/5.20.3/Test/Class/Moose/Load.pm line 72
	Test::Class::Moose::Load::import("Test::Class::Moose::Load", "t/lib") called at t/test_class_tests.t line 1
	main::BEGIN() called at (eval 3) line 1
	eval {...} called at (eval 3) line 1
BEGIN failed--compilation aborted at (eval 3) line 1.
	eval 'use TestsFor::BioX::Workflow::Test001 ()' called at /opt/perl-5.20.3/lib/site_perl/5.20.3/Test/Class/Moose/Load.pm line 53
	Test::Class::Moose::Load::_load("Test::Class::Moose::Load", "t/lib/TestsFor/BioX/Workflow/Test001.pm", "t/lib") called at /opt/perl-5.20.3/lib/site_perl/5.20.3/Test/Class/Moose/Load.pm line 67
	Test::Class::Moose::Load::__ANON__() called at /opt/perl-5.20.3/lib/5.20.3/File/Find.pm line 758
	File::Find::_find_dir(HASH(0x1854a08), "t/lib", 3) called at /opt/perl-5.20.3/lib/5.20.3/File/Find.pm line 578
	File::Find::_find_opt(HASH(0x1854a08), "t/lib") called at /opt/perl-5.20.3/lib/5.20.3/File/Find.pm line 1081
	File::Find::find(HASH(0x1854a08), "t/lib") called at /opt/perl-5.20.3/lib/site_perl/5.20.3/Test/Class/Moose/Load.pm line 72
	Test::Class::Moose::Load::import("Test::Class::Moose::Load", "t/lib") called at t/test_class_tests.t line 1
	main::BEGIN() called at (eval 3) line 1
	eval {...} called at (eval 3) line 1
BEGIN failed--compilation aborted at t/test_class_tests.t line 1.
t/test_class_tests.t ... 
Dubious, test returned 2 (wstat 512, 0x200)
No subtests run 

Test Summary Report
-------------------
t/test_class_tests.t (Wstat: 512 Tests: 0 Failed: 0)
  Non-zero exit status: 2
  Parse errors: No plan found in TAP output
Files=3, Tests=1, 15 wallclock secs ( 0.05 usr  0.02 sys +  6.67 cusr  0.33 csys =  7.07 CPU)
Result: FAIL
Failed 1/3 test programs. 0/1 subtests failed.

------------------------------
PREREQUISITES
------------------------------

Prerequisite modules loaded:

requires:

    Module                           Need     Have    
    -------------------------------- -------- --------
    BioX::Wrapper                    0        1.5     
    Carp::Always                     0        0.13    
    Class::Load                      0        0.23    
    Cwd                              0        3.60    
    Data::Dumper                     0        2.154   
    Data::Pairs                      0        0.07    
    DateTime                         0        1.21    
    File::Basename                   0        2.85    
    File::Find::Rule                 0        0.33    
    File::Path                       0        2.12    
    Interpolation                    0        0.74    
    IO::File                         0        1.16    
    List::Compare                    0        0.53    
    Moose                            0        2.1604  
    MooseX::Getopt                   0        0.68    
    MooseX::Getopt::Usage            0        0.24    
    MooseX::Getopt::Usage::Role::Man 0        0.24    
    MooseX::Object::Pluggable        0        0.0014  
    MooseX::SimpleConfig             0        0.11    
    perl                             5.008005 5.020003
    Storable                         0        2.51    
    String::CamelCase                0        0.02    
    Text::Template                   0        1.46    
    YAML::XS                         0        0.59    

build_requires:

    Module                           Need     Have    
    -------------------------------- -------- --------
    Module::Build                    0.28     0.4214  
    Test::Class::Moose               0        0.67    
    Test::More                       0        1.001014

configure_requires:

    Module                           Need     Have    
    -------------------------------- -------- --------
    Module::Build                    0.28     0.4214  


------------------------------
ENVIRONMENT AND OTHER CONTEXT
------------------------------

Environment variables:

    LANG = en_US.UTF-8
    LANGUAGE = en_US:en
    PATH = /usr/local/bin:/usr/bin:/bin:/usr/local/sbin:/usr/sbin:/sbin:/home/cpansand/bin/linux-gnu:/home/cpansand/bin/sh:/home/cpansand/bin:/usr/games:/home/cpansand/devel:/home/eserte/src/srezic-misc/scripts
    PERL5LIB = /home/cpansand/.cpan/build/2015120921/Mojo-Webqq-1.6.6-KxWn8j/blib/arch:/home/cpansand/.cpan/build/2015120921/Mojo-Webqq-1.6.6-KxWn8j/blib/lib:/home/cpansand/.cpan/build/2015120921/Net-SSL-ExpireDate-1.15-pTTiz3/blib/arch:/home/cpansand/.cpan/build/2015120921/Net-SSL-ExpireDate-1.15-pTTiz3/blib/lib:/home/cpansand/.cpan/build/2015120921/Crypt-OpenSSL-X509-1.806-DkotQd/blib/arch:/home/cpansand/.cpan/build/2015120921/Crypt-OpenSSL-X509-1.806-DkotQd/blib/lib:/home/cpansand/.cpan/build/2015120921/Dist-Zilla-Plugin-Rinci-AbstractFromMeta-0.09-HkK1La/blib/arch:/home/cpansand/.cpan/build/2015120921/Dist-Zilla-Plugin-Rinci-AbstractFromMeta-0.09-HkK1La/blib/lib
    PERL5OPT = 
    PERL5_CPANPLUS_IS_RUNNING = 792
    PERL5_CPAN_IS_RUNNING = 792
    PERL5_CPAN_IS_RUNNING_IN_RECURSION = 588,792
    PERLDOC = -MPod::Perldoc::ToTextOverstrike
    PERL_BATCH = yes
    PERL_CANARY_STABILITY_NOPROMPT = 1
    PERL_CPAN_REPORTER_CONFIG = /run/user/1023/cpansmoker/2015120921/cpanreporter_000_config.ini
    PERL_EXTUTILS_AUTOINSTALL = --defaultdeps
    SHELL = /bin/zsh
    TERM = screen
    TMPDIR = /run/user/1023/cpansmoker/2015120921

Perl special variables (and OS-specific diagnostics, for MSWin32):

    $^X = /opt/perl-5.20.3/bin/perl5.20.3
    $UID/$EUID = 1023 / 1023
    $GID = 1023 1023
    $EGID = 1023 1023

Perl module toolchain versions installed:

    Module              Have    
    ------------------- --------
    CPAN                2.05    
    CPAN::Meta          2.150005
    Cwd                 3.60    
    ExtUtils::CBuilder  0.280217
    ExtUtils::Command   7.10    
    ExtUtils::Install   1.67    
    ExtUtils::MakeMaker 7.10    
    ExtUtils::Manifest  1.70    
    ExtUtils::ParseXS   3.24    
    File::Spec          3.60    
    JSON                2.90    
    JSON::PP            2.27203 
    Module::Build       0.4214  
    Module::Signature   n/a     
    Parse::CPAN::Meta   1.4414  
    Test::Harness       3.30    
    Test::More          1.001014
    YAML                1.15    
    YAML::Syck          1.29    
    version             0.9912  


--

Summary of my perl5 (revision 5 version 20 subversion 3) configuration:
   
  Platform:
    osname=linux, osvers=3.16.0-4-amd64, archname=x86_64-linux
    uname='linux cvrsnica-jessie 3.16.0-4-amd64 #1 smp debian 3.16.7-ckt9-3~deb8u1 (2015-04-24) x86_64 gnulinux '
    config_args='-ds -e -Dprefix=/opt/perl-5.20.3 -Dcf_email=srezic@cpan.org'
    hint=recommended, useposix=true, d_sigaction=define
    useithreads=undef, usemultiplicity=undef
    use64bitint=define, use64bitall=define, uselongdouble=undef
    usemymalloc=n, bincompat5005=undef
  Compiler:
    cc='cc', ccflags ='-fwrapv -fno-strict-aliasing -pipe -fstack-protector -I/usr/local/include -D_LARGEFILE_SOURCE -D_FILE_OFFSET_BITS=64',
    optimize='-O2',
    cppflags='-fwrapv -fno-strict-aliasing -pipe -fstack-protector -I/usr/local/include'
    ccversion='', gccversion='4.9.2', gccosandvers=''
    intsize=4, longsize=8, ptrsize=8, doublesize=8, byteorder=12345678
    d_longlong=define, longlongsize=8, d_longdbl=define, longdblsize=16
    ivtype='long', ivsize=8, nvtype='double', nvsize=8, Off_t='off_t', lseeksize=8
    alignbytes=8, prototype=define
  Linker and Libraries:
    ld='cc', ldflags =' -fstack-protector -L/usr/local/lib'
    libpth=/usr/local/lib /usr/lib/gcc/x86_64-linux-gnu/4.9/include-fixed /usr/include/x86_64-linux-gnu /usr/lib /lib/x86_64-linux-gnu /lib/../lib /usr/lib/x86_64-linux-gnu /usr/lib/../lib /lib
    libs=-lpthread -lnsl -lgdbm -ldb -ldl -lm -lcrypt -lutil -lc -lgdbm_compat
    perllibs=-lpthread -lnsl -ldl -lm -lcrypt -lutil -lc
    libc=libc-2.19.so, so=so, useshrplib=false, libperl=libperl.a
    gnulibc_version='2.19'
  Dynamic Linking:
    dlsrc=dl_dlopen.xs, dlext=so, d_dlsymun=undef, ccdlflags='-Wl,-E'
    cccdlflags='-fPIC', lddlflags='-shared -O2 -L/usr/local/lib -fstack-protector'


Characteristics of this binary (from libperl): 
  Compile-time options: HAS_TIMES PERLIO_LAYERS PERL_DONT_CREATE_GVSV
                        PERL_HASH_FUNC_ONE_AT_A_TIME_HARD PERL_MALLOC_WRAP
                        PERL_NEW_COPY_ON_WRITE PERL_PRESERVE_IVUV
                        USE_64_BIT_ALL USE_64_BIT_INT USE_LARGE_FILES
                        USE_LOCALE USE_LOCALE_COLLATE USE_LOCALE_CTYPE
                        USE_LOCALE_NUMERIC USE_PERLIO USE_PERL_ATOF
  Built under linux
  Compiled at Sep 13 2015 18:27:44
  %ENV:
    PERL5LIB="/home/cpansand/.cpan/build/2015120921/Mojo-Webqq-1.6.6-KxWn8j/blib/arch:/home/cpansand/.cpan/build/2015120921/Mojo-Webqq-1.6.6-KxWn8j/blib/lib:/home/cpansand/.cpan/build/2015120921/Net-SSL-ExpireDate-1.15-pTTiz3/blib/arch:/home/cpansand/.cpan/build/2015120921/Net-SSL-ExpireDate-1.15-pTTiz3/blib/lib:/home/cpansand/.cpan/build/2015120921/Crypt-OpenSSL-X509-1.806-DkotQd/blib/arch:/home/cpansand/.cpan/build/2015120921/Crypt-OpenSSL-X509-1.806-DkotQd/blib/lib:/home/cpansand/.cpan/build/2015120921/Dist-Zilla-Plugin-Rinci-AbstractFromMeta-0.09-HkK1La/blib/arch:/home/cpansand/.cpan/build/2015120921/Dist-Zilla-Plugin-Rinci-AbstractFromMeta-0.09-HkK1La/blib/lib"
    PERL5OPT=""
    PERL5_CPANPLUS_IS_RUNNING="792"
    PERL5_CPAN_IS_RUNNING="792"
    PERL5_CPAN_IS_RUNNING_IN_RECURSION="588,792"
    PERLDOC="-MPod::Perldoc::ToTextOverstrike"
    PERL_BATCH="yes"
    PERL_CANARY_STABILITY_NOPROMPT="1"
    PERL_CPAN_REPORTER_CONFIG="/run/user/1023/cpansmoker/2015120921/cpanreporter_000_config.ini"
    PERL_EXTUTILS_AUTOINSTALL="--defaultdeps"
  @INC:
    /home/cpansand/.cpan/build/2015120921/Mojo-Webqq-1.6.6-KxWn8j/blib/arch
    /home/cpansand/.cpan/build/2015120921/Mojo-Webqq-1.6.6-KxWn8j/blib/lib
    /home/cpansand/.cpan/build/2015120921/Net-SSL-ExpireDate-1.15-pTTiz3/blib/arch
    /home/cpansand/.cpan/build/2015120921/Net-SSL-ExpireDate-1.15-pTTiz3/blib/lib
    /home/cpansand/.cpan/build/2015120921/Crypt-OpenSSL-X509-1.806-DkotQd/blib/arch
    /home/cpansand/.cpan/build/2015120921/Crypt-OpenSSL-X509-1.806-DkotQd/blib/lib
    /home/cpansand/.cpan/build/2015120921/Dist-Zilla-Plugin-Rinci-AbstractFromMeta-0.09-HkK1La/blib/arch
    /home/cpansand/.cpan/build/2015120921/Dist-Zilla-Plugin-Rinci-AbstractFromMeta-0.09-HkK1La/blib/lib
    /opt/perl-5.20.3/lib/site_perl/5.20.3/x86_64-linux
    /opt/perl-5.20.3/lib/site_perl/5.20.3
    /opt/perl-5.20.3/lib/5.20.3/x86_64-linux
    /opt/perl-5.20.3/lib/5.20.3
    .