Back
From: metabase:user:314402c4-2aae-11df-837a-5e0a49663a4f
Subject: FAIL Cikl-0.5.1 v5.20.1 FreeBSD
Date: 2016-06-18T10:24:37Z
This distribution has been tested as part of the CPAN Testers
project, supporting the Perl programming language. See
http://wiki.cpantesters.org/ for more information or email
questions to cpan-testers-discuss@perl.org
--
Dear Michael Ryan,
This is a computer-generated report for Cikl-0.5.1
on perl 5.20.1, created by CPAN-Reporter-1.2016.
Thank you for uploading your work to CPAN. However, there was a problem
testing your distribution.
If you think this report is invalid, please consult the CPAN Testers Wiki
for suggestions on how to avoid getting FAIL reports for missing library
or binary dependencies, unsupported operating systems, and so on:
http://wiki.cpantesters.org/wiki/CPANAuthorNotes
Sections of this report:
* Tester comments
* Program output
* Prerequisites
* Environment and other context
------------------------------
TESTER COMMENTS
------------------------------
Additional comments from tester:
none provided
------------------------------
PROGRAM OUTPUT
------------------------------
Output from './Build test':
t/Cikl/DataTypes/Asn.t ............. ok
# Failed test '0 is a valid Integer'
# at t/Cikl/DataTypes/Integer.t line 15.
# (in TestsFor::Cikl::DataTypes::Integer->test_validation)
# Failed test '1 is a valid Integer'
# at t/Cikl/DataTypes/Integer.t line 16.
# (in TestsFor::Cikl::DataTypes::Integer->test_validation)
# Looks like you failed 2 tests of 12.
t/Cikl/DataTypes/Integer.t .........
Dubious, test returned 2 (wstat 512, 0x200)
Failed 2/12 subtests
t/Cikl/DataTypes/LowerCaseStr.t .... ok
t/Cikl/DataTypes/Url.t ............. ok
t/Cikl/Models/Address/asn.t ........ ok
t/Cikl/Models/Address/email.t ...... ok
t/Cikl/Models/Address/fqdn.t ....... ok
t/Cikl/Models/Address/ipv4.t ....... ok
t/Cikl/Models/Address/ipv4_cidr.t .. ok
t/Cikl/Models/Address/url.t ........ ok
t/Cikl/Models/Event.t .............. ok
t/Cikl/Smrt/Fetchers.t ............. ok
t/Cikl/Util/TimeHelpers.t .......... ok
Test Summary Report
-------------------
t/Cikl/DataTypes/Integer.t (Wstat: 512 Tests: 12 Failed: 2)
Failed tests: 8-9
Non-zero exit status: 2
Files=13, Tests=145, 3 wallclock secs ( 0.02 usr 0.02 sys + 0.94 cusr 0.20 csys = 1.19 CPU)
Result: FAIL
Failed 1/13 test programs. 2/145 subtests failed.
------------------------------
PREREQUISITES
------------------------------
Prerequisite modules loaded:
requires:
Module Need Have
--------------------------- -------- ----------
AnyEvent 7.05 7.11
Config::Simple 4.58 4.58
Coro 6.31 6.48
Cwd 3.40 3.60
DateTime 0.70 1.26
DateTime::Format::DateParse 0.05 0.05
DateTime::Format::Strptime 1.54 1.68
Encode 2.44 2.84
File::Spec 3.40 3.60
File::Type 0.22 0.22
Getopt::Long 0 2.49
IO::Uncompress::Unzip 2.02 2.068
JSON::XS 2.34 3.02
List::MoreUtils 0.33 0.415
Log::Log4perl 0 1.46
LWP::Protocol::https 6.03 6.06
LWP::UserAgent 6.02 6.15
LWPx::ParanoidAgent 1.09 1.10
Mail::RFC822::Address 0.3 0.3
MIME::Base64 3.13 3.15
MIME::Lite 3.027 3.030
Module::Pluggable 3.9 5.1
Mouse v2.0.0 v2.4.5
namespace::autoclean 0 0.28
Net::SSLeay 1.43 1.74
perl 5.014 5.020001
Regexp::Common 2.122 2016060101
Regexp::Common::net::CIDR 0.02 0.03
Storable 2.27 2.51
Text::CSV_XS 1.00 1.23
Text::Table 1.127 1.130
Time::HiRes 1.972101 1.9732
Try::Tiny 0.11 0.24
XML::LibXML 1.89 2.0125
build_requires:
Module Need Have
--------------------------- -------- ----------
ExtUtils::CBuilder 0 0.280224
Test::Class 0.41 0.50
Test::Deep 0 0.119
Test::Exception 0.32 0.43
configure_requires:
Module Need Have
--------------------------- -------- ----------
CPAN::Meta 0 2.150005
CPAN::Meta::Prereqs 0 2.150005
Module::Build 0.38 0.4218
------------------------------
ENVIRONMENT AND OTHER CONTEXT
------------------------------
Environment variables:
LC_ALL = de_DE.ISO8859-1
PATH = /usr/local/bin:/usr/bin:/bin:/usr/local/sbin:/usr/sbin:/sbin:/home/cpansand/bin/freebsd10.1:/home/cpansand/bin/sh:/home/cpansand/bin:/usr/games:/home/cpansand/devel:/home/eserte/src/srezic-misc/scripts
PERL5LIB = /home/cpansand/.cpan/build/2016061809/LWPx-ParanoidAgent-1.10-53wDk3/blib/arch:/home/cpansand/.cpan/build/2016061809/LWPx-ParanoidAgent-1.10-53wDk3/blib/lib
PERL5OPT =
PERL5_CPANPLUS_IS_RUNNING = 16182
PERL5_CPAN_IS_RUNNING = 16182
PERL5_CPAN_IS_RUNNING_IN_RECURSION = 14527,16182
PERLDOC = -MPod::Perldoc::ToTextOverstrike
PERL_BATCH = yes
PERL_CANARY_STABILITY_NOPROMPT = 1
PERL_CPAN_REPORTER_CONFIG = /var/tmp/cpansmoker-1023/2016061809/cpanreporter_000_config.ini
PERL_EXTUTILS_AUTOINSTALL = --defaultdeps
SHELL = /usr/local/bin/zsh
TERM = screen
TMPDIR = /var/tmp/cpansmoker-1023/2016061809
Perl special variables (and OS-specific diagnostics, for MSWin32):
$^X = /usr/perl5.20.1p/bin/perl
$UID/$EUID = 1023 / 1023
$GID = 1023 1023
$EGID = 1023 1023
Perl module toolchain versions installed:
Module Have
------------------- --------
CPAN 2.10
CPAN::Meta 2.150005
Cwd 3.60
ExtUtils::CBuilder 0.280224
ExtUtils::Command 7.16
ExtUtils::Install 1.67
ExtUtils::MakeMaker 7.16
ExtUtils::Manifest 1.70
ExtUtils::ParseXS 3.24
File::Spec 3.60
JSON 2.90
JSON::PP 2.27300
Module::Build 0.4218
Module::Signature 0.79
Parse::CPAN::Meta 1.4414
Test::Harness 3.35
Test::More 1.302026
YAML 1.15
YAML::Syck 1.29
version 0.9916
--
Summary of my perl5 (revision 5 version 20 subversion 1) configuration:
Platform:
osname=freebsd, osvers=10.1-release, archname=amd64-freebsd
uname='freebsd cvrsnica-freebsd-101.herceg.de 10.1-release freebsd 10.1-release #0 r274401: tue nov 11 21:02:49 utc 2014 root@releng1.nyi.freebsd.org:usrobjusrsrcsysgeneric amd64 '
config_args='-ds -e -Dprefix=/usr/perl5.20.1p'
hint=recommended, useposix=true, d_sigaction=define
useithreads=undef, usemultiplicity=undef
use64bitint=define, use64bitall=define, uselongdouble=undef
usemymalloc=n, bincompat5005=undef
Compiler:
cc='cc', ccflags ='-DHAS_FPSETMASK -DHAS_FLOATINGPOINT_H -fno-strict-aliasing -pipe -fstack-protector -I/usr/local/include',
optimize='-O',
cppflags='-DHAS_FPSETMASK -DHAS_FLOATINGPOINT_H -fno-strict-aliasing -pipe -fstack-protector -I/usr/local/include'
ccversion='', gccversion='4.2.1 Compatible FreeBSD Clang 3.4.1 (tags/RELEASE_34/dot1-final 208032)', gccosandvers=''
intsize=4, longsize=8, ptrsize=8, doublesize=8, byteorder=12345678
d_longlong=define, longlongsize=8, d_longdbl=define, longdblsize=16
ivtype='long', ivsize=8, nvtype='double', nvsize=8, Off_t='off_t', lseeksize=8
alignbytes=8, prototype=define
Linker and Libraries:
ld='cc', ldflags ='-pthread -Wl,-E -fstack-protector -L/usr/local/lib'
libpth=/usr/lib /usr/local/lib /usr/include/clang/3.4.1 /usr/lib
libs=-lm -lcrypt -lutil -lc
perllibs=-lm -lcrypt -lutil -lc
libc=, so=so, useshrplib=false, libperl=libperl.a
gnulibc_version=''
Dynamic Linking:
dlsrc=dl_dlopen.xs, dlext=so, d_dlsymun=undef, ccdlflags=' '
cccdlflags='-DPIC -fPIC', lddlflags='-shared -L/usr/local/lib -fstack-protector'
Characteristics of this binary (from libperl):
Compile-time options: HAS_TIMES PERLIO_LAYERS PERL_DONT_CREATE_GVSV
PERL_HASH_FUNC_ONE_AT_A_TIME_HARD PERL_MALLOC_WRAP
PERL_NEW_COPY_ON_WRITE PERL_PRESERVE_IVUV
USE_64_BIT_ALL USE_64_BIT_INT USE_LARGE_FILES
USE_LOCALE USE_LOCALE_COLLATE USE_LOCALE_CTYPE
USE_LOCALE_NUMERIC USE_PERLIO USE_PERL_ATOF
Built under freebsd
Compiled at Jan 29 2015 08:45:50
%ENV:
PERL5LIB="/home/cpansand/.cpan/build/2016061809/LWPx-ParanoidAgent-1.10-53wDk3/blib/arch:/home/cpansand/.cpan/build/2016061809/LWPx-ParanoidAgent-1.10-53wDk3/blib/lib"
PERL5OPT=""
PERL5_CPANPLUS_IS_RUNNING="16182"
PERL5_CPAN_IS_RUNNING="16182"
PERL5_CPAN_IS_RUNNING_IN_RECURSION="14527,16182"
PERLDOC="-MPod::Perldoc::ToTextOverstrike"
PERL_BATCH="yes"
PERL_CANARY_STABILITY_NOPROMPT="1"
PERL_CPAN_REPORTER_CONFIG="/var/tmp/cpansmoker-1023/2016061809/cpanreporter_000_config.ini"
PERL_EXTUTILS_AUTOINSTALL="--defaultdeps"
@INC:
/home/cpansand/.cpan/build/2016061809/LWPx-ParanoidAgent-1.10-53wDk3/blib/arch
/home/cpansand/.cpan/build/2016061809/LWPx-ParanoidAgent-1.10-53wDk3/blib/lib
/usr/perl5.20.1p/lib/site_perl/5.20.1/amd64-freebsd
/usr/perl5.20.1p/lib/site_perl/5.20.1
/usr/perl5.20.1p/lib/5.20.1/amd64-freebsd
/usr/perl5.20.1p/lib/5.20.1
.