Back
From: metabase:user:3215efbe-2aae-11df-837a-5e0a49663a4f
Subject: FAIL Test-Unit-0.25 v5.14.2 GNU/Linux
Date: 2012-05-01T10:03:09Z
This distribution has been tested as part of the CPAN Testers
project, supporting the Perl programming language. See
http://wiki.cpantesters.org/ for more information or email
questions to cpan-testers-discuss@perl.org
--
Dear Matthew Astley,
This is a computer-generated report for Test-Unit-0.25
on perl 5.14.2, created by CPAN-Reporter-1.2006.
Thank you for uploading your work to CPAN. However, there was a problem
testing your distribution.
If you think this report is invalid, please consult the CPAN Testers Wiki
for suggestions on how to avoid getting FAIL reports for missing library
or binary dependencies, unsupported operating systems, and so on:
http://wiki.cpantesters.org/wiki/CPANAuthorNotes
Sections of this report:
* Tester comments
* Program output
* Prerequisites
* Environment and other context
------------------------------
TESTER COMMENTS
------------------------------
Additional comments from tester:
this report is from an automated smoke testing program
and was not reviewed by a human for accuracy
------------------------------
PROGRAM OUTPUT
------------------------------
Output from '/usr/bin/make test':
PERL_DL_NONLAZY=1 /opt/perls/threads/perl-5.14.2/bin/perl "-MExtUtils::Command::MM" "-e" "test_harness(0, 'blib/lib', 'blib/arch')" t/*.t
t/all_tests.t ..... ok
t/assert.t ........
Failed 2/40 subtests
t/try_examples.t .. ok
Test Summary Report
-------------------
t/assert.t (Wstat: 0 Tests: 40 Failed: 2)
Failed tests: 26, 39
Files=3, Tests=89, 12 wallclock secs ( 0.34 usr 0.00 sys + 11.48 cusr 0.31 csys = 12.13 CPU)
Result: FAIL
Failed 1/3 test programs. 2/89 subtests failed.
make: *** [test_dynamic] Error 255
------------------------------
PREREQUISITES
------------------------------
Prerequisite modules loaded:
requires:
Module Need Have
------------------- ---- --------
base 1 2.18
Class::Inner 0 0.200001
Devel::Symdump 0 2.08
Error 0 0.17017
build_requires:
Module Need Have
------------------- ---- --------
ExtUtils::MakeMaker 0 6.62
------------------------------
ENVIRONMENT AND OTHER CONTEXT
------------------------------
Environment variables:
AUTOMATED_TESTING = 1
LANG = C
PATH = /opt/perls/threads/perl-5.14.2/bin:/usr/local/bin:/usr/bin:/bin:/usr/local/games:/usr/games
PERL5LIB =
PERL5OPT =
PERL5_CPANPLUS_IS_RUNNING = 2655
PERL5_CPAN_IS_RUNNING = 2655
PERL5_CPAN_IS_RUNNING_IN_RECURSION = 5849,2655
PERL_CR_SMOKER_CURRENT = Test-Unit-ITestRunner-0.04
PERL_EXTUTILS_AUTOINSTALL = --defaultdeps
PERL_MM_USE_DEFAULT = 1
SHELL = /bin/bash
TERM = screen
Perl special variables (and OS-specific diagnostics, for MSWin32):
$^X = /opt/perls/threads/perl-5.14.2/bin/perl
$UID/$EUID = 1000 / 1000
$GID = 1000 24 25 27 29 30 44 46 1000
$EGID = 1000 24 25 27 29 30 44 46 1000
Perl module toolchain versions installed:
Module Have
------------------- ------------
CPAN 1.9800
CPAN::Meta 2.120921
Cwd 3.36
ExtUtils::CBuilder 0.280205
ExtUtils::Command 1.17
ExtUtils::Install 1.56
ExtUtils::MakeMaker 6.62
ExtUtils::Manifest 1.58
ExtUtils::ParseXS 3.15
File::Spec 3.33
JSON 2.53
JSON::PP 2.27200
Module::Build 0.40
Module::Signature 0.68
Parse::CPAN::Meta 1.4404
Test::Harness 3.23
Test::More 1.005000_005
YAML 0.81
YAML::Syck 1.20
version 0.99
--
Summary of my perl5 (revision 5 version 14 subversion 2) configuration:
Platform:
osname=linux, osvers=2.6.32-5-kirkwood, archname=armv5tel-linux-thread-multi
uname='linux plugpc 2.6.32-5-kirkwood #1 tue mar 8 10:56:14 utc 2011 armv5tel gnulinux '
config_args='-des -Dprefix=/opt/perls/threads/perl-5.14.2 -Dusethreads'
hint=recommended, useposix=true, d_sigaction=define
useithreads=define, usemultiplicity=define
useperlio=define, d_sfio=undef, uselargefiles=define, usesocks=undef
use64bitint=undef, use64bitall=undef, uselongdouble=undef
usemymalloc=n, bincompat5005=undef
Compiler:
cc='cc', ccflags ='-D_REENTRANT -D_GNU_SOURCE -fno-strict-aliasing -pipe -fstack-protector -I/usr/local/include -D_LARGEFILE_SOURCE -D_FILE_OFFSET_BITS=64',
optimize='-O2',
cppflags='-D_REENTRANT -D_GNU_SOURCE -fno-strict-aliasing -pipe -fstack-protector -I/usr/local/include'
ccversion='', gccversion='4.4.5', gccosandvers=''
intsize=4, longsize=4, ptrsize=4, doublesize=8, byteorder=1234
d_longlong=define, longlongsize=8, d_longdbl=define, longdblsize=8
ivtype='long', ivsize=4, nvtype='double', nvsize=8, Off_t='off_t', lseeksize=8
alignbytes=8, prototype=define
Linker and Libraries:
ld='cc', ldflags =' -fstack-protector -L/usr/local/lib'
libpth=/usr/local/lib /lib /usr/lib /usr/lib/arm-linux-gnueabi
libs=-lnsl -lgdbm -ldb -ldl -lm -lcrypt -lutil -lpthread -lc -lgdbm_compat
perllibs=-lnsl -ldl -lm -lcrypt -lutil -lpthread -lc
libc=/lib/libc-2.11.3.so, so=so, useshrplib=false, libperl=libperl.a
gnulibc_version='2.11.3'
Dynamic Linking:
dlsrc=dl_dlopen.xs, dlext=so, d_dlsymun=undef, ccdlflags='-Wl,-E'
cccdlflags='-fPIC', lddlflags='-shared -O2 -L/usr/local/lib -fstack-protector'
Characteristics of this binary (from libperl):
Compile-time options: MULTIPLICITY PERL_DONT_CREATE_GVSV
PERL_IMPLICIT_CONTEXT PERL_MALLOC_WRAP
PERL_PRESERVE_IVUV USE_ITHREADS USE_LARGE_FILES
USE_PERLIO USE_PERL_ATOF USE_REENTRANT_API
Built under linux
Compiled at Apr 21 2012 12:38:18
%ENV:
PERL5LIB=""
PERL5OPT=""
PERL5_CPANPLUS_IS_RUNNING="2655"
PERL5_CPAN_IS_RUNNING="2655"
PERL5_CPAN_IS_RUNNING_IN_RECURSION="5849,2655"
PERL_CR_SMOKER_CURRENT="Test-Unit-ITestRunner-0.04"
PERL_EXTUTILS_AUTOINSTALL="--defaultdeps"
PERL_MM_USE_DEFAULT="1"
@INC:
/opt/perls/threads/perl-5.14.2/lib/site_perl/5.14.2/armv5tel-linux-thread-multi
/opt/perls/threads/perl-5.14.2/lib/site_perl/5.14.2
/opt/perls/threads/perl-5.14.2/lib/5.14.2/armv5tel-linux-thread-multi
/opt/perls/threads/perl-5.14.2/lib/5.14.2
.