Konstrukt v0.5-beta6 Perl 5 v5.13.2 i686-linux

Status
Fail
From
Serguei Trouchelle (STRO)
Dist
Konstrukt v0.5-beta6
Platform
Perl 5 v5.13.2 i686-linux
Date
2010-07-14 05:58:41
ID
da7155fa-8f0c-11df-b1b5-2ac19053833c
This distribution has been tested as part of the CPAN Testers
project, supporting the Perl programming language.  See
http://wiki.cpantesters.org/ for more information or email
questions to cpan-testers-discuss@perl.org


--
Dear Thomas Wittek,

This is a computer-generated report for Konstrukt-0.5-beta6
on perl 5.13.2, created by CPAN-Reporter-1.1711.

Thank you for uploading your work to CPAN.  However, there was a problem
testing your distribution.

If you think this report is invalid, please consult the CPAN Testers Wiki
for suggestions on how to avoid getting FAIL reports for missing library
or binary dependencies, unsupported operating systems, and so on:

http://wiki.cpantesters.org/wiki/CPANAuthorNotes

Sections of this report:

    * Tester comments
    * Program output
    * Prerequisites
    * Environment and other context

------------------------------
TESTER COMMENTS
------------------------------

Additional comments from tester:

this report is from an automated smoke testing program
and was not reviewed by a human for accuracy

------------------------------
PROGRAM OUTPUT
------------------------------

Output from './Build test':


#   Failed test 'use Konstrukt::Handler;'
#   at t/001_load.t line 19.
#     Tried to use 'Konstrukt::Handler'.
#     Error:  Can't locate Session.pm in @INC (@INC contains: /home/stro/cpan/build/5.13.2/Konstrukt-0.5-NdQQKW/blib/lib /home/stro/cpan/build/5.13.2/Konstrukt-0.5-NdQQKW/blib/arch /home/stro/perl/perl5132/lib/site_perl/5.13.2/i686-linux /home/stro/perl/perl5132/lib/site_perl/5.13.2 /home/stro/perl/perl5132/lib/5.13.2/i686-linux /home/stro/perl/perl5132/lib/5.13.2 .) at /home/stro/cpan/build/5.13.2/Konstrukt-0.5-NdQQKW/blib/lib/Konstrukt/Session.pm line 73.
# BEGIN failed--compilation aborted at /home/stro/cpan/build/5.13.2/Konstrukt-0.5-NdQQKW/blib/lib/Konstrukt/Session.pm line 73.
# Compilation failed in require at /home/stro/cpan/build/5.13.2/Konstrukt-0.5-NdQQKW/blib/lib/Konstrukt/Handler.pm line 63.
# BEGIN failed--compilation aborted at /home/stro/cpan/build/5.13.2/Konstrukt-0.5-NdQQKW/blib/lib/Konstrukt/Handler.pm line 63.
# Compilation failed in require at (eval 18) line 2.
# BEGIN failed--compilation aborted at (eval 18) line 2.

#   Failed test 'use Konstrukt::Handler::CGI;'
#   at t/001_load.t line 49.
#     Tried to use 'Konstrukt::Handler::CGI'.
#     Error:  Attempt to reload Konstrukt/Handler.pm aborted.
# Compilation failed in require at (eval 25) line 2.
# 	...propagated at /home/stro/perl/perl5132/lib/5.13.2/base.pm line 94.
# BEGIN failed--compilation aborted at /home/stro/cpan/build/5.13.2/Konstrukt-0.5-NdQQKW/blib/lib/Konstrukt/Handler/CGI.pm line 34.
# Compilation failed in require at (eval 24) line 2.
# BEGIN failed--compilation aborted at (eval 24) line 2.

#   Failed test 'use Konstrukt::Handler::File;'
#   at t/001_load.t line 50.
#     Tried to use 'Konstrukt::Handler::File'.
#     Error:  Attempt to reload Konstrukt/Handler.pm aborted.
# Compilation failed in require at (eval 27) line 2.
# 	...propagated at /home/stro/perl/perl5132/lib/5.13.2/base.pm line 94.
# BEGIN failed--compilation aborted at /home/stro/cpan/build/5.13.2/Konstrukt-0.5-NdQQKW/blib/lib/Konstrukt/Handler/File.pm line 26.
# Compilation failed in require at (eval 26) line 2.
# BEGIN failed--compilation aborted at (eval 26) line 2.

#   Failed test 'use Konstrukt::Plugin::usermanagement::basic;'
#   at t/001_load.t line 101.
#     Tried to use 'Konstrukt::Plugin::usermanagement::basic'.
#     Error:  Attempt to reload Konstrukt/Session.pm aborted.
# Compilation failed in require at /home/stro/cpan/build/5.13.2/Konstrukt-0.5-NdQQKW/blib/lib/Konstrukt/Plugin/usermanagement/basic.pm line 101.
# BEGIN failed--compilation aborted at /home/stro/cpan/build/5.13.2/Konstrukt-0.5-NdQQKW/blib/lib/Konstrukt/Plugin/usermanagement/basic.pm line 101.
# Compilation failed in require at (eval 73) line 2.
# BEGIN failed--compilation aborted at (eval 73) line 2.

#   Failed test 'use Konstrukt::Plugin::wiki::backend::image::DBI;'
#   at t/001_load.t line 116.
#     Tried to use 'Konstrukt::Plugin::wiki::backend::image::DBI'.
#     Error:  Can't locate Image/Magick.pm in @INC (@INC contains: /home/stro/cpan/build/5.13.2/Konstrukt-0.5-NdQQKW/blib/lib /home/stro/cpan/build/5.13.2/Konstrukt-0.5-NdQQKW/blib/arch /home/stro/perl/perl5132/lib/site_perl/5.13.2/i686-linux /home/stro/perl/perl5132/lib/site_perl/5.13.2 /home/stro/perl/perl5132/lib/5.13.2/i686-linux /home/stro/perl/perl5132/lib/5.13.2 .) at /home/stro/cpan/build/5.13.2/Konstrukt-0.5-NdQQKW/blib/lib/Konstrukt/Plugin/wiki/backend/image/DBI.pm line 51.
# BEGIN failed--compilation aborted at /home/stro/cpan/build/5.13.2/Konstrukt-0.5-NdQQKW/blib/lib/Konstrukt/Plugin/wiki/backend/image/DBI.pm line 51.
# Compilation failed in require at (eval 89) line 2.
# BEGIN failed--compilation aborted at (eval 89) line 2.

#   Failed test 'use Konstrukt::Session;'
#   at t/001_load.t line 142.
#     Tried to use 'Konstrukt::Session'.
#     Error:  Attempt to reload Konstrukt/Session.pm aborted.
# Compilation failed in require at (eval 119) line 2.
# BEGIN failed--compilation aborted at (eval 119) line 2.
# Looks like you failed 6 tests of 96.
t/001_load.t ............................ 
Dubious, test returned 6 (wstat 1536, 0x600)
Failed 6/96 subtests 
	(less 2 skipped subtests: 88 okay)
t/002_core_001_file.t ................... ok
t/002_core_002_settings.t ............... ok
t/002_core_003_debug.t .................. ok
t/002_core_004_lib.t .................... ok
t/002_core_005_taghandler.t ............. ok
t/002_core_005_taghandler_001_plugin.t .. ok
t/002_core_006_parser_node.t ............ ok
t/002_core_007_parser.t ................. ok
t/002_core_008_event.t .................. ok
t/002_core_009_request.t ................ ok
t/002_core_010_response.t ............... ok
t/002_core_011_printredirector.t ........ ok
Can't locate Session.pm in @INC (@INC contains: /home/stro/cpan/build/5.13.2/Konstrukt-0.5-NdQQKW/blib/lib /home/stro/cpan/build/5.13.2/Konstrukt-0.5-NdQQKW/blib/arch /home/stro/perl/perl5132/lib/site_perl/5.13.2/i686-linux /home/stro/perl/perl5132/lib/site_perl/5.13.2 /home/stro/perl/perl5132/lib/5.13.2/i686-linux /home/stro/perl/perl5132/lib/5.13.2 .) at /home/stro/cpan/build/5.13.2/Konstrukt-0.5-NdQQKW/blib/lib/Konstrukt/Session.pm line 73.
BEGIN failed--compilation aborted at /home/stro/cpan/build/5.13.2/Konstrukt-0.5-NdQQKW/blib/lib/Konstrukt/Session.pm line 73.
Compilation failed in require at /home/stro/cpan/build/5.13.2/Konstrukt-0.5-NdQQKW/blib/lib/Konstrukt/Handler.pm line 63.
BEGIN failed--compilation aborted at /home/stro/cpan/build/5.13.2/Konstrukt-0.5-NdQQKW/blib/lib/Konstrukt/Handler.pm line 63.
Compilation failed in require at t/002_core_012_session.t line 79.
BEGIN failed--compilation aborted at t/002_core_012_session.t line 79.
# Looks like your test exited with 2 before it could output anything.
t/002_core_012_session.t ................ 
Dubious, test returned 2 (wstat 512, 0x200)
Failed 2/2 subtests 
t/002_core_013_cache.t .................. ok
t/002_core_014_dbi.t .................... ok
Can't locate Session.pm in @INC (@INC contains: /home/stro/cpan/build/5.13.2/Konstrukt-0.5-NdQQKW/blib/lib /home/stro/cpan/build/5.13.2/Konstrukt-0.5-NdQQKW/blib/arch /home/stro/perl/perl5132/lib/site_perl/5.13.2/i686-linux /home/stro/perl/perl5132/lib/site_perl/5.13.2 /home/stro/perl/perl5132/lib/5.13.2/i686-linux /home/stro/perl/perl5132/lib/5.13.2 .) at /home/stro/cpan/build/5.13.2/Konstrukt-0.5-NdQQKW/blib/lib/Konstrukt/Session.pm line 73.
BEGIN failed--compilation aborted at /home/stro/cpan/build/5.13.2/Konstrukt-0.5-NdQQKW/blib/lib/Konstrukt/Session.pm line 73.
Compilation failed in require at /home/stro/cpan/build/5.13.2/Konstrukt-0.5-NdQQKW/blib/lib/Konstrukt/Handler.pm line 63.
BEGIN failed--compilation aborted at /home/stro/cpan/build/5.13.2/Konstrukt-0.5-NdQQKW/blib/lib/Konstrukt/Handler.pm line 63.
Compilation failed in require at t/002_core_015_handler.t line 55.
BEGIN failed--compilation aborted at t/002_core_015_handler.t line 55.
# Looks like your test exited with 2 before it could output anything.
t/002_core_015_handler.t ................ 
Dubious, test returned 2 (wstat 512, 0x200)
Failed 9/9 subtests 
Can't locate Session.pm in @INC (@INC contains: /home/stro/cpan/build/5.13.2/Konstrukt-0.5-NdQQKW/blib/lib /home/stro/cpan/build/5.13.2/Konstrukt-0.5-NdQQKW/blib/arch /home/stro/perl/perl5132/lib/site_perl/5.13.2/i686-linux /home/stro/perl/perl5132/lib/site_perl/5.13.2 /home/stro/perl/perl5132/lib/5.13.2/i686-linux /home/stro/perl/perl5132/lib/5.13.2 .) at /home/stro/cpan/build/5.13.2/Konstrukt-0.5-NdQQKW/blib/lib/Konstrukt/Session.pm line 73.
BEGIN failed--compilation aborted at /home/stro/cpan/build/5.13.2/Konstrukt-0.5-NdQQKW/blib/lib/Konstrukt/Session.pm line 73.
Compilation failed in require at /home/stro/cpan/build/5.13.2/Konstrukt-0.5-NdQQKW/blib/lib/Konstrukt/Handler.pm line 63.
BEGIN failed--compilation aborted at /home/stro/cpan/build/5.13.2/Konstrukt-0.5-NdQQKW/blib/lib/Konstrukt/Handler.pm line 63.
Compilation failed in require at (eval 8) line 2.
	...propagated at /home/stro/perl/perl5132/lib/5.13.2/base.pm line 94.
BEGIN failed--compilation aborted at /home/stro/cpan/build/5.13.2/Konstrukt-0.5-NdQQKW/blib/lib/Konstrukt/Handler/File.pm line 26.
Compilation failed in require at t/002_core_016_handler_001_file.t line 15.
BEGIN failed--compilation aborted at t/002_core_016_handler_001_file.t line 15.
# Looks like your test exited with 2 before it could output anything.
t/002_core_016_handler_001_file.t ....... 
Dubious, test returned 2 (wstat 512, 0x200)
Failed 1/1 subtests 
Can't locate Session.pm in @INC (@INC contains: /home/stro/cpan/build/5.13.2/Konstrukt-0.5-NdQQKW/blib/lib /home/stro/cpan/build/5.13.2/Konstrukt-0.5-NdQQKW/blib/arch /home/stro/perl/perl5132/lib/site_perl/5.13.2/i686-linux /home/stro/perl/perl5132/lib/site_perl/5.13.2 /home/stro/perl/perl5132/lib/5.13.2/i686-linux /home/stro/perl/perl5132/lib/5.13.2 .) at /home/stro/cpan/build/5.13.2/Konstrukt-0.5-NdQQKW/blib/lib/Konstrukt/Session.pm line 73.
BEGIN failed--compilation aborted at /home/stro/cpan/build/5.13.2/Konstrukt-0.5-NdQQKW/blib/lib/Konstrukt/Session.pm line 73.
Compilation failed in require at /home/stro/cpan/build/5.13.2/Konstrukt-0.5-NdQQKW/blib/lib/Konstrukt/Handler.pm line 63.
BEGIN failed--compilation aborted at /home/stro/cpan/build/5.13.2/Konstrukt-0.5-NdQQKW/blib/lib/Konstrukt/Handler.pm line 63.
Compilation failed in require at (eval 7) line 2.
	...propagated at /home/stro/perl/perl5132/lib/5.13.2/base.pm line 94.
BEGIN failed--compilation aborted at /home/stro/cpan/build/5.13.2/Konstrukt-0.5-NdQQKW/blib/lib/Konstrukt/Handler/CGI.pm line 34.
Compilation failed in require at t/002_core_016_handler_002_cgi.t line 15.
BEGIN failed--compilation aborted at t/002_core_016_handler_002_cgi.t line 15.
# Looks like your test exited with 2 before it could output anything.
t/002_core_016_handler_002_cgi.t ........ 
Dubious, test returned 2 (wstat 512, 0x200)
Failed 1/1 subtests 
Can't locate Session.pm in @INC (@INC contains: /home/stro/cpan/build/5.13.2/Konstrukt-0.5-NdQQKW/t/data/Handler/Apache/lib /home/stro/cpan/build/5.13.2/Konstrukt-0.5-NdQQKW/blib/lib /home/stro/cpan/build/5.13.2/Konstrukt-0.5-NdQQKW/blib/arch /home/stro/perl/perl5132/lib/site_perl/5.13.2/i686-linux /home/stro/perl/perl5132/lib/site_perl/5.13.2 /home/stro/perl/perl5132/lib/5.13.2/i686-linux /home/stro/perl/perl5132/lib/5.13.2 .) at /home/stro/cpan/build/5.13.2/Konstrukt-0.5-NdQQKW/blib/lib/Konstrukt/Session.pm line 73.
BEGIN failed--compilation aborted at /home/stro/cpan/build/5.13.2/Konstrukt-0.5-NdQQKW/blib/lib/Konstrukt/Session.pm line 73.
Compilation failed in require at /home/stro/cpan/build/5.13.2/Konstrukt-0.5-NdQQKW/blib/lib/Konstrukt/Handler.pm line 63.
BEGIN failed--compilation aborted at /home/stro/cpan/build/5.13.2/Konstrukt-0.5-NdQQKW/blib/lib/Konstrukt/Handler.pm line 63.
Compilation failed in require at (eval 8) line 2.
	...propagated at /home/stro/perl/perl5132/lib/5.13.2/base.pm line 94.
BEGIN failed--compilation aborted at /home/stro/cpan/build/5.13.2/Konstrukt-0.5-NdQQKW/blib/lib/Konstrukt/Handler/Apache.pm line 128.
Compilation failed in require at t/002_core_016_handler_003_apache.t line 30.
# Looks like your test exited with 2 before it could output anything.
t/002_core_016_handler_003_apache.t ..... 
Dubious, test returned 2 (wstat 512, 0x200)
Failed 4/4 subtests 
t/003_plugin_001_template.t ............. ok
t/003_plugins.t ......................... ok
t/004_pod_001_pod.t ..................... ok
t/004_pod_002_pod_coverage.t ............ ok

Test Summary Report
-------------------
t/001_load.t                          (Wstat: 1536 Tests: 96 Failed: 6)
  Failed tests:  8, 11-12, 54, 67, 93
  Non-zero exit status: 6
t/002_core_012_session.t              (Wstat: 512 Tests: 0 Failed: 0)
  Non-zero exit status: 2
  Parse errors: Bad plan.  You planned 2 tests but ran 0.
t/002_core_015_handler.t              (Wstat: 512 Tests: 0 Failed: 0)
  Non-zero exit status: 2
  Parse errors: Bad plan.  You planned 9 tests but ran 0.
t/002_core_016_handler_001_file.t     (Wstat: 512 Tests: 0 Failed: 0)
  Non-zero exit status: 2
  Parse errors: Bad plan.  You planned 1 tests but ran 0.
t/002_core_016_handler_002_cgi.t      (Wstat: 512 Tests: 0 Failed: 0)
  Non-zero exit status: 2
  Parse errors: Bad plan.  You planned 1 tests but ran 0.
t/002_core_016_handler_003_apache.t   (Wstat: 512 Tests: 0 Failed: 0)
  Non-zero exit status: 2
  Parse errors: Bad plan.  You planned 4 tests but ran 0.
Files=24, Tests=439,  7 wallclock secs ( 0.06 usr  0.16 sys +  2.39 cusr  0.80 csys =  3.41 CPU)
Result: FAIL
Failed 6/24 test programs. 6/439 subtests failed.

------------------------------
PREREQUISITES
------------------------------

Prerequisite modules loaded:

requires:

    Module              Need  Have    
    ------------------- ----- --------
    CGI                 3     3.49    
    Clone               0.2   0.31    
    Cwd                 0     3.31    
    Date::Calc          5.4   6.3     
    DBI                 1.4   1.612   
    Devel::UseAnyFunc   1     1       
    Digest::SHA         5.32  5.48    
    MIME::Base64        3     3.09    
    perl                5.6.1 5.013002
    POSIX               1     1.19    
    Storable            2.1   2.22    
    Time::HiRes         1.5   1.9721  
    Time::Local         1     1.1901  
    Time::Zone          2     2.24    

build_requires:

    Module              Need  Have    
    ------------------- ----- --------
    Cwd                 0     3.31    
    Module::Build       0.26  0.3607  
    Test::More          0     0.94    
    Test::Pod           0     1.44    
    Test::Pod::Coverage 0     1.08    


------------------------------
ENVIRONMENT AND OTHER CONTEXT
------------------------------

Environment variables:

    AUTOMATED_TESTING = 1
    LANG = en_US.UTF-8
    PATH = /usr/local/bin:/usr/bin:/bin:/usr/games
    PERL5LIB = 
    PERL5OPT = 
    PERL5_CPANPLUS_IS_RUNNING = 26910
    PERL5_CPAN_IS_RUNNING = 26910
    PERL5_CPAN_IS_RUNNING_IN_RECURSION = 2972,26910
    PERL_CR_SMOKER_CURRENT = Konstrukt-0.5-beta6
    PERL_EXTUTILS_AUTOINSTALL = --defaultdeps
    PERL_MM_USE_DEFAULT = 1
    SHELL = /bin/bash
    TERM = xterm

Perl special variables (and OS-specific diagnostics, for MSWin32):

    $^X = /home/stro/perl/perl5132/bin/perl
    $UID/$EUID = 1000 / 1000
    $GID = 1000 20 24 25 29 44 46 1000
    $EGID = 1000 20 24 25 29 44 46 1000

Perl module toolchain versions installed:

    Module              Have  
    ------------------- ------
    CPAN                1.9304
    Cwd                 3.31  
    ExtUtils::CBuilder  0.2703
    ExtUtils::Command   1.16  
    ExtUtils::Install   1.54  
    ExtUtils::MakeMaker 6.56  
    ExtUtils::Manifest  1.58  
    ExtUtils::ParseXS   2.2206
    File::Spec          3.31  
    Module::Build       0.3607
    Module::Signature   0.64  
    Test::Harness       3.21  
    Test::More          0.94  
    YAML                0.71  
    YAML::Syck          1.10  
    version             0.82  


--

Summary of my perl5 (revision 5 version 13 subversion 2) configuration:
   
  Platform:
    osname=linux, osvers=2.6.26-2-686, archname=i686-linux
    uname='linux debian5 2.6.26-2-686 #1 smp wed may 12 21:56:10 utc 2010 i686 gnulinux '
    config_args=''
    hint=recommended, useposix=true, d_sigaction=define
    useithreads=undef, usemultiplicity=undef
    useperlio=define, d_sfio=undef, uselargefiles=define, usesocks=undef
    use64bitint=undef, use64bitall=undef, uselongdouble=undef
    usemymalloc=n, bincompat5005=undef
  Compiler:
    cc='cc', ccflags ='-fno-strict-aliasing -pipe -fstack-protector -I/usr/local/include -D_LARGEFILE_SOURCE -D_FILE_OFFSET_BITS=64',
    optimize='-O2',
    cppflags='-fno-strict-aliasing -pipe -fstack-protector -I/usr/local/include'
    ccversion='', gccversion='4.3.2', gccosandvers=''
    intsize=4, longsize=4, ptrsize=4, doublesize=8, byteorder=1234
    d_longlong=define, longlongsize=8, d_longdbl=define, longdblsize=12
    ivtype='long', ivsize=4, nvtype='double', nvsize=8, Off_t='off_t', lseeksize=8
    alignbytes=4, prototype=define
  Linker and Libraries:
    ld='cc', ldflags =' -fstack-protector -L/usr/local/lib'
    libpth=/usr/local/lib /lib /usr/lib
    libs=-lnsl -ldb -ldl -lm -lcrypt -lutil -lc
    perllibs=-lnsl -ldl -lm -lcrypt -lutil -lc
    libc=/lib/libc-2.7.so, so=so, useshrplib=false, libperl=libperl.a
    gnulibc_version='2.7'
  Dynamic Linking:
    dlsrc=dl_dlopen.xs, dlext=so, d_dlsymun=undef, ccdlflags='-Wl,-E'
    cccdlflags='-fPIC', lddlflags='-shared -O2 -L/usr/local/lib -fstack-protector'


Characteristics of this binary (from libperl): 
  Compile-time options: PERL_DONT_CREATE_GVSV PERL_MALLOC_WRAP
                        USE_LARGE_FILES USE_PERLIO USE_PERL_ATOF
  Built under linux
  Compiled at Jun 23 2010 13:37:47
  %ENV:
    PERL5LIB=""
    PERL5OPT=""
    PERL5_CPANPLUS_IS_RUNNING="26910"
    PERL5_CPAN_IS_RUNNING="26910"
    PERL5_CPAN_IS_RUNNING_IN_RECURSION="2972,26910"
    PERL_CR_SMOKER_CURRENT="Konstrukt-0.5-beta6"
    PERL_EXTUTILS_AUTOINSTALL="--defaultdeps"
    PERL_MM_USE_DEFAULT="1"
  @INC:
    /home/stro/perl/perl5132/lib/site_perl/5.13.2/i686-linux
    /home/stro/perl/perl5132/lib/site_perl/5.13.2
    /home/stro/perl/perl5132/lib/5.13.2/i686-linux
    /home/stro/perl/perl5132/lib/5.13.2
    .