Report for Padre-0.98

Back
From: metabase:user:1c41d63c-ae5d-11e1-b784-76aa7893c8f0
Subject: FAIL Padre-0.98 v5.16.2 GNU/Linux
Date: 2013-05-12T10:43:58Z

This distribution has been tested as part of the CPAN Testers
project, supporting the Perl programming language.  See
http://wiki.cpantesters.org/ for more information or email
questions to cpan-testers-discuss@perl.org


--
Dear Peter Lavender,

This is a computer-generated report for Padre-0.98
on perl 5.16.2, created by CPAN-Reporter-1.2010.

Thank you for uploading your work to CPAN.  However, there was a problem
testing your distribution.

If you think this report is invalid, please consult the CPAN Testers Wiki
for suggestions on how to avoid getting FAIL reports for missing library
or binary dependencies, unsupported operating systems, and so on:

http://wiki.cpantesters.org/wiki/CPANAuthorNotes

Sections of this report:

    * Tester comments
    * Program output
    * Prerequisites
    * Environment and other context

------------------------------
TESTER COMMENTS
------------------------------

Additional comments from tester:

none provided

------------------------------
PROGRAM OUTPUT
------------------------------

Output from '/usr/bin/make test':

blib/lib/auto/share/dist/Padre/locale -> blib/lib/auto/share/dist/Padre/locale
blib/lib/auto/share/dist/Padre/locale/ko.po -> blib/lib/auto/share/dist/Padre/locale/ko.mo
blib/lib/auto/share/dist/Padre/locale/cz.po -> blib/lib/auto/share/dist/Padre/locale/cz.mo
blib/lib/auto/share/dist/Padre/locale/no.po -> blib/lib/auto/share/dist/Padre/locale/no.mo
blib/lib/auto/share/dist/Padre/locale/hu.po -> blib/lib/auto/share/dist/Padre/locale/hu.mo
blib/lib/auto/share/dist/Padre/locale/he.po -> blib/lib/auto/share/dist/Padre/locale/he.mo
blib/lib/auto/share/dist/Padre/locale/de.po -> blib/lib/auto/share/dist/Padre/locale/de.mo
blib/lib/auto/share/dist/Padre/locale/nl-nl.po -> blib/lib/auto/share/dist/Padre/locale/nl-nl.mo
blib/lib/auto/share/dist/Padre/locale/it-it.po -> blib/lib/auto/share/dist/Padre/locale/it-it.mo
blib/lib/auto/share/dist/Padre/locale/es-es.po -> blib/lib/auto/share/dist/Padre/locale/es-es.mo
blib/lib/auto/share/dist/Padre/locale/pl.po -> blib/lib/auto/share/dist/Padre/locale/pl.mo
blib/lib/auto/share/dist/Padre/locale/fa.po -> blib/lib/auto/share/dist/Padre/locale/fa.mo
blib/lib/auto/share/dist/Padre/locale/ar.po -> blib/lib/auto/share/dist/Padre/locale/ar.mo
blib/lib/auto/share/dist/Padre/locale/zh-tw.po -> blib/lib/auto/share/dist/Padre/locale/zh-tw.mo
blib/lib/auto/share/dist/Padre/locale/zh-cn.po -> blib/lib/auto/share/dist/Padre/locale/zh-cn.mo
blib/lib/auto/share/dist/Padre/locale/ru.po -> blib/lib/auto/share/dist/Padre/locale/ru.mo
blib/lib/auto/share/dist/Padre/locale/fr.po -> blib/lib/auto/share/dist/Padre/locale/fr.mo
blib/lib/auto/share/dist/Padre/locale/tr.po -> blib/lib/auto/share/dist/Padre/locale/tr.mo
blib/lib/auto/share/dist/Padre/locale/ja.po -> blib/lib/auto/share/dist/Padre/locale/ja.mo
blib/lib/auto/share/dist/Padre/locale/pt-br.po -> blib/lib/auto/share/dist/Padre/locale/pt-br.mo
-blib/lib/auto/share/dist/Padre/locale/messages.pot
make[1]: Entering directory `/home/cache/CPAN-build/Padre-0.98-awGB5c/winxs'
make[1]: Nothing to be done for `all'.
make[1]: Leaving directory `/home/cache/CPAN-build/Padre-0.98-awGB5c/winxs'
PERL_DL_NONLAZY=1 /usr/bin/perl "-MExtUtils::Command::MM" "-e" "test_harness(0, 'inc', 'blib/lib', 'blib/arch')" t/*.t t/perl/*.t t/python/*.t t/ruby/*.t t/java/*.t t/csharp/*.t
# Tests find Wx: 0.9922 wxWidgets 2.8.12
t/01_compile.t ............. 
Failed 28/37 subtests 
t/02_new.t ................. 
Failed 62/62 subtests 
t/03_db.t .................. ok
t/04_config.t .............. ok
t/05_project.t ............. 
Failed 15/16 subtests 
t/06_utils.t ............... 
No subtests run 
t/07_version.t ............. ok
t/08_style.t ............... 
Failed 20/21 subtests 
t/09_search.t .............. ok
t/10_delta.t ............... 
Failed 8/14 subtests 
t/11_svn.t ................. skipped: Not in an SVN checkout
t/12_mime.t ................ ok
t/13_findinfiles.t ......... ok
t/14_warnings.t ............ ok
t/15_locale.t .............. 
Failed 7/7 subtests 
t/16_locale_format.t ....... ok
t/17_messages.t ............ ok
t/18_newline.t ............. ok
t/19_search.t .............. ok
t/20_comment.t ............. ok
t/21_sloc.t ................ ok
t/31_task_queue.t .......... ok
t/32_task_worker.t ......... ok
t/33_task_chain.t .......... ok
t/34_task_master.t ......... ok
t/35_task_handle.t ......... ok
t/36_task_eval.t ........... ok
t/37_task_signal.t ......... 
Failed 16/16 subtests 
t/38_task_manager.t ........ 
Failed 16/16 subtests 
t/39_task_nothreads.t ...... 
Failed 15/15 subtests 
t/40_display.t ............. 
Failed 13/13 subtests 
t/41_editor.t .............. 
Failed 28/28 subtests 
t/42_document.t ............ 
No subtests run 
t/43_frame_html.t .......... 
Failed 1/1 subtests 
t/50_browser.t ............. ok
t/61_directory_path.t ...... ok
t/74_history_combobox.t .... 
Failed 7/7 subtests 
t/75_autocomplete.t ........ 
Failed 12/12 subtests 
t/76_preferences.t ......... 
Failed 10/10 subtests 
t/82_plugin_manager.t ...... 
Failed 29/29 subtests 
t/83_autosave.t ............ ok
t/85_commandline.t ......... ok
t/90_autocomplete.t ........ ok
t/91_vi.t .................. 
Failed 16/16 subtests 
t/92_padre_file.t .......... ok
t/93_padre_filename_win.t .. ok
t/94_padre_file_remote.t ... ok
t/95_edit_patch.t .......... 
Failed 27/27 subtests 
t/96_help_about.t .......... 
Failed 9/9 subtests 
t/97_debug_debugger.t ...... 
Failed 54/55 subtests 
t/98_debug_breakpoints.t ... 
Failed 22/22 subtests 
t/99_debug_debugoutput.t ... 
Failed 17/17 subtests 
t/csharp/functionlist.t .... ok
t/java/functionlist.t ...... ok
t/perl/functionlist.t ...... ok
t/perl/general.t ........... 
Failed 40/40 subtests 
t/perl/project.t ........... ok
t/perl/project_temp.t ...... ok
t/perl/starter.t ........... ok
t/perl/syntax.t ............ 
Failed 112/112 subtests 
t/python/functionlist.t .... ok
t/ruby/functionlist.t ...... ok

Test Summary Report
-------------------
t/01_compile.t           (Wstat: 139 Tests: 9 Failed: 0)
  Non-zero wait status: 139
  Parse errors: Bad plan.  You planned 37 tests but ran 9.
t/02_new.t               (Wstat: 139 Tests: 0 Failed: 0)
  Non-zero wait status: 139
  Parse errors: Bad plan.  You planned 62 tests but ran 0.
t/05_project.t           (Wstat: 139 Tests: 1 Failed: 0)
  Non-zero wait status: 139
  Parse errors: Bad plan.  You planned 16 tests but ran 1.
t/06_utils.t             (Wstat: 139 Tests: 0 Failed: 0)
  Non-zero wait status: 139
  Parse errors: No plan found in TAP output
t/08_style.t             (Wstat: 139 Tests: 1 Failed: 0)
  Non-zero wait status: 139
  Parse errors: Bad plan.  You planned 21 tests but ran 1.
t/10_delta.t             (Wstat: 139 Tests: 6 Failed: 0)
  Non-zero wait status: 139
  Parse errors: Bad plan.  You planned 14 tests but ran 6.
t/15_locale.t            (Wstat: 139 Tests: 0 Failed: 0)
  Non-zero wait status: 139
  Parse errors: Bad plan.  You planned 7 tests but ran 0.
t/37_task_signal.t       (Wstat: 139 Tests: 0 Failed: 0)
  Non-zero wait status: 139
  Parse errors: Bad plan.  You planned 16 tests but ran 0.
t/38_task_manager.t      (Wstat: 139 Tests: 0 Failed: 0)
  Non-zero wait status: 139
  Parse errors: Bad plan.  You planned 16 tests but ran 0.
t/39_task_nothreads.t    (Wstat: 139 Tests: 0 Failed: 0)
  Non-zero wait status: 139
  Parse errors: Bad plan.  You planned 15 tests but ran 0.
t/40_display.t           (Wstat: 139 Tests: 0 Failed: 0)
  Non-zero wait status: 139
  Parse errors: Bad plan.  You planned 13 tests but ran 0.
t/41_editor.t            (Wstat: 139 Tests: 0 Failed: 0)
  Non-zero wait status: 139
  Parse errors: Bad plan.  You planned 28 tests but ran 0.
t/42_document.t          (Wstat: 139 Tests: 0 Failed: 0)
  Non-zero wait status: 139
  Parse errors: No plan found in TAP output
t/43_frame_html.t        (Wstat: 139 Tests: 0 Failed: 0)
  Non-zero wait status: 139
  Parse errors: Bad plan.  You planned 1 tests but ran 0.
t/74_history_combobox.t  (Wstat: 139 Tests: 0 Failed: 0)
  Non-zero wait status: 139
  Parse errors: Bad plan.  You planned 7 tests but ran 0.
t/75_autocomplete.t      (Wstat: 139 Tests: 0 Failed: 0)
  Non-zero wait status: 139
  Parse errors: Bad plan.  You planned 12 tests but ran 0.
t/76_preferences.t       (Wstat: 139 Tests: 0 Failed: 0)
  Non-zero wait status: 139
  Parse errors: Bad plan.  You planned 10 tests but ran 0.
t/82_plugin_manager.t    (Wstat: 139 Tests: 0 Failed: 0)
  Non-zero wait status: 139
  Parse errors: Bad plan.  You planned 29 tests but ran 0.
t/91_vi.t                (Wstat: 139 Tests: 0 Failed: 0)
  Non-zero wait status: 139
  Parse errors: Bad plan.  You planned 16 tests but ran 0.
t/95_edit_patch.t        (Wstat: 139 Tests: 0 Failed: 0)
  Non-zero wait status: 139
  Parse errors: Bad plan.  You planned 27 tests but ran 0.
t/96_help_about.t        (Wstat: 139 Tests: 0 Failed: 0)
  Non-zero wait status: 139
  Parse errors: Bad plan.  You planned 9 tests but ran 0.
t/97_debug_debugger.t    (Wstat: 139 Tests: 1 Failed: 0)
  Non-zero wait status: 139
  Parse errors: Bad plan.  You planned 55 tests but ran 1.
t/98_debug_breakpoints.t (Wstat: 139 Tests: 0 Failed: 0)
  Non-zero wait status: 139
  Parse errors: Bad plan.  You planned 22 tests but ran 0.
t/99_debug_debugoutput.t (Wstat: 139 Tests: 0 Failed: 0)
  Non-zero wait status: 139
  Parse errors: Bad plan.  You planned 17 tests but ran 0.
t/perl/general.t         (Wstat: 139 Tests: 0 Failed: 0)
  Non-zero wait status: 139
  Parse errors: Bad plan.  You planned 40 tests but ran 0.
t/perl/syntax.t          (Wstat: 139 Tests: 0 Failed: 0)
  Non-zero wait status: 139
  Parse errors: Bad plan.  You planned 112 tests but ran 0.
Files=62, Tests=1933, 90 wallclock secs ( 0.35 usr  0.09 sys +  8.64 cusr  2.73 csys = 11.81 CPU)
Result: FAIL
Failed 26/62 test programs. 0/1933 subtests failed.
make: *** [test_dynamic] Error 255

------------------------------
PREREQUISITES
------------------------------

Prerequisite modules loaded:

requires:

    Module                   Need     Have      
    ------------------------ -------- ----------
    Algorithm::Diff          1.19     1.1902    
    App::cpanminus           0.9923   1.6911    
    B::Deparse               0        1.14_01   
    Capture::Tiny            0.06     0.22      
    CGI                      3.47     3.63      
    Class::Adapter           1.05     1.08      
    Class::Inspector         1.22     1.28      
    Class::XSAccessor        1.13     1.16      
    Cwd                      3.2701   3.40      
    Data::Dumper             2.101    2.145     
    DBD::SQLite              1.35     1.37      
    DBI                      1.58     1.623     
    Debug::Client            0.24     0.25      
    Devel::Dumpvar           0.04     1.06      
    Devel::Refactor          0.05     0.05      
    Encode                   2.26     2.51      
    ExtUtils::MakeMaker      6.56     6.66      
    ExtUtils::Manifest       1.56     1.61      
    File::Basename           0        2.84      
    File::Copy::Recursive    0.37     0.38      
    File::Find::Rule         0.30     0.33      
    File::Glob               0        1.17      
    File::HomeDir            0.91     1.00      
    File::Path               2.08     2.09      
    File::pushd              1.00     1.005     
    File::Remove             1.40     1.52      
    File::ShareDir           1.00     1.03      
    File::Spec               3.2701   3.40      
    File::Spec::Functions    3.2701   3.40      
    File::Temp               0.20     0.2301    
    File::Which              1.08     1.09      
    FindBin                  0        1.51      
    Getopt::Long             0        2.39      
    HTML::Entities           3.57     3.69      
    HTML::Parser             3.58     3.70      
    IO::Scalar               2.110    2.110     
    IO::Socket               1.30     1.31      
    IO::String               1.08     1.08      
    IPC::Open2               0        1.04      
    IPC::Open3               0        1.12      
    IPC::Run                 0.83     0.92      
    JSON::XS                 2.29     2.33      
    List::MoreUtils          0.22     0.33      
    List::Util               1.18     1.27      
    LWP                      5.815    6.05      
    LWP::UserAgent           5.815    6.05      
    Module::Build            0.3603   0.4005    
    Module::CoreList         2.22     2.88      
    Module::Manifest         0.07     1.08      
    Module::Starter          1.60     1.60      
    ORLite                   1.98     1.98      
    ORLite::Migrate          1.10     1.10      
    Params::Util             0.33     1.07      
    Parse::ErrorString::Perl 0.14     0.15      
    Parse::ExuberantCTags    1.00     1.02      
    perl                     5.008005 5.016002  
    POD2::Base               0.043    0.043     
    Pod::Abstract            0.16     0.20      
    Pod::Functions           0        1.05      
    Pod::Perldoc             3.15     3.20      
    Pod::POM                 0.17     0.27      
    Pod::Simple              3.07     3.28      
    Pod::Simple::XHTML       3.04     3.28      
    POSIX                    0        1.30      
    PPI                      1.215    1.215     
    PPIx::EditorTools        0.18     0.18      
    PPIx::Regexp             0.011    0.033     
    Probe::Perl              0.01     0.02      
    Sort::Versions           1.5      1.5       
    Storable                 2.16     2.39      
    Template::Tiny           0.11     1.12      
    Term::ReadLine           0        1.10      
    Text::Balanced           2.01     2.02      
    Text::Diff               1.41     1.41      
    Text::FindIndent         0.10     0.10      
    Text::Patch              1.8      1.8       
    threads                  1.71     1.86      
    threads::shared          1.33     1.43      
    Time::HiRes              1.9718   1.9725    
    URI                      0        1.60      
    version                  0.80     0.9902    
    Wx                       0.9916   0.9922    
    Wx::Perl::ProcessStream  0.32     0.32      
    Wx::Scintilla            0.39     0.39      
    YAML::Tiny               1.32     1.51      

build_requires:

    Module                   Need     Have      
    ------------------------ -------- ----------
    Alien::wxWidgets         0.62     0.64      
    ExtUtils::Embed          1.250601 1.30      
    ExtUtils::MakeMaker      6.59     6.66      
    Locale::Msgfmt           0.15     0.15      
    Test::Exception          0.27     0.32      
    Test::MockObject         1.09     1.20120301
    Test::More               0.98     0.98      
    Test::NoWarnings         1.04     1.04      
    Test::Script             1.07     1.07      
    Test::Warn               0.24     0.24      

configure_requires:

    Module                   Need     Have      
    ------------------------ -------- ----------
    Alien::wxWidgets         0.62     0.64      
    ExtUtils::Embed          1.250601 1.30      
    ExtUtils::MakeMaker      6.59     6.66      


------------------------------
ENVIRONMENT AND OTHER CONTEXT
------------------------------

Environment variables:

    LANG = en_US.UTF-8
    LC_COLLATE = C
    LC_CTYPE = en_US.UTF-8
    PATH = .:/home/law/bin/lib:/sbin:/usr/local/sbin:/home/law/bin:/usr/local/bin:/usr/bin:/bin:/usr/bin/X11:/usr/X11R6/bin:/usr/games:/opt/kde3/bin:/usr/lib/mit/bin:/usr/lib/mit/sbin:/usr/lib/qt3/bin:/opt/dell/srvadmin/bin:/usr/sbin:/etc/local/func_lib:/home/law/lib
    PERL5LIB = 
    PERL5OPT = 
    PERL5_CPANPLUS_IS_RUNNING = 69336
    PERL5_CPAN_IS_RUNNING = 69336
    SHELL = /bin/bash
    TERM = linux

Perl special variables (and OS-specific diagnostics, for MSWin32):

    $^X = /usr/bin/perl
    $UID/$EUID = 5013 / 5013
    $GID = 201 0 5 6 8 10 12 14 16 17 18 20 30 31 42 44 54 62 76 100 105 132 133 200 200 201 202 203 204 212 213 215 225 231 232 233 237 238 244 260 261 262 277 512 513 517 518 519 520 544 545 547 548 551 555 558 5013 11513 11513 11518 20001 50001 50002 50003
    $EGID = 201 0 5 6 8 10 12 14 16 17 18 20 30 31 42 44 54 62 76 100 105 132 133 200 200 201 202 203 204 212 213 215 225 231 232 233 237 238 244 260 261 262 277 512 513 517 518 519 520 544 545 547 548 551 555 558 5013 11513 11513 11518 20001 50001 50002 50003

Perl module toolchain versions installed:

    Module              Have    
    ------------------- --------
    CPAN                2.00    
    CPAN::Meta          2.130880
    Cwd                 3.40    
    ExtUtils::CBuilder  0.280205
    ExtUtils::Command   1.17    
    ExtUtils::Install   1.58    
    ExtUtils::MakeMaker 6.66    
    ExtUtils::Manifest  1.61    
    ExtUtils::ParseXS   3.18    
    File::Spec          3.40    
    JSON                2.57    
    JSON::PP            2.27202 
    Module::Build       0.4005  
    Module::Signature   0.70    
    Parse::CPAN::Meta   1.4404  
    Test::Harness       3.27    
    Test::More          0.98    
    YAML                0.84    
    YAML::Syck          1.25    
    version             0.9902  


--

Summary of my perl5 (revision 5 version 16 subversion 2) configuration:
   
  Platform:
    osname=linux, osvers=3.4.6-2.10-default, archname=x86_64-linux-thread-multi
    uname='linux build34 3.4.6-2.10-default #1 smp thu jul 26 09:36:26 utc 2012 (641c197) x86_64 x86_64 x86_64 gnulinux '
    config_args='-ds -e -Dprefix=/usr -Dvendorprefix=/usr -Dinstallusrbinperl -Dusethreads -Di_db -Di_dbm -Di_ndbm -Di_gdbm -Dd_dbm_open -Duseshrplib=true -Doptimize=-fmessage-length=0 -O2 -Wall -D_FORTIFY_SOURCE=2 -fstack-protector -funwind-tables -fasynchronous-unwind-tables -g -Wall -pipe -Accflags=-DPERL_USE_SAFE_PUTENV -Dotherlibdirs=/usr/lib/perl5/site_perl'
    hint=recommended, useposix=true, d_sigaction=define
    useithreads=define, usemultiplicity=define
    useperlio=define, d_sfio=undef, uselargefiles=define, usesocks=undef
    use64bitint=define, use64bitall=define, uselongdouble=undef
    usemymalloc=n, bincompat5005=undef
  Compiler:
    cc='cc', ccflags ='-D_REENTRANT -D_GNU_SOURCE -DPERL_USE_SAFE_PUTENV -fno-strict-aliasing -pipe -fstack-protector -D_LARGEFILE_SOURCE -D_FILE_OFFSET_BITS=64',
    optimize='-fmessage-length=0 -O2 -Wall -D_FORTIFY_SOURCE=2 -fstack-protector -funwind-tables -fasynchronous-unwind-tables -g -Wall -pipe',
    cppflags='-D_REENTRANT -D_GNU_SOURCE -DPERL_USE_SAFE_PUTENV -fno-strict-aliasing -pipe -fstack-protector'
    ccversion='', gccversion='4.7.2 20130108 [gcc-4_7-branch revision 195012]', gccosandvers=''
    intsize=4, longsize=8, ptrsize=8, doublesize=8, byteorder=12345678
    d_longlong=define, longlongsize=8, d_longdbl=define, longdblsize=16
    ivtype='long', ivsize=8, nvtype='double', nvsize=8, Off_t='off_t', lseeksize=8
    alignbytes=8, prototype=define
  Linker and Libraries:
    ld='cc', ldflags =' -L/usr/local/lib64 -fstack-protector'
    libpth=/lib64 /usr/lib64 /usr/local/lib64
    libs=-lm -ldl -lcrypt -lpthread
    perllibs=-lm -ldl -lcrypt -lpthread
    libc=/lib64/libc-2.17.so, so=so, useshrplib=true, libperl=libperl.so
    gnulibc_version='2.17'
  Dynamic Linking:
    dlsrc=dl_dlopen.xs, dlext=so, d_dlsymun=undef, ccdlflags='-Wl,-E -Wl,-rpath,/usr/lib/perl5/5.16.2/x86_64-linux-thread-multi/CORE'
    cccdlflags='-fPIC', lddlflags='-shared -L/usr/local/lib64 -fstack-protector'


Characteristics of this binary (from libperl): 
  Compile-time options: HAS_TIMES MULTIPLICITY PERLIO_LAYERS
                        PERL_DONT_CREATE_GVSV PERL_IMPLICIT_CONTEXT
                        PERL_MALLOC_WRAP PERL_PRESERVE_IVUV
                        PERL_USE_SAFE_PUTENV USE_64_BIT_ALL USE_64_BIT_INT
                        USE_ITHREADS USE_LARGE_FILES USE_LOCALE
                        USE_LOCALE_COLLATE USE_LOCALE_CTYPE
                        USE_LOCALE_NUMERIC USE_PERLIO USE_PERL_ATOF
                        USE_REENTRANT_API
  Built under linux
  Compiled at Feb 15 2013 01:19:34
  %ENV:
    PERL5LIB=""
    PERL5OPT=""
    PERL5_CPANPLUS_IS_RUNNING="69336"
    PERL5_CPAN_IS_RUNNING="69336"
  @INC:
    /usr/lib/perl5/site_perl/5.16.2/x86_64-linux-thread-multi
    /usr/lib/perl5/site_perl/5.16.2
    /usr/lib/perl5/vendor_perl/5.16.2/x86_64-linux-thread-multi
    /usr/lib/perl5/vendor_perl/5.16.2
    /usr/lib/perl5/5.16.2/x86_64-linux-thread-multi
    /usr/lib/perl5/5.16.2
    /usr/lib/perl5/site_perl/5.16.2/x86_64-linux-thread-multi
    /usr/lib/perl5/site_perl/5.16.2
    /usr/lib/perl5/site_perl
    .