SpeL-Wizard v20240619.1846 Perl 5 v5.32.0 amd64-freebsd

Status
Fail
From
David Cantrell (DCANTRELL)
Dist
SpeL-Wizard v20240619.1846
Platform
Perl 5 v5.32.0 amd64-freebsd
Date
2024-06-21 02:20:38
ID
d96715e2-2f74-11ef-a4d3-e20f2078bb78
This distribution has been tested as part of the CPAN Testers
project, supporting the Perl programming language.  See
http://wiki.cpantesters.org/ for more information or email
questions to cpan-testers-discuss@perl.org


--
Dear Walter Daems,

This is a computer-generated report for SpeL-Wizard-20240619.1846
on perl 5.32.0, created by CPAN-Reporter-1.2018.

Thank you for uploading your work to CPAN.  However, there was a problem
testing your distribution.

If you think this report is invalid, please consult the CPAN Testers Wiki
for suggestions on how to avoid getting FAIL reports for missing library
or binary dependencies, unsupported operating systems, and so on:

http://wiki.cpantesters.org/wiki/CPANAuthorNotes

Sections of this report:

    * Tester comments
    * Program output
    * Prerequisites
    * Environment and other context

------------------------------
TESTER COMMENTS
------------------------------

Additional comments from tester:

this report is from an automated smoke testing program
and was not reviewed by a human for accuracy

------------------------------
PROGRAM OUTPUT
------------------------------

Output from '/usr/bin/make test':

Skip blib/lib/auto/share/dist/SpeL-Wizard/tts.conf (unchanged)
Skip blib/lib/auto/share/dist/SpeL-Wizard/awspolly-neural-Lisa.tr (unchanged)
PERL_DL_NONLAZY=1 "/usr/home/david/cpantesting/perl-5.32.0/bin/perl" "-MExtUtils::Command::MM" "-MTest::Harness" "-e" "undef *Test::Harness::Switches; test_harness(0, 'blib/lib', 'blib/arch')" t/*.t t/01-lib/SpeL/Object/*.t t/01-lib/SpeL/Parser/*.t t/02-bin/*.t
# 
# Versions for all modules listed in MYMETA.json (including optional ones):
# 
# === Configure Requires ===
# 
#     Module                  Want Have
#     ----------------------- ---- ----
#     ExtUtils::MakeMaker      any 7.70
#     File::ShareDir::Install 0.06 0.14
# 
# === Build Requires ===
# 
#     Module              Want Have
#     ------------------- ---- ----
#     ExtUtils::MakeMaker  any 7.70
# 
# === Test Requires ===
# 
#     Module              Want     Have
#     ------------------- ---- --------
#     ExtUtils::MakeMaker  any     7.70
#     File::Compare        any   1.1006
#     File::Spec           any     3.75
#     Test::More           any 1.302198
# 
# === Test Recommends ===
# 
#     Module         Want     Have
#     ---------- -------- --------
#     CPAN::Meta 2.120900 2.150010
# 
# === Runtime Requires ===
# 
#     Module                Want       Have
#     ----------------- -------- ----------
#     Carp                   any       1.50
#     Config::Tiny           any       2.28
#     Data::Dumper           any      2.183
#     Digest::MD5::File      any       0.08
#     Exporter               any       5.77
#     File::Basename         any       2.85
#     File::Path             any       2.18
#     File::ShareDir         any      1.118
#     File::Spec             any       3.75
#     FindBin                any       1.53
#     Getopt::Long           any       2.57
#     IO::File               any       1.51
#     IPC::Run               any 20231003.0
#     Locale::Maketext       any       1.29
#     Pod::Usage             any       2.03
#     Regexp::Common         any 2017060201
#     Regexp::Grammars       any      1.058
#     parent                 any      0.241
#     perl              5.032000   5.032000
#     strict                 any       1.11
#     warnings               any       1.47
# 
t/00-report-prereqs.t ................. ok
t/01-lib/SpeL/Object/ModuleLoading.t .. ok
t/01-lib/SpeL/Parser/Auxiliary.t ...... ok
t/01-lib/SpeL/Parser/Chunk.t .......... ok

#   Failed test 't/02-bin/auxiliary/realistic.aux'
#   at t/02-bin/auxiliary.t line 24.
# Looks like you failed 1 test of 1.
t/02-bin/auxiliary.t .................. 
Dubious, test returned 1 (wstat 256, 0x100)
Failed 1/1 subtests 
t/02-bin/spel

#   Failed test 't/02-bin/spel/bracketstring.spelidx'
#   at t/02-bin/spel.t line 38.

#   Failed test 't/02-bin/spel/chunk-firstmathcommand.spelidx'
#   at t/02-bin/spel.t line 38.

#   Failed test 't/02-bin/spel/chunk-nestedmath.spelidx'
#   at t/02-bin/spel.t line 38.

#   Failed test 't/02-bin/spel/chunk-numbers.spelidx'
#   at t/02-bin/spel.t line 38.
== GOLDEN ==== t/02-bin/spel/docstrip =======================
== BROWN ===================================
== STDERR===================================
============================================

#   Failed test 't/02-bin/spel/docstrip.spelidx'
#   at t/02-bin/spel.t line 38.
== GOLDEN ==== t/02-bin/spel/i18n =======================
== BROWN ===================================
== STDERR===================================
============================================

#   Failed test 't/02-bin/spel/i18n.spelidx'
#   at t/02-bin/spel.t line 38.

#   Failed test 't/02-bin/spel/inlinemath.spelidx'
#   at t/02-bin/spel.t line 38.

#   Failed test 't/02-bin/spel/inlinemathlimitsexpr.spelidx'
#   at t/02-bin/spel.t line 38.

#   Failed test 't/02-bin/spel/leadsto.spelidx'
#   at t/02-bin/spel.t line 38.

#   Failed test 't/02-bin/spel/mathenvexpressions.spelidx'
#   at t/02-bin/spel.t line 38.

#   Failed test 't/02-bin/spel/matrices.spelidx'
#   at t/02-bin/spel.t line 38.

#   Failed test 't/02-bin/spel/percent.spelidx'
#   at t/02-bin/spel.t line 38.

#   Failed test 't/02-bin/spel/scratch.spelidx'
#   at t/02-bin/spel.t line 38.

#   Failed test 't/02-bin/spel/section.spelidx'
#   at t/02-bin/spel.t line 38.

#   Failed test 't/02-bin/spel/sets.spelidx'
#   at t/02-bin/spel.t line 38.

#   Failed test 't/02-bin/spel/sine-cosine.spelidx'
#   at t/02-bin/spel.t line 38.

#   Failed test 't/02-bin/spel/sqrt.spelidx'
#   at t/02-bin/spel.t line 38.

#   Failed test 't/02-bin/spel/title.spelidx'
#   at t/02-bin/spel.t line 38.

#   Failed test 't/02-bin/spel/trigpowers.spelidx'
#   at t/02-bin/spel.t line 38.
# Looks like you failed 19 tests of 19.
t/02-bin/spel.t ....................... 
Dubious, test returned 19 (wstat 4864, 0x1300)
Failed 19/19 subtests 

Test Summary Report
-------------------
t/02-bin/auxiliary.t                (Wstat: 256 (exited 1) Tests: 1 Failed: 1)
  Failed test:  1
  Non-zero exit status: 1
t/02-bin/spel.t                     (Wstat: 4864 (exited 19) Tests: 19 Failed: 19)
  Failed tests:  1-19
  Non-zero exit status: 19
Files=6, Tests=94, 129 wallclock secs ( 0.07 usr  0.02 sys + 125.43 cusr  1.00 csys = 126.52 CPU)
Result: FAIL
Failed 2/6 test programs. 20/94 subtests failed.
*** Error code 19

Stop.
make: stopped in /usr/home/david/cpantesting/perl-5.32.0/.cpan/build/SpeL-Wizard-20240619.1846-0

------------------------------
PREREQUISITES
------------------------------

Prerequisite modules loaded:

requires:

    Module                  Need     Have      
    ----------------------- -------- ----------
    Carp                    0        1.50      
    Config::Tiny            0        2.28      
    Data::Dumper            0        2.183     
    Digest::MD5::File       0        0.08      
    Exporter                0        5.77      
    File::Basename          0        2.85      
    File::Path              0        2.18      
    File::ShareDir          0        1.118     
    File::Spec              0        3.75      
    FindBin                 0        1.53      
    Getopt::Long            0        2.57      
    IO::File                0        1.51      
    IPC::Run                0        20231003.0
    Locale::Maketext        0        1.29      
    parent                  0        0.241     
    perl                    5.032000 5.032000  
    Pod::Usage              0        2.03      
    Regexp::Common          0        2017060201
    Regexp::Grammars        0        1.058     
    strict                  0        1.11      
    warnings                0        1.47      

build_requires:

    Module                  Need     Have      
    ----------------------- -------- ----------
    ExtUtils::MakeMaker     0        7.70      
    File::Compare           0        1.1006    
    File::Spec              0        3.75      
    Test::More              0        1.302198  

configure_requires:

    Module                  Need     Have      
    ----------------------- -------- ----------
    ExtUtils::MakeMaker     0        7.70      
    File::ShareDir::Install 0.06     0.14      


------------------------------
ENVIRONMENT AND OTHER CONTEXT
------------------------------

Environment variables:

    AUTOMATED_TESTING = 1
    LANG = en_GB.UTF-8
    NONINTERACTIVE_TESTING = 1
    PATH = /home/david/perl5/perlbrew/bin:/home/david/perl5/perlbrew/perls/perl-5.30.2/bin:/home/david/.cargo/bin:/sbin:/bin:/usr/sbin:/usr/bin:/usr/local/sbin:/usr/local/bin:/home/david/bin
    PERL = 5.32.0
    PERL5LIB = 
    PERL5OPT = 
    PERL5_CPANPLUS_IS_RUNNING = 77237
    PERL5_CPAN_IS_RUNNING = 77237
    PERLBREW_HOME = /home/david/.perlbrew
    PERLBREW_MANPATH = /home/david/perl5/perlbrew/perls/perl-5.30.2/man
    PERLBREW_PATH = /home/david/perl5/perlbrew/bin:/home/david/perl5/perlbrew/perls/perl-5.30.2/bin
    PERLBREW_PERL = perl-5.30.2
    PERLBREW_ROOT = /home/david/perl5/perlbrew
    PERLBREW_SHELLRC_VERSION = 0.89
    PERLBREW_VERSION = 0.89
    PERLVER = 5.32.0
    PERL_INLINE_DIRECTORY = /home/david/.Inline-5.32.0
    PERL_MM_USE_DEFAULT = 1
    PERL_USE_UNSAFE_INC = 0
    SHELL = /usr/local/bin/bash
    TERM = screen

Perl special variables (and OS-specific diagnostics, for MSWin32):

    $^X = /usr/home/david/cpantesting/perl-5.32.0/bin/perl
    $UID/$EUID = 1001 / 1001
    $GID = 1001 1001 0
    $EGID = 1001 1001 0

Perl module toolchain versions installed:

    Module              Have    
    ------------------- --------
    CPAN                2.27    
    CPAN::Meta          2.150010
    Cwd                 3.75    
    ExtUtils::CBuilder  0.280236
    ExtUtils::Command   7.70    
    ExtUtils::Install   2.22    
    ExtUtils::MakeMaker 7.70    
    ExtUtils::Manifest  1.75    
    ExtUtils::ParseXS   3.51    
    File::Spec          3.75    
    JSON                4.10    
    JSON::PP            4.16    
    Module::Build       0.4234  
    Module::Signature   n/a     
    Parse::CPAN::Meta   2.150010
    Test::Harness       3.48    
    Test::More          1.302198
    YAML                1.30    
    YAML::Syck          n/a     
    version             0.9930  


--

Summary of my perl5 (revision 5 version 32 subversion 0) configuration:
   
  Platform:
    osname=freebsd
    osvers=13.0-release-p7
    archname=amd64-freebsd
    uname='freebsd cpantesting-freebsd-utm.local 13.0-release-p7 freebsd 13.0-release-p7 #0: mon jan 31 18:24:03 utc 2022 root@amd64-builder.daemonology.net:usrobjusrsrcamd64.amd64sysgeneric amd64 '
    config_args='-de -Dprefix=/home/david/cpantesting/perl-5.32.0'
    hint=recommended
    useposix=true
    d_sigaction=define
    useithreads=undef
    usemultiplicity=undef
    use64bitint=define
    use64bitall=define
    uselongdouble=undef
    usemymalloc=n
    default_inc_excludes_dot=define
    bincompat5005=undef
  Compiler:
    cc='cc'
    ccflags ='-DHAS_FPSETMASK -DHAS_FLOATINGPOINT_H -fno-strict-aliasing -pipe -fstack-protector-strong -I/usr/local/include'
    optimize='-O2'
    cppflags='-DHAS_FPSETMASK -DHAS_FLOATINGPOINT_H -fno-strict-aliasing -pipe -fstack-protector-strong -I/usr/local/include'
    ccversion=''
    gccversion='FreeBSD Clang 11.0.1 (git@github.com:llvm/llvm-project.git llvmorg-11.0.1-0-g43ff75f2c3fe)'
    gccosandvers=''
    intsize=4
    longsize=8
    ptrsize=8
    doublesize=8
    byteorder=12345678
    doublekind=3
    d_longlong=define
    longlongsize=8
    d_longdbl=define
    longdblsize=16
    longdblkind=3
    ivtype='long'
    ivsize=8
    nvtype='double'
    nvsize=8
    Off_t='off_t'
    lseeksize=8
    alignbytes=8
    prototype=define
  Linker and Libraries:
    ld='cc'
    ldflags ='-Wl,-E  -fstack-protector-strong -L/usr/local/lib'
    libpth=/usr/lib /usr/local/lib /usr/lib/clang/11.0.1/lib /usr/lib
    libs=-lpthread -lgdbm -ldl -lm -lcrypt -lutil -lc
    perllibs=-lpthread -ldl -lm -lcrypt -lutil -lc
    libc=
    so=so
    useshrplib=false
    libperl=libperl.a
    gnulibc_version=''
  Dynamic Linking:
    dlsrc=dl_dlopen.xs
    dlext=so
    d_dlsymun=undef
    ccdlflags=' '
    cccdlflags='-DPIC -fPIC'
    lddlflags='-shared  -L/usr/local/lib -fstack-protector-strong'


Characteristics of this binary (from libperl): 
  Compile-time options:
    HAS_TIMES
    PERLIO_LAYERS
    PERL_COPY_ON_WRITE
    PERL_DONT_CREATE_GVSV
    PERL_MALLOC_WRAP
    PERL_OP_PARENT
    PERL_PRESERVE_IVUV
    USE_64_BIT_ALL
    USE_64_BIT_INT
    USE_LARGE_FILES
    USE_LOCALE
    USE_LOCALE_COLLATE
    USE_LOCALE_CTYPE
    USE_LOCALE_NUMERIC
    USE_LOCALE_TIME
    USE_PERLIO
    USE_PERL_ATOF
  Locally applied patches:
    Devel::PatchPerl 2.08
  Built under freebsd
  Compiled at Feb  3 2022 13:37:09
  %ENV:
    PERL="5.32.0"
    PERL5LIB=""
    PERL5OPT=""
    PERL5_CPANPLUS_IS_RUNNING="77237"
    PERL5_CPAN_IS_RUNNING="77237"
    PERLBREW_HOME="/home/david/.perlbrew"
    PERLBREW_MANPATH="/home/david/perl5/perlbrew/perls/perl-5.30.2/man"
    PERLBREW_PATH="/home/david/perl5/perlbrew/bin:/home/david/perl5/perlbrew/perls/perl-5.30.2/bin"
    PERLBREW_PERL="perl-5.30.2"
    PERLBREW_ROOT="/home/david/perl5/perlbrew"
    PERLBREW_SHELLRC_VERSION="0.89"
    PERLBREW_VERSION="0.89"
    PERLVER="5.32.0"
    PERL_INLINE_DIRECTORY="/home/david/.Inline-5.32.0"
    PERL_MM_USE_DEFAULT="1"
    PERL_USE_UNSAFE_INC="0"
  @INC:
    /home/david/cpantesting/perl-5.32.0/lib/site_perl/5.32.0/amd64-freebsd
    /home/david/cpantesting/perl-5.32.0/lib/site_perl/5.32.0
    /home/david/cpantesting/perl-5.32.0/lib/5.32.0/amd64-freebsd
    /home/david/cpantesting/perl-5.32.0/lib/5.32.0