Test-Unit v0.25 Perl 5 v5.37.2 x86_64-linux
- Status
- Fail
- From
- Nedzad Hrnjica (NHRNJICA)
- Dist
-
Test-Unit v0.25
- Platform
- Perl 5 v5.37.2 x86_64-linux
- Date
- 2022-08-03 05:33:47
- ID
- d8f9c85c-12ed-11ed-8037-a37026f29030
This distribution has been tested as part of the CPAN Testers
project, supporting the Perl programming language. See
http://wiki.cpantesters.org/ for more information or email
questions to cpan-testers-discuss@perl.org
--
Dear MCAST,
This is a computer-generated report for Test-Unit-0.25
on perl 5.37.2, created by App::cpanminus::reporter 0.17 (1.7046).
Thank you for uploading your work to CPAN. However, there was a problem
testing your distribution.
If you think this report is invalid, please consult the CPAN Testers Wiki
for suggestions on how to avoid getting FAIL reports for missing library
or binary dependencies, unsupported operating systems, and so on:
http://wiki.cpantesters.org/wiki/CPANAuthorNotes
Sections of this report:
* Tester comments
* Program output
* Prerequisites
* Environment and other context
------------------------------
TESTER COMMENTS
------------------------------
Additional comments from tester:
none provided
------------------------------
PROGRAM OUTPUT
------------------------------
Output from '':
Building and testing Test-Unit-0.25
cp lib/Test/Unit/Loader.pm blib/lib/Test/Unit/Loader.pm
cp lib/Test/Unit/Assertion/Regexp.pm blib/lib/Test/Unit/Assertion/Regexp.pm
cp lib/Test/Unit/TestRunner.pm blib/lib/Test/Unit/TestRunner.pm
cp lib/Test/Unit/Warning.pm blib/lib/Test/Unit/Warning.pm
cp lib/Test/Unit/Listener.pm blib/lib/Test/Unit/Listener.pm
cp lib/Test/Unit/Setup.pm blib/lib/Test/Unit/Setup.pm
cp lib/Test/Unit/Procedural.pm blib/lib/Test/Unit/Procedural.pm
cp lib/Test/Unit/Assertion/CodeRef.pm blib/lib/Test/Unit/Assertion/CodeRef.pm
cp lib/Test/Unit/UnitHarness.pm blib/lib/Test/Unit/UnitHarness.pm
cp lib/Test/Unit/Assertion/Exception.pm blib/lib/Test/Unit/Assertion/Exception.pm
cp lib/Test/Unit/Tutorial.pm blib/lib/Test/Unit/Tutorial.pm
cp TestRunner.pl blib/lib/Test/TestRunner.pl
cp lib/Test/Unit/TestSuite.pm blib/lib/Test/Unit/TestSuite.pm
cp lib/Test/Unit/Assertion/Boolean.pm blib/lib/Test/Unit/Assertion/Boolean.pm
cp lib/Test/Unit.pm blib/lib/Test/Unit.pm
cp lib/Test/Unit/Runner/Terminal.pm blib/lib/Test/Unit/Runner/Terminal.pm
cp TkTestRunner.pl blib/lib/Test/TkTestRunner.pl
cp lib/Test/Unit/Assertion.pm blib/lib/Test/Unit/Assertion.pm
cp lib/Test/Unit/Test.pm blib/lib/Test/Unit/Test.pm
cp lib/Test/Unit/HarnessUnit.pm blib/lib/Test/Unit/HarnessUnit.pm
cp lib/Test/Unit/Assert.pm blib/lib/Test/Unit/Assert.pm
cp lib/Test/Unit/Error.pm blib/lib/Test/Unit/Error.pm
cp lib/Test/Unit/TestCase.pm blib/lib/Test/Unit/TestCase.pm
cp lib/Test/Unit/Exception.pm blib/lib/Test/Unit/Exception.pm
cp lib/Test/Unit/Decorator.pm blib/lib/Test/Unit/Decorator.pm
cp lib/Test/Unit/Result.pm blib/lib/Test/Unit/Result.pm
cp lib/Test/Unit/Runner.pm blib/lib/Test/Unit/Runner.pm
cp TestLister.pl blib/lib/Test/TestLister.pl
cp lib/Test/Unit/Failure.pm blib/lib/Test/Unit/Failure.pm
cp lib/Test/Unit/Debug.pm blib/lib/Test/Unit/Debug.pm
cp lib/Test/Unit/TkTestRunner.pm blib/lib/Test/Unit/TkTestRunner.pm
Manifying 28 pod documents
PERL_DL_NONLAZY=1 "/home/liveapp/.plenv/versions/5.37.2/bin/perl5.37.2" "-MExtUtils::Command::MM" "-MTest::Harness" "-e" "undef *Test::Harness::Switches; test_harness(0, 'blib/lib', 'blib/arch')" t/*.t
Can't use 'defined(@array)' (Maybe you should just omit the defined()?) at /home/liveapp/.cpanm/work/1659504824.2964759/Test-Unit-0.25/blib/lib/Test/Unit/TestCase.pm line 106.
Compilation failed in require at /home/liveapp/.cpanm/work/1659504824.2964759/Test-Unit-0.25/blib/lib/Test/Unit/TestSuite.pm line 15.
BEGIN failed--compilation aborted at /home/liveapp/.cpanm/work/1659504824.2964759/Test-Unit-0.25/blib/lib/Test/Unit/TestSuite.pm line 15.
Compilation failed in require at /home/liveapp/.cpanm/work/1659504824.2964759/Test-Unit-0.25/blib/lib/Test/Unit/Loader.pm line 7.
BEGIN failed--compilation aborted at /home/liveapp/.cpanm/work/1659504824.2964759/Test-Unit-0.25/blib/lib/Test/Unit/Loader.pm line 7.
Compilation failed in require at /home/liveapp/.cpanm/work/1659504824.2964759/Test-Unit-0.25/blib/lib/Test/Unit/Listener.pm line 2.
BEGIN failed--compilation aborted at /home/liveapp/.cpanm/work/1659504824.2964759/Test-Unit-0.25/blib/lib/Test/Unit/Listener.pm line 2.
Compilation failed in require at /home/liveapp/.plenv/versions/5.37.2/lib/perl5/5.37.2/base.pm line 137.
...propagated at /home/liveapp/.plenv/versions/5.37.2/lib/perl5/5.37.2/base.pm line 159.
BEGIN failed--compilation aborted at /home/liveapp/.cpanm/work/1659504824.2964759/Test-Unit-0.25/blib/lib/Test/Unit/Runner.pm line 25.
Compilation failed in require at /home/liveapp/.plenv/versions/5.37.2/lib/perl5/5.37.2/base.pm line 137.
...propagated at /home/liveapp/.plenv/versions/5.37.2/lib/perl5/5.37.2/base.pm line 159.
BEGIN failed--compilation aborted at /home/liveapp/.cpanm/work/1659504824.2964759/Test-Unit-0.25/blib/lib/Test/Unit/HarnessUnit.pm line 6.
Compilation failed in require at t/all_tests.t line 6.
BEGIN failed--compilation aborted at t/all_tests.t line 6.
t/all_tests.t .....
Dubious, test returned 255 (wstat 65280, 0xff00)
No subtests run
Can't use 'defined(@array)' (Maybe you should just omit the defined()?) at /home/liveapp/.cpanm/work/1659504824.2964759/Test-Unit-0.25/blib/lib/Test/Unit/TestCase.pm line 106.
Compilation failed in require at /home/liveapp/.cpanm/work/1659504824.2964759/Test-Unit-0.25/blib/lib/Test/Unit/TestSuite.pm line 15.
BEGIN failed--compilation aborted at /home/liveapp/.cpanm/work/1659504824.2964759/Test-Unit-0.25/blib/lib/Test/Unit/TestSuite.pm line 15.
Compilation failed in require at /home/liveapp/.cpanm/work/1659504824.2964759/Test-Unit-0.25/blib/lib/Test/Unit/Loader.pm line 7.
BEGIN failed--compilation aborted at /home/liveapp/.cpanm/work/1659504824.2964759/Test-Unit-0.25/blib/lib/Test/Unit/Loader.pm line 7.
Compilation failed in require at /home/liveapp/.cpanm/work/1659504824.2964759/Test-Unit-0.25/blib/lib/Test/Unit/Listener.pm line 2.
BEGIN failed--compilation aborted at /home/liveapp/.cpanm/work/1659504824.2964759/Test-Unit-0.25/blib/lib/Test/Unit/Listener.pm line 2.
Compilation failed in require at /home/liveapp/.plenv/versions/5.37.2/lib/perl5/5.37.2/base.pm line 137.
...propagated at /home/liveapp/.plenv/versions/5.37.2/lib/perl5/5.37.2/base.pm line 159.
BEGIN failed--compilation aborted at /home/liveapp/.cpanm/work/1659504824.2964759/Test-Unit-0.25/blib/lib/Test/Unit/Runner.pm line 25.
Compilation failed in require at /home/liveapp/.plenv/versions/5.37.2/lib/perl5/5.37.2/base.pm line 137.
...propagated at /home/liveapp/.plenv/versions/5.37.2/lib/perl5/5.37.2/base.pm line 159.
BEGIN failed--compilation aborted at /home/liveapp/.cpanm/work/1659504824.2964759/Test-Unit-0.25/blib/lib/Test/Unit/HarnessUnit.pm line 6.
Compilation failed in require at t/assert.t line 5.
BEGIN failed--compilation aborted at t/assert.t line 5.
t/assert.t ........
Dubious, test returned 255 (wstat 65280, 0xff00)
No subtests run
# Test 1 got: "Can't use 'defined(@array)' (Maybe you should just omit the defined()?) at /home/liveapp/.cpanm/work/1659504824.2964759/Test-Unit-0.25/blib/lib/Test/Unit/TestCase.pm line 106.\n# Compilation failed in require at /home/liveapp/.cpanm/work/1659504824.2964759/Test-Unit-0.25/blib/lib/Test/Unit/TestSuite.pm line 15.\n# BEGIN failed--compilation aborted at /home/liveapp/.cpanm/work/1659504824.2964759/Test-Unit-0.25/blib/lib/Test/Unit/TestSuite.pm line 15.\n# Compilation failed in require at /home/liveapp/.cpanm/work/1659504824.2964759/Test-Unit-0.25/blib/lib/Test/Unit/Loader.pm line 7.\n# BEGIN failed--compilation aborted at /home/liveapp/.cpanm/work/1659504824.2964759/Test-Unit-0.25/blib/lib/Test/Unit/Loader.pm line 7.\n# Compilation failed in require at /home/liveapp/.cpanm/work/1659504824.2964759/Test-Unit-0.25/blib/lib/Test/Unit/Listener.pm line 2.\n# BEGIN failed--compilation aborted at /home/liveapp/.cpanm/work/1659504824.2964759/Test-Unit-0.25/blib/lib/Test/Unit/Listener.pm line 2.\n# Compilation failed in require at /home/liveapp/.plenv/versions/5.37.2/lib/perl5/5.37.2/base.pm line 137.\n# \t...propagated at /home/liveapp/.plenv/versions/5.37.2/lib/perl5/5.37.2/base.pm line 159.\n# BEGIN failed--compilation aborted at /home/liveapp/.cpanm/work/1659504824.2964759/Test-Unit-0.25/blib/lib/Test/Unit/Runner.pm line 25.\n# Compilation failed in require at /home/liveapp/.plenv/versions/5.37.2/lib/perl5/5.37.2/base.pm line 137.\n# \t...propagated at /home/liveapp/.plenv/versions/5.37.2/lib/perl5/5.37.2/base.pm line 159.\n# BEGIN failed--compilation aborted at /home/liveapp/.cpanm/work/1659504824.2964759/Test-Unit-0.25/blib/lib/Test/Unit/TestRunner.pm line 4.\n# Compilation failed in require at ./TestRunner.pl line 6.\n# BEGIN failed--compilation aborted at ./TestRunner.pl line 6.\n# " (t/try_examples.t at line 106)
# Expected: "Suite setup\n# TEST-RUN-SUMMARY\n# \n# TIME-SUMMARY\n# \n# !!!FAILURES!!!\n# Test Results:\n# Run: 2, Failures: 1, Errors: 0\n# \n# There was 1 failure:\n# 1) examples/fail_example.pm:19 - test_fail(fail_example)\n# Born to lose ...\n# \n# Test was not successful.\n# "
# Lines 1-14 are changed:
# - "Suite setup\n"
# + "Can't use 'defined(@array)' (Maybe you should just omit the defined()?) at /home/liveapp/.cpanm/work/1659504824.2964759/Test-Unit-0.25/blib/lib/Test/Unit/TestCase.pm line 106.\n"
# - "# TEST-RUN-SUMMARY\n"
# + "# Compilation failed in require at /home/liveapp/.cpanm/work/1659504824.2964759/Test-Unit-0.25/blib/lib/Test/Unit/TestSuite.pm line 15.\n"
# - "# \n"
# + "# BEGIN failed--compilation aborted at /home/liveapp/.cpanm/work/1659504824.2964759/Test-Unit-0.25/blib/lib/Test/Unit/TestSuite.pm line 15.\n"
# - "# TIME-SUMMARY\n"
# + "# Compilation failed in require at /home/liveapp/.cpanm/work/1659504824.2964759/Test-Unit-0.25/blib/lib/Test/Unit/Loader.pm line 7.\n"
# - "# \n"
# + "# BEGIN failed--compilation aborted at /home/liveapp/.cpanm/work/1659504824.2964759/Test-Unit-0.25/blib/lib/Test/Unit/Loader.pm line 7.\n"
# - "# !!!FAILURES!!!\n"
# + "# Compilation failed in require at /home/liveapp/.cpanm/work/1659504824.2964759/Test-Unit-0.25/blib/lib/Test/Unit/Listener.pm line 2.\n"
# - "# Test Results:\n"
# + "# BEGIN failed--compilation aborted at /home/liveapp/.cpanm/work/1659504824.2964759/Test-Unit-0.25/blib/lib/Test/Unit/Listener.pm line 2.\n"
# - "# Run: 2, Failures: 1, Errors: 0\n"
# + "# Compilation failed in require at /home/liveapp/.plenv/versions/5.37.2/lib/perl5/5.37.2/base.pm line 137.\n"
# - "# \n"
# + "# \t...propagated at /home/liveapp/.plenv/versions/5.37.2/lib/perl5/5.37.2/base.pm line 159.\n"
# - "# There was 1 failure:\n"
# + "# BEGIN failed--compilation aborted at /home/liveapp/.cpanm/work/1659504824.2964759/Test-Unit-0.25/blib/lib/Test/Unit/Runner.pm line 25.\n"
# - "# 1) examples/fail_example.pm:19 - test_fail(fail_example)\n"
# + "# Compilation failed in require at /home/liveapp/.plenv/versions/5.37.2/lib/perl5/5.37.2/base.pm line 137.\n"
# - "# Born to lose ...\n"
# + "# \t...propagated at /home/liveapp/.plenv/versions/5.37.2/lib/perl5/5.37.2/base.pm line 159.\n"
# - "# \n"
# + "# BEGIN failed--compilation aborted at /home/liveapp/.cpanm/work/1659504824.2964759/Test-Unit-0.25/blib/lib/Test/Unit/TestRunner.pm line 4.\n"
# - "# Test was not successful.\n"
# + "# Compilation failed in require at ./TestRunner.pl line 6.\n"
# Got 1 extra line at line 15:
# + "# BEGIN failed--compilation aborted at ./TestRunner.pl line 6.\n"
# t/try_examples.t line 106 is: ok($out, $guru_checked{$e});
# Test 2 got: "Can't use 'defined(@array)' (Maybe you should just omit the defined()?) at /home/liveapp/.cpanm/work/1659504824.2964759/Test-Unit-0.25/blib/lib/Test/Unit/TestCase.pm line 106.\n# Compilation failed in require at /home/liveapp/.cpanm/work/1659504824.2964759/Test-Unit-0.25/blib/lib/Test/Unit/TestSuite.pm line 15.\n# BEGIN failed--compilation aborted at /home/liveapp/.cpanm/work/1659504824.2964759/Test-Unit-0.25/blib/lib/Test/Unit/TestSuite.pm line 15.\n# Compilation failed in require at /home/liveapp/.cpanm/work/1659504824.2964759/Test-Unit-0.25/blib/lib/Test/Unit/Procedural.pm line 5.\n# BEGIN failed--compilation aborted at /home/liveapp/.cpanm/work/1659504824.2964759/Test-Unit-0.25/blib/lib/Test/Unit/Procedural.pm line 5.\n# Compilation failed in require at examples/patch100132 line 6.\n# BEGIN failed--compilation aborted at examples/patch100132 line 6.\n# " (t/try_examples.t at line 106 fail #2)
# Expected: "...\n# TIME-SUMMARY\n# \n# OK (3 tests)\n# "
# Lines 1-4 are changed:
# - "...\n"
# + "Can't use 'defined(@array)' (Maybe you should just omit the defined()?) at /home/liveapp/.cpanm/work/1659504824.2964759/Test-Unit-0.25/blib/lib/Test/Unit/TestCase.pm line 106.\n"
# - "# TIME-SUMMARY\n"
# + "# Compilation failed in require at /home/liveapp/.cpanm/work/1659504824.2964759/Test-Unit-0.25/blib/lib/Test/Unit/TestSuite.pm line 15.\n"
# - "# \n"
# + "# BEGIN failed--compilation aborted at /home/liveapp/.cpanm/work/1659504824.2964759/Test-Unit-0.25/blib/lib/Test/Unit/TestSuite.pm line 15.\n"
# - "# OK (3 tests)\n"
# + "# Compilation failed in require at /home/liveapp/.cpanm/work/1659504824.2964759/Test-Unit-0.25/blib/lib/Test/Unit/Procedural.pm line 5.\n"
# Got 3 extra lines at line 5:
# + "# BEGIN failed--compilation aborted at /home/liveapp/.cpanm/work/1659504824.2964759/Test-Unit-0.25/blib/lib/Test/Unit/Procedural.pm line 5.\n"
# + "# Compilation failed in require at examples/patch100132 line 6.\n"
# + "# BEGIN failed--compilation aborted at examples/patch100132 line 6.\n"
# Test 3 got: "Can't use 'defined(@array)' (Maybe you should just omit the defined()?) at /home/liveapp/.cpanm/work/1659504824.2964759/Test-Unit-0.25/blib/lib/Test/Unit/TestCase.pm line 106.\n# Compilation failed in require at /home/liveapp/.cpanm/work/1659504824.2964759/Test-Unit-0.25/blib/lib/Test/Unit/TestSuite.pm line 15.\n# BEGIN failed--compilation aborted at /home/liveapp/.cpanm/work/1659504824.2964759/Test-Unit-0.25/blib/lib/Test/Unit/TestSuite.pm line 15.\n# Compilation failed in require at /home/liveapp/.cpanm/work/1659504824.2964759/Test-Unit-0.25/blib/lib/Test/Unit/Procedural.pm line 5.\n# BEGIN failed--compilation aborted at /home/liveapp/.cpanm/work/1659504824.2964759/Test-Unit-0.25/blib/lib/Test/Unit/Procedural.pm line 5.\n# Compilation failed in require at examples/patch100132-1 line 6.\n# BEGIN failed--compilation aborted at examples/patch100132-1 line 6.\n# " (t/try_examples.t at line 106 fail #3)
# Expected: "...\n# TIME-SUMMARY\n# \n# OK (3 tests)\n# "
# Lines 1-4 are changed:
# - "...\n"
# + "Can't use 'defined(@array)' (Maybe you should just omit the defined()?) at /home/liveapp/.cpanm/work/1659504824.2964759/Test-Unit-0.25/blib/lib/Test/Unit/TestCase.pm line 106.\n"
# - "# TIME-SUMMARY\n"
# + "# Compilation failed in require at /home/liveapp/.cpanm/work/1659504824.2964759/Test-Unit-0.25/blib/lib/Test/Unit/TestSuite.pm line 15.\n"
# - "# \n"
# + "# BEGIN failed--compilation aborted at /home/liveapp/.cpanm/work/1659504824.2964759/Test-Unit-0.25/blib/lib/Test/Unit/TestSuite.pm line 15.\n"
# - "# OK (3 tests)\n"
# + "# Compilation failed in require at /home/liveapp/.cpanm/work/1659504824.2964759/Test-Unit-0.25/blib/lib/Test/Unit/Procedural.pm line 5.\n"
# Got 3 extra lines at line 5:
# + "# BEGIN failed--compilation aborted at /home/liveapp/.cpanm/work/1659504824.2964759/Test-Unit-0.25/blib/lib/Test/Unit/Procedural.pm line 5.\n"
# + "# Compilation failed in require at examples/patch100132-1 line 6.\n"
# + "# BEGIN failed--compilation aborted at examples/patch100132-1 line 6.\n"
# Test 4 got: "Can't use 'defined(@array)' (Maybe you should just omit the defined()?) at /home/liveapp/.cpanm/work/1659504824.2964759/Test-Unit-0.25/blib/lib/Test/Unit/TestCase.pm line 106.\n# Compilation failed in require at /home/liveapp/.cpanm/work/1659504824.2964759/Test-Unit-0.25/blib/lib/Test/Unit/TestSuite.pm line 15.\n# BEGIN failed--compilation aborted at /home/liveapp/.cpanm/work/1659504824.2964759/Test-Unit-0.25/blib/lib/Test/Unit/TestSuite.pm line 15.\n# Compilation failed in require at /home/liveapp/.cpanm/work/1659504824.2964759/Test-Unit-0.25/blib/lib/Test/Unit/Procedural.pm line 5.\n# BEGIN failed--compilation aborted at /home/liveapp/.cpanm/work/1659504824.2964759/Test-Unit-0.25/blib/lib/Test/Unit/Procedural.pm line 5.\n# Compilation failed in require at examples/patch100132-2 line 6.\n# BEGIN failed--compilation aborted at examples/patch100132-2 line 6.\n# " (t/try_examples.t at line 106 fail #4)
# Expected: "...\n# TIME-SUMMARY\n# \n# OK (3 tests)\n# "
# Lines 1-4 are changed:
# - "...\n"
# + "Can't use 'defined(@array)' (Maybe you should just omit the defined()?) at /home/liveapp/.cpanm/work/1659504824.2964759/Test-Unit-0.25/blib/lib/Test/Unit/TestCase.pm line 106.\n"
# - "# TIME-SUMMARY\n"
# + "# Compilation failed in require at /home/liveapp/.cpanm/work/1659504824.2964759/Test-Unit-0.25/blib/lib/Test/Unit/TestSuite.pm line 15.\n"
# - "# \n"
# + "# BEGIN failed--compilation aborted at /home/liveapp/.cpanm/work/1659504824.2964759/Test-Unit-0.25/blib/lib/Test/Unit/TestSuite.pm line 15.\n"
# - "# OK (3 tests)\n"
# + "# Compilation failed in require at /home/liveapp/.cpanm/work/1659504824.2964759/Test-Unit-0.25/blib/lib/Test/Unit/Procedural.pm line 5.\n"
# Got 3 extra lines at line 5:
# + "# BEGIN failed--compilation aborted at /home/liveapp/.cpanm/work/1659504824.2964759/Test-Unit-0.25/blib/lib/Test/Unit/Procedural.pm line 5.\n"
# + "# Compilation failed in require at examples/patch100132-2 line 6.\n"
# + "# BEGIN failed--compilation aborted at examples/patch100132-2 line 6.\n"
t/try_examples.t ..
Failed 4/4 subtests
Test Summary Report
-------------------
t/all_tests.t (Wstat: 65280 (exited 255) Tests: 0 Failed: 0)
Non-zero exit status: 255
Parse errors: No plan found in TAP output
t/assert.t (Wstat: 65280 (exited 255) Tests: 0 Failed: 0)
Non-zero exit status: 255
Parse errors: No plan found in TAP output
t/try_examples.t (Wstat: 0 Tests: 4 Failed: 4)
Failed tests: 1-4
Files=3, Tests=4, 0 wallclock secs ( 0.02 usr 0.01 sys + 0.16 cusr 0.03 csys = 0.22 CPU)
Result: FAIL
------------------------------
PREREQUISITES
------------------------------
Prerequisite modules loaded:
No requirements found
------------------------------
ENVIRONMENT AND OTHER CONTEXT
------------------------------
Environment variables:
LANG = C.UTF-8
PATH = /home/liveapp/.plenv/versions/5.37.2/bin:/home/liveapp/.plenv/libexec:/home/liveapp/.plenv/plugins/perl-build/bin:/home/liveapp/cpantesters.new/5.37.2/local/bin:/home/liveapp/.plenv/shims:/home/liveapp/.plenv/bin:/usr/local/sbin:/usr/local/bin:/usr/sbin:/usr/bin:/sbin:/bin:/usr/games:/usr/local/games:/snap/bin
PERL5LIB = /home/liveapp/cpantesters.new/5.37.2/local/lib/perl5
SHELL = /bin/bash
TERM = xterm-256color
Perl special variables (and OS-specific diagnostics, for MSWin32):
EGID = 1001 27 1001
EUID = 1001
EXECUTABLE_NAME = /home/liveapp/.plenv/versions/5.37.2/bin/perl5.37.2
GID = 1001 27 1001
UID = 1001
Perl module toolchain versions installed:
Module Have
------------------- --------
CPAN 2.34
CPAN::Meta 2.150010
Cwd 3.86
ExtUtils::CBuilder 0.280237
ExtUtils::Command 7.64
ExtUtils::Install 2.20
ExtUtils::MakeMaker 7.64
ExtUtils::Manifest 1.73
ExtUtils::ParseXS 3.45
File::Spec 3.86
JSON 4.07
JSON::PP 4.10
Module::Build 0.4231
Module::Signature n/a
Parse::CPAN::Meta 2.150010
Test::Harness 3.44
Test::More 1.302191
YAML 1.30
YAML::Syck 1.34
version 0.9929
--
Summary of my perl5 (revision 5 version 37 subversion 2) configuration:
Platform:
osname=linux
osvers=5.4.0-91-generic
archname=x86_64-linux
uname='linux supremeadmin 5.4.0-91-generic #102-ubuntu smp fri nov 5 16:31:28 utc 2021 x86_64 x86_64 x86_64 gnulinux '
config_args='-Dprefix=/home/liveapp/.plenv/versions/5.37.2 -de -Dversiononly -Dusedevel -A'eval:scriptdir=/home/liveapp/.plenv/versions/5.37.2/bin''
hint=recommended
useposix=true
d_sigaction=define
useithreads=undef
usemultiplicity=undef
use64bitint=define
use64bitall=define
uselongdouble=undef
usemymalloc=n
default_inc_excludes_dot=define
Compiler:
cc='cc'
ccflags ='-fwrapv -fno-strict-aliasing -pipe -fstack-protector-strong -I/usr/local/include -D_LARGEFILE_SOURCE -D_FILE_OFFSET_BITS=64'
optimize='-O2'
cppflags='-fwrapv -fno-strict-aliasing -pipe -fstack-protector-strong -I/usr/local/include'
ccversion=''
gccversion='9.4.0'
gccosandvers=''
intsize=4
longsize=8
ptrsize=8
doublesize=8
byteorder=12345678
doublekind=3
d_longlong=define
longlongsize=8
d_longdbl=define
longdblsize=16
longdblkind=3
ivtype='long'
ivsize=8
nvtype='double'
nvsize=8
Off_t='off_t'
lseeksize=8
alignbytes=8
prototype=define
Linker and Libraries:
ld='cc'
ldflags =' -fstack-protector-strong -L/usr/local/lib'
libpth=/usr/local/lib /usr/lib/x86_64-linux-gnu /usr/lib /lib/x86_64-linux-gnu /lib
libs=-lpthread -lnsl -ldl -lm -lcrypt -lutil -lc
perllibs=-lpthread -lnsl -ldl -lm -lcrypt -lutil -lc
libc=libc-2.31.so
so=so
useshrplib=false
libperl=libperl.a
gnulibc_version='2.31'
Dynamic Linking:
dlsrc=dl_dlopen.xs
dlext=so
d_dlsymun=undef
ccdlflags='-Wl,-E'
cccdlflags='-fPIC'
lddlflags='-shared -O2 -L/usr/local/lib -fstack-protector-strong'
Characteristics of this binary (from libperl):
Compile-time options:
HAS_TIMES
PERLIO_LAYERS
PERL_COPY_ON_WRITE
PERL_DONT_CREATE_GVSV
PERL_MALLOC_WRAP
PERL_OP_PARENT
PERL_PRESERVE_IVUV
PERL_USE_DEVEL
PERL_USE_SAFE_PUTENV
USE_64_BIT_ALL
USE_64_BIT_INT
USE_LARGE_FILES
USE_LOCALE
USE_LOCALE_COLLATE
USE_LOCALE_CTYPE
USE_LOCALE_NUMERIC
USE_LOCALE_TIME
USE_PERLIO
USE_PERL_ATOF
Built under linux
Compiled at Jul 24 2022 00:52:09
%ENV:
PERL5LIB="/home/liveapp/cpantesters.new/5.37.2/local/lib/perl5"
@INC:
/home/liveapp/cpantesters.new/5.37.2/local/lib/perl5
/home/liveapp/.plenv/versions/5.37.2/lib/perl5/site_perl/5.37.2/x86_64-linux
/home/liveapp/.plenv/versions/5.37.2/lib/perl5/site_perl/5.37.2
/home/liveapp/.plenv/versions/5.37.2/lib/perl5/5.37.2/x86_64-linux
/home/liveapp/.plenv/versions/5.37.2/lib/perl5/5.37.2