Project2-Gantt v0.008 Perl 5 v5.32.0 i686-linux-quadmath

Status
Fail
From
David Cantrell (DCANTRELL)
Dist
Project2-Gantt v0.008
Platform
Perl 5 v5.32.0 i686-linux-quadmath
Date
2023-02-16 04:10:26
ID
d79a30b6-adaf-11ed-a29e-f04ab74b8ef9
This distribution has been tested as part of the CPAN Testers
project, supporting the Perl programming language.  See
http://wiki.cpantesters.org/ for more information or email
questions to cpan-testers-discuss@perl.org


--
Dear Bruno Ramos,

This is a computer-generated report for Project2-Gantt-0.008
on perl 5.32.0, created by CPAN-Reporter-1.2018.

Thank you for uploading your work to CPAN.  However, there was a problem
testing your distribution.

If you think this report is invalid, please consult the CPAN Testers Wiki
for suggestions on how to avoid getting FAIL reports for missing library
or binary dependencies, unsupported operating systems, and so on:

http://wiki.cpantesters.org/wiki/CPANAuthorNotes

Sections of this report:

    * Tester comments
    * Program output
    * Prerequisites
    * Environment and other context

------------------------------
TESTER COMMENTS
------------------------------

Additional comments from tester:

this report is from an automated smoke testing program
and was not reviewed by a human for accuracy

------------------------------
PROGRAM OUTPUT
------------------------------

Output from '/usr/bin/make test':

PERL_DL_NONLAZY=1 "/home/david/cpantesting/perl-5.32.0-quadmath/bin/perl" "-MExtUtils::Command::MM" "-MTest::Harness" "-e" "undef *Test::Harness::Switches; test_harness(0, 'blib/lib', 'blib/arch')" t/*.t
# 
# Versions for all modules listed in MYMETA.json (including optional ones):
# 
# === Configure Requires ===
# 
#     Module              Want Have
#     ------------------- ---- ----
#     ExtUtils::MakeMaker  any 7.44
# 
# === Build Requires ===
# 
#     Module              Want Have
#     ------------------- ---- ----
#     ExtUtils::MakeMaker  any 7.44
# 
# === Test Requires ===
# 
#     Module              Want     Have
#     ------------------- ---- --------
#     ExtUtils::MakeMaker  any     7.44
#     File::Find::Rule     any     0.34
#     File::Spec           any     3.78
#     Test::Directory      any    0.051
#     Test::More           any 1.302192
# 
# === Test Recommends ===
# 
#     Module         Want     Have
#     ---------- -------- --------
#     CPAN::Meta 2.120900 2.150010
# 
# === Runtime Requires ===
# 
#     Module       Want     Have
#     ----------- ----- --------
#     Imager      1.019    1.019
#     Mojolicious  9.31     9.31
#     perl        5.020 5.032000
# 
# === Runtime Recommends ===
# 
#     Module             Want    Have
#     ----------------- ----- -------
#     Alien::Font::Vera 0.013 missing
# 
t/00-report-prereqs.t .. ok
# Project2::Gantt

#   Failed test 'require Project2::Gantt;'
#   at t/compile.t line 16.
#     Tried to require 'Project2::Gantt'.
#     Error:  Can't locate Alien/Font/Vera.pm in @INC (you may need to install the Alien::Font::Vera module) (@INC contains: /home/david/cpantesting/perl-5.32.0-quadmath/.cpan/build/Project2-Gantt-0.008-0/blib/lib /home/david/cpantesting/perl-5.32.0-quadmath/.cpan/build/Project2-Gantt-0.008-0/blib/arch /home/david/cpantesting/perl-5.32.0-quadmath/lib/site_perl/5.32.0/i686-linux-quadmath /home/david/cpantesting/perl-5.32.0-quadmath/lib/site_perl/5.32.0 /home/david/cpantesting/perl-5.32.0-quadmath/lib/5.32.0/i686-linux-quadmath /home/david/cpantesting/perl-5.32.0-quadmath/lib/5.32.0) at /home/david/cpantesting/perl-5.32.0-quadmath/.cpan/build/Project2-Gantt-0.008-0/blib/lib/Project2/Gantt/Skin.pm line 5.
# BEGIN failed--compilation aborted at /home/david/cpantesting/perl-5.32.0-quadmath/.cpan/build/Project2-Gantt-0.008-0/blib/lib/Project2/Gantt/Skin.pm line 5.
# Compilation failed in require at /home/david/cpantesting/perl-5.32.0-quadmath/.cpan/build/Project2-Gantt-0.008-0/blib/lib/Project2/Gantt.pm line 11.
# BEGIN failed--compilation aborted at /home/david/cpantesting/perl-5.32.0-quadmath/.cpan/build/Project2-Gantt-0.008-0/blib/lib/Project2/Gantt.pm line 11.
# Compilation failed in require at (eval 37) line 2.
# Project2::Gantt::Globals
# Project2::Gantt::DateUtils
# Project2::Gantt::TimeSpan
# Project2::Gantt::GanttHeader
# Project2::Gantt::ImageWriter
# Project2::Gantt::SpanInfo
# Project2::Gantt::Skin

#   Failed test 'require Project2::Gantt::Skin;'
#   at t/compile.t line 16.
#     Tried to require 'Project2::Gantt::Skin'.
#     Error:  Attempt to reload Project2/Gantt/Skin.pm aborted.
# Compilation failed in require at (eval 73) line 2.
# Project2::Gantt::Task
# Project2::Gantt::TextUtils
# Project2::Gantt::Resource
# Project2::Gantt::Skin::Small
# Project2::Gantt::Skin::Medium
# Project2::Gantt::Skin::Large
# Looks like you failed 2 tests of 14.
t/compile.t ............ 
Dubious, test returned 2 (wstat 512, 0x200)
Failed 2/14 subtests 
Can't locate Alien/Font/Vera.pm in @INC (you may need to install the Alien::Font::Vera module) (@INC contains: /home/david/cpantesting/perl-5.32.0-quadmath/.cpan/build/Project2-Gantt-0.008-0/blib/lib /home/david/cpantesting/perl-5.32.0-quadmath/.cpan/build/Project2-Gantt-0.008-0/blib/arch /home/david/cpantesting/perl-5.32.0-quadmath/lib/site_perl/5.32.0/i686-linux-quadmath /home/david/cpantesting/perl-5.32.0-quadmath/lib/site_perl/5.32.0 /home/david/cpantesting/perl-5.32.0-quadmath/lib/5.32.0/i686-linux-quadmath /home/david/cpantesting/perl-5.32.0-quadmath/lib/5.32.0) at /home/david/cpantesting/perl-5.32.0-quadmath/.cpan/build/Project2-Gantt-0.008-0/blib/lib/Project2/Gantt/Skin.pm line 5.
BEGIN failed--compilation aborted at /home/david/cpantesting/perl-5.32.0-quadmath/.cpan/build/Project2-Gantt-0.008-0/blib/lib/Project2/Gantt/Skin.pm line 5.
Compilation failed in require at /home/david/cpantesting/perl-5.32.0-quadmath/.cpan/build/Project2-Gantt-0.008-0/blib/lib/Project2/Gantt.pm line 11.
BEGIN failed--compilation aborted at /home/david/cpantesting/perl-5.32.0-quadmath/.cpan/build/Project2-Gantt-0.008-0/blib/lib/Project2/Gantt.pm line 11.
Compilation failed in require at t/gantt-hours.t line 7.
BEGIN failed--compilation aborted at t/gantt-hours.t line 7.
t/gantt-hours.t ........ 
Dubious, test returned 2 (wstat 512, 0x200)
No subtests run 
Can't locate Alien/Font/Vera.pm in @INC (you may need to install the Alien::Font::Vera module) (@INC contains: /home/david/cpantesting/perl-5.32.0-quadmath/.cpan/build/Project2-Gantt-0.008-0/blib/lib /home/david/cpantesting/perl-5.32.0-quadmath/.cpan/build/Project2-Gantt-0.008-0/blib/arch /home/david/cpantesting/perl-5.32.0-quadmath/lib/site_perl/5.32.0/i686-linux-quadmath /home/david/cpantesting/perl-5.32.0-quadmath/lib/site_perl/5.32.0 /home/david/cpantesting/perl-5.32.0-quadmath/lib/5.32.0/i686-linux-quadmath /home/david/cpantesting/perl-5.32.0-quadmath/lib/5.32.0) at /home/david/cpantesting/perl-5.32.0-quadmath/.cpan/build/Project2-Gantt-0.008-0/blib/lib/Project2/Gantt/Skin.pm line 5.
BEGIN failed--compilation aborted at /home/david/cpantesting/perl-5.32.0-quadmath/.cpan/build/Project2-Gantt-0.008-0/blib/lib/Project2/Gantt/Skin.pm line 5.
Compilation failed in require at /home/david/cpantesting/perl-5.32.0-quadmath/.cpan/build/Project2-Gantt-0.008-0/blib/lib/Project2/Gantt.pm line 11.
BEGIN failed--compilation aborted at /home/david/cpantesting/perl-5.32.0-quadmath/.cpan/build/Project2-Gantt-0.008-0/blib/lib/Project2/Gantt.pm line 11.
Compilation failed in require at t/project2_gantt.t line 6.
BEGIN failed--compilation aborted at t/project2_gantt.t line 6.
t/project2_gantt.t ..... 
Dubious, test returned 2 (wstat 512, 0x200)
No subtests run 
t/time_piece.t ......... ok

Test Summary Report
-------------------
t/compile.t          (Wstat: 512 Tests: 14 Failed: 2)
  Failed tests:  1, 8
  Non-zero exit status: 2
t/gantt-hours.t      (Wstat: 512 Tests: 0 Failed: 0)
  Non-zero exit status: 2
  Parse errors: No plan found in TAP output
t/project2_gantt.t   (Wstat: 512 Tests: 0 Failed: 0)
  Non-zero exit status: 2
  Parse errors: No plan found in TAP output
Files=5, Tests=18, 13 wallclock secs ( 0.07 usr  0.00 sys +  2.07 cusr  0.22 csys =  2.36 CPU)
Result: FAIL
Failed 3/5 test programs. 2/18 subtests failed.
make: *** [Makefile:876: test_dynamic] Error 255

------------------------------
PREREQUISITES
------------------------------

Prerequisite modules loaded:

requires:

    Module              Need  Have    
    ------------------- ----- --------
    Imager              1.019 1.019   
    Mojolicious         9.31  9.31    
    perl                5.020 5.032000

build_requires:

    Module              Need  Have    
    ------------------- ----- --------
    ExtUtils::MakeMaker 0     7.44    
    File::Find::Rule    0     0.34    
    File::Spec          0     3.78    
    Test::Directory     0     0.051   
    Test::More          0     1.302192

configure_requires:

    Module              Need  Have    
    ------------------- ----- --------
    ExtUtils::MakeMaker 0     7.44    


------------------------------
ENVIRONMENT AND OTHER CONTEXT
------------------------------

Environment variables:

    AUTOMATED_TESTING = 1
    LANG = en_GB.UTF-8
    LANGUAGE = en_GB:en
    LC_TERMINAL = iTerm2
    LC_TERMINAL_VERSION = 3.4.19
    NONINTERACTIVE_TESTING = 1
    PATH = /home/david/.cargo/bin:/home/david/perl5/perlbrew/bin:/home/david/perl5/perlbrew/perls/perl-5.32.0/bin:/home/david/bin:/usr/local/bin:/usr/bin:/bin:/usr/local/games:/usr/games
    PERL = 5.32.0-quadmath
    PERL5LIB = 
    PERL5OPT = 
    PERL5_CPANPLUS_IS_RUNNING = 15845
    PERL5_CPAN_IS_RUNNING = 15845
    PERLBREW_HOME = /home/david/.perlbrew
    PERLBREW_MANPATH = /home/david/perl5/perlbrew/perls/perl-5.32.0/man
    PERLBREW_PATH = /home/david/perl5/perlbrew/bin:/home/david/perl5/perlbrew/perls/perl-5.32.0/bin
    PERLBREW_PERL = perl-5.32.0
    PERLBREW_ROOT = /home/david/perl5/perlbrew
    PERLBREW_SHELLRC_VERSION = 0.89
    PERLBREW_VERSION = 0.89
    PERLVER = 5.32.0-quadmath
    PERL_INLINE_DIRECTORY = /home/david/.Inline-5.32.0-quadmath
    PERL_MM_USE_DEFAULT = 1
    PERL_USE_UNSAFE_INC = 0
    SHELL = /bin/bash
    TERM = screen

Perl special variables (and OS-specific diagnostics, for MSWin32):

    $^X = /home/david/cpantesting/perl-5.32.0-quadmath/bin/perl
    $UID/$EUID = 1000 / 1000
    $GID = 1000 24 25 27 29 30 44 46 109 1000
    $EGID = 1000 24 25 27 29 30 44 46 109 1000

Perl module toolchain versions installed:

    Module              Have    
    ------------------- --------
    CPAN                2.27    
    CPAN::Meta          2.150010
    Cwd                 3.78    
    ExtUtils::CBuilder  0.280234
    ExtUtils::Command   7.44    
    ExtUtils::Install   2.14    
    ExtUtils::MakeMaker 7.44    
    ExtUtils::Manifest  1.72    
    ExtUtils::ParseXS   3.40    
    File::Spec          3.78    
    JSON                n/a     
    JSON::PP            4.04    
    Module::Build       0.4232  
    Module::Signature   n/a     
    Parse::CPAN::Meta   2.150010
    Test::Harness       3.42    
    Test::More          1.302192
    YAML                n/a     
    YAML::Syck          n/a     
    version             0.9924  


--

Summary of my perl5 (revision 5 version 32 subversion 0) configuration:
   
  Platform:
    osname=linux
    osvers=5.10.0-11-686-pae
    archname=i686-linux-quadmath
    uname='linux cpantesting-linux-32bit-utm 5.10.0-11-686-pae #1 smp debian 5.10.92-1 (2022-01-18) i686 gnulinux '
    config_args='-de -Dusequadmath -Dprefix=/home/david/cpantesting/perl-5.32.0-quadmath'
    hint=recommended
    useposix=true
    d_sigaction=define
    useithreads=undef
    usemultiplicity=undef
    use64bitint=undef
    use64bitall=undef
    uselongdouble=undef
    usemymalloc=n
    default_inc_excludes_dot=define
    bincompat5005=undef
  Compiler:
    cc='cc'
    ccflags ='-fwrapv -fno-strict-aliasing -pipe -fstack-protector-strong -I/usr/local/include -D_LARGEFILE_SOURCE -D_FILE_OFFSET_BITS=64 -D_FORTIFY_SOURCE=2'
    optimize='-O2'
    cppflags='-fwrapv -fno-strict-aliasing -pipe -fstack-protector-strong -I/usr/local/include'
    ccversion=''
    gccversion='10.2.1 20210110'
    gccosandvers=''
    intsize=4
    longsize=4
    ptrsize=4
    doublesize=8
    byteorder=1234
    doublekind=3
    d_longlong=define
    longlongsize=8
    d_longdbl=define
    longdblsize=12
    longdblkind=3
    ivtype='long'
    ivsize=4
    nvtype='__float128'
    nvsize=16
    Off_t='off_t'
    lseeksize=8
    alignbytes=16
    prototype=define
  Linker and Libraries:
    ld='cc'
    ldflags =' -fstack-protector-strong -L/usr/local/lib'
    libpth=/usr/local/lib /usr/include/i386-linux-gnu /usr/lib /lib/i386-linux-gnu /lib/../lib /usr/lib/i386-linux-gnu /usr/lib/../lib /lib /lib64 /usr/lib64
    libs=-lpthread -lnsl -ldl -lm -lcrypt -lutil -lc -lquadmath
    perllibs=-lpthread -lnsl -ldl -lm -lcrypt -lutil -lc -lquadmath
    libc=libc-2.31.so
    so=so
    useshrplib=false
    libperl=libperl.a
    gnulibc_version='2.31'
  Dynamic Linking:
    dlsrc=dl_dlopen.xs
    dlext=so
    d_dlsymun=undef
    ccdlflags='-Wl,-E'
    cccdlflags='-fPIC'
    lddlflags='-shared -O2 -L/usr/local/lib -fstack-protector-strong'


Characteristics of this binary (from libperl): 
  Compile-time options:
    HAS_TIMES
    PERLIO_LAYERS
    PERL_COPY_ON_WRITE
    PERL_DONT_CREATE_GVSV
    PERL_MALLOC_WRAP
    PERL_OP_PARENT
    PERL_PRESERVE_IVUV
    USE_LARGE_FILES
    USE_LOCALE
    USE_LOCALE_COLLATE
    USE_LOCALE_CTYPE
    USE_LOCALE_NUMERIC
    USE_LOCALE_TIME
    USE_PERLIO
    USE_PERL_ATOF
    USE_QUADMATH
  Built under linux
  Compiled at Feb  8 2022 09:50:35
  %ENV:
    PERL="5.32.0-quadmath"
    PERL5LIB=""
    PERL5OPT=""
    PERL5_CPANPLUS_IS_RUNNING="15845"
    PERL5_CPAN_IS_RUNNING="15845"
    PERLBREW_HOME="/home/david/.perlbrew"
    PERLBREW_MANPATH="/home/david/perl5/perlbrew/perls/perl-5.32.0/man"
    PERLBREW_PATH="/home/david/perl5/perlbrew/bin:/home/david/perl5/perlbrew/perls/perl-5.32.0/bin"
    PERLBREW_PERL="perl-5.32.0"
    PERLBREW_ROOT="/home/david/perl5/perlbrew"
    PERLBREW_SHELLRC_VERSION="0.89"
    PERLBREW_VERSION="0.89"
    PERLVER="5.32.0-quadmath"
    PERL_INLINE_DIRECTORY="/home/david/.Inline-5.32.0-quadmath"
    PERL_MM_USE_DEFAULT="1"
    PERL_USE_UNSAFE_INC="0"
  @INC:
    /home/david/cpantesting/perl-5.32.0-quadmath/lib/site_perl/5.32.0/i686-linux-quadmath
    /home/david/cpantesting/perl-5.32.0-quadmath/lib/site_perl/5.32.0
    /home/david/cpantesting/perl-5.32.0-quadmath/lib/5.32.0/i686-linux-quadmath
    /home/david/cpantesting/perl-5.32.0-quadmath/lib/5.32.0