IPC-Run v20200505.0 Perl 5 v5.22.1 MSWin32-x86-multi-thread-64int
- Status
- Fail
- From
- Alexandr Ciornii (CHORNY)
- Dist
-
IPC-Run v20200505.0
- Platform
- Perl 5 v5.22.1 MSWin32-x86-multi-thread-64int
- Date
- 2020-07-09 17:05:13
- ID
- d769e710-6bf8-1014-b311-6c20b45f8bc7
This distribution has been tested as part of the CPAN Testers
project, supporting the Perl programming language. See
http://wiki.cpantesters.org/ for more information or email
questions to cpan-testers-discuss@perl.org
--
Dear Todd Rinaldo,
This is a computer-generated report for IPC-Run-20200505.0
on perl 5.22.1, created by CPAN-Reporter-1.2018_01.
Thank you for uploading your work to CPAN. However, there was a problem
testing your distribution.
If you think this report is invalid, please consult the CPAN Testers Wiki
for suggestions on how to avoid getting FAIL reports for missing library
or binary dependencies, unsupported operating systems, and so on:
http://wiki.cpantesters.org/wiki/CPANAuthorNotes
Sections of this report:
* Tester comments
* Program output
* Prerequisites
* Environment and other context
------------------------------
TESTER COMMENTS
------------------------------
Additional comments from tester:
this report is from an automated smoke testing program
and was not reviewed by a human for accuracy
------------------------------
PROGRAM OUTPUT
------------------------------
Output from 'C:\STRAWB~1\c\bin\dmake.exe test':
"C:\Strawberry221\perl\bin\perl.exe" "-MExtUtils::Command::MM" "-MTest::Harness" "-e" "undef *Test::Harness::Switches; test_harness(0, 'blib\lib', 'blib\arch')" t/*.t
t/adopt.t ............................ skipped: adopt not implemented yet
t/autoflush.t ........................ ok
t/autovivifyfh.t ..................... ok
t/binmode.t .......................... ok
t/bogus.t ............................ ok
Can't spawn a subroutine on Win32 at t/child_fd_inadvertently_closed.t line 60.
No command before '3<' at t/child_fd_inadvertently_closed.t line 60.
Unexpected SCALAR(0xe716a4) in harness() parameter 7 at t/child_fd_inadvertently_closed.t line 60.
# Looks like your test exited with 25 before it could output anything.
t/child_fd_inadvertently_closed.t ....
Dubious, test returned 25 (wstat 6400, 0x1900)
Failed 1/1 subtests
No such signal: SIGUSR1 at t/eintr.t line 27.
t/eintr.t ............................ skipped: can't deliver a signal on this platform
t/filter.t ........................... ok
t/harness.t .......................... ok
t/io.t ............................... ok
t/kill_kill.t ........................ skipped: Temporarily ignoring test failure on Win32
t/parallel.t ......................... skipped: Parallel tests are dangerous on MSWin32
permission denied: t/parent_and_child_fds_match.t at t/parent_and_child_fds_match.t line 53.
# Looks like your test exited with 25 just after 1.
t/parent_and_child_fds_match.t .......
Dubious, test returned 25 (wstat 6400, 0x1900)
Failed 2/3 subtests
t/pty.t .............................. skipped: IO::Pty not installed
t/pump.t ............................. ok
t/readonly.t ......................... ok
t/run.t .............................. ok
t/run_stdin-callback-return-array.t .. ok
t/signal.t ........................... skipped: Skipping on Win32
Warning: unable to close filehandle GEN25 properly: Bad file descriptor during global destruction.
t/timeout.t .......................... ok
t/timer.t ............................ ok
t/utf8.t ............................. skipped: no cat on Windows
Constant subroutine IPPROTO_TCP redefined at C:/Strawberry221/perl/lib/Socket.pm line 4294967295.
t/win32_compile.t .................... ok
t/win32_newlines.t ................... skipped: Skipping when not on Win32
t/windows_search_path.t .............. ok
Test Summary Report
-------------------
t/child_fd_inadvertently_closed.t (Wstat: 6400 Tests: 0 Failed: 0)
Non-zero exit status: 25
Parse errors: Bad plan. You planned 1 tests but ran 0.
t/parent_and_child_fds_match.t (Wstat: 6400 Tests: 1 Failed: 0)
Non-zero exit status: 25
Parse errors: Bad plan. You planned 3 tests but ran 1.
Files=25, Tests=676, 40 wallclock secs ( 0.31 usr + 0.20 sys = 0.51 CPU)
Result: FAIL
Failed 2/25 test programs. 0/676 subtests failed.
dmake.exe: Error code 255, while making 'test_dynamic'
------------------------------
PREREQUISITES
------------------------------
Prerequisite modules loaded:
requires:
Module Need Have
------------------- ------ --------
Test::More 0.47 1.302175
Win32::Process 0.14 0.16
Win32API::File 0.1203 0.1203
build_requires:
Module Need Have
------------------- ------ --------
ExtUtils::MakeMaker 0 7.10
configure_requires:
Module Need Have
------------------- ------ --------
ExtUtils::MakeMaker 0 7.10
------------------------------
ENVIRONMENT AND OTHER CONTEXT
------------------------------
Environment variables:
AUTOMATED_TESTING = 1
COMSPEC = C:\WINDOWS\system32\cmd.exe
NUMBER_OF_PROCESSORS = 1
PATH = C:\WINDOWS\system32;C:\WINDOWS;C:\WINDOWS\System32\Wbem;C:\Strawberry221\c\bin;C:\Strawberry221\perl\site\bin;C:\Strawberry221\perl\bin;C:\Git\cmd
PERL5LIB = C:\STRAWB~1\cpan\build\MooX-Attributes-Shadow-0.05-cIHqbH/blib/arch;C:\STRAWB~1\cpan\build\MooX-Attributes-Shadow-0.05-cIHqbH/blib/lib;C:\STRAWB~1\cpan\build\Test2-Suite-0.000130-b0WnJT/blib/arch;C:\STRAWB~1\cpan\build\Test2-Suite-0.000130-b0WnJT/blib/lib;C:\STRAWB~1\cpan\build\Term-Table-0.015-K4SWgT/blib/arch;C:\STRAWB~1\cpan\build\Term-Table-0.015-K4SWgT/blib/lib;C:\STRAWB~1\cpan\build\Sub-Info-0.002-qSpD6M/blib/arch;C:\STRAWB~1\cpan\build\Sub-Info-0.002-qSpD6M/blib/lib;C:\STRAWB~1\cpan\build\Importer-0.025-ZI_yKg/blib/arch;C:\STRAWB~1\cpan\build\Importer-0.025-ZI_yKg/blib/lib;C:\STRAWB~1\cpan\build\Test-Simple-1.302175-9Eelpe/blib/arch;C:\STRAWB~1\cpan\build\Test-Simple-1.302175-9Eelpe/blib/lib;C:\STRAWB~1\cpan\build\Test-Lib-0.002-RrYxN_/blib/arch;C:\STRAWB~1\cpan\build\Test-Lib-0.002-RrYxN_/blib/lib
PERL5OPT =
PERL5_CPANPLUS_IS_RUNNING = 928
PERL5_CPAN_IS_RUNNING = 928
PERL5_CPAN_IS_RUNNING_IN_RECURSION = 464,928
PERL_CR_SMOKER_CURRENT = IPC-PrettyPipe-0.13
PERL_CR_SMOKER_RUNONCE = 1
PERL_EXTUTILS_AUTOINSTALL = --defaultdeps
PERL_HASH_SEED = 0x11111111
PERL_MM_USE_DEFAULT = 1
PROCESSOR_IDENTIFIER = x86 Family 16 Model 5 Stepping 3, AuthenticAMD
TEMP = C:\DOCUME~1\c\LOCALS~1\Temp
Perl special variables (and OS-specific diagnostics, for MSWin32):
$^X = C:\Strawberry221\perl\bin\perl.exe
$UID/$EUID = 0 / 0
$GID = 0
$EGID = 0
Win32::GetOSName = WinXP/.Net
Win32::GetOSVersion = Service Pack 3, 5, 1, 2600, 2, 3, 0, 256, 1
Win32::FsType = NTFS
Win32::IsAdminUser = 1
Perl module toolchain versions installed:
Module Have
------------------- --------
CPAN 2.11
CPAN::Meta 2.150005
Cwd 3.62
ExtUtils::CBuilder 0.280224
ExtUtils::Command 7.10
ExtUtils::Install 2.04
ExtUtils::MakeMaker 7.10
ExtUtils::Manifest 1.70
ExtUtils::ParseXS 3.30
File::Spec 3.62
JSON 2.90
JSON::PP 2.27300
Module::Build 0.4216
Module::Signature 0.79
Parse::CPAN::Meta 1.4417
Test::Harness 3.36
Test::More 1.302175
YAML 1.15
YAML::Syck 1.29
version 0.9916
--
Summary of my perl5 (revision 5 version 22 subversion 1) configuration:
Platform:
osname=MSWin32, osvers=4.0, archname=MSWin32-x86-multi-thread-64int
uname='Win32 strawberry-perl 5.22.1.4 #1 Sat Mar 26 14:08:02 2016 i386'
config_args='undef'
hint=recommended, useposix=true, d_sigaction=undef
useithreads=define, usemultiplicity=define
use64bitint=define, use64bitall=undef, uselongdouble=undef
usemymalloc=n, bincompat5005=undef
Compiler:
cc='gcc', ccflags =' -s -O2 -DWIN32 -DPERL_TEXTMODE_SCRIPTS -DPERL_IMPLICIT_CONTEXT -DPERL_IMPLICIT_SYS -fwrapv -fno-strict-aliasing -mms-bitfields',
optimize='-s -O2',
cppflags='-DWIN32'
ccversion='', gccversion='4.9.2', gccosandvers=''
intsize=4, longsize=4, ptrsize=4, doublesize=8, byteorder=12345678, doublekind=3
d_longlong=define, longlongsize=8, d_longdbl=define, longdblsize=12, longdblkind=3
ivtype='long long', ivsize=8, nvtype='double', nvsize=8, Off_t='long long', lseeksize=8
alignbytes=8, prototype=define
Linker and Libraries:
ld='g++', ldflags ='-s -L"C:\STRAWB~1\perl\lib\CORE" -L"C:\STRAWB~1\c\lib"'
libpth=C:\STRAWB~1\c\lib C:\STRAWB~1\c\i686-w64-mingw32\lib C:\STRAWB~1\c\lib\gcc\i686-w64-mingw32\4.9.2
libs=-lmoldname -lkernel32 -luser32 -lgdi32 -lwinspool -lcomdlg32 -ladvapi32 -lshell32 -lole32 -loleaut32 -lnetapi32 -luuid -lws2_32 -lmpr -lwinmm -lversion -lodbc32 -lodbccp32 -lcomctl32
perllibs=-lmoldname -lkernel32 -luser32 -lgdi32 -lwinspool -lcomdlg32 -ladvapi32 -lshell32 -lole32 -loleaut32 -lnetapi32 -luuid -lws2_32 -lmpr -lwinmm -lversion -lodbc32 -lodbccp32 -lcomctl32
libc=, so=dll, useshrplib=true, libperl=libperl522.a
gnulibc_version=''
Dynamic Linking:
dlsrc=dl_win32.xs, dlext=xs.dll, d_dlsymun=undef, ccdlflags=' '
cccdlflags=' ', lddlflags='-mdll -s -L"C:\STRAWB~1\perl\lib\CORE" -L"C:\STRAWB~1\c\lib"'
Characteristics of this binary (from libperl):
Compile-time options: HAS_TIMES HAVE_INTERP_INTERN MULTIPLICITY
PERLIO_LAYERS PERL_DONT_CREATE_GVSV
PERL_HASH_FUNC_ONE_AT_A_TIME_HARD
PERL_IMPLICIT_CONTEXT PERL_IMPLICIT_SYS
PERL_MALLOC_WRAP PERL_NEW_COPY_ON_WRITE
PERL_PRESERVE_IVUV USE_64_BIT_INT USE_ITHREADS
USE_LARGE_FILES USE_LOCALE USE_LOCALE_COLLATE
USE_LOCALE_CTYPE USE_LOCALE_NUMERIC USE_LOCALE_TIME
USE_PERLIO USE_PERL_ATOF
Built under MSWin32
Compiled at Mar 26 2016 14:12:26
%ENV:
PERL5LIB="C:\STRAWB~1\cpan\build\MooX-Attributes-Shadow-0.05-cIHqbH/blib/arch;C:\STRAWB~1\cpan\build\MooX-Attributes-Shadow-0.05-cIHqbH/blib/lib;C:\STRAWB~1\cpan\build\Test2-Suite-0.000130-b0WnJT/blib/arch;C:\STRAWB~1\cpan\build\Test2-Suite-0.000130-b0WnJT/blib/lib;C:\STRAWB~1\cpan\build\Term-Table-0.015-K4SWgT/blib/arch;C:\STRAWB~1\cpan\build\Term-Table-0.015-K4SWgT/blib/lib;C:\STRAWB~1\cpan\build\Sub-Info-0.002-qSpD6M/blib/arch;C:\STRAWB~1\cpan\build\Sub-Info-0.002-qSpD6M/blib/lib;C:\STRAWB~1\cpan\build\Importer-0.025-ZI_yKg/blib/arch;C:\STRAWB~1\cpan\build\Importer-0.025-ZI_yKg/blib/lib;C:\STRAWB~1\cpan\build\Test-Simple-1.302175-9Eelpe/blib/arch;C:\STRAWB~1\cpan\build\Test-Simple-1.302175-9Eelpe/blib/lib;C:\STRAWB~1\cpan\build\Test-Lib-0.002-RrYxN_/blib/arch;C:\STRAWB~1\cpan\build\Test-Lib-0.002-RrYxN_/blib/lib"
PERL5_CPANPLUS_IS_RUNNING="928"
PERL5_CPAN_IS_RUNNING="928"
PERL5_CPAN_IS_RUNNING_IN_RECURSION="464,928"
PERL_CR_SMOKER_CURRENT="IPC-PrettyPipe-0.13"
PERL_CR_SMOKER_RUNONCE="1"
PERL_EXTUTILS_AUTOINSTALL="--defaultdeps"
PERL_HASH_SEED="0x11111111"
PERL_MM_USE_DEFAULT="1"
@INC:
C:\STRAWB~1\cpan\build\MooX-Attributes-Shadow-0.05-cIHqbH/blib/arch
C:\STRAWB~1\cpan\build\MooX-Attributes-Shadow-0.05-cIHqbH/blib/lib
C:\STRAWB~1\cpan\build\Test2-Suite-0.000130-b0WnJT/blib/arch
C:\STRAWB~1\cpan\build\Test2-Suite-0.000130-b0WnJT/blib/lib
C:\STRAWB~1\cpan\build\Term-Table-0.015-K4SWgT/blib/arch
C:\STRAWB~1\cpan\build\Term-Table-0.015-K4SWgT/blib/lib
C:\STRAWB~1\cpan\build\Sub-Info-0.002-qSpD6M/blib/arch
C:\STRAWB~1\cpan\build\Sub-Info-0.002-qSpD6M/blib/lib
C:\STRAWB~1\cpan\build\Importer-0.025-ZI_yKg/blib/arch
C:\STRAWB~1\cpan\build\Importer-0.025-ZI_yKg/blib/lib
C:\STRAWB~1\cpan\build\Test-Simple-1.302175-9Eelpe/blib/arch
C:\STRAWB~1\cpan\build\Test-Simple-1.302175-9Eelpe/blib/lib
C:\STRAWB~1\cpan\build\Test-Lib-0.002-RrYxN_/blib/arch
C:\STRAWB~1\cpan\build\Test-Lib-0.002-RrYxN_/blib/lib
C:/Strawberry221/perl/site/lib
C:/Strawberry221/perl/vendor/lib
C:/Strawberry221/perl/lib
.