Pod-Perldoc v3.28 Perl 5 v5.10.0 x86_64-linux

Status
Fail
From
Chris Williams (BINGOS)
Dist
Pod-Perldoc v3.28
Platform
Perl 5 v5.10.0 x86_64-linux
Date
2020-12-28 10:09:58
ID
d6edabce-48f4-11eb-84bc-edd243e66a77
This distribution has been tested as part of the CPAN Testers
project, supporting the Perl programming language.  See
http://wiki.cpantesters.org/ for more information or email
questions to cpan-testers-discuss@perl.org


--

Dear Mark Allen,

This is a computer-generated error report created automatically by
CPANPLUS, version 0.9908. Testers personal comments may appear
at the end of this report.


Thank you for uploading your work to CPAN.  However, it appears that
there were some problems testing your distribution.

TEST RESULTS:

Below is the error stack from stage 'make test':

PERL_DL_NONLAZY=1 "/opt/perl-5.10.0/bin/perl" "-MExtUtils::Command::MM" "-MTest::Harness" "-e" "undef *Test::Harness::Switches; test_harness(0, 'blib/lib', 'blib/arch')" t/*.t t/*/*.t
t/00_load.t ............... ok
t/01_about_verbose.t ...... ok

#   Failed test 'got expected output in STDOUT'
#   at t/02_module_pod_output.t line 47.
#                   undef
#     doesn't match '(?-xism:Look up Perl documentation)'
# Looks like you failed 1 test of 7.
t/02_module_pod_output.t .. 
Dubious, test returned 1 (wstat 256, 0x100)
Failed 1/7 subtests 
t/man/_get_columns.t ...... ok
t/pod.t ................... skipped: Pod tests not required for installation.

Test Summary Report
-------------------
t/02_module_pod_output.t (Wstat: 256 Tests: 7 Failed: 1)
  Failed test:  3
  Non-zero exit status: 1
Files=5, Tests=56,  1 wallclock secs ( 0.05 usr  0.04 sys +  0.55 cusr  0.10 csys =  0.74 CPU)
Result: FAIL
Failed 1/5 test programs. 1/56 subtests failed.
make: *** [Makefile:914: test_dynamic] Error 255


PREREQUISITES:

Here is a list of prerequisites you specified and versions we
managed to load:

	  Module Name                        Have     Want
	  Encode                             3.08        0
	  ExtUtils::MakeMaker                7.58        0
	  Fcntl                              1.06        0
	  File::Spec::Functions              3.75        0
	  File::Temp                       0.2311     0.22
	  IO::Select                         1.41        0
	  Pod::Man                           4.14     2.18
	  Pod::Simple::RTF                   3.42     3.16
	  Pod::Simple::XMLOutStream          3.42     3.16
	  Pod::Text                          4.14        0
	  Symbol                             1.06        0
	  Test::More                     1.302183        0
	  Text::ParseWords                   3.26        0
	  parent                            0.238        0
	  strict                             1.04        0
	  warnings                           1.06        0

Perl module toolchain versions installed:
	Module Name                        Have
	CPANPLUS                         0.9910
	CPANPLUS::Dist::Build              0.90
	Cwd                                3.75
	ExtUtils::CBuilder             0.280235
	ExtUtils::Command                  7.58
	ExtUtils::Install                  2.20
	ExtUtils::MakeMaker                7.58
	ExtUtils::Manifest                 1.72
	ExtUtils::ParseXS                  3.35
	File::Spec                         3.75
	Module::Build                    0.4231
	Pod::Parser                        1.63
	Pod::Simple                        3.42
	Test2                          1.302183
	Test::Harness                      3.42
	Test::More                     1.302183
	version                          0.9928

******************************** NOTE ********************************
The comments above are created mechanically, possibly without manual
checking by the sender.  As there are many people performing automatic
tests on each upload to CPAN, it is likely that you will receive
identical messages about the same problem.

If you believe that the message is mistaken, please reply to the first
one with correction and/or additional informations, and do not take
it personally.  We appreciate your patience. :)
**********************************************************************

Additional comments:


This report was machine-generated by CPANPLUS::Dist::YACSmoke 1.08.

CPANPLUS is prefering Build.PL

------------------------------
ENVIRONMENT AND OTHER CONTEXT
------------------------------

Environment variables:

    AUTOMATED_TESTING = 1
    LANG = C.UTF-8
    LC_COLLATE = C
    PATH = /opt/perl-5.10.0/.cpanplus/5.10.0/build/qRip0iFNCi/Pod-Perldoc-3.28/blib/script:/opt/perl-5.10.0/.cpanplus/5.10.0/build/qaCSLbVrys/Pod-LaTeX-0.61/blib/script:/usr/local/sbin:/usr/local/bin:/usr/sbin:/usr/bin:/sbin:/bin
    PERL5LIB = :/opt/perl-5.10.0/.cpanplus/5.10.0/build/qaCSLbVrys/Pod-LaTeX-0.61/blib/lib:/opt/perl-5.10.0/.cpanplus/5.10.0/build/qaCSLbVrys/Pod-LaTeX-0.61/blib/arch:/opt/perl-5.10.0/.cpanplus/5.10.0/build/qRip0iFNCi/Pod-Perldoc-3.28/blib/lib:/opt/perl-5.10.0/.cpanplus/5.10.0/build/qRip0iFNCi/Pod-Perldoc-3.28/blib/arch
    PERL5_CPANIDX_URL = http://cpan.mirror.local/cpanidx/
    PERL5_CPANPLUS_HOME = /opt/perl-5.10.0
    PERL5_CPANPLUS_IS_RUNNING = 26856
    PERL5_CPANPLUS_IS_VERSION = 0.9908
    PERL_EXTUTILS_AUTOINSTALL = --defaultdeps
    PERL_INSTALL_QUIET = 1
    PERL_MM_USE_DEFAULT = 1
    SHELL = /bin/ash
    TERM = linux

Perl special variables (and OS-specific diagnostics, for MSWin32):

    Perl: $^X = /opt/perl-5.10.0/bin/perl
    UID:  $<  = 0
    EUID: $>  = 0
    GID:  $(  = 0 0 0 1 2 3 4 6 10 11 20 26 27
    EGID: $)  = 0 0 0 1 2 3 4 6 10 11 20 26 27


-------------------------------


--

Summary of my perl5 (revision 5 version 10 subversion 0) configuration:
  Platform:
    osname=linux, osvers=5.4.72-0-lts, archname=x86_64-linux
    uname='linux asgard 5.4.72-0-lts #1-alpine smp mon, 19 oct 2020 06:22:29 utc x86_64 linux '
    config_args='-des -Dprefix=/opt/perl-5.10.0'
    hint=recommended, useposix=true, d_sigaction=define
    useithreads=undef, usemultiplicity=undef
    useperlio=define, d_sfio=undef, uselargefiles=define, usesocks=undef
    use64bitint=define, use64bitall=define, uselongdouble=undef
    usemymalloc=n, bincompat5005=undef
  Compiler:
    cc='cc', ccflags ='-D_GNU_SOURCE -fwrapv -fno-strict-aliasing -pipe -D_LARGEFILE_SOURCE -D_FILE_OFFSET_BITS=64',
    optimize='-O2',
    cppflags='-D_GNU_SOURCE -fwrapv -fno-strict-aliasing -pipe'
    ccversion='', gccversion='9.3.0', gccosandvers=''
    intsize=4, longsize=8, ptrsize=8, doublesize=8, byteorder=12345678
    d_longlong=define, longlongsize=8, d_longdbl=define, longdblsize=16
    ivtype='long', ivsize=8, nvtype='double', nvsize=8, Off_t='off_t', lseeksize=8
    alignbytes=8, prototype=define
  Linker and Libraries:
    ld='cc', ldflags =' -L/usr/local/lib'
    libpth=/usr/local/lib /lib/../lib /usr/lib/../lib /lib /usr/lib
    libs=-lgdbm -ldl -lm -lcrypt -lutil -lc -lgdbm_compat
    perllibs=-ldl -lm -lcrypt -lutil -lc -lgdbm_compat
    libc=/usr/lib/libc.a, so=so, useshrplib=false, libperl=libperl.a
    gnulibc_version=''
  Dynamic Linking:
    dlsrc=dl_dlopen.xs, dlext=so, d_dlsymun=undef, ccdlflags='-Wl,-E'
    cccdlflags='-fPIC', lddlflags='-shared -O2 -L/usr/local/lib'


Characteristics of this binary (from libperl): 
  Compile-time options: PERL_DONT_CREATE_GVSV PERL_MALLOC_WRAP USE_64_BIT_ALL
                        USE_64_BIT_INT USE_LARGE_FILES USE_PERLIO
  Locally applied patches:
	Devel::PatchPerl 2.04
  Built under linux
  Compiled at Nov 24 2020 12:46:56
  %ENV:
    PERL5LIB=":/opt/perl-5.10.0/.cpanplus/5.10.0/build/qaCSLbVrys/Pod-LaTeX-0.61/blib/lib:/opt/perl-5.10.0/.cpanplus/5.10.0/build/qaCSLbVrys/Pod-LaTeX-0.61/blib/arch:/opt/perl-5.10.0/.cpanplus/5.10.0/build/qRip0iFNCi/Pod-Perldoc-3.28/blib/lib:/opt/perl-5.10.0/.cpanplus/5.10.0/build/qRip0iFNCi/Pod-Perldoc-3.28/blib/arch"
    PERL5_CPANIDX_URL="http://cpan.mirror.local/cpanidx/"
    PERL5_CPANPLUS_HOME="/opt/perl-5.10.0"
    PERL5_CPANPLUS_IS_RUNNING="26856"
    PERL5_CPANPLUS_IS_VERSION="0.9908"
    PERL_EXTUTILS_AUTOINSTALL="--defaultdeps"
    PERL_INSTALL_QUIET="1"
    PERL_MM_USE_DEFAULT="1"
  @INC:
    /opt/perl-5.10.0/.cpanplus/5.10.0/build/qaCSLbVrys/Pod-LaTeX-0.61/blib/lib
    /opt/perl-5.10.0/.cpanplus/5.10.0/build/qaCSLbVrys/Pod-LaTeX-0.61/blib/arch
    /opt/perl-5.10.0/.cpanplus/5.10.0/build/qRip0iFNCi/Pod-Perldoc-3.28/blib/lib
    /opt/perl-5.10.0/.cpanplus/5.10.0/build/qRip0iFNCi/Pod-Perldoc-3.28/blib/arch
    /opt/perl-5.10.0/lib/5.10.0/x86_64-linux
    /opt/perl-5.10.0/lib/5.10.0
    /opt/perl-5.10.0/lib/site_perl/5.10.0/x86_64-linux
    /opt/perl-5.10.0/lib/site_perl/5.10.0
    .