Const v0.001 Perl 5 v5.10.0 i386-netbsd-thread-multi-64int

Status
Fail
From
Chris Williams (BINGOS)
Dist
Const v0.001
Platform
Perl 5 v5.10.0 i386-netbsd-thread-multi-64int
Date
2010-07-11T11:24:15
ID
d6782a44-8cde-11df-87db-470b8165c34d
This distribution has been tested as part of the CPAN Testers
project, supporting the Perl programming language.  See
http://wiki.cpantesters.org/ for more information or email
questions to cpan-testers-discuss@perl.org


--

Dear LEONT,
    
This is a computer-generated error report created automatically by
CPANPLUS, version 0.9006. Testers personal comments may appear 
at the end of this report.


Thank you for uploading your work to CPAN.  However, it appears that
there were some problems testing your distribution.

TEST RESULTS:

Below is the error stack from stage 'make test':

[MSG] [Sun Jul 11 12:24:12 2010] Building Const

[ERROR] [Sun Jul 11 12:24:13 2010] MAKE TEST failed:
# Testing Const 0.001, Perl 5.010000, /home/cpan/pit/rel/perl-5.10.0/bin/perl
t/00-load.t ....... ok
Can't locate Test/Exception.pm in @INC (@INC contains: /home/cpan/pit/rel/conf/perl-5.10.0/.cpanplus/5.10.0/build/Const-0.001/blib/lib /home/cpan/pit/rel/conf/perl-5.10.0/.cpanplus/5.10.0/build/Const-0.001/blib/arch /home/cpan/pit/rel/conf/perl-5.10.0/.cpanplus/5.10.0/build/Const-0.001/blib/lib /home/cpan/pit/rel/conf/perl-5.10.0/.cpanplus/5.10.0/build/Const-0.001/blib/arch /home/cpan/pit/rel/perl-5.10.0/lib/5.10.0/i386-netbsd-thread-multi-64int /home/cpan/pit/rel/perl-5.10.0/lib/5.10.0 /home/cpan/pit/rel/perl-5.10.0/lib/site_perl/5.10.0/i386-netbsd-thread-multi-64int /home/cpan/pit/rel/perl-5.10.0/lib/site_perl/5.10.0 .) at t/10-basics.t line 8.
BEGIN failed--compilation aborted at t/10-basics.t line 8.
# Looks like your test exited with 2 before it could output anything.
t/10-basics.t ..... 
Dubious, test returned 2 (wstat 512, 0x200)
Failed 14/14 subtests 
t/pod-coverage.t .. skipped: Test::Pod::Coverage 1.08 required for testing POD coverage
t/pod.t ........... skipped: Test::Pod 1.22 required for testing POD

Test Summary Report
-------------------
t/10-basics.t   (Wstat: 512 Tests: 0 Failed: 0)
  Non-zero exit status: 2
  Parse errors: Bad plan.  You planned 14 tests but ran 0.
Files=4, Tests=1,  1 wallclock secs ( 0.03 usr  0.17 sys +  0.13 cusr  0.24 csys =  0.57 CPU)
Result: FAIL
Failed 1/4 test programs. 0/1 subtests failed.
BEGIN failed--compilation aborted at /home/cpan/pit/rel/perl-5.10.0/bin/cpanp-run-perl line 8.
 
[MSG] [Sun Jul 11 12:24:13 2010] DEFAULT 'proceed_on_test_failure' HANDLER RETURNING 'sub return value'


MISSING PREREQUISITES:

It was observed that the test suite seem to fail without these modules:

Test::Exception

As such, adding the prerequisite module(s) to 'PREREQ_PM' in your
Makefile.PL should solve this problem.  For example:

WriteMakefile(
    AUTHOR      => 'LEONT (cpanplus-info@lists.sf.net)',
    ... # other information
    PREREQ_PM   => {
	'Test::Exception'	=> '0', # or a minimum working version
    }
);

Thanks! :-)

PREREQUISITES:

Here is a list of prerequisites you specified and versions we 
managed to load:
                                
	  Module Name                        Have     Want
	  Exporter                           5.62     5.57
	  Module::Build                    0.3607        0
	  Test::More                         0.94        0

Perl module toolchain versions installed:
	Module Name                        Have
	CPANPLUS                         0.9006
	CPANPLUS::Dist::Build              0.46
	Cwd                                3.31
	ExtUtils::CBuilder               0.2703
	ExtUtils::Command                  1.16
	ExtUtils::Install                  1.54
	ExtUtils::MakeMaker                6.56
	ExtUtils::Manifest                 1.58
	ExtUtils::ParseXS                2.2206
	File::Spec                         3.31
	Module::Build                    0.3607
	Test::Harness                      3.21
	Test::More                         0.94
	version                            0.82

******************************** NOTE ********************************
The comments above are created mechanically, possibly without manual
checking by the sender.  As there are many people performing automatic
tests on each upload to CPAN, it is likely that you will receive 
identical messages about the same problem.

If you believe that the message is mistaken, please reply to the first
one with correction and/or additional informations, and do not take
it personally.  We appreciate your patience. :)
**********************************************************************

Additional comments:
 

This report was machine-generated by CPANPLUS::Dist::YACSmoke 0.58.
Powered by minismokebox version 0.26

------------------------------
ENVIRONMENT AND OTHER CONTEXT
------------------------------

Environment variables:

    AUTOMATED_TESTING = 1
    PATH = /home/cpan/bin:/bin:/sbin:/usr/bin:/usr/sbin:/usr/X11R7/bin:/usr/X11R6/bin:/usr/pkg/bin:/usr/pkg/sbin:/usr/games:/usr/local/bin:/usr/local/sbin
    PERL5LIB = :/home/cpan/pit/rel/conf/perl-5.10.0/.cpanplus/5.10.0/build/Const-0.001/blib/lib:/home/cpan/pit/rel/conf/perl-5.10.0/.cpanplus/5.10.0/build/Const-0.001/blib/arch
    PERL5_CPANPLUS_IS_RUNNING = 14067
    PERL5_CPANPLUS_IS_VERSION = 0.9006
    PERL5_MINISMOKEBOX = 0.26
    PERL5_YACSMOKE_BASE = /home/cpan/pit/rel/conf/perl-5.10.0
    PERL_EXTUTILS_AUTOINSTALL = --defaultdeps
    PERL_MM_USE_DEFAULT = 1
    SHELL = /usr/pkg/bin/bash
    TERM = screen

Perl special variables (and OS-specific diagnostics, for MSWin32):

    Perl: $^X = /home/cpan/pit/rel/perl-5.10.0/bin/perl
    UID:  $<  = 1000
    EUID: $>  = 1000
    GID:  $(  = 100 100
    EGID: $)  = 100 100


-------------------------------


--

Summary of my perl5 (revision 5 version 10 subversion 0) configuration:
  Platform:
    osname=netbsd, osvers=5.0, archname=i386-netbsd-thread-multi-64int
    uname='netbsd chamberlain 5.0 netbsd 5.0 (generic) #0: sun apr 26 18:50:08 utc 2009 builds@b6.netbsd.org:homebuildsabnetbsd-5-0-releasei386200904260229z-objhomebuildsabnetbsd-5-0-releasesrcsysarchi386compilegeneric i386 '
    config_args='-des -Dprefix=/home/cpan/pit/rel/perl-5.10.0 -Duse64bitint -Dusethreads -Dusemallocwrap=y -Dusemymalloc=n'
    hint=recommended, useposix=true, d_sigaction=define
    useithreads=define, usemultiplicity=define
    useperlio=define, d_sfio=undef, uselargefiles=define, usesocks=undef
    use64bitint=define, use64bitall=undef, uselongdouble=undef
    usemymalloc=n, bincompat5005=undef
  Compiler:
    cc='cc', ccflags ='-fno-strict-aliasing -pipe -I/usr/pkg/include',
    optimize='-O',
    cppflags='-fno-strict-aliasing -pipe -I/usr/pkg/include'
    ccversion='', gccversion='4.1.3 20080704 prerelease (NetBSD nb2 20081120)', gccosandvers=''
    intsize=4, longsize=4, ptrsize=4, doublesize=8, byteorder=12345678
    d_longlong=define, longlongsize=8, d_longdbl=define, longdblsize=12
    ivtype='long long', ivsize=8, nvtype='double', nvsize=8, Off_t='off_t', lseeksize=8
    alignbytes=4, prototype=define
  Linker and Libraries:
    ld='cc', ldflags =' -Wl,-rpath,/usr/pkg/lib -Wl,-rpath,/usr/local/lib -L/usr/pkg/lib'
    libpth=/usr/pkg/lib /lib /usr/lib
    libs=-lm -lcrypt -lutil -lc -lposix -lpthread
    perllibs=-lm -lcrypt -lutil -lc -lposix -lpthread
    libc=/lib/libc.so, so=so, useshrplib=false, libperl=libperl.a
    gnulibc_version=''
  Dynamic Linking:
    dlsrc=dl_dlopen.xs, dlext=so, d_dlsymun=undef, ccdlflags='-Wl,-E '
    cccdlflags='-DPIC -fPIC ', lddlflags='--whole-archive -shared  -L/usr/pkg/lib'


Characteristics of this binary (from libperl): 
  Compile-time options: MULTIPLICITY PERL_DONT_CREATE_GVSV
                        PERL_IMPLICIT_CONTEXT PERL_MALLOC_WRAP USE_64_BIT_INT
                        USE_ITHREADS USE_LARGE_FILES USE_PERLIO
                        USE_REENTRANT_API
  Built under netbsd
  Compiled at Jun 22 2010 01:25:43
  %ENV:
    PERL5LIB=":/home/cpan/pit/rel/conf/perl-5.10.0/.cpanplus/5.10.0/build/Const-0.001/blib/lib:/home/cpan/pit/rel/conf/perl-5.10.0/.cpanplus/5.10.0/build/Const-0.001/blib/arch"
    PERL5_CPANPLUS_IS_RUNNING="14067"
    PERL5_CPANPLUS_IS_VERSION="0.9006"
    PERL5_MINISMOKEBOX="0.26"
    PERL5_YACSMOKE_BASE="/home/cpan/pit/rel/conf/perl-5.10.0"
    PERL_EXTUTILS_AUTOINSTALL="--defaultdeps"
    PERL_MM_USE_DEFAULT="1"
  @INC:
    /home/cpan/pit/rel/conf/perl-5.10.0/.cpanplus/5.10.0/build/Const-0.001/blib/lib
    /home/cpan/pit/rel/conf/perl-5.10.0/.cpanplus/5.10.0/build/Const-0.001/blib/arch
    /home/cpan/pit/rel/perl-5.10.0/lib/5.10.0/i386-netbsd-thread-multi-64int
    /home/cpan/pit/rel/perl-5.10.0/lib/5.10.0
    /home/cpan/pit/rel/perl-5.10.0/lib/site_perl/5.10.0/i386-netbsd-thread-multi-64int
    /home/cpan/pit/rel/perl-5.10.0/lib/site_perl/5.10.0
    .