CloudDeploy v1.07 Perl 5 v5.16.3 amd64-freebsd-thread-multi

Status
Fail
From
Slaven Rezić (SREZIC)
Dist
CloudDeploy v1.07
Platform
Perl 5 v5.16.3 amd64-freebsd-thread-multi
Date
2019-02-15T17:12:11
ID
d52985d4-3144-11e9-8ea7-bf9269fddf61
This distribution has been tested as part of the CPAN Testers
project, supporting the Perl programming language.  See
http://wiki.cpantesters.org/ for more information or email
questions to cpan-testers-discuss@perl.org


--
Dear Jose Luis Martinez Torres,

This is a computer-generated report for CloudDeploy-1.07
on perl 5.16.3, created by CPAN-Reporter-1.2018.

Thank you for uploading your work to CPAN.  However, there was a problem
testing your distribution.

If you think this report is invalid, please consult the CPAN Testers Wiki
for suggestions on how to avoid getting FAIL reports for missing library
or binary dependencies, unsupported operating systems, and so on:

http://wiki.cpantesters.org/wiki/CPANAuthorNotes

Sections of this report:

    * Tester comments
    * Program output
    * Prerequisites
    * Environment and other context

------------------------------
TESTER COMMENTS
------------------------------

Additional comments from tester:

none provided

------------------------------
PROGRAM OUTPUT
------------------------------

Output from '/usr/bin/make test':

PERL_DL_NONLAZY=1 "/usr/perl5.16.3t/bin/perl5.16.3" "-MExtUtils::Command::MM" "-MTest::Harness" "-e" "undef *Test::Harness::Switches; test_harness(0, 'blib/lib', 'blib/arch')" t/*.t
t/005_dynamicvalues.t ............. ok
t/099_build.t ..................... ok
t/101_cfstring.t .................. ok
t/102_outputs.t ................... ok
t/105_dependson.t ................. ok
t/106_resource_extended.t ......... ok
t/107_attachments.t ............... ok
t/108_policy_addstatement.t ....... ok
t/109_short_param_and_atts.t ...... ok
t/110_fn_namespace.t .............. ok
t/112_dup_resource.t .............. ok
t/113_stack_metadata.t ............ ok
t/117_resource_inheritance_dsl.t .. ok
t/300_makeamibase.t ............... ok
Resolved R2 Prop1 at /home/eserte/.cpan/build/2019021513/Cfn-0.01-2/blib/lib/Cfn.pm line 726.
Resolved R2 Attribute at /home/eserte/.cpan/build/2019021513/Cfn-0.01-2/blib/lib/Cfn.pm line 726.
t/400_create.t .................... ok
Can't locate Cfn/Resource/Monitoring/Host.pm in @INC (@INC contains: /usr/home/eserte/.cpan/build/2019021513/CloudDeploy-1.07-2/blib/lib /usr/home/eserte/.cpan/build/2019021513/CloudDeploy-1.07-2/blib/arch /home/eserte/.cpan/build/2019021513/Cfn-0.01-2/blib/arch /home/eserte/.cpan/build/2019021513/Cfn-0.01-2/blib/lib /home/eserte/.cpan/build/2019021513/Cfn-0.01-2/blib/arch /home/eserte/.cpan/build/2019021513/Cfn-0.01-2/blib/lib /usr/perl5.16.3t/lib/site_perl/5.16.3/amd64-freebsd-thread-multi /usr/perl5.16.3t/lib/site_perl/5.16.3 /usr/perl5.16.3t/lib/5.16.3/amd64-freebsd-thread-multi /usr/perl5.16.3t/lib/5.16.3 .) at /usr/perl5.16.3t/lib/site_perl/5.16.3/Module/Runtime.pm line 314.
# Tests were run but no plan was declared and done_testing() was not seen.
# Looks like your test exited with 2 just after 19.
t/401_diff.t ...................... 
Dubious, test returned 2 (wstat 512, 0x200)
All 19 subtests passed 

Test Summary Report
-------------------
t/401_diff.t                    (Wstat: 512 Tests: 19 Failed: 0)
  Non-zero exit status: 2
  Parse errors: No plan found in TAP output
Files=16, Tests=101, 13 wallclock secs ( 0.03 usr  0.08 sys + 10.55 cusr  0.79 csys = 11.45 CPU)
Result: FAIL
Failed 1/16 test programs. 0/101 subtests failed.
*** [test_dynamic] Error code 2

Stop in /usr/home/eserte/.cpan/build/2019021513/CloudDeploy-1.07-2.

------------------------------
PREREQUISITES
------------------------------

Prerequisite modules loaded:

requires:

    Module                    Need Have      
    ------------------------- ---- ----------
    Array::Compare            0    3.0.0     
    AWS::CLIWrapper           0    1.11      
    Cfn                       0    0.01      
    Data::Graph::Util         0    0.001     
    Data::Printer             0    0.40      
    Hash::Merge               0    0.300     
    Module::Runtime           0    0.016     
    MongoDB                   0    v1.8.3    
    Moose                     0    2.2009    
    MooseX::App               0    1.39      
    MooseX::Getopt            0    0.73      
    MooseX::StrictConstructor 0    0.21      
    Paws                      0    0.13      
    Regexp::Common            0    2017060201
    String::Diff              0    0.07      
    Template                  0    2.27      
    Term::ANSIColor           0    4.06      
    Text::ASCIITable          0    0.22      

build_requires:

    Module                    Need Have      
    ------------------------- ---- ----------
    ExtUtils::MakeMaker       0    7.34      
    File::Slurp               0    9999.25   

configure_requires:

    Module                    Need Have      
    ------------------------- ---- ----------
    ExtUtils::MakeMaker       0    7.34      


------------------------------
ENVIRONMENT AND OTHER CONTEXT
------------------------------

Environment variables:

    LC_ALL = de_DE.ISO8859-1
    PATH = /usr/local/bin:/usr/bin:/bin:/usr/local/sbin:/usr/sbin:/sbin:/home/cpansand/bin/freebsd9.3:/home/cpansand/bin/sh:/home/cpansand/bin:/usr/games:/home/cpansand/devel:/usr/home/eserte/src/srezic-misc/scripts
    PERL5LIB = /home/eserte/.cpan/build/2019021513/Cfn-0.01-2/blib/arch:/home/eserte/.cpan/build/2019021513/Cfn-0.01-2/blib/lib
    PERL5OPT = 
    PERL5_CPANPLUS_IS_RUNNING = 81865
    PERL5_CPAN_IS_RUNNING = 81865
    PERL5_CPAN_IS_RUNNING_IN_RECURSION = 81046,81865
    PERLDOC = -MPod::Perldoc::ToTextOverstrike
    PERL_BATCH = yes
    PERL_CANARY_STABILITY_NOPROMPT = 1
    PERL_CPAN_REPORTER_CONFIG = /var/tmp/cpansmoker-1023/2019021513/cpanreporter_000_config.ini
    PERL_EXTUTILS_AUTOINSTALL = --defaultdeps
    PERL_USE_UNSAFE_INC = 1
    SHELL = /usr/local/bin/zsh
    TERM = screen
    TMPDIR = /var/tmp/cpansmoker-1023/2019021513

Perl special variables (and OS-specific diagnostics, for MSWin32):

    $^X = /usr/perl5.16.3t/bin/perl5.16.3
    $UID/$EUID = 1023 / 1023
    $GID = 1023 1023
    $EGID = 1023 1023

Perl module toolchain versions installed:

    Module              Have    
    ------------------- --------
    CPAN                2.22    
    CPAN::Meta          2.150010
    Cwd                 3.75    
    ExtUtils::CBuilder  0.280230
    ExtUtils::Command   7.34    
    ExtUtils::Install   2.14    
    ExtUtils::MakeMaker 7.34    
    ExtUtils::Manifest  1.71    
    ExtUtils::ParseXS   3.35    
    File::Spec          3.75    
    JSON                4.00    
    JSON::PP            4.00    
    Module::Build       0.4224  
    Module::Signature   0.81    
    Parse::CPAN::Meta   2.150010
    Test::Harness       3.41    
    Test::More          1.302160
    YAML                1.27    
    YAML::Syck          1.31    
    version             0.9924  


--

Summary of my perl5 (revision 5 version 16 subversion 3) configuration:
   
  Platform:
    osname=freebsd, osvers=9.2-release-p4, archname=amd64-freebsd-thread-multi
    uname='freebsd cvrsnica-freebsd-92 9.2-release-p4 freebsd 9.2-release-p4 #0: tue apr 8 18:08:22 utc 2014 root@amd64-builder.daemonology.net:usrobjusrsrcsysgeneric amd64 '
    config_args='-ds -e -Dprefix=/usr/perl5.16.3t -Dusethreads'
    hint=recommended, useposix=true, d_sigaction=define
    useithreads=define, usemultiplicity=define
    useperlio=define, d_sfio=undef, uselargefiles=define, usesocks=undef
    use64bitint=define, use64bitall=define, uselongdouble=undef
    usemymalloc=n, bincompat5005=undef
  Compiler:
    cc='cc', ccflags ='-DHAS_FPSETMASK -DHAS_FLOATINGPOINT_H -fno-strict-aliasing -pipe -fstack-protector -I/usr/local/include',
    optimize='-O',
    cppflags='-DHAS_FPSETMASK -DHAS_FLOATINGPOINT_H -fno-strict-aliasing -pipe -fstack-protector -I/usr/local/include'
    ccversion='', gccversion='4.2.1 20070831 patched [FreeBSD]', gccosandvers=''
    intsize=4, longsize=8, ptrsize=8, doublesize=8, byteorder=12345678
    d_longlong=define, longlongsize=8, d_longdbl=define, longdblsize=16
    ivtype='long', ivsize=8, nvtype='double', nvsize=8, Off_t='off_t', lseeksize=8
    alignbytes=8, prototype=define
  Linker and Libraries:
    ld='cc', ldflags ='-pthread -Wl,-E  -fstack-protector -L/usr/local/lib'
    libpth=/usr/lib /usr/local/lib
    libs=-lgdbm -lm -lcrypt
    perllibs=-lm -lcrypt
    libc=, so=so, useshrplib=false, libperl=libperl.a
    gnulibc_version=''
  Dynamic Linking:
    dlsrc=dl_dlopen.xs, dlext=so, d_dlsymun=undef, ccdlflags=' '
    cccdlflags='-DPIC -fPIC', lddlflags='-shared  -L/usr/local/lib -fstack-protector'


Characteristics of this binary (from libperl): 
  Compile-time options: HAS_TIMES MULTIPLICITY PERLIO_LAYERS
                        PERL_DONT_CREATE_GVSV PERL_IMPLICIT_CONTEXT
                        PERL_MALLOC_WRAP PERL_PRESERVE_IVUV USE_64_BIT_ALL
                        USE_64_BIT_INT USE_ITHREADS USE_LARGE_FILES
                        USE_LOCALE USE_LOCALE_COLLATE USE_LOCALE_CTYPE
                        USE_LOCALE_NUMERIC USE_PERLIO USE_PERL_ATOF
                        USE_REENTRANT_API
  Built under freebsd
  Compiled at May 16 2014 07:49:48
  %ENV:
    PERL5LIB="/home/eserte/.cpan/build/2019021513/Cfn-0.01-2/blib/arch:/home/eserte/.cpan/build/2019021513/Cfn-0.01-2/blib/lib"
    PERL5OPT=""
    PERL5_CPANPLUS_IS_RUNNING="81865"
    PERL5_CPAN_IS_RUNNING="81865"
    PERL5_CPAN_IS_RUNNING_IN_RECURSION="81046,81865"
    PERLDOC="-MPod::Perldoc::ToTextOverstrike"
    PERL_BATCH="yes"
    PERL_CANARY_STABILITY_NOPROMPT="1"
    PERL_CPAN_REPORTER_CONFIG="/var/tmp/cpansmoker-1023/2019021513/cpanreporter_000_config.ini"
    PERL_EXTUTILS_AUTOINSTALL="--defaultdeps"
    PERL_USE_UNSAFE_INC="1"
  @INC:
    /home/eserte/.cpan/build/2019021513/Cfn-0.01-2/blib/arch
    /home/eserte/.cpan/build/2019021513/Cfn-0.01-2/blib/lib
    /usr/perl5.16.3t/lib/site_perl/5.16.3/amd64-freebsd-thread-multi
    /usr/perl5.16.3t/lib/site_perl/5.16.3
    /usr/perl5.16.3t/lib/5.16.3/amd64-freebsd-thread-multi
    /usr/perl5.16.3t/lib/5.16.3
    .