Cache-CacheFactory v1.10 Perl 5 v5.8.9 x86_64-linux-thread-multi
- Status
- Fail
- From
- David Cantrell (DCANTRELL)
- Dist
-
Cache-CacheFactory v1.10
- Platform
- Perl 5 v5.8.9 x86_64-linux-thread-multi
- Date
- 2010-08-03 09:45:21
- ID
- d5007100-9ee3-11df-bc33-6303e81e7b5c
This distribution has been tested as part of the CPAN Testers
project, supporting the Perl programming language. See
http://wiki.cpantesters.org/ for more information or email
questions to cpan-testers-discuss@perl.org
--
Dear Sam Graham,
This is a computer-generated report for Cache-CacheFactory-1.10
on perl 5.8.9, created by CPAN-Reporter-1.1711.
Thank you for uploading your work to CPAN. However, there was a problem
testing your distribution.
If you think this report is invalid, please consult the CPAN Testers Wiki
for suggestions on how to avoid getting FAIL reports for missing library
or binary dependencies, unsupported operating systems, and so on:
http://wiki.cpantesters.org/wiki/CPANAuthorNotes
Sections of this report:
* Tester comments
* Program output
* Prerequisites
* Environment and other context
------------------------------
TESTER COMMENTS
------------------------------
Additional comments from tester:
this report is from an automated smoke testing program
and was not reviewed by a human for accuracy
------------------------------
PROGRAM OUTPUT
------------------------------
Output from './Build test':
# Testing Cache::CacheFactory 1.10, Perl 5.008009, /home/david/cpantesting/perl-5.8.9/bin/perl
t/00-load.t ................................ ok
t/10-namespace.t ........................... ok
t/20-storage.t ............................. ok
t/30-size-hack-with-devel-size.t ........... skipped: Devel::Size required for testing Devel::Size-using memorycache workaround
t/31-size-hack-force-missing-devel-size.t .. ok
# Failed test 'immediate valid fetch'
# at t/40-expiry-lastmodified.t line 56.
# got: undef
# expected: 'value for valid key'
# Failed test 'post-purge immediate valid fetch'
# at t/40-expiry-lastmodified.t line 61.
# got: undef
# expected: 'value for valid key'
# Looks like you failed 2 tests of 5.
t/40-expiry-lastmodified.t .................
Dubious, test returned 2 (wstat 512, 0x200)
Failed 2/5 subtests
t/40-expiry-size.t ......................... ok
t/40-expiry-time.t ......................... ok
t/50-deep-clone.t .......................... ok
t/80-export.t .............................. ok
t/90-pod.t ................................. ok
t/99-pod-coverage.t ........................ skipped: Test::Pod::Coverage 1.00 required for testing POD coverage
Test Summary Report
-------------------
t/40-expiry-lastmodified.t (Wstat: 512 Tests: 5 Failed: 2)
Failed tests: 2-3
Non-zero exit status: 2
Files=12, Tests=233, 5 wallclock secs ( 0.05 usr 0.03 sys + 0.65 cusr 0.18 csys = 0.91 CPU)
Result: FAIL
Failed 1/12 test programs. 2/233 subtests failed.
------------------------------
PREREQUISITES
------------------------------
Prerequisite modules loaded:
requires:
Module Need Have
---------------- ----- ------
Cache::BaseCache 0 0
Cache::Cache 1 1.06
Cache::Object 0 0
Carp 0 1.10
Class::Factory 0 1.06
Scalar::Util 0 1.23
Storable 1.014 2.21
build_requires:
Module Need Have
---------------- ----- ------
Module::Build 0.07 0.3607
Test::More 0 0.94
configure_requires:
Module Need Have
---------------- ----- ------
Module::Build 0.36 0.3607
------------------------------
ENVIRONMENT AND OTHER CONTEXT
------------------------------
Environment variables:
AUTOMATED_TESTING = 1
PATH = /usr/local/bin:/usr/bin:/bin:/usr/games
PERL5LIB =
PERL5OPT =
PERL5_CPANPLUS_IS_RUNNING = 18633
PERL5_CPAN_IS_RUNNING = 18633
PERLVER = 5.8.9
PERL_INLINE_DIRECTORY = /home/david/.Inline-5.8.9
SHELL = /bin/bash
TERM = screen
Perl special variables (and OS-specific diagnostics, for MSWin32):
$^X = /home/david/cpantesting/perl-5.8.9/bin/perl
$UID/$EUID = 1000 / 1000
$GID = 1000 1000
$EGID = 1000 1000
Perl module toolchain versions installed:
Module Have
------------------- ------
CPAN 1.9402
Cwd 3.31
ExtUtils::CBuilder 0.2703
ExtUtils::Command 1.16
ExtUtils::Install 1.52
ExtUtils::MakeMaker 6.56
ExtUtils::Manifest 1.56
ExtUtils::ParseXS 2.2206
File::Spec 3.31
Module::Build 0.3607
Module::Signature n/a
Test::Harness 3.21
Test::More 0.94
YAML 0.71
YAML::Syck 1.10
version 0.82
--
Summary of my perl5 (revision 5 version 8 subversion 9) configuration:
Platform:
osname=linux, osvers=2.6.18-4-xen-amd64, archname=x86_64-linux-thread-multi
uname='linux pigsty2 2.6.18-4-xen-amd64 #1 smp fri may 4 02:40:51 utc 2007 x86_64 gnulinux '
config_args='-de -Duse64bitall -Dusethreads -Dprefix=/home/david/cpantesting/perl-5.8.9'
hint=recommended, useposix=true, d_sigaction=define
usethreads=define use5005threads=undef useithreads=define usemultiplicity=define
useperlio=define d_sfio=undef uselargefiles=define usesocks=undef
use64bitint=define use64bitall=define uselongdouble=undef
usemymalloc=n, bincompat5005=undef
Compiler:
cc='cc', ccflags ='-D_REENTRANT -D_GNU_SOURCE -DTHREADS_HAVE_PIDS -fno-strict-aliasing -pipe -I/usr/local/include -D_LARGEFILE_SOURCE -D_FILE_OFFSET_BITS=64',
optimize='-O2',
cppflags='-D_REENTRANT -D_GNU_SOURCE -DTHREADS_HAVE_PIDS -fno-strict-aliasing -pipe -I/usr/local/include'
ccversion='', gccversion='4.1.2 20061115 (prerelease) (Debian 4.1.1-21)', gccosandvers=''
intsize=4, longsize=8, ptrsize=8, doublesize=8, byteorder=12345678
d_longlong=define, longlongsize=8, d_longdbl=define, longdblsize=16
ivtype='long', ivsize=8, nvtype='double', nvsize=8, Off_t='off_t', lseeksize=8
alignbytes=8, prototype=define
Linker and Libraries:
ld='cc', ldflags =' -L/usr/local/lib'
libpth=/usr/local/lib /lib /usr/lib /lib64 /usr/lib64
libs=-lnsl -lgdbm -ldb -ldl -lm -lcrypt -lutil -lpthread -lc
perllibs=-lnsl -ldl -lm -lcrypt -lutil -lpthread -lc
libc=/lib/libc-2.3.6.so, so=so, useshrplib=false, libperl=libperl.a
gnulibc_version='2.3.6'
Dynamic Linking:
dlsrc=dl_dlopen.xs, dlext=so, d_dlsymun=undef, ccdlflags='-Wl,-E'
cccdlflags='-fPIC', lddlflags='-shared -O2 -L/usr/local/lib'
Characteristics of this binary (from libperl):
Compile-time options: MULTIPLICITY PERL_IMPLICIT_CONTEXT PERL_MALLOC_WRAP
THREADS_HAVE_PIDS USE_64_BIT_ALL USE_64_BIT_INT
USE_FAST_STDIO USE_ITHREADS USE_LARGE_FILES
USE_PERLIO USE_REENTRANT_API
Built under linux
Compiled at Jan 17 2009 20:41:01
%ENV:
PERL5LIB=""
PERL5OPT=""
PERL5_CPANPLUS_IS_RUNNING="18633"
PERL5_CPAN_IS_RUNNING="18633"
PERLVER="5.8.9"
PERL_INLINE_DIRECTORY="/home/david/.Inline-5.8.9"
@INC:
/home/david/cpantesting/perl-5.8.9/lib/5.8.9/x86_64-linux-thread-multi
/home/david/cpantesting/perl-5.8.9/lib/5.8.9
/home/david/cpantesting/perl-5.8.9/lib/site_perl/5.8.9/x86_64-linux-thread-multi
/home/david/cpantesting/perl-5.8.9/lib/site_perl/5.8.9
.