Report for Bolts-0.143171

Back
From: metabase:user:320bfe00-2aae-11df-837a-5e0a49663a4f
Subject: NA Bolts-0.143171 v5.8.5 GNU/Linux
Date: 2017-06-08T17:20:55Z

This distribution has been tested as part of the CPAN Testers
project, supporting the Perl programming language.  See
http://wiki.cpantesters.org/ for more information or email
questions to cpan-testers-discuss@perl.org


--
Dear Andrew Sterling Hanenkamp,

This is a computer-generated report for Bolts-0.143171
on perl 5.8.5, created by CPAN-Reporter-1.2018.

Thank you for uploading your work to CPAN.  While attempting to build or test
this distribution, the distribution signaled that support is not available
either for this operating system or this version of Perl.  Nevertheless, any
diagnostic output produced is provided below for reference.  If this is not
what you expect, you may wish to consult the CPAN Testers Wiki:

http://wiki.cpantesters.org/wiki/CPANAuthorNotes

Sections of this report:

    * Tester comments
    * Program output
    * Prerequisites
    * Environment and other context

------------------------------
TESTER COMMENTS
------------------------------

Additional comments from tester:

this report is from an automated smoke testing program
and was not reviewed by a human for accuracy

------------------------------
PROGRAM OUTPUT
------------------------------

Output from '/usr/bin/make test':

PERL_DL_NONLAZY=1 "/home/sand/src/perl/repoperls/installed-perls/host/k93msid/perl-5.8.5/89ad/bin/perl" "-MExtUtils::Command::MM" "-MTest::Harness" "-e" "undef *Test::Harness::Switches; test_harness(0, 'blib/lib', 'blib/arch')" t/*.t
Can't modify division (/) in division (/) at /tmp/loop_over_bdir-24993-je4Jlo/Bolts-0.143171-0/blib/lib/Bolts/Meta/Attribute/Trait/Initializer.pm line 55, near "'Scalar';"
Compilation failed in require at /tmp/loop_over_bdir-24993-je4Jlo/Bolts-0.143171-0/blib/lib/Bolts.pm line 9.
BEGIN failed--compilation aborted at /tmp/loop_over_bdir-24993-je4Jlo/Bolts-0.143171-0/blib/lib/Bolts.pm line 9.
Compilation failed in require at t/bad-index-key.t line 9.
BEGIN failed--compilation aborted at t/bad-index-key.t line 9.
# Looks like your test exited with 255 before it could output anything.
t/bad-index-key.t ......... 
Dubious, test returned 255 (wstat 65280, 0xff00)
Failed 6/6 subtests 
Can't modify division (/) in division (/) at /tmp/loop_over_bdir-24993-je4Jlo/Bolts-0.143171-0/blib/lib/Bolts/Meta/Attribute/Trait/Initializer.pm line 55, near "'Scalar';"
Compilation failed in require at /tmp/loop_over_bdir-24993-je4Jlo/Bolts-0.143171-0/blib/lib/Bolts.pm line 9.
BEGIN failed--compilation aborted at /tmp/loop_over_bdir-24993-je4Jlo/Bolts-0.143171-0/blib/lib/Bolts.pm line 9.
Compilation failed in require at t/bag-acquire_all.t line 24.
BEGIN failed--compilation aborted at t/bag-acquire_all.t line 24.
# Looks like your test exited with 255 before it could output anything.
t/bag-acquire_all.t ....... 
Dubious, test returned 255 (wstat 65280, 0xff00)
Failed 6/6 subtests 
Perl v5.10.0 required--this is only v5.8.5, stopped at t/bag-dep.t line 2.
BEGIN failed--compilation aborted at t/bag-dep.t line 2.
t/bag-dep.t ............... 
Dubious, test returned 9 (wstat 2304, 0x900)
No subtests run 
Perl v5.10.0 required--this is only v5.8.5, stopped at t/bag-nest.t line 2.
BEGIN failed--compilation aborted at t/bag-nest.t line 2.
t/bag-nest.t .............. 
Dubious, test returned 9 (wstat 2304, 0x900)
No subtests run 
Can't modify division (/) in division (/) at /tmp/loop_over_bdir-24993-je4Jlo/Bolts-0.143171-0/blib/lib/Bolts/Meta/Attribute/Trait/Initializer.pm line 55, near "'Scalar';"
Compilation failed in require at /tmp/loop_over_bdir-24993-je4Jlo/Bolts-0.143171-0/blib/lib/Bolts.pm line 9.
BEGIN failed--compilation aborted at /tmp/loop_over_bdir-24993-je4Jlo/Bolts-0.143171-0/blib/lib/Bolts.pm line 9.
Compilation failed in require at t/bag.t line 6.
BEGIN failed--compilation aborted at t/bag.t line 6.
# Looks like your test exited with 255 before it could output anything.
t/bag.t ................... 
Dubious, test returned 255 (wstat 65280, 0xff00)
Failed 11/11 subtests 
syntax error at /tmp/loop_over_bdir-24993-je4Jlo/Bolts-0.143171-0/blib/lib/Bolts/Role/RootLocator.pm line 128, near "$component) "
  (Might be a runaway multi-line // string starting on line 92)
syntax error at /tmp/loop_over_bdir-24993-je4Jlo/Bolts-0.143171-0/blib/lib/Bolts/Role/RootLocator.pm line 131, near "else"
Compilation failed in require at /home/sand/src/perl/repoperls/installed-perls/host/k93msid/perl-5.8.5/89ad/lib/site_perl/5.8.5/Module/Runtime.pm line 313.
Compilation failed in require at /tmp/loop_over_bdir-24993-je4Jlo/Bolts-0.143171-0/blib/lib/Bolts/Util.pm line 8.
BEGIN failed--compilation aborted at /tmp/loop_over_bdir-24993-je4Jlo/Bolts-0.143171-0/blib/lib/Bolts/Util.pm line 8.
Compilation failed in require at t/basic.t line 7.
BEGIN failed--compilation aborted at t/basic.t line 7.
# Looks like your test exited with 255 before it could output anything.
t/basic.t ................. 
Dubious, test returned 255 (wstat 65280, 0xff00)
Failed 17/17 subtests 
Perl v5.10.0 required--this is only v5.8.5, stopped at t/dependencies.t line 2.
BEGIN failed--compilation aborted at t/dependencies.t line 2.
t/dependencies.t .......... 
Dubious, test returned 9 (wstat 2304, 0x900)
No subtests run 
Perl v5.10.0 required--this is only v5.8.5, stopped at t/infer.t line 2.
BEGIN failed--compilation aborted at t/infer.t line 2.
t/infer.t ................. 
Dubious, test returned 9 (wstat 2304, 0x900)
No subtests run 
syntax error at /tmp/loop_over_bdir-24993-je4Jlo/Bolts-0.143171-0/blib/lib/Bolts/Role/RootLocator.pm line 128, near "$component) "
  (Might be a runaway multi-line // string starting on line 92)
syntax error at /tmp/loop_over_bdir-24993-je4Jlo/Bolts-0.143171-0/blib/lib/Bolts/Role/RootLocator.pm line 131, near "else"
Compilation failed in require at /home/sand/src/perl/repoperls/installed-perls/host/k93msid/perl-5.8.5/89ad/lib/site_perl/5.8.5/Module/Runtime.pm line 313.
Compilation failed in require at /tmp/loop_over_bdir-24993-je4Jlo/Bolts-0.143171-0/blib/lib/Bolts/Util.pm line 8.
BEGIN failed--compilation aborted at /tmp/loop_over_bdir-24993-je4Jlo/Bolts-0.143171-0/blib/lib/Bolts/Util.pm line 8.
Compilation failed in require at t/initializer.t line 6.
BEGIN failed--compilation aborted at t/initializer.t line 6.
# Looks like your test exited with 255 before it could output anything.
t/initializer.t ........... 
Dubious, test returned 255 (wstat 65280, 0xff00)
Failed 4/4 subtests 
Can't modify division (/) in division (/) at /tmp/loop_over_bdir-24993-je4Jlo/Bolts-0.143171-0/blib/lib/Bolts/Meta/Attribute/Trait/Initializer.pm line 55, near "'Scalar';"
Compilation failed in require at /tmp/loop_over_bdir-24993-je4Jlo/Bolts-0.143171-0/blib/lib/Bolts.pm line 9.
BEGIN failed--compilation aborted at /tmp/loop_over_bdir-24993-je4Jlo/Bolts-0.143171-0/blib/lib/Bolts.pm line 9.
Compilation failed in require at t/inject-bypos.t line 9.
BEGIN failed--compilation aborted at t/inject-bypos.t line 9.
# Looks like your test exited with 255 before it could output anything.
t/inject-bypos.t .......... 
Dubious, test returned 255 (wstat 65280, 0xff00)
Failed 3/3 subtests 
Can't modify division (/) in division (/) at /tmp/loop_over_bdir-24993-je4Jlo/Bolts-0.143171-0/blib/lib/Bolts/Meta/Attribute/Trait/Initializer.pm line 55, near "'Scalar';"
Compilation failed in require at /tmp/loop_over_bdir-24993-je4Jlo/Bolts-0.143171-0/blib/lib/Bolts.pm line 9.
BEGIN failed--compilation aborted at /tmp/loop_over_bdir-24993-je4Jlo/Bolts-0.143171-0/blib/lib/Bolts.pm line 9.
Compilation failed in require at t/opaque.t line 18.
BEGIN failed--compilation aborted at t/opaque.t line 18.
# Looks like your test exited with 255 before it could output anything.
t/opaque.t ................ 
Dubious, test returned 255 (wstat 65280, 0xff00)
Failed 5/5 subtests 
t/release-pod-coverage.t .. skipped: these tests are for release candidate testing
t/release-pod-syntax.t .... skipped: these tests are for release candidate testing

Test Summary Report
-------------------
t/bad-index-key.t       (Wstat: 65280 Tests: 0 Failed: 0)
  Non-zero exit status: 255
  Parse errors: Bad plan.  You planned 6 tests but ran 0.
t/bag-acquire_all.t     (Wstat: 65280 Tests: 0 Failed: 0)
  Non-zero exit status: 255
  Parse errors: Bad plan.  You planned 6 tests but ran 0.
t/bag-dep.t             (Wstat: 2304 Tests: 0 Failed: 0)
  Non-zero exit status: 9
  Parse errors: No plan found in TAP output
t/bag-nest.t            (Wstat: 2304 Tests: 0 Failed: 0)
  Non-zero exit status: 9
  Parse errors: No plan found in TAP output
t/bag.t                 (Wstat: 65280 Tests: 0 Failed: 0)
  Non-zero exit status: 255
  Parse errors: Bad plan.  You planned 11 tests but ran 0.
t/basic.t               (Wstat: 65280 Tests: 0 Failed: 0)
  Non-zero exit status: 255
  Parse errors: Bad plan.  You planned 17 tests but ran 0.
t/dependencies.t        (Wstat: 2304 Tests: 0 Failed: 0)
  Non-zero exit status: 9
  Parse errors: No plan found in TAP output
t/infer.t               (Wstat: 2304 Tests: 0 Failed: 0)
  Non-zero exit status: 9
  Parse errors: No plan found in TAP output
t/initializer.t         (Wstat: 65280 Tests: 0 Failed: 0)
  Non-zero exit status: 255
  Parse errors: Bad plan.  You planned 4 tests but ran 0.
t/inject-bypos.t        (Wstat: 65280 Tests: 0 Failed: 0)
  Non-zero exit status: 255
  Parse errors: Bad plan.  You planned 3 tests but ran 0.
t/opaque.t              (Wstat: 65280 Tests: 0 Failed: 0)
  Non-zero exit status: 255
  Parse errors: Bad plan.  You planned 5 tests but ran 0.
Files=13, Tests=0,  4 wallclock secs ( 0.04 usr  0.06 sys +  1.54 cusr  0.16 csys =  1.80 CPU)
Result: FAIL
Failed 11/13 test programs. 0/0 subtests failed.
Makefile:1027: recipe for target 'test_dynamic' failed
make: *** [test_dynamic] Error 255

------------------------------
PREREQUISITES
------------------------------

Prerequisite modules loaded:

requires:

    Module                       Need Have    
    ---------------------------- ---- --------
    Carp                         0    1.38    
    Class::Load                  0    0.24    
  ! Hash::Util::FieldHash        0    n/a     
    List::MoreUtils              0    0.419   
    Moose                        0    2.2004  
    Moose::Exporter              0    2.2004  
    Moose::Role                  0    2.2004  
    Moose::Util                  0    2.2004  
    Moose::Util::MetaRole        0    2.2004  
    Moose::Util::TypeConstraints 0    2.2004  
    Safe::Isa                    0    1.000006
    Scalar::Util                 0    1.47    

build_requires:

    Module                       Need Have    
    ---------------------------- ---- --------
    ExtUtils::MakeMaker          0    7.24    
    lib                          0    0.63    
    List::Util                   0    1.47    
    strict                       0    1.03    
    Test::More                   0    1.302085
    vars                         0    1.01    
    warnings                     0    1.03    

configure_requires:

    Module                       Need Have    
    ---------------------------- ---- --------
    ExtUtils::MakeMaker          6.30 7.24    


------------------------------
ENVIRONMENT AND OTHER CONTEXT
------------------------------

Environment variables:

    AUTOMATED_TESTING = 1
    LANG = en_US.UTF-8
    PATH = /home/sand/bin:/usr/local/bin:/usr/bin:/bin:/usr/games:/usr/local/perl/bin:/usr/X11/bin:/sbin:/usr/sbin
    PERL5LIB = 
    PERL5OPT = 
    PERL5_CPANPLUS_IS_RUNNING = 24994
    PERL5_CPAN_IS_RUNNING = 24994
    PERL_CANARY_STABILITY_NOPROMPT = 1
    PERL_MM_USE_DEFAULT = 1
    PERL_USE_UNSAFE_INC = 1
    SHELL = /usr/bin/zsh
    TERM = screen

Perl special variables (and OS-specific diagnostics, for MSWin32):

    $^X = /home/sand/src/perl/repoperls/installed-perls/host/k93msid/perl-5.8.5/89ad/bin/perl
    $UID/$EUID = 1005 / 1005
    $GID = 1005 1005
    $EGID = 1005 1005

Perl module toolchain versions installed:

    Module              Have    
    ------------------- --------
    CPAN                2.18    
    CPAN::Meta          2.150010
    Cwd                 3.62    
    ExtUtils::CBuilder  0.280224
    ExtUtils::Command   7.24    
    ExtUtils::Install   2.10    
    ExtUtils::MakeMaker 7.24    
    ExtUtils::Manifest  1.70    
    ExtUtils::ParseXS   3.30    
    File::Spec          3.62    
    JSON                2.94    
    JSON::PP            2.94    
    Module::Build       0.4222  
    Module::Signature   0.81    
    Parse::CPAN::Meta   2.150010
    Test::Harness       3.39    
    Test::More          1.302085
    YAML                n/a     
    YAML::Syck          1.30    
    version             0.9918  


--

Summary of my perl5 (revision 5 version 8 subversion 5) configuration:
  Platform:
    osname=linux, osvers=4.9.0-2-amd64, archname=x86_64-linux
    uname='linux k93msid 4.9.0-2-amd64 #1 smp debian 4.9.18-1 (2017-03-30) x86_64 gnulinux '
    config_args='-Dprefix=/home/sand/src/perl/repoperls/installed-perls/host/k93msid/perl-5.8.5/89ad -Dmyhostname=k93msid -Dinstallusrbinperl=n -Uversiononly -Dusedevel -des -Ui_db -Dlibswanted=cl pthread socket inet nsl gdbm dbm malloc dl ld sun m crypt sec util c cposix posix ucb BSD gdbm_compat -Uuseithreads -Uuselongdouble -DDEBUGGING=-g'
    hint=recommended, useposix=true, d_sigaction=define
    usethreads=undef use5005threads=undef useithreads=undef usemultiplicity=undef
    useperlio=define d_sfio=undef uselargefiles=define usesocks=undef
    use64bitint=define use64bitall=define uselongdouble=undef
    usemymalloc=n, bincompat5005=undef
  Compiler:
    cc='cc', ccflags ='-fno-strict-aliasing -pipe -I/usr/local/include -D_LARGEFILE_SOURCE -D_FILE_OFFSET_BITS=64',
    optimize='-O2',
    cppflags='-fno-strict-aliasing -pipe -I/usr/local/include'
    ccversion='', gccversion='6.3.0 20170406', gccosandvers=''
    intsize=4, longsize=8, ptrsize=8, doublesize=8, byteorder=12345678
    d_longlong=define, longlongsize=8, d_longdbl=define, longdblsize=16
    ivtype='long', ivsize=8, nvtype='double', nvsize=8, Off_t='off_t', lseeksize=8
    alignbytes=8, prototype=define
  Linker and Libraries:
    ld='cc', ldflags =' -L/usr/local/lib'
    libpth=/usr/local/lib /lib/x86_64-linux-gnu /lib/../lib /usr/lib/x86_64-linux-gnu /usr/lib/../lib /lib /usr/lib
    libs=-lpthread -lnsl -ldl -lm -lcrypt -lutil -lc
    perllibs=-lpthread -lnsl -ldl -lm -lcrypt -lutil -lc
    libc=libc-2.24.so, so=so, useshrplib=false, libperl=libperl.a
    gnulibc_version='2.24'
  Dynamic Linking:
    dlsrc=dl_dlopen.xs, dlext=so, d_dlsymun=undef, ccdlflags='-Wl,-E'
    cccdlflags='-fpic', lddlflags='-shared -L/usr/local/lib'


Characteristics of this binary (from libperl): 
  Compile-time options: USE_64_BIT_INT USE_64_BIT_ALL USE_LARGE_FILES
  Locally applied patches:
	MAINT23136
  Built under linux
  Compiled at Apr 17 2017 10:59:35
  %ENV:
    PERL5LIB=""
    PERL5OPT=""
    PERL5_CPANPLUS_IS_RUNNING="24994"
    PERL5_CPAN_IS_RUNNING="24994"
    PERL_CANARY_STABILITY_NOPROMPT="1"
    PERL_MM_USE_DEFAULT="1"
    PERL_USE_UNSAFE_INC="1"
  @INC:
    /home/sand/src/perl/repoperls/installed-perls/host/k93msid/perl-5.8.5/89ad/lib/5.8.5/x86_64-linux
    /home/sand/src/perl/repoperls/installed-perls/host/k93msid/perl-5.8.5/89ad/lib/5.8.5
    /home/sand/src/perl/repoperls/installed-perls/host/k93msid/perl-5.8.5/89ad/lib/site_perl/5.8.5/x86_64-linux
    /home/sand/src/perl/repoperls/installed-perls/host/k93msid/perl-5.8.5/89ad/lib/site_perl/5.8.5
    /home/sand/src/perl/repoperls/installed-perls/host/k93msid/perl-5.8.5/89ad/lib/site_perl
    .