LaTeXML v0.8.6_2 Perl 5 v5.10.1 OpenBSD.amd64-openbsd-thread-multi

Status
Fail
From
Chris Williams (BINGOS)
Dist
LaTeXML v0.8.6_2
Platform
Perl 5 v5.10.1 OpenBSD.amd64-openbsd-thread-multi
Date
2021-09-24 21:17:31
ID
d403675c-1d7c-11ec-bc66-57723b537541
This distribution has been tested as part of the CPAN Testers
project, supporting the Perl programming language.  See
http://wiki.cpantesters.org/ for more information or email
questions to cpan-testers-discuss@perl.org


--

Dear BRMILLER,

This is a computer-generated error report created automatically by
CPANPLUS, version 0.9912. Testers personal comments may appear
at the end of this report.


Thank you for uploading your work to CPAN.  However, it appears that
there were some problems testing your distribution.

TEST RESULTS:

Below is the error stack from stage 'make test':

PERL_DL_NONLAZY=1 "/home/cpan/pit/thr/perl-5.10.1/bin/perl" "-MExtUtils::Command::MM" "-MTest::Harness" "-e" "undef *Test::Harness::Switches; test_harness(0, 'blib/lib', 'blib/arch')" t/*.t

#   Failed test 'use LaTeXML;'
#   at t/002_unit_findfile.t line 8.
#     Tried to use 'LaTeXML'.
#     Error:  Term::ANSIColor version 2.01 required--this is only version 2.00 at /home/cpan/pit/thr/conf/perl-5.10.1/.cpanplus/5.10.1/build/EEAsj8188n/LaTeXML-0.8.6_2/blib/lib/LaTeXML/Common/Error.pm line 20.
# BEGIN failed--compilation aborted at /home/cpan/pit/thr/conf/perl-5.10.1/.cpanplus/5.10.1/build/EEAsj8188n/LaTeXML-0.8.6_2/blib/lib/LaTeXML/Common/Error.pm line 20.
# Compilation failed in require at /home/cpan/pit/thr/conf/perl-5.10.1/.cpanplus/5.10.1/build/EEAsj8188n/LaTeXML-0.8.6_2/blib/lib/LaTeXML/Common/Config.pm line 22.
# BEGIN failed--compilation aborted at /home/cpan/pit/thr/conf/perl-5.10.1/.cpanplus/5.10.1/build/EEAsj8188n/LaTeXML-0.8.6_2/blib/lib/LaTeXML/Common/Config.pm line 22.
# Compilation failed in require at /home/cpan/pit/thr/conf/perl-5.10.1/.cpanplus/5.10.1/build/EEAsj8188n/LaTeXML-0.8.6_2/blib/lib/LaTeXML.pm line 23.
# BEGIN failed--compilation aborted at /home/cpan/pit/thr/conf/perl-5.10.1/.cpanplus/5.10.1/build/EEAsj8188n/LaTeXML-0.8.6_2/blib/lib/LaTeXML.pm line 23.
# Compilation failed in require at t/002_unit_findfile.t line 8.
# BEGIN failed--compilation aborted at t/002_unit_findfile.t line 8.

#   Failed test 'use LaTeXML::Core::State;'
#   at t/002_unit_findfile.t line 9.
#     Tried to use 'LaTeXML::Core::State'.
#     Error:  Attempt to reload LaTeXML/Common/Error.pm aborted.
# Compilation failed in require at /home/cpan/pit/thr/conf/perl-5.10.1/.cpanplus/5.10.1/build/EEAsj8188n/LaTeXML-0.8.6_2/blib/lib/LaTeXML/Core/State.pm line 16.
# BEGIN failed--compilation aborted at /home/cpan/pit/thr/conf/perl-5.10.1/.cpanplus/5.10.1/build/EEAsj8188n/LaTeXML-0.8.6_2/blib/lib/LaTeXML/Core/State.pm line 16.
# Compilation failed in require at t/002_unit_findfile.t line 9.
# BEGIN failed--compilation aborted at t/002_unit_findfile.t line 9.

#   Failed test 'use LaTeXML::Core::Stomach;'
#   at t/002_unit_findfile.t line 10.
#     Tried to use 'LaTeXML::Core::Stomach'.
#     Error:  Attempt to reload LaTeXML/Common/Error.pm aborted.
# Compilation failed in require at /home/cpan/pit/thr/conf/perl-5.10.1/.cpanplus/5.10.1/build/EEAsj8188n/LaTeXML-0.8.6_2/blib/lib/LaTeXML/Core/Stomach.pm line 18.
# BEGIN failed--compilation aborted at /home/cpan/pit/thr/conf/perl-5.10.1/.cpanplus/5.10.1/build/EEAsj8188n/LaTeXML-0.8.6_2/blib/lib/LaTeXML/Core/Stomach.pm line 18.
# Compilation failed in require at t/002_unit_findfile.t line 10.
# BEGIN failed--compilation aborted at t/002_unit_findfile.t line 10.

#   Failed test 'use LaTeXML::Common::Model;'
#   at t/002_unit_findfile.t line 11.
#     Tried to use 'LaTeXML::Common::Model'.
#     Error:  Attempt to reload LaTeXML/Common/Error.pm aborted.
# Compilation failed in require at /home/cpan/pit/thr/conf/perl-5.10.1/.cpanplus/5.10.1/build/EEAsj8188n/LaTeXML-0.8.6_2/blib/lib/LaTeXML/Common/Model.pm line 17.
# BEGIN failed--compilation aborted at /home/cpan/pit/thr/conf/perl-5.10.1/.cpanplus/5.10.1/build/EEAsj8188n/LaTeXML-0.8.6_2/blib/lib/LaTeXML/Common/Model.pm line 17.
# Compilation failed in require at t/002_unit_findfile.t line 11.
# BEGIN failed--compilation aborted at t/002_unit_findfile.t line 11.

#   Failed test 'use LaTeXML::Package;'
#   at t/002_unit_findfile.t line 13.
#     Tried to use 'LaTeXML::Package'.
#     Error:  Attempt to reload LaTeXML/Common/Error.pm aborted.
# Compilation failed in require at /home/cpan/pit/thr/conf/perl-5.10.1/.cpanplus/5.10.1/build/EEAsj8188n/LaTeXML-0.8.6_2/blib/lib/LaTeXML/Package.pm line 20.
# BEGIN failed--compilation aborted at /home/cpan/pit/thr/conf/perl-5.10.1/.cpanplus/5.10.1/build/EEAsj8188n/LaTeXML-0.8.6_2/blib/lib/LaTeXML/Package.pm line 20.
# Compilation failed in require at t/002_unit_findfile.t line 13.
# BEGIN failed--compilation aborted at t/002_unit_findfile.t line 13.

#   Failed test 'use LaTeXML::Common::Error;'
#   at t/002_unit_findfile.t line 14.
#     Tried to use 'LaTeXML::Common::Error'.
#     Error:  Attempt to reload LaTeXML/Common/Error.pm aborted.
# Compilation failed in require at t/002_unit_findfile.t line 14.
# BEGIN failed--compilation aborted at t/002_unit_findfile.t line 14.
Can't locate object method "new" via package "LaTeXML::Core::Stomach" at t/002_unit_findfile.t line 16.
# Tests were run but no plan was declared and done_testing() was not seen.
# Looks like your test exited with 9 just after 7.
t/002_unit_findfile.t ..... 
Dubious, test returned 9 (wstat 2304, 0x900)
Failed 6/7 subtests 

#   Failed test 'use LaTeXML;'
#   at t/00_unittest.t line 8.
#     Tried to use 'LaTeXML'.
#     Error:  Term::ANSIColor version 2.01 required--this is only version 2.00 at /home/cpan/pit/thr/conf/perl-5.10.1/.cpanplus/5.10.1/build/EEAsj8188n/LaTeXML-0.8.6_2/blib/lib/LaTeXML/Common/Error.pm line 20.
# BEGIN failed--compilation aborted at /home/cpan/pit/thr/conf/perl-5.10.1/.cpanplus/5.10.1/build/EEAsj8188n/LaTeXML-0.8.6_2/blib/lib/LaTeXML/Common/Error.pm line 20.
# Compilation failed in require at /home/cpan/pit/thr/conf/perl-5.10.1/.cpanplus/5.10.1/build/EEAsj8188n/LaTeXML-0.8.6_2/blib/lib/LaTeXML/Common/Config.pm line 22.
# BEGIN failed--compilation aborted at /home/cpan/pit/thr/conf/perl-5.10.1/.cpanplus/5.10.1/build/EEAsj8188n/LaTeXML-0.8.6_2/blib/lib/LaTeXML/Common/Config.pm line 22.
# Compilation failed in require at /home/cpan/pit/thr/conf/perl-5.10.1/.cpanplus/5.10.1/build/EEAsj8188n/LaTeXML-0.8.6_2/blib/lib/LaTeXML.pm line 23.
# BEGIN failed--compilation aborted at /home/cpan/pit/thr/conf/perl-5.10.1/.cpanplus/5.10.1/build/EEAsj8188n/LaTeXML-0.8.6_2/blib/lib/LaTeXML.pm line 23.
# Compilation failed in require at t/00_unittest.t line 8.
# BEGIN failed--compilation aborted at t/00_unittest.t line 8.

#   Failed test 'use LaTeXML::Package;'
#   at t/00_unittest.t line 10.
#     Tried to use 'LaTeXML::Package'.
#     Error:  Attempt to reload LaTeXML/Common/Error.pm aborted.
# Compilation failed in require at /home/cpan/pit/thr/conf/perl-5.10.1/.cpanplus/5.10.1/build/EEAsj8188n/LaTeXML-0.8.6_2/blib/lib/LaTeXML/Package.pm line 20.
# BEGIN failed--compilation aborted at /home/cpan/pit/thr/conf/perl-5.10.1/.cpanplus/5.10.1/build/EEAsj8188n/LaTeXML-0.8.6_2/blib/lib/LaTeXML/Package.pm line 20.
# Compilation failed in require at t/00_unittest.t line 10.
# BEGIN failed--compilation aborted at t/00_unittest.t line 10.

#   Failed test 'Make Token (x)'
#   at t/00_unittest.t line 16.

#   Failed test 'Got correct token (x)'
#   at t/00_unittest.t line 17.
#          got: undef
#     expected: 'T_LETTER[x]'

#   Failed test 'Make Token (x)'
#   at t/00_unittest.t line 18.

#   Failed test 'Got correct deref (x)'
#   at t/00_unittest.t line 20.
#          got: undef
#     expected: 'T_LETTER[x]'

#   Failed test 'Make Token (z)'
#   at t/00_unittest.t line 21.

#   Failed test 'Got correct token (z)'
#   at t/00_unittest.t line 22.
#          got: undef
#     expected: 'T_LETTER[z]'

#   Failed test 'Make Tokens (x)'
#   at t/00_unittest.t line 26.

#   Failed test 'Got correct token (x)'
#   at t/00_unittest.t line 27.
#          got: undef
#     expected: 'Tokens[x]'

#   Failed test 'Make Tokens from Token's (x,x,x)'
#   at t/00_unittest.t line 28.

#   Failed test 'Got correct tokens'
#   at t/00_unittest.t line 29.
#          got: undef
#     expected: 'Tokens[x,x,x]'

#   Failed test 'Make Tokens from Tokens (x,x,x)'
#   at t/00_unittest.t line 30.

#   Failed test 'Make Token (z)'
#   at t/00_unittest.t line 31.

#   Failed test 'Got correct deref (x,x,x)'
#   at t/00_unittest.t line 32.
#          got: undef
#     expected: 'Tokens[x,x,x]'

#   Failed test 'Make Tokens from Token's (z,z,z)'
#   at t/00_unittest.t line 33.

#   Failed test 'Got correct tokens (z,z,z)'
#   at t/00_unittest.t line 34.
#          got: undef
#     expected: 'Tokens[z,z,z]'

#   Failed test 'Make Tokens from Tokens (x,x,x)'
#   at t/00_unittest.t line 35.

#   Failed test 'Got correct tokens (x,x,x)'
#   at t/00_unittest.t line 36.
#          got: undef
#     expected: 'Tokens[x,x,x]'

#   Failed test 'Make balanced tokens'
#   at t/00_unittest.t line 40.

#   Failed test 'Check is balanced'
#   at t/00_unittest.t line 42.

#   Failed test 'Make unbalanced tokens'
#   at t/00_unittest.t line 43.

#   Failed test 'Check is not balancde'
#   at t/00_unittest.t line 45.

#   Failed test 'substitute tokens w/o params'
#   at t/00_unittest.t line 49.

#   Failed test 'Got correct (non)substitution'
#   at t/00_unittest.t line 51.
#          got: undef
#     expected: 'Tokens[a,{,...,},z]'

#   Failed test 'make tokens w/ params'
#   at t/00_unittest.t line 52.

#   Failed test 'subsitute tokens w/params'
#   at t/00_unittest.t line 54.

#   Failed test 'Got correct substitution'
#   at t/00_unittest.t line 56.
#          got: undef
#     expected: 'Tokens[a,{,u,m,v,},z]'

#   Failed test 'Strip no braces'
#   at t/00_unittest.t line 59.
#          got: undef
#     expected: 'a'

#   Failed test 'Strip one brace'
#   at t/00_unittest.t line 61.
#          got: undef
#     expected: 'a'

#   Failed test 'Strip spaces'
#   at t/00_unittest.t line 64.
#          got: undef
#     expected: 'a'

#   Failed test 'Strip brace & spaces'
#   at t/00_unittest.t line 67.
#          got: undef
#     expected: 'a'

#   Failed test 'Strip spaces, not inner space'
#   at t/00_unittest.t line 70.
#          got: undef
#     expected: ' a '

#   Failed test 'Strip outer braces'
#   at t/00_unittest.t line 73.
#          got: undef
#     expected: '{a}'

#   Failed test 'Don't strip unbalanced braces'
#   at t/00_unittest.t line 76.
#          got: undef
#     expected: '{a}{b}'

#   Failed test 'strip outermost braces'
#   at t/00_unittest.t line 79.
#          got: undef
#     expected: '{a}{b}'
# Looks like you failed 36 tests of 36.
t/00_unittest.t ........... 
Dubious, test returned 36 (wstat 9216, 0x2400)
Failed 36/36 subtests 
Term::ANSIColor version 2.01 required--this is only version 2.00 at /home/cpan/pit/thr/conf/perl-5.10.1/.cpanplus/5.10.1/build/EEAsj8188n/LaTeXML-0.8.6_2/blib/lib/LaTeXML/Common/Error.pm line 20.
BEGIN failed--compilation aborted at /home/cpan/pit/thr/conf/perl-5.10.1/.cpanplus/5.10.1/build/EEAsj8188n/LaTeXML-0.8.6_2/blib/lib/LaTeXML/Common/Error.pm line 20.
Compilation failed in require at /home/cpan/pit/thr/conf/perl-5.10.1/.cpanplus/5.10.1/build/EEAsj8188n/LaTeXML-0.8.6_2/blib/lib/LaTeXML/Post.pm line 22.
BEGIN failed--compilation aborted at /home/cpan/pit/thr/conf/perl-5.10.1/.cpanplus/5.10.1/build/EEAsj8188n/LaTeXML-0.8.6_2/blib/lib/LaTeXML/Post.pm line 22.
Compilation failed in require at /home/cpan/pit/thr/conf/perl-5.10.1/.cpanplus/5.10.1/build/EEAsj8188n/LaTeXML-0.8.6_2/blib/lib/LaTeXML/Util/Test.pm line 12.
BEGIN failed--compilation aborted at /home/cpan/pit/thr/conf/perl-5.10.1/.cpanplus/5.10.1/build/EEAsj8188n/LaTeXML-0.8.6_2/blib/lib/LaTeXML/Util/Test.pm line 12.
Compilation failed in require at t/05_tokenize.t line 5.
BEGIN failed--compilation aborted at t/05_tokenize.t line 5.
t/05_tokenize.t ........... 
Dubious, test returned 9 (wstat 2304, 0x900)
No subtests run 
Term::ANSIColor version 2.01 required--this is only version 2.00 at /home/cpan/pit/thr/conf/perl-5.10.1/.cpanplus/5.10.1/build/EEAsj8188n/LaTeXML-0.8.6_2/blib/lib/LaTeXML/Common/Error.pm line 20.
BEGIN failed--compilation aborted at /home/cpan/pit/thr/conf/perl-5.10.1/.cpanplus/5.10.1/build/EEAsj8188n/LaTeXML-0.8.6_2/blib/lib/LaTeXML/Common/Error.pm line 20.
Compilation failed in require at /home/cpan/pit/thr/conf/perl-5.10.1/.cpanplus/5.10.1/build/EEAsj8188n/LaTeXML-0.8.6_2/blib/lib/LaTeXML/Post.pm line 22.
BEGIN failed--compilation aborted at /home/cpan/pit/thr/conf/perl-5.10.1/.cpanplus/5.10.1/build/EEAsj8188n/LaTeXML-0.8.6_2/blib/lib/LaTeXML/Post.pm line 22.
Compilation failed in require at /home/cpan/pit/thr/conf/perl-5.10.1/.cpanplus/5.10.1/build/EEAsj8188n/LaTeXML-0.8.6_2/blib/lib/LaTeXML/Util/Test.pm line 12.
BEGIN failed--compilation aborted at /home/cpan/pit/thr/conf/perl-5.10.1/.cpanplus/5.10.1/build/EEAsj8188n/LaTeXML-0.8.6_2/blib/lib/LaTeXML/Util/Test.pm line 12.
Compilation failed in require at t/10_expansion.t line 5.
BEGIN failed--compilation aborted at t/10_expansion.t line 5.
t/10_expansion.t .......... 
Dubious, test returned 9 (wstat 2304, 0x900)
No subtests run 
Term::ANSIColor version 2.01 required--this is only version 2.00 at /home/cpan/pit/thr/conf/perl-5.10.1/.cpanplus/5.10.1/build/EEAsj8188n/LaTeXML-0.8.6_2/blib/lib/LaTeXML/Common/Error.pm line 20.
BEGIN failed--compilation aborted at /home/cpan/pit/thr/conf/perl-5.10.1/.cpanplus/5.10.1/build/EEAsj8188n/LaTeXML-0.8.6_2/blib/lib/LaTeXML/Common/Error.pm line 20.
Compilation failed in require at /home/cpan/pit/thr/conf/perl-5.10.1/.cpanplus/5.10.1/build/EEAsj8188n/LaTeXML-0.8.6_2/blib/lib/LaTeXML/Post.pm line 22.
BEGIN failed--compilation aborted at /home/cpan/pit/thr/conf/perl-5.10.1/.cpanplus/5.10.1/build/EEAsj8188n/LaTeXML-0.8.6_2/blib/lib/LaTeXML/Post.pm line 22.
Compilation failed in require at /home/cpan/pit/thr/conf/perl-5.10.1/.cpanplus/5.10.1/build/EEAsj8188n/LaTeXML-0.8.6_2/blib/lib/LaTeXML/Util/Test.pm line 12.
BEGIN failed--compilation aborted at /home/cpan/pit/thr/conf/perl-5.10.1/.cpanplus/5.10.1/build/EEAsj8188n/LaTeXML-0.8.6_2/blib/lib/LaTeXML/Util/Test.pm line 12.
Compilation failed in require at t/12_grouping.t line 5.
BEGIN failed--compilation aborted at t/12_grouping.t line 5.
t/12_grouping.t ........... 
Dubious, test returned 9 (wstat 2304, 0x900)
No subtests run 
Term::ANSIColor version 2.01 required--this is only version 2.00 at /home/cpan/pit/thr/conf/perl-5.10.1/.cpanplus/5.10.1/build/EEAsj8188n/LaTeXML-0.8.6_2/blib/lib/LaTeXML/Common/Error.pm line 20.
BEGIN failed--compilation aborted at /home/cpan/pit/thr/conf/perl-5.10.1/.cpanplus/5.10.1/build/EEAsj8188n/LaTeXML-0.8.6_2/blib/lib/LaTeXML/Common/Error.pm line 20.
Compilation failed in require at /home/cpan/pit/thr/conf/perl-5.10.1/.cpanplus/5.10.1/build/EEAsj8188n/LaTeXML-0.8.6_2/blib/lib/LaTeXML/Common/Config.pm line 22.
BEGIN failed--compilation aborted at /home/cpan/pit/thr/conf/perl-5.10.1/.cpanplus/5.10.1/build/EEAsj8188n/LaTeXML-0.8.6_2/blib/lib/LaTeXML/Common/Config.pm line 22.
Compilation failed in require at /home/cpan/pit/thr/conf/perl-5.10.1/.cpanplus/5.10.1/build/EEAsj8188n/LaTeXML-0.8.6_2/blib/lib/LaTeXML.pm line 23.
BEGIN failed--compilation aborted at /home/cpan/pit/thr/conf/perl-5.10.1/.cpanplus/5.10.1/build/EEAsj8188n/LaTeXML-0.8.6_2/blib/lib/LaTeXML.pm line 23.
Compilation failed in require at t/170_grammar_coverage.t line 8.
BEGIN failed--compilation aborted at t/170_grammar_coverage.t line 8.
t/170_grammar_coverage.t .. 
Dubious, test returned 9 (wstat 2304, 0x900)
No subtests run 
Term::ANSIColor version 2.01 required--this is only version 2.00 at /home/cpan/pit/thr/conf/perl-5.10.1/.cpanplus/5.10.1/build/EEAsj8188n/LaTeXML-0.8.6_2/blib/lib/LaTeXML/Common/Error.pm line 20.
BEGIN failed--compilation aborted at /home/cpan/pit/thr/conf/perl-5.10.1/.cpanplus/5.10.1/build/EEAsj8188n/LaTeXML-0.8.6_2/blib/lib/LaTeXML/Common/Error.pm line 20.
Compilation failed in require at /home/cpan/pit/thr/conf/perl-5.10.1/.cpanplus/5.10.1/build/EEAsj8188n/LaTeXML-0.8.6_2/blib/lib/LaTeXML/Post.pm line 22.
BEGIN failed--compilation aborted at /home/cpan/pit/thr/conf/perl-5.10.1/.cpanplus/5.10.1/build/EEAsj8188n/LaTeXML-0.8.6_2/blib/lib/LaTeXML/Post.pm line 22.
Compilation failed in require at /home/cpan/pit/thr/conf/perl-5.10.1/.cpanplus/5.10.1/build/EEAsj8188n/LaTeXML-0.8.6_2/blib/lib/LaTeXML/Util/Test.pm line 12.
BEGIN failed--compilation aborted at /home/cpan/pit/thr/conf/perl-5.10.1/.cpanplus/5.10.1/build/EEAsj8188n/LaTeXML-0.8.6_2/blib/lib/LaTeXML/Util/Test.pm line 12.
Compilation failed in require at t/20_digestion.t line 5.
BEGIN failed--compilation aborted at t/20_digestion.t line 5.
t/20_digestion.t .......... 
Dubious, test returned 9 (wstat 2304, 0x900)
No subtests run 
Term::ANSIColor version 2.01 required--this is only version 2.00 at /home/cpan/pit/thr/conf/perl-5.10.1/.cpanplus/5.10.1/build/EEAsj8188n/LaTeXML-0.8.6_2/blib/lib/LaTeXML/Common/Error.pm line 20.
BEGIN failed--compilation aborted at /home/cpan/pit/thr/conf/perl-5.10.1/.cpanplus/5.10.1/build/EEAsj8188n/LaTeXML-0.8.6_2/blib/lib/LaTeXML/Common/Error.pm line 20.
Compilation failed in require at /home/cpan/pit/thr/conf/perl-5.10.1/.cpanplus/5.10.1/build/EEAsj8188n/LaTeXML-0.8.6_2/blib/lib/LaTeXML/Post.pm line 22.
BEGIN failed--compilation aborted at /home/cpan/pit/thr/conf/perl-5.10.1/.cpanplus/5.10.1/build/EEAsj8188n/LaTeXML-0.8.6_2/blib/lib/LaTeXML/Post.pm line 22.
Compilation failed in require at /home/cpan/pit/thr/conf/perl-5.10.1/.cpanplus/5.10.1/build/EEAsj8188n/LaTeXML-0.8.6_2/blib/lib/LaTeXML/Util/Test.pm line 12.
BEGIN failed--compilation aborted at /home/cpan/pit/thr/conf/perl-5.10.1/.cpanplus/5.10.1/build/EEAsj8188n/LaTeXML-0.8.6_2/blib/lib/LaTeXML/Util/Test.pm line 12.
Compilation failed in require at t/22_fonts.t line 5.
BEGIN failed--compilation aborted at t/22_fonts.t line 5.
t/22_fonts.t .............. 
Dubious, test returned 9 (wstat 2304, 0x900)
No subtests run 
Term::ANSIColor version 2.01 required--this is only version 2.00 at /home/cpan/pit/thr/conf/perl-5.10.1/.cpanplus/5.10.1/build/EEAsj8188n/LaTeXML-0.8.6_2/blib/lib/LaTeXML/Common/Error.pm line 20.
BEGIN failed--compilation aborted at /home/cpan/pit/thr/conf/perl-5.10.1/.cpanplus/5.10.1/build/EEAsj8188n/LaTeXML-0.8.6_2/blib/lib/LaTeXML/Common/Error.pm line 20.
Compilation failed in require at /home/cpan/pit/thr/conf/perl-5.10.1/.cpanplus/5.10.1/build/EEAsj8188n/LaTeXML-0.8.6_2/blib/lib/LaTeXML/Post.pm line 22.
BEGIN failed--compilation aborted at /home/cpan/pit/thr/conf/perl-5.10.1/.cpanplus/5.10.1/build/EEAsj8188n/LaTeXML-0.8.6_2/blib/lib/LaTeXML/Post.pm line 22.
Compilation failed in require at /home/cpan/pit/thr/conf/perl-5.10.1/.cpanplus/5.10.1/build/EEAsj8188n/LaTeXML-0.8.6_2/blib/lib/LaTeXML/Util/Test.pm line 12.
BEGIN failed--compilation aborted at /home/cpan/pit/thr/conf/perl-5.10.1/.cpanplus/5.10.1/build/EEAsj8188n/LaTeXML-0.8.6_2/blib/lib/LaTeXML/Util/Test.pm line 12.
Compilation failed in require at t/30_encoding.t line 5.
BEGIN failed--compilation aborted at t/30_encoding.t line 5.
t/30_encoding.t ........... 
Dubious, test returned 9 (wstat 2304, 0x900)
No subtests run 
Term::ANSIColor version 2.01 required--this is only version 2.00 at /home/cpan/pit/thr/conf/perl-5.10.1/.cpanplus/5.10.1/build/EEAsj8188n/LaTeXML-0.8.6_2/blib/lib/LaTeXML/Common/Error.pm line 20.
BEGIN failed--compilation aborted at /home/cpan/pit/thr/conf/perl-5.10.1/.cpanplus/5.10.1/build/EEAsj8188n/LaTeXML-0.8.6_2/blib/lib/LaTeXML/Common/Error.pm line 20.
Compilation failed in require at /home/cpan/pit/thr/conf/perl-5.10.1/.cpanplus/5.10.1/build/EEAsj8188n/LaTeXML-0.8.6_2/blib/lib/LaTeXML/Post.pm line 22.
BEGIN failed--compilation aborted at /home/cpan/pit/thr/conf/perl-5.10.1/.cpanplus/5.10.1/build/EEAsj8188n/LaTeXML-0.8.6_2/blib/lib/LaTeXML/Post.pm line 22.
Compilation failed in require at /home/cpan/pit/thr/conf/perl-5.10.1/.cpanplus/5.10.1/build/EEAsj8188n/LaTeXML-0.8.6_2/blib/lib/LaTeXML/Util/Test.pm line 12.
BEGIN failed--compilation aborted at /home/cpan/pit/thr/conf/perl-5.10.1/.cpanplus/5.10.1/build/EEAsj8188n/LaTeXML-0.8.6_2/blib/lib/LaTeXML/Util/Test.pm line 12.
Compilation failed in require at t/32_keyval.t line 5.
BEGIN failed--compilation aborted at t/32_keyval.t line 5.
t/32_keyval.t ............. 
Dubious, test returned 9 (wstat 2304, 0x900)
No subtests run 
Term::ANSIColor version 2.01 required--this is only version 2.00 at /home/cpan/pit/thr/conf/perl-5.10.1/.cpanplus/5.10.1/build/EEAsj8188n/LaTeXML-0.8.6_2/blib/lib/LaTeXML/Common/Error.pm line 20.
BEGIN failed--compilation aborted at /home/cpan/pit/thr/conf/perl-5.10.1/.cpanplus/5.10.1/build/EEAsj8188n/LaTeXML-0.8.6_2/blib/lib/LaTeXML/Common/Error.pm line 20.
Compilation failed in require at /home/cpan/pit/thr/conf/perl-5.10.1/.cpanplus/5.10.1/build/EEAsj8188n/LaTeXML-0.8.6_2/blib/lib/LaTeXML/Post.pm line 22.
BEGIN failed--compilation aborted at /home/cpan/pit/thr/conf/perl-5.10.1/.cpanplus/5.10.1/build/EEAsj8188n/LaTeXML-0.8.6_2/blib/lib/LaTeXML/Post.pm line 22.
Compilation failed in require at /home/cpan/pit/thr/conf/perl-5.10.1/.cpanplus/5.10.1/build/EEAsj8188n/LaTeXML-0.8.6_2/blib/lib/LaTeXML/Util/Test.pm line 12.
BEGIN failed--compilation aborted at /home/cpan/pit/thr/conf/perl-5.10.1/.cpanplus/5.10.1/build/EEAsj8188n/LaTeXML-0.8.6_2/blib/lib/LaTeXML/Util/Test.pm line 12.
Compilation failed in require at t/33_keyval_options.t line 5.
BEGIN failed--compilation aborted at t/33_keyval_options.t line 5.
t/33_keyval_options.t ..... 
Dubious, test returned 9 (wstat 2304, 0x900)
No subtests run 
Term::ANSIColor version 2.01 required--this is only version 2.00 at /home/cpan/pit/thr/conf/perl-5.10.1/.cpanplus/5.10.1/build/EEAsj8188n/LaTeXML-0.8.6_2/blib/lib/LaTeXML/Common/Error.pm line 20.
BEGIN failed--compilation aborted at /home/cpan/pit/thr/conf/perl-5.10.1/.cpanplus/5.10.1/build/EEAsj8188n/LaTeXML-0.8.6_2/blib/lib/LaTeXML/Common/Error.pm line 20.
Compilation failed in require at /home/cpan/pit/thr/conf/perl-5.10.1/.cpanplus/5.10.1/build/EEAsj8188n/LaTeXML-0.8.6_2/blib/lib/LaTeXML/Post.pm line 22.
BEGIN failed--compilation aborted at /home/cpan/pit/thr/conf/perl-5.10.1/.cpanplus/5.10.1/build/EEAsj8188n/LaTeXML-0.8.6_2/blib/lib/LaTeXML/Post.pm line 22.
Compilation failed in require at /home/cpan/pit/thr/conf/perl-5.10.1/.cpanplus/5.10.1/build/EEAsj8188n/LaTeXML-0.8.6_2/blib/lib/LaTeXML/Util/Test.pm line 12.
BEGIN failed--compilation aborted at /home/cpan/pit/thr/conf/perl-5.10.1/.cpanplus/5.10.1/build/EEAsj8188n/LaTeXML-0.8.6_2/blib/lib/LaTeXML/Util/Test.pm line 12.
Compilation failed in require at t/40_math.t line 5.
BEGIN failed--compilation aborted at t/40_math.t line 5.
t/40_math.t ............... 
Dubious, test returned 9 (wstat 2304, 0x900)
No subtests run 
Term::ANSIColor version 2.01 required--this is only version 2.00 at /home/cpan/pit/thr/conf/perl-5.10.1/.cpanplus/5.10.1/build/EEAsj8188n/LaTeXML-0.8.6_2/blib/lib/LaTeXML/Common/Error.pm line 20.
BEGIN failed--compilation aborted at /home/cpan/pit/thr/conf/perl-5.10.1/.cpanplus/5.10.1/build/EEAsj8188n/LaTeXML-0.8.6_2/blib/lib/LaTeXML/Common/Error.pm line 20.
Compilation failed in require at /home/cpan/pit/thr/conf/perl-5.10.1/.cpanplus/5.10.1/build/EEAsj8188n/LaTeXML-0.8.6_2/blib/lib/LaTeXML/Post.pm line 22.
BEGIN failed--compilation aborted at /home/cpan/pit/thr/conf/perl-5.10.1/.cpanplus/5.10.1/build/EEAsj8188n/LaTeXML-0.8.6_2/blib/lib/LaTeXML/Post.pm line 22.
Compilation failed in require at /home/cpan/pit/thr/conf/perl-5.10.1/.cpanplus/5.10.1/build/EEAsj8188n/LaTeXML-0.8.6_2/blib/lib/LaTeXML/Util/Test.pm line 12.
BEGIN failed--compilation aborted at /home/cpan/pit/thr/conf/perl-5.10.1/.cpanplus/5.10.1/build/EEAsj8188n/LaTeXML-0.8.6_2/blib/lib/LaTeXML/Util/Test.pm line 12.
Compilation failed in require at t/50_structure.t line 5.
BEGIN failed--compilation aborted at t/50_structure.t line 5.
t/50_structure.t .......... 
Dubious, test returned 9 (wstat 2304, 0x900)
No subtests run 
Term::ANSIColor version 2.01 required--this is only version 2.00 at /home/cpan/pit/thr/conf/perl-5.10.1/.cpanplus/5.10.1/build/EEAsj8188n/LaTeXML-0.8.6_2/blib/lib/LaTeXML/Common/Error.pm line 20.
BEGIN failed--compilation aborted at /home/cpan/pit/thr/conf/perl-5.10.1/.cpanplus/5.10.1/build/EEAsj8188n/LaTeXML-0.8.6_2/blib/lib/LaTeXML/Common/Error.pm line 20.
Compilation failed in require at /home/cpan/pit/thr/conf/perl-5.10.1/.cpanplus/5.10.1/build/EEAsj8188n/LaTeXML-0.8.6_2/blib/lib/LaTeXML/Post.pm line 22.
BEGIN failed--compilation aborted at /home/cpan/pit/thr/conf/perl-5.10.1/.cpanplus/5.10.1/build/EEAsj8188n/LaTeXML-0.8.6_2/blib/lib/LaTeXML/Post.pm line 22.
Compilation failed in require at /home/cpan/pit/thr/conf/perl-5.10.1/.cpanplus/5.10.1/build/EEAsj8188n/LaTeXML-0.8.6_2/blib/lib/LaTeXML/Util/Test.pm line 12.
BEGIN failed--compilation aborted at /home/cpan/pit/thr/conf/perl-5.10.1/.cpanplus/5.10.1/build/EEAsj8188n/LaTeXML-0.8.6_2/blib/lib/LaTeXML/Util/Test.pm line 12.
Compilation failed in require at t/52_namespace.t line 5.
BEGIN failed--compilation aborted at t/52_namespace.t line 5.
t/52_namespace.t .......... 
Dubious, test returned 9 (wstat 2304, 0x900)
No subtests run 
Term::ANSIColor version 2.01 required--this is only version 2.00 at /home/cpan/pit/thr/conf/perl-5.10.1/.cpanplus/5.10.1/build/EEAsj8188n/LaTeXML-0.8.6_2/blib/lib/LaTeXML/Common/Error.pm line 20.
BEGIN failed--compilation aborted at /home/cpan/pit/thr/conf/perl-5.10.1/.cpanplus/5.10.1/build/EEAsj8188n/LaTeXML-0.8.6_2/blib/lib/LaTeXML/Common/Error.pm line 20.
Compilation failed in require at /home/cpan/pit/thr/conf/perl-5.10.1/.cpanplus/5.10.1/build/EEAsj8188n/LaTeXML-0.8.6_2/blib/lib/LaTeXML/Post.pm line 22.
BEGIN failed--compilation aborted at /home/cpan/pit/thr/conf/perl-5.10.1/.cpanplus/5.10.1/build/EEAsj8188n/LaTeXML-0.8.6_2/blib/lib/LaTeXML/Post.pm line 22.
Compilation failed in require at /home/cpan/pit/thr/conf/perl-5.10.1/.cpanplus/5.10.1/build/EEAsj8188n/LaTeXML-0.8.6_2/blib/lib/LaTeXML/Util/Test.pm line 12.
BEGIN failed--compilation aborted at /home/cpan/pit/thr/conf/perl-5.10.1/.cpanplus/5.10.1/build/EEAsj8188n/LaTeXML-0.8.6_2/blib/lib/LaTeXML/Util/Test.pm line 12.
Compilation failed in require at t/53_alignment.t line 5.
BEGIN failed--compilation aborted at t/53_alignment.t line 5.
t/53_alignment.t .......... 
Dubious, test returned 9 (wstat 2304, 0x900)
No subtests run 
Term::ANSIColor version 2.01 required--this is only version 2.00 at /home/cpan/pit/thr/conf/perl-5.10.1/.cpanplus/5.10.1/build/EEAsj8188n/LaTeXML-0.8.6_2/blib/lib/LaTeXML/Common/Error.pm line 20.
BEGIN failed--compilation aborted at /home/cpan/pit/thr/conf/perl-5.10.1/.cpanplus/5.10.1/build/EEAsj8188n/LaTeXML-0.8.6_2/blib/lib/LaTeXML/Common/Error.pm line 20.
Compilation failed in require at /home/cpan/pit/thr/conf/perl-5.10.1/.cpanplus/5.10.1/build/EEAsj8188n/LaTeXML-0.8.6_2/blib/lib/LaTeXML/Post.pm line 22.
BEGIN failed--compilation aborted at /home/cpan/pit/thr/conf/perl-5.10.1/.cpanplus/5.10.1/build/EEAsj8188n/LaTeXML-0.8.6_2/blib/lib/LaTeXML/Post.pm line 22.
Compilation failed in require at /home/cpan/pit/thr/conf/perl-5.10.1/.cpanplus/5.10.1/build/EEAsj8188n/LaTeXML-0.8.6_2/blib/lib/LaTeXML/Util/Test.pm line 12.
BEGIN failed--compilation aborted at /home/cpan/pit/thr/conf/perl-5.10.1/.cpanplus/5.10.1/build/EEAsj8188n/LaTeXML-0.8.6_2/blib/lib/LaTeXML/Util/Test.pm line 12.
Compilation failed in require at t/55_theorem.t line 5.
BEGIN failed--compilation aborted at t/55_theorem.t line 5.
t/55_theorem.t ............ 
Dubious, test returned 9 (wstat 2304, 0x900)
No subtests run 
Term::ANSIColor version 2.01 required--this is only version 2.00 at /home/cpan/pit/thr/conf/perl-5.10.1/.cpanplus/5.10.1/build/EEAsj8188n/LaTeXML-0.8.6_2/blib/lib/LaTeXML/Common/Error.pm line 20.
BEGIN failed--compilation aborted at /home/cpan/pit/thr/conf/perl-5.10.1/.cpanplus/5.10.1/build/EEAsj8188n/LaTeXML-0.8.6_2/blib/lib/LaTeXML/Common/Error.pm line 20.
Compilation failed in require at /home/cpan/pit/thr/conf/perl-5.10.1/.cpanplus/5.10.1/build/EEAsj8188n/LaTeXML-0.8.6_2/blib/lib/LaTeXML/Post.pm line 22.
BEGIN failed--compilation aborted at /home/cpan/pit/thr/conf/perl-5.10.1/.cpanplus/5.10.1/build/EEAsj8188n/LaTeXML-0.8.6_2/blib/lib/LaTeXML/Post.pm line 22.
Compilation failed in require at /home/cpan/pit/thr/conf/perl-5.10.1/.cpanplus/5.10.1/build/EEAsj8188n/LaTeXML-0.8.6_2/blib/lib/LaTeXML/Util/Test.pm line 12.
BEGIN failed--compilation aborted at /home/cpan/pit/thr/conf/perl-5.10.1/.cpanplus/5.10.1/build/EEAsj8188n/LaTeXML-0.8.6_2/blib/lib/LaTeXML/Util/Test.pm line 12.
Compilation failed in require at t/56_ams.t line 5.
BEGIN failed--compilation aborted at t/56_ams.t line 5.
t/56_ams.t ................ 
Dubious, test returned 9 (wstat 2304, 0x900)
No subtests run 
Term::ANSIColor version 2.01 required--this is only version 2.00 at /home/cpan/pit/thr/conf/perl-5.10.1/.cpanplus/5.10.1/build/EEAsj8188n/LaTeXML-0.8.6_2/blib/lib/LaTeXML/Common/Error.pm line 20.
BEGIN failed--compilation aborted at /home/cpan/pit/thr/conf/perl-5.10.1/.cpanplus/5.10.1/build/EEAsj8188n/LaTeXML-0.8.6_2/blib/lib/LaTeXML/Common/Error.pm line 20.
Compilation failed in require at /home/cpan/pit/thr/conf/perl-5.10.1/.cpanplus/5.10.1/build/EEAsj8188n/LaTeXML-0.8.6_2/blib/lib/LaTeXML/Post.pm line 22.
BEGIN failed--compilation aborted at /home/cpan/pit/thr/conf/perl-5.10.1/.cpanplus/5.10.1/build/EEAsj8188n/LaTeXML-0.8.6_2/blib/lib/LaTeXML/Post.pm line 22.
Compilation failed in require at /home/cpan/pit/thr/conf/perl-5.10.1/.cpanplus/5.10.1/build/EEAsj8188n/LaTeXML-0.8.6_2/blib/lib/LaTeXML/Util/Test.pm line 12.
BEGIN failed--compilation aborted at /home/cpan/pit/thr/conf/perl-5.10.1/.cpanplus/5.10.1/build/EEAsj8188n/LaTeXML-0.8.6_2/blib/lib/LaTeXML/Util/Test.pm line 12.
Compilation failed in require at t/65_graphics.t line 5.
BEGIN failed--compilation aborted at t/65_graphics.t line 5.
t/65_graphics.t ........... 
Dubious, test returned 9 (wstat 2304, 0x900)
No subtests run 
Term::ANSIColor version 2.01 required--this is only version 2.00 at /home/cpan/pit/thr/conf/perl-5.10.1/.cpanplus/5.10.1/build/EEAsj8188n/LaTeXML-0.8.6_2/blib/lib/LaTeXML/Common/Error.pm line 20.
BEGIN failed--compilation aborted at /home/cpan/pit/thr/conf/perl-5.10.1/.cpanplus/5.10.1/build/EEAsj8188n/LaTeXML-0.8.6_2/blib/lib/LaTeXML/Common/Error.pm line 20.
Compilation failed in require at /home/cpan/pit/thr/conf/perl-5.10.1/.cpanplus/5.10.1/build/EEAsj8188n/LaTeXML-0.8.6_2/blib/lib/LaTeXML/Post.pm line 22.
BEGIN failed--compilation aborted at /home/cpan/pit/thr/conf/perl-5.10.1/.cpanplus/5.10.1/build/EEAsj8188n/LaTeXML-0.8.6_2/blib/lib/LaTeXML/Post.pm line 22.
Compilation failed in require at /home/cpan/pit/thr/conf/perl-5.10.1/.cpanplus/5.10.1/build/EEAsj8188n/LaTeXML-0.8.6_2/blib/lib/LaTeXML/Util/Test.pm line 12.
BEGIN failed--compilation aborted at /home/cpan/pit/thr/conf/perl-5.10.1/.cpanplus/5.10.1/build/EEAsj8188n/LaTeXML-0.8.6_2/blib/lib/LaTeXML/Util/Test.pm line 12.
Compilation failed in require at t/70_parse.t line 5.
BEGIN failed--compilation aborted at t/70_parse.t line 5.
t/70_parse.t .............. 
Dubious, test returned 9 (wstat 2304, 0x900)
No subtests run 
Term::ANSIColor version 2.01 required--this is only version 2.00 at /home/cpan/pit/thr/conf/perl-5.10.1/.cpanplus/5.10.1/build/EEAsj8188n/LaTeXML-0.8.6_2/blib/lib/LaTeXML/Common/Error.pm line 20.
BEGIN failed--compilation aborted at /home/cpan/pit/thr/conf/perl-5.10.1/.cpanplus/5.10.1/build/EEAsj8188n/LaTeXML-0.8.6_2/blib/lib/LaTeXML/Common/Error.pm line 20.
Compilation failed in require at /home/cpan/pit/thr/conf/perl-5.10.1/.cpanplus/5.10.1/build/EEAsj8188n/LaTeXML-0.8.6_2/blib/lib/LaTeXML/Post.pm line 22.
BEGIN failed--compilation aborted at /home/cpan/pit/thr/conf/perl-5.10.1/.cpanplus/5.10.1/build/EEAsj8188n/LaTeXML-0.8.6_2/blib/lib/LaTeXML/Post.pm line 22.
Compilation failed in require at /home/cpan/pit/thr/conf/perl-5.10.1/.cpanplus/5.10.1/build/EEAsj8188n/LaTeXML-0.8.6_2/blib/lib/LaTeXML/Util/Test.pm line 12.
BEGIN failed--compilation aborted at /home/cpan/pit/thr/conf/perl-5.10.1/.cpanplus/5.10.1/build/EEAsj8188n/LaTeXML-0.8.6_2/blib/lib/LaTeXML/Util/Test.pm line 12.
Compilation failed in require at t/80_complex.t line 5.
BEGIN failed--compilation aborted at t/80_complex.t line 5.
t/80_complex.t ............ 
Dubious, test returned 9 (wstat 2304, 0x900)
No subtests run 
Term::ANSIColor version 2.01 required--this is only version 2.00 at /home/cpan/pit/thr/conf/perl-5.10.1/.cpanplus/5.10.1/build/EEAsj8188n/LaTeXML-0.8.6_2/blib/lib/LaTeXML/Common/Error.pm line 20.
BEGIN failed--compilation aborted at /home/cpan/pit/thr/conf/perl-5.10.1/.cpanplus/5.10.1/build/EEAsj8188n/LaTeXML-0.8.6_2/blib/lib/LaTeXML/Common/Error.pm line 20.
Compilation failed in require at /home/cpan/pit/thr/conf/perl-5.10.1/.cpanplus/5.10.1/build/EEAsj8188n/LaTeXML-0.8.6_2/blib/lib/LaTeXML/Post.pm line 22.
BEGIN failed--compilation aborted at /home/cpan/pit/thr/conf/perl-5.10.1/.cpanplus/5.10.1/build/EEAsj8188n/LaTeXML-0.8.6_2/blib/lib/LaTeXML/Post.pm line 22.
Compilation failed in require at /home/cpan/pit/thr/conf/perl-5.10.1/.cpanplus/5.10.1/build/EEAsj8188n/LaTeXML-0.8.6_2/blib/lib/LaTeXML/Util/Test.pm line 12.
BEGIN failed--compilation aborted at /home/cpan/pit/thr/conf/perl-5.10.1/.cpanplus/5.10.1/build/EEAsj8188n/LaTeXML-0.8.6_2/blib/lib/LaTeXML/Util/Test.pm line 12.
Compilation failed in require at t/81_babel.t line 5.
BEGIN failed--compilation aborted at t/81_babel.t line 5.
t/81_babel.t .............. 
Dubious, test returned 9 (wstat 2304, 0x900)
No subtests run 
Term::ANSIColor version 2.01 required--this is only version 2.00 at /home/cpan/pit/thr/conf/perl-5.10.1/.cpanplus/5.10.1/build/EEAsj8188n/LaTeXML-0.8.6_2/blib/lib/LaTeXML/Common/Error.pm line 20.
BEGIN failed--compilation aborted at /home/cpan/pit/thr/conf/perl-5.10.1/.cpanplus/5.10.1/build/EEAsj8188n/LaTeXML-0.8.6_2/blib/lib/LaTeXML/Common/Error.pm line 20.
Compilation failed in require at /home/cpan/pit/thr/conf/perl-5.10.1/.cpanplus/5.10.1/build/EEAsj8188n/LaTeXML-0.8.6_2/blib/lib/LaTeXML/Post.pm line 22.
BEGIN failed--compilation aborted at /home/cpan/pit/thr/conf/perl-5.10.1/.cpanplus/5.10.1/build/EEAsj8188n/LaTeXML-0.8.6_2/blib/lib/LaTeXML/Post.pm line 22.
Compilation failed in require at /home/cpan/pit/thr/conf/perl-5.10.1/.cpanplus/5.10.1/build/EEAsj8188n/LaTeXML-0.8.6_2/blib/lib/LaTeXML/Util/Test.pm line 12.
BEGIN failed--compilation aborted at /home/cpan/pit/thr/conf/perl-5.10.1/.cpanplus/5.10.1/build/EEAsj8188n/LaTeXML-0.8.6_2/blib/lib/LaTeXML/Util/Test.pm line 12.
Compilation failed in require at t/82_moderncv.t line 5.
BEGIN failed--compilation aborted at t/82_moderncv.t line 5.
t/82_moderncv.t ........... 
Dubious, test returned 9 (wstat 2304, 0x900)
No subtests run 
Term::ANSIColor version 2.01 required--this is only version 2.00 at /home/cpan/pit/thr/conf/perl-5.10.1/.cpanplus/5.10.1/build/EEAsj8188n/LaTeXML-0.8.6_2/blib/lib/LaTeXML/Common/Error.pm line 20.
BEGIN failed--compilation aborted at /home/cpan/pit/thr/conf/perl-5.10.1/.cpanplus/5.10.1/build/EEAsj8188n/LaTeXML-0.8.6_2/blib/lib/LaTeXML/Common/Error.pm line 20.
Compilation failed in require at /home/cpan/pit/thr/conf/perl-5.10.1/.cpanplus/5.10.1/build/EEAsj8188n/LaTeXML-0.8.6_2/blib/lib/LaTeXML/Post.pm line 22.
BEGIN failed--compilation aborted at /home/cpan/pit/thr/conf/perl-5.10.1/.cpanplus/5.10.1/build/EEAsj8188n/LaTeXML-0.8.6_2/blib/lib/LaTeXML/Post.pm line 22.
Compilation failed in require at /home/cpan/pit/thr/conf/perl-5.10.1/.cpanplus/5.10.1/build/EEAsj8188n/LaTeXML-0.8.6_2/blib/lib/LaTeXML/Util/Test.pm line 12.
BEGIN failed--compilation aborted at /home/cpan/pit/thr/conf/perl-5.10.1/.cpanplus/5.10.1/build/EEAsj8188n/LaTeXML-0.8.6_2/blib/lib/LaTeXML/Util/Test.pm line 12.
Compilation failed in require at t/83_expl3.t line 5.
BEGIN failed--compilation aborted at t/83_expl3.t line 5.
t/83_expl3.t .............. 
Dubious, test returned 9 (wstat 2304, 0x900)
No subtests run 
Term::ANSIColor version 2.01 required--this is only version 2.00 at /home/cpan/pit/thr/conf/perl-5.10.1/.cpanplus/5.10.1/build/EEAsj8188n/LaTeXML-0.8.6_2/blib/lib/LaTeXML/Common/Error.pm line 20.
BEGIN failed--compilation aborted at /home/cpan/pit/thr/conf/perl-5.10.1/.cpanplus/5.10.1/build/EEAsj8188n/LaTeXML-0.8.6_2/blib/lib/LaTeXML/Common/Error.pm line 20.
Compilation failed in require at /home/cpan/pit/thr/conf/perl-5.10.1/.cpanplus/5.10.1/build/EEAsj8188n/LaTeXML-0.8.6_2/blib/lib/LaTeXML/Post.pm line 22.
BEGIN failed--compilation aborted at /home/cpan/pit/thr/conf/perl-5.10.1/.cpanplus/5.10.1/build/EEAsj8188n/LaTeXML-0.8.6_2/blib/lib/LaTeXML/Post.pm line 22.
Compilation failed in require at /home/cpan/pit/thr/conf/perl-5.10.1/.cpanplus/5.10.1/build/EEAsj8188n/LaTeXML-0.8.6_2/blib/lib/LaTeXML/Util/Test.pm line 12.
BEGIN failed--compilation aborted at /home/cpan/pit/thr/conf/perl-5.10.1/.cpanplus/5.10.1/build/EEAsj8188n/LaTeXML-0.8.6_2/blib/lib/LaTeXML/Util/Test.pm line 12.
Compilation failed in require at t/90_latexmlpost.t line 5.
BEGIN failed--compilation aborted at t/90_latexmlpost.t line 5.
t/90_latexmlpost.t ........ 
Dubious, test returned 9 (wstat 2304, 0x900)
No subtests run 
Term::ANSIColor version 2.01 required--this is only version 2.00 at /home/cpan/pit/thr/conf/perl-5.10.1/.cpanplus/5.10.1/build/EEAsj8188n/LaTeXML-0.8.6_2/blib/lib/LaTeXML/Common/Error.pm line 20.
BEGIN failed--compilation aborted at /home/cpan/pit/thr/conf/perl-5.10.1/.cpanplus/5.10.1/build/EEAsj8188n/LaTeXML-0.8.6_2/blib/lib/LaTeXML/Common/Error.pm line 20.
Compilation failed in require at /home/cpan/pit/thr/conf/perl-5.10.1/.cpanplus/5.10.1/build/EEAsj8188n/LaTeXML-0.8.6_2/blib/lib/LaTeXML/Post.pm line 22.
BEGIN failed--compilation aborted at /home/cpan/pit/thr/conf/perl-5.10.1/.cpanplus/5.10.1/build/EEAsj8188n/LaTeXML-0.8.6_2/blib/lib/LaTeXML/Post.pm line 22.
Compilation failed in require at /home/cpan/pit/thr/conf/perl-5.10.1/.cpanplus/5.10.1/build/EEAsj8188n/LaTeXML-0.8.6_2/blib/lib/LaTeXML/Util/Test.pm line 12.
BEGIN failed--compilation aborted at /home/cpan/pit/thr/conf/perl-5.10.1/.cpanplus/5.10.1/build/EEAsj8188n/LaTeXML-0.8.6_2/blib/lib/LaTeXML/Util/Test.pm line 12.
Compilation failed in require at t/91_latexmlc_api.t line 5.
BEGIN failed--compilation aborted at t/91_latexmlc_api.t line 5.
t/91_latexmlc_api.t ....... 
Dubious, test returned 9 (wstat 2304, 0x900)
No subtests run 
Term::ANSIColor version 2.01 required--this is only version 2.00 at /home/cpan/pit/thr/conf/perl-5.10.1/.cpanplus/5.10.1/build/EEAsj8188n/LaTeXML-0.8.6_2/blib/lib/LaTeXML/Common/Error.pm line 20.
BEGIN failed--compilation aborted at /home/cpan/pit/thr/conf/perl-5.10.1/.cpanplus/5.10.1/build/EEAsj8188n/LaTeXML-0.8.6_2/blib/lib/LaTeXML/Common/Error.pm line 20.
Compilation failed in require at /home/cpan/pit/thr/conf/perl-5.10.1/.cpanplus/5.10.1/build/EEAsj8188n/LaTeXML-0.8.6_2/blib/lib/LaTeXML/Post.pm line 22.
BEGIN failed--compilation aborted at /home/cpan/pit/thr/conf/perl-5.10.1/.cpanplus/5.10.1/build/EEAsj8188n/LaTeXML-0.8.6_2/blib/lib/LaTeXML/Post.pm line 22.
Compilation failed in require at /home/cpan/pit/thr/conf/perl-5.10.1/.cpanplus/5.10.1/build/EEAsj8188n/LaTeXML-0.8.6_2/blib/lib/LaTeXML/Util/Test.pm line 12.
BEGIN failed--compilation aborted at /home/cpan/pit/thr/conf/perl-5.10.1/.cpanplus/5.10.1/build/EEAsj8188n/LaTeXML-0.8.6_2/blib/lib/LaTeXML/Util/Test.pm line 12.
Compilation failed in require at t/92_profiles.t line 5.
BEGIN failed--compilation aborted at t/92_profiles.t line 5.
t/92_profiles.t ........... 
Dubious, test returned 9 (wstat 2304, 0x900)
No subtests run 

#   Failed test 'epub file has content'
#   at t/931_epub.t line 34.
format error: file is too short 
 at /home/cpan/pit/jail/leHL_699HF/lib/perl5/Archive/Zip/Archive.pm line 1030
	Archive::Zip::Archive::_findEndOfCentralDirectory('Archive::Zip::Archive=HASH(0x76ef69ed718)', 'IO::File=GLOB(0x76eeea30e38)') called at /home/cpan/pit/jail/leHL_699HF/lib/perl5/Archive/Zip/Archive.pm line 761
	Archive::Zip::Archive::readFromFileHandle('Archive::Zip::Archive=HASH(0x76ef69ed718)', 'IO::File=GLOB(0x76eeea30e38)', '931_testVDgz.epub') called at /home/cpan/pit/jail/leHL_699HF/lib/perl5/Archive/Zip/Archive.pm line 729
	Archive::Zip::Archive::read('Archive::Zip::Archive=HASH(0x76ef69ed718)', '931_testVDgz.epub') called at t/931_epub.t line 37

#   Failed test 'epub file successfully loads as Archive::Zip object'
#   at t/931_epub.t line 37.
#          got: '3'
#     expected: '0'

#   Failed test 'correct number of files were present in final ePub'
#   at t/931_epub.t line 38.
#          got: '0'
#     expected: '10'

#   Failed test 'correct files were present in final ePub: '
#   at t/931_epub.t line 40.

#   Failed test 'log file was written to epub'
#   at t/931_epub.t line 43.
Can't call method "contents" on an undefined value at t/931_epub.t line 44.
# Tests were run but no plan was declared and done_testing() was not seen.
# Looks like your test exited with 25 just after 7.
t/931_epub.t .............. 
Dubious, test returned 25 (wstat 6400, 0x1900)
Failed 5/7 subtests 
Term::ANSIColor version 2.01 required--this is only version 2.00 at /home/cpan/pit/thr/conf/perl-5.10.1/.cpanplus/5.10.1/build/EEAsj8188n/LaTeXML-0.8.6_2/blib/lib/LaTeXML/Common/Error.pm line 20.
BEGIN failed--compilation aborted at /home/cpan/pit/thr/conf/perl-5.10.1/.cpanplus/5.10.1/build/EEAsj8188n/LaTeXML-0.8.6_2/blib/lib/LaTeXML/Common/Error.pm line 20.
Compilation failed in require at /home/cpan/pit/thr/conf/perl-5.10.1/.cpanplus/5.10.1/build/EEAsj8188n/LaTeXML-0.8.6_2/blib/lib/LaTeXML/Post.pm line 22.
BEGIN failed--compilation aborted at /home/cpan/pit/thr/conf/perl-5.10.1/.cpanplus/5.10.1/build/EEAsj8188n/LaTeXML-0.8.6_2/blib/lib/LaTeXML/Post.pm line 22.
Compilation failed in require at /home/cpan/pit/thr/conf/perl-5.10.1/.cpanplus/5.10.1/build/EEAsj8188n/LaTeXML-0.8.6_2/blib/lib/LaTeXML/Util/Test.pm line 12.
BEGIN failed--compilation aborted at /home/cpan/pit/thr/conf/perl-5.10.1/.cpanplus/5.10.1/build/EEAsj8188n/LaTeXML-0.8.6_2/blib/lib/LaTeXML/Util/Test.pm line 12.
Compilation failed in require at t/93_formats.t line 5.
BEGIN failed--compilation aborted at t/93_formats.t line 5.
t/93_formats.t ............ 
Dubious, test returned 9 (wstat 2304, 0x900)
No subtests run 
Term::ANSIColor version 2.01 required--this is only version 2.00 at /home/cpan/pit/thr/conf/perl-5.10.1/.cpanplus/5.10.1/build/EEAsj8188n/LaTeXML-0.8.6_2/blib/lib/LaTeXML/Common/Error.pm line 20.
BEGIN failed--compilation aborted at /home/cpan/pit/thr/conf/perl-5.10.1/.cpanplus/5.10.1/build/EEAsj8188n/LaTeXML-0.8.6_2/blib/lib/LaTeXML/Common/Error.pm line 20.
Compilation failed in require at /home/cpan/pit/thr/conf/perl-5.10.1/.cpanplus/5.10.1/build/EEAsj8188n/LaTeXML-0.8.6_2/blib/lib/LaTeXML/Post.pm line 22.
BEGIN failed--compilation aborted at /home/cpan/pit/thr/conf/perl-5.10.1/.cpanplus/5.10.1/build/EEAsj8188n/LaTeXML-0.8.6_2/blib/lib/LaTeXML/Post.pm line 22.
Compilation failed in require at /home/cpan/pit/thr/conf/perl-5.10.1/.cpanplus/5.10.1/build/EEAsj8188n/LaTeXML-0.8.6_2/blib/lib/LaTeXML/Util/Test.pm line 12.
BEGIN failed--compilation aborted at /home/cpan/pit/thr/conf/perl-5.10.1/.cpanplus/5.10.1/build/EEAsj8188n/LaTeXML-0.8.6_2/blib/lib/LaTeXML/Util/Test.pm line 12.
Compilation failed in require at t/94_runtimes.t line 5.
BEGIN failed--compilation aborted at t/94_runtimes.t line 5.
t/94_runtimes.t ........... 
Dubious, test returned 9 (wstat 2304, 0x900)
No subtests run 
Term::ANSIColor version 2.01 required--this is only version 2.00 at /home/cpan/pit/thr/conf/perl-5.10.1/.cpanplus/5.10.1/build/EEAsj8188n/LaTeXML-0.8.6_2/blib/lib/LaTeXML/Common/Error.pm line 20.
BEGIN failed--compilation aborted at /home/cpan/pit/thr/conf/perl-5.10.1/.cpanplus/5.10.1/build/EEAsj8188n/LaTeXML-0.8.6_2/blib/lib/LaTeXML/Common/Error.pm line 20.
Compilation failed in require at /home/cpan/pit/thr/conf/perl-5.10.1/.cpanplus/5.10.1/build/EEAsj8188n/LaTeXML-0.8.6_2/blib/lib/LaTeXML/Post.pm line 22.
BEGIN failed--compilation aborted at /home/cpan/pit/thr/conf/perl-5.10.1/.cpanplus/5.10.1/build/EEAsj8188n/LaTeXML-0.8.6_2/blib/lib/LaTeXML/Post.pm line 22.
Compilation failed in require at /home/cpan/pit/thr/conf/perl-5.10.1/.cpanplus/5.10.1/build/EEAsj8188n/LaTeXML-0.8.6_2/blib/lib/LaTeXML/Util/Test.pm line 12.
BEGIN failed--compilation aborted at /home/cpan/pit/thr/conf/perl-5.10.1/.cpanplus/5.10.1/build/EEAsj8188n/LaTeXML-0.8.6_2/blib/lib/LaTeXML/Util/Test.pm line 12.
Compilation failed in require at t/95_complex_config.t line 5.
BEGIN failed--compilation aborted at t/95_complex_config.t line 5.
t/95_complex_config.t ..... 
Dubious, test returned 9 (wstat 2304, 0x900)
No subtests run 
Term::ANSIColor version 2.01 required--this is only version 2.00 at /home/cpan/pit/thr/conf/perl-5.10.1/.cpanplus/5.10.1/build/EEAsj8188n/LaTeXML-0.8.6_2/blib/lib/LaTeXML/Common/Error.pm line 20.
BEGIN failed--compilation aborted at /home/cpan/pit/thr/conf/perl-5.10.1/.cpanplus/5.10.1/build/EEAsj8188n/LaTeXML-0.8.6_2/blib/lib/LaTeXML/Common/Error.pm line 20.
Compilation failed in require at /home/cpan/pit/thr/conf/perl-5.10.1/.cpanplus/5.10.1/build/EEAsj8188n/LaTeXML-0.8.6_2/blib/lib/LaTeXML/Post.pm line 22.
BEGIN failed--compilation aborted at /home/cpan/pit/thr/conf/perl-5.10.1/.cpanplus/5.10.1/build/EEAsj8188n/LaTeXML-0.8.6_2/blib/lib/LaTeXML/Post.pm line 22.
Compilation failed in require at /home/cpan/pit/thr/conf/perl-5.10.1/.cpanplus/5.10.1/build/EEAsj8188n/LaTeXML-0.8.6_2/blib/lib/LaTeXML/Util/Test.pm line 12.
BEGIN failed--compilation aborted at /home/cpan/pit/thr/conf/perl-5.10.1/.cpanplus/5.10.1/build/EEAsj8188n/LaTeXML-0.8.6_2/blib/lib/LaTeXML/Util/Test.pm line 12.
Compilation failed in require at t/96_fatal.t line 7.
BEGIN failed--compilation aborted at t/96_fatal.t line 7.
t/96_fatal.t .............. 
Dubious, test returned 9 (wstat 2304, 0x900)
No subtests run 
t/97_manifest.t ........... skipped: Only checked in continuous integration.

Test Summary Report
-------------------
t/002_unit_findfile.t   (Wstat: 2304 Tests: 7 Failed: 6)
  Failed tests:  1-4, 6-7
  Non-zero exit status: 9
  Parse errors: No plan found in TAP output
t/00_unittest.t         (Wstat: 9216 Tests: 36 Failed: 36)
  Failed tests:  1-36
  Non-zero exit status: 36
t/05_tokenize.t         (Wstat: 2304 Tests: 0 Failed: 0)
  Non-zero exit status: 9
  Parse errors: No plan found in TAP output
t/10_expansion.t        (Wstat: 2304 Tests: 0 Failed: 0)
  Non-zero exit status: 9
  Parse errors: No plan found in TAP output
t/12_grouping.t         (Wstat: 2304 Tests: 0 Failed: 0)
  Non-zero exit status: 9
  Parse errors: No plan found in TAP output
t/170_grammar_coverage.t (Wstat: 2304 Tests: 0 Failed: 0)
  Non-zero exit status: 9
  Parse errors: No plan found in TAP output
t/20_digestion.t        (Wstat: 2304 Tests: 0 Failed: 0)
  Non-zero exit status: 9
  Parse errors: No plan found in TAP output
t/22_fonts.t            (Wstat: 2304 Tests: 0 Failed: 0)
  Non-zero exit status: 9
  Parse errors: No plan found in TAP output
t/30_encoding.t         (Wstat: 2304 Tests: 0 Failed: 0)
  Non-zero exit status: 9
  Parse errors: No plan found in TAP output
t/32_keyval.t           (Wstat: 2304 Tests: 0 Failed: 0)
  Non-zero exit status: 9
  Parse errors: No plan found in TAP output
t/33_keyval_options.t   (Wstat: 2304 Tests: 0 Failed: 0)
  Non-zero exit status: 9
  Parse errors: No plan found in TAP output
t/40_math.t             (Wstat: 2304 Tests: 0 Failed: 0)
  Non-zero exit status: 9
  Parse errors: No plan found in TAP output
t/50_structure.t        (Wstat: 2304 Tests: 0 Failed: 0)
  Non-zero exit status: 9
  Parse errors: No plan found in TAP output
t/52_namespace.t        (Wstat: 2304 Tests: 0 Failed: 0)
  Non-zero exit status: 9
  Parse errors: No plan found in TAP output
t/53_alignment.t        (Wstat: 2304 Tests: 0 Failed: 0)
  Non-zero exit status: 9
  Parse errors: No plan found in TAP output
t/55_theorem.t          (Wstat: 2304 Tests: 0 Failed: 0)
  Non-zero exit status: 9
  Parse errors: No plan found in TAP output
t/56_ams.t              (Wstat: 2304 Tests: 0 Failed: 0)
  Non-zero exit status: 9
  Parse errors: No plan found in TAP output
t/65_graphics.t         (Wstat: 2304 Tests: 0 Failed: 0)
  Non-zero exit status: 9
  Parse errors: No plan found in TAP output
t/70_parse.t            (Wstat: 2304 Tests: 0 Failed: 0)
  Non-zero exit status: 9
  Parse errors: No plan found in TAP output
t/80_complex.t          (Wstat: 2304 Tests: 0 Failed: 0)
  Non-zero exit status: 9
  Parse errors: No plan found in TAP output
t/81_babel.t            (Wstat: 2304 Tests: 0 Failed: 0)
  Non-zero exit status: 9
  Parse errors: No plan found in TAP output
t/82_moderncv.t         (Wstat: 2304 Tests: 0 Failed: 0)
  Non-zero exit status: 9
  Parse errors: No plan found in TAP output
t/83_expl3.t            (Wstat: 2304 Tests: 0 Failed: 0)
  Non-zero exit status: 9
  Parse errors: No plan found in TAP output
t/90_latexmlpost.t      (Wstat: 2304 Tests: 0 Failed: 0)
  Non-zero exit status: 9
  Parse errors: No plan found in TAP output
t/91_latexmlc_api.t     (Wstat: 2304 Tests: 0 Failed: 0)
  Non-zero exit status: 9
  Parse errors: No plan found in TAP output
t/92_profiles.t         (Wstat: 2304 Tests: 0 Failed: 0)
  Non-zero exit status: 9
  Parse errors: No plan found in TAP output
t/931_epub.t            (Wstat: 6400 Tests: 7 Failed: 5)
  Failed tests:  3-7
  Non-zero exit status: 25
  Parse errors: No plan found in TAP output
t/93_formats.t          (Wstat: 2304 Tests: 0 Failed: 0)
  Non-zero exit status: 9
  Parse errors: No plan found in TAP output
t/94_runtimes.t         (Wstat: 2304 Tests: 0 Failed: 0)
  Non-zero exit status: 9
  Parse errors: No plan found in TAP output
t/95_complex_config.t   (Wstat: 2304 Tests: 0 Failed: 0)
  Non-zero exit status: 9
  Parse errors: No plan found in TAP output
t/96_fatal.t            (Wstat: 2304 Tests: 0 Failed: 0)
  Non-zero exit status: 9
  Parse errors: No plan found in TAP output
Files=32, Tests=50, 23 wallclock secs ( 0.38 usr  0.34 sys + 14.62 cusr  4.05 csys = 19.39 CPU)
Result: FAIL
Failed 31/32 test programs. 47/50 subtests failed.
*** Error 255 in /home/cpan/pit/thr/conf/perl-5.10.1/.cpanplus/5.10.1/build/EEAsj8188n/LaTeXML-0.8.6_2 (Makefile:1795 'test_dynamic')


PREREQUISITES:

Here is a list of prerequisites you specified and versions we
managed to load:

	  Module Name                        Have     Want
	  Archive::Zip                       1.68        0
	  DB_File                           1.820        0
	  ExtUtils::MakeMaker                7.62        0
	  File::Which                        1.27        0
	  Getopt::Long                       2.38     2.37
	  IO::Handle                         1.28        0
	  IO::String                         1.08        0
	  Image::Size                       3.300        0
	  JSON::XS                           4.03        0
	  LWP                                6.57        0
	  MIME::Base64                       3.08        0
	  Parse::RecDescent              1.967015        0
	  Pod::Parser                        1.37        0
	  Test::More                     1.302187        0
	  Text::Unidecode                    1.30        0
	  Time::HiRes                      1.9719        0
	  URI                                5.09        0
	  XML::LibXML                      2.0207     1.61
	  XML::LibXSLT                       1.99     1.58
	  version                          0.9929        0

Perl module toolchain versions installed:
	Module Name                        Have
	CPANPLUS                         0.9912
	CPANPLUS::Dist::Build              0.90
	Cwd                                3.75
	ExtUtils::CBuilder             0.280236
	ExtUtils::Command                  7.62
	ExtUtils::Install                  2.20
	ExtUtils::MakeMaker                7.62
	ExtUtils::Manifest                 1.73
	ExtUtils::ParseXS                  3.35
	File::Spec                         3.75
	Module::Build                    0.4231
	Pod::Parser                        1.37
	Pod::Simple                        3.07
	Test2                          1.302187
	Test::Harness                      3.42
	Test::More                     1.302187
	version                          0.9929

******************************** NOTE ********************************
The comments above are created mechanically, possibly without manual
checking by the sender.  As there are many people performing automatic
tests on each upload to CPAN, it is likely that you will receive
identical messages about the same problem.

If you believe that the message is mistaken, please reply to the first
one with correction and/or additional informations, and do not take
it personally.  We appreciate your patience. :)
**********************************************************************

Additional comments:


This report was machine-generated by CPANPLUS::Dist::YACSmoke 1.08.
Powered by minismokebox version 0.68

CPANPLUS is prefering Build.PL

------------------------------
ENVIRONMENT AND OTHER CONTEXT
------------------------------

Environment variables:

    AUTOMATED_TESTING = 1
    NONINTERACTIVE_TESTING = 1
    PATH = /home/cpan/pit/thr/conf/perl-5.10.1/.cpanplus/5.10.1/build/EEAsj8188n/LaTeXML-0.8.6_2/blib/script:/home/cpan/bin:/bin:/sbin:/usr/bin:/usr/sbin:/usr/X11R6/bin:/usr/local/bin:/usr/local/sbin:/usr/games
    PERL5LIB = /home/cpan/pit/jail/leHL_699HF/lib/perl5:/home/cpan/pit/thr/conf/perl-5.10.1/.cpanplus/5.10.1/build/EEAsj8188n/LaTeXML-0.8.6_2/blib/lib:/home/cpan/pit/thr/conf/perl-5.10.1/.cpanplus/5.10.1/build/EEAsj8188n/LaTeXML-0.8.6_2/blib/arch
    PERL5_CPANPLUS_IS_RUNNING = 84075
    PERL5_CPANPLUS_IS_VERSION = 0.9912
    PERL5_MINISMOKEBOX = 0.68
    PERL5_YACSMOKE_BASE = /home/cpan/pit/thr/conf/perl-5.10.1
    PERL_EXTUTILS_AUTOINSTALL = --defaultdeps
    PERL_LOCAL_LIB_ROOT = /home/cpan/pit/jail/leHL_699HF
    PERL_MB_OPT = --install_base "/home/cpan/pit/jail/leHL_699HF"
    PERL_MM_OPT = INSTALL_BASE=/home/cpan/pit/jail/leHL_699HF
    PERL_MM_USE_DEFAULT = 1
    SHELL = /usr/local/bin/bash
    TERM = screen

Perl special variables (and OS-specific diagnostics, for MSWin32):

    Perl: $^X = /home/cpan/pit/thr/perl-5.10.1/bin/perl
    UID:  $<  = 1001
    EUID: $>  = 1001
    GID:  $(  = 1001 1001
    EGID: $)  = 1001 1001


-------------------------------


--

Summary of my perl5 (revision 5 version 10 subversion 1) configuration:
   
  Platform:
    osname=openbsd, osvers=6.9, archname=OpenBSD.amd64-openbsd-thread-multi
    uname='openbsd oyster.bingosnet.co.uk 6.9 generic#464 amd64 '
    config_args='-des -Dprefix=/home/cpan/pit/thr/perl-5.10.1 -Dusethreads'
    hint=recommended, useposix=true, d_sigaction=define
    useithreads=define, usemultiplicity=define
    useperlio=define, d_sfio=undef, uselargefiles=define, usesocks=undef
    use64bitint=define, use64bitall=define, uselongdouble=undef
    usemymalloc=n, bincompat5005=undef
  Compiler:
    cc='cc', ccflags ='-pthread -fno-strict-aliasing -pipe -fstack-protector -I/usr/local/include',
    optimize='-O2',
    cppflags='-pthread -fno-strict-aliasing -pipe -fstack-protector -I/usr/local/include'
    ccversion='', gccversion='OpenBSD Clang 10.0.1 ', gccosandvers=''
    intsize=4, longsize=8, ptrsize=8, doublesize=8, byteorder=12345678
    d_longlong=define, longlongsize=8, d_longdbl=define, longdblsize=16
    ivtype='long', ivsize=8, nvtype='double', nvsize=8, Off_t='off_t', lseeksize=8
    alignbytes=8, prototype=define
  Linker and Libraries:
    ld='cc', ldflags ='-pthread -Wl,-E  -fstack-protector -L/usr/local/lib'
    libpth=/usr/local/lib /usr/lib
    libs=-lgdbm -lm -lutil -lc
    perllibs=-lm -lutil -lc
    libc=/usr/lib/libc.so.96.0, so=so, useshrplib=false, libperl=libperl.a
    gnulibc_version=''
  Dynamic Linking:
    dlsrc=dl_dlopen.xs, dlext=so, d_dlsymun=undef, ccdlflags=' '
    cccdlflags='-DPIC -fPIC ', lddlflags='-shared -fPIC  -L/usr/local/lib -fstack-protector'


Characteristics of this binary (from libperl): 
  Compile-time options: MULTIPLICITY PERL_DONT_CREATE_GVSV
                        PERL_IMPLICIT_CONTEXT PERL_MALLOC_WRAP USE_64_BIT_ALL
                        USE_64_BIT_INT USE_ITHREADS USE_LARGE_FILES
                        USE_PERLIO USE_REENTRANT_API
  Locally applied patches:
	Devel::PatchPerl 2.08
  Built under openbsd
  Compiled at Jun  6 2021 11:29:57
  %ENV:
    PERL5LIB="/home/cpan/pit/jail/leHL_699HF/lib/perl5:/home/cpan/pit/thr/conf/perl-5.10.1/.cpanplus/5.10.1/build/EEAsj8188n/LaTeXML-0.8.6_2/blib/lib:/home/cpan/pit/thr/conf/perl-5.10.1/.cpanplus/5.10.1/build/EEAsj8188n/LaTeXML-0.8.6_2/blib/arch"
    PERL5_CPANPLUS_IS_RUNNING="84075"
    PERL5_CPANPLUS_IS_VERSION="0.9912"
    PERL5_MINISMOKEBOX="0.68"
    PERL5_YACSMOKE_BASE="/home/cpan/pit/thr/conf/perl-5.10.1"
    PERL_EXTUTILS_AUTOINSTALL="--defaultdeps"
    PERL_LOCAL_LIB_ROOT="/home/cpan/pit/jail/leHL_699HF"
    PERL_MB_OPT="--install_base "/home/cpan/pit/jail/leHL_699HF""
    PERL_MM_OPT="INSTALL_BASE=/home/cpan/pit/jail/leHL_699HF"
    PERL_MM_USE_DEFAULT="1"
  @INC:
    /home/cpan/pit/jail/leHL_699HF/lib/perl5/5.10.1/OpenBSD.amd64-openbsd-thread-multi
    /home/cpan/pit/jail/leHL_699HF/lib/perl5/5.10.1
    /home/cpan/pit/jail/leHL_699HF/lib/perl5/OpenBSD.amd64-openbsd-thread-multi
    /home/cpan/pit/jail/leHL_699HF/lib/perl5
    /home/cpan/pit/thr/conf/perl-5.10.1/.cpanplus/5.10.1/build/EEAsj8188n/LaTeXML-0.8.6_2/blib/lib
    /home/cpan/pit/thr/conf/perl-5.10.1/.cpanplus/5.10.1/build/EEAsj8188n/LaTeXML-0.8.6_2/blib/arch
    /home/cpan/pit/thr/perl-5.10.1/lib/5.10.1/OpenBSD.amd64-openbsd-thread-multi
    /home/cpan/pit/thr/perl-5.10.1/lib/5.10.1
    /home/cpan/pit/thr/perl-5.10.1/lib/site_perl/5.10.1/OpenBSD.amd64-openbsd-thread-multi
    /home/cpan/pit/thr/perl-5.10.1/lib/site_perl/5.10.1
    .