Back
From: metabase:user:30f4dfbe-2aae-11df-837a-5e0a49663a4f
Subject: FAIL Devel-CheckLib-1.11 v5.6.2 GNU/Linux
Date: 2017-05-23T16:06:48Z
This distribution has been tested as part of the CPAN Testers
project, supporting the Perl programming language. See
http://wiki.cpantesters.org/ for more information or email
questions to cpan-testers-discuss@perl.org
--
Dear Yasuhiro Matsumoto,
This is a computer-generated report for Devel-CheckLib-1.11
on perl 5.6.2, created by CPAN-Reporter-1.2011.
Thank you for uploading your work to CPAN. However, there was a problem
testing your distribution.
If you think this report is invalid, please consult the CPAN Testers Wiki
for suggestions on how to avoid getting FAIL reports for missing library
or binary dependencies, unsupported operating systems, and so on:
http://wiki.cpantesters.org/wiki/CPANAuthorNotes
Sections of this report:
* Tester comments
* Program output
* Prerequisites
* Environment and other context
------------------------------
TESTER COMMENTS
------------------------------
Additional comments from tester:
this report is from an automated smoke testing program
and was not reviewed by a human for accuracy
------------------------------
PROGRAM OUTPUT
------------------------------
Output from '/usr/bin/make test':
PERL_DL_NONLAZY=1 "/home/njh/perl5/perlbrew/perls/perl-5.6.2/bin/perl" "-MExtUtils::Command::MM" "-MTest::Harness" "-e" "undef *Test::Harness::Switches; test_harness(0, 'blib/lib', 'blib/arch')" t/*.t
t/00-load.t ................... ok
t/bad-single-word-compiler.t .. ok
Variable "$Config" is not imported at t/cmdline-LIBS-INC.t line 41.
Variable "$Config" is not imported at t/cmdline-LIBS-INC.t line 57.
Variable "$Config" is not imported at t/cmdline-LIBS-INC.t line 73.
Global symbol "$Config" requires explicit package name at t/cmdline-LIBS-INC.t line 41.
Global symbol "$Config" requires explicit package name at t/cmdline-LIBS-INC.t line 57.
Global symbol "$Config" requires explicit package name at t/cmdline-LIBS-INC.t line 73.
Execution of t/cmdline-LIBS-INC.t aborted due to compilation errors.
t/cmdline-LIBS-INC.t ..........
Dubious, test returned 255 (wstat 65280, 0xff00)
No subtests run
t/analyze-binary.t ............ ok
t/dash-l-libs.t ............... ok
t/exit_with_message.t ......... ok
t/custom-function.t ........... ok
t/flags.t ..................... ok
t/headers.t ................... ok
t/multi-word-compiler.t ....... ok
t/found.t ..................... ok
t/not_found.t ................. ok
Test Summary Report
-------------------
t/cmdline-LIBS-INC.t (Wstat: 65280 Tests: 0 Failed: 0)
Non-zero exit status: 255
Parse errors: No plan found in TAP output
Files=12, Tests=39, 2 wallclock secs ( 0.06 usr 0.02 sys + 2.30 cusr 0.63 csys = 3.01 CPU)
Result: FAIL
Failed 1/12 test programs. 0/39 subtests failed.
Makefile:871: recipe for target 'test_dynamic' failed
make: *** [test_dynamic] Error 11
------------------------------
PREREQUISITES
------------------------------
Prerequisite modules loaded:
requires:
Module Need Have
------------------- ------- --------
Exporter 0 5.562
File::Spec 0 3.62
File::Temp 0.16 0.22
perl 5.00405 5.006002
build_requires:
Module Need Have
------------------- ------- --------
IO::CaptureOutput 1.0801 1.1104
Mock::Config 0.02 0.03
Test::More 0.62 1.001014
configure_requires:
Module Need Have
------------------- ------- --------
ExtUtils::MakeMaker 0 7.10
------------------------------
ENVIRONMENT AND OTHER CONTEXT
------------------------------
Environment variables:
AUTOMATED_TESTING = 1
HARNESS_OPTIONS = j2
LANG = en_US.UTF-8
PATH = /home/njh/perl5/perlbrew/bin:/home/njh/perl5/perlbrew/perls/perl-5.6.2/bin:/home/njh/perl5/perlbrew/bin:/usr/bin:/bin
PERL5LIB = /home/njh/.cpan/build/Mock-Config-0.03-wYeeBZ/blib/arch:/home/njh/.cpan/build/Mock-Config-0.03-wYeeBZ/blib/lib
PERL5OPT =
PERL5_CPANPLUS_IS_RUNNING = 10038
PERL5_CPAN_IS_RUNNING = 10038
PERLBREW_BASHRC_VERSION = 0.73
PERLBREW_HOME = /home/njh/.perlbrew
PERLBREW_LIB =
PERLBREW_MANPATH = /home/njh/perl5/perlbrew/perls/perl-5.6.2/man
PERLBREW_PATH = /home/njh/perl5/perlbrew/bin:/home/njh/perl5/perlbrew/perls/perl-5.6.2/bin
PERLBREW_PERL = perl-5.6.2
PERLBREW_ROOT = /home/njh/perl5/perlbrew
PERLBREW_VERSION = 0.73
PERL_LOCAL_LIB_ROOT =
SHELL = /bin/sh
Perl special variables (and OS-specific diagnostics, for MSWin32):
$^X = /home/njh/perl5/perlbrew/perls/perl-5.6.2/bin/perl
$UID/$EUID = 1000 / 1000
$GID = 1000 1000 108 46 44 30 29 25 24 4
$EGID = 1000 1000 108 46 44 30 29 25 24 4
Perl module toolchain versions installed:
Module Have
------------------- -------
Cwd 3.62
ExtUtils::CBuilder n/a
ExtUtils::Command 7.10
ExtUtils::Install 2.04
ExtUtils::MakeMaker 7.10
ExtUtils::Manifest 1.70
ExtUtils::ParseXS n/a
File::Spec 3.62
JSON::PP 2.27300
Module::Signature n/a
Test::Harness 3.36
--
Summary of my perl5 (revision 5.0 version 6 subversion 2) configuration:
Platform:
osname=linux, osvers=4.2.0-1-686-pae, archname=i686-linux-multi
uname='linux zack 4.2.0-1-686-pae #1 smp debian 4.2.6-1 (2015-11-10) i686 gnulinux '
config_args='-de -Dprefix=/home/njh/perl5/perlbrew/perls/perl-5.6.2 -Duseithreads -Dusemultiplicity -Dusedevel -Accflags= -Aeval:scriptdir=/home/njh/perl5/perlbrew/perls/perl-5.6.2/bin'
hint=recommended, useposix=true, d_sigaction=define
usethreads=undef use5005threads=undef useithreads=undef usemultiplicity=define
useperlio=undef d_sfio=undef uselargefiles=define usesocks=undef
use64bitint=undef use64bitall=undef uselongdouble=undef
Compiler:
cc='cc', ccflags ='-fno-strict-aliasing -I/usr/local/include -D_LARGEFILE_SOURCE -D_FILE_OFFSET_BITS=64',
optimize='-O2',
cppflags='-fno-strict-aliasing -I/usr/local/include'
ccversion='', gccversion='5.2.1 20151121', gccosandvers=''
intsize=4, longsize=4, ptrsize=4, doublesize=8, byteorder=1234
d_longlong=define, longlongsize=8, d_longdbl=define, longdblsize=12
ivtype='long', ivsize=4, nvtype='double', nvsize=8, Off_t='off_t', lseeksize=8
alignbytes=4, usemymalloc=n, prototype=define
Linker and Libraries:
ld='cc', ldflags =' -L/usr/local/lib'
libpth=/usr/local/lib /lib/i386-linux-gnu /lib/../lib /usr/lib/i386-linux-gnu /usr/lib/../lib /lib /usr/lib
libs=-lnsl -lgdbm -ldb -ldl -lm -lc -lcrypt -lutil -lgdbm_compat
perllibs=-lnsl -ldl -lm -lc -lcrypt -lutil -lgdbm_compat
libc=libc-2.19.so, so=so, useshrplib=false, libperl=libperl.a
Dynamic Linking:
dlsrc=dl_dlopen.xs, dlext=so, d_dlsymun=undef, ccdlflags='-rdynamic'
cccdlflags='-fpic', lddlflags='-shared -L/usr/local/lib'
Characteristics of this binary (from libperl):
Compile-time options: MULTIPLICITY USE_LARGE_FILES PERL_IMPLICIT_CONTEXT
Locally applied patches:
Devel::PatchPerl 1.38
Built under linux
Compiled at Nov 24 2015 07:06:00
%ENV:
PERL5LIB="/home/njh/.cpan/build/Mock-Config-0.03-wYeeBZ/blib/arch:/home/njh/.cpan/build/Mock-Config-0.03-wYeeBZ/blib/lib"
PERL5OPT=""
PERL5_CPANPLUS_IS_RUNNING="10038"
PERL5_CPAN_IS_RUNNING="10038"
PERLBREW_BASHRC_VERSION="0.73"
PERLBREW_HOME="/home/njh/.perlbrew"
PERLBREW_LIB=""
PERLBREW_MANPATH="/home/njh/perl5/perlbrew/perls/perl-5.6.2/man"
PERLBREW_PATH="/home/njh/perl5/perlbrew/bin:/home/njh/perl5/perlbrew/perls/perl-5.6.2/bin"
PERLBREW_PERL="perl-5.6.2"
PERLBREW_ROOT="/home/njh/perl5/perlbrew"
PERLBREW_VERSION="0.73"
PERL_LOCAL_LIB_ROOT=""
@INC:
/home/njh/.cpan/build/Mock-Config-0.03-wYeeBZ/blib/arch
/home/njh/.cpan/build/Mock-Config-0.03-wYeeBZ/blib/lib
/home/njh/perl5/perlbrew/perls/perl-5.6.2/lib/5.6.2/i686-linux-multi
/home/njh/perl5/perlbrew/perls/perl-5.6.2/lib/5.6.2
/home/njh/perl5/perlbrew/perls/perl-5.6.2/lib/site_perl/5.6.2/i686-linux-multi
/home/njh/perl5/perlbrew/perls/perl-5.6.2/lib/site_perl/5.6.2
/home/njh/perl5/perlbrew/perls/perl-5.6.2/lib/site_perl
.