Report for Konstrukt-0.5-beta6

Back
From: metabase:user:30ae4450-2aae-11df-837a-5e0a49663a4f
Subject: FAIL Konstrukt-0.5-beta6 v5.16.0 
Date: 2014-01-11T15:31:47Z

This distribution has been tested as part of the CPAN Testers
project, supporting the Perl programming language.  See
http://wiki.cpantesters.org/ for more information or email
questions to cpan-testers-discuss@perl.org


--
Dear Thomas Wittek,

This is a computer-generated report for Konstrukt-0.5-beta6
on perl 5.16.0, created by CPAN-Reporter-1.2010_01.

Thank you for uploading your work to CPAN.  However, there was a problem
testing your distribution.

If you think this report is invalid, please consult the CPAN Testers Wiki
for suggestions on how to avoid getting FAIL reports for missing library
or binary dependencies, unsupported operating systems, and so on:

http://wiki.cpantesters.org/wiki/CPANAuthorNotes

Sections of this report:

    * Tester comments
    * Program output
    * Prerequisites
    * Environment and other context

------------------------------
TESTER COMMENTS
------------------------------

Additional comments from tester:

this report is from an automated smoke testing program
and was not reviewed by a human for accuracy

------------------------------
PROGRAM OUTPUT
------------------------------

Output from 'C:\strawberry160\perl\bin\perl.exe ./Build test':


#   Failed test 'use Konstrukt::Handler;'
#   at t\001_load.t line 19.
#     Tried to use 'Konstrukt::Handler'.
#     Error:  Can't locate Session.pm in @INC (@INC contains: C:\strawberry160\cpan\build\Konstrukt-0.5-2tyoVq\blib\lib C:\strawberry160\cpan\build\Konstrukt-0.5-2tyoVq\blib\arch C:\strawberry160\cpan\build\Devel-UseAnyFunc-1-OxVYPb/blib/arch C:\strawberry160\cpan\build\Devel-UseAnyFunc-1-OxVYPb/blib/lib C:\strawberry160\cpan\build\Devel-UseAnyFunc-1-OxVYPb/blib/arch C:\strawberry160\cpan\build\Devel-UseAnyFunc-1-OxVYPb/blib/lib C:/strawberry160/perl/site/lib/MSWin32-x86-multi-thread C:/strawberry160/perl/site/lib C:/strawberry160/perl/vendor/lib C:/strawberry160/perl/lib .) at C:\strawberry160\cpan\build\Konstrukt-0.5-2tyoVq\blib\lib/Konstrukt/Session.pm line 73.
# BEGIN failed--compilation aborted at C:\strawberry160\cpan\build\Konstrukt-0.5-2tyoVq\blib\lib/Konstrukt/Session.pm line 73.
# Compilation failed in require at C:\strawberry160\cpan\build\Konstrukt-0.5-2tyoVq\blib\lib/Konstrukt/Handler.pm line 63.
# BEGIN failed--compilation aborted at C:\strawberry160\cpan\build\Konstrukt-0.5-2tyoVq\blib\lib/Konstrukt/Handler.pm line 63.
# Compilation failed in require at t\001_load.t line 19.
# BEGIN failed--compilation aborted at t\001_load.t line 19.

#   Failed test 'use Konstrukt::Handler::CGI;'
#   at t\001_load.t line 49.
#     Tried to use 'Konstrukt::Handler::CGI'.
#     Error:  Attempt to reload Konstrukt/Handler.pm aborted.
# Compilation failed in require at (eval 23) line 2.
# 	...propagated at C:/strawberry160/perl/lib/base.pm line 84.
# BEGIN failed--compilation aborted at C:\strawberry160\cpan\build\Konstrukt-0.5-2tyoVq\blib\lib/Konstrukt/Handler/CGI.pm line 34.
# Compilation failed in require at t\001_load.t line 49.
# BEGIN failed--compilation aborted at t\001_load.t line 49.

#   Failed test 'use Konstrukt::Handler::File;'
#   at t\001_load.t line 50.
#     Tried to use 'Konstrukt::Handler::File'.
#     Error:  Attempt to reload Konstrukt/Handler.pm aborted.
# Compilation failed in require at (eval 25) line 2.
# 	...propagated at C:/strawberry160/perl/lib/base.pm line 84.
# BEGIN failed--compilation aborted at C:\strawberry160\cpan\build\Konstrukt-0.5-2tyoVq\blib\lib/Konstrukt/Handler/File.pm line 26.
# Compilation failed in require at t\001_load.t line 50.
# BEGIN failed--compilation aborted at t\001_load.t line 50.

#   Failed test 'use Konstrukt::Plugin::usermanagement::basic;'
#   at t\001_load.t line 101.
#     Tried to use 'Konstrukt::Plugin::usermanagement::basic'.
#     Error:  Attempt to reload Konstrukt/Session.pm aborted.
# Compilation failed in require at C:\strawberry160\cpan\build\Konstrukt-0.5-2tyoVq\blib\lib/Konstrukt/Plugin/usermanagement/basic.pm line 101.
# BEGIN failed--compilation aborted at C:\strawberry160\cpan\build\Konstrukt-0.5-2tyoVq\blib\lib/Konstrukt/Plugin/usermanagement/basic.pm line 101.
# Compilation failed in require at t\001_load.t line 101.
# BEGIN failed--compilation aborted at t\001_load.t line 101.

#   Failed test 'use Konstrukt::Plugin::wiki::backend::image::DBI;'
#   at t\001_load.t line 116.
#     Tried to use 'Konstrukt::Plugin::wiki::backend::image::DBI'.
#     Error:  Can't locate Image/Magick.pm in @INC (@INC contains: C:\strawberry160\cpan\build\Konstrukt-0.5-2tyoVq\blib\lib C:\strawberry160\cpan\build\Konstrukt-0.5-2tyoVq\blib\arch C:\strawberry160\cpan\build\Devel-UseAnyFunc-1-OxVYPb/blib/arch C:\strawberry160\cpan\build\Devel-UseAnyFunc-1-OxVYPb/blib/lib C:\strawberry160\cpan\build\Devel-UseAnyFunc-1-OxVYPb/blib/arch C:\strawberry160\cpan\build\Devel-UseAnyFunc-1-OxVYPb/blib/lib C:/strawberry160/perl/site/lib/MSWin32-x86-multi-thread C:/strawberry160/perl/site/lib C:/strawberry160/perl/vendor/lib C:/strawberry160/perl/lib .) at C:\strawberry160\cpan\build\Konstrukt-0.5-2tyoVq\blib\lib/Konstrukt/Plugin/wiki/backend/image/DBI.pm line 51.
# BEGIN failed--compilation aborted at C:\strawberry160\cpan\build\Konstrukt-0.5-2tyoVq\blib\lib/Konstrukt/Plugin/wiki/backend/image/DBI.pm line 51.
# Compilation failed in require at t\001_load.t line 116.
# BEGIN failed--compilation aborted at t\001_load.t line 116.

#   Failed test 'use Konstrukt::Session;'
#   at t\001_load.t line 142.
#     Tried to use 'Konstrukt::Session'.
#     Error:  Attempt to reload Konstrukt/Session.pm aborted.
# Compilation failed in require at t\001_load.t line 142.
# BEGIN failed--compilation aborted at t\001_load.t line 142.
# Looks like you failed 6 tests of 96.
t\001_load.t ............................ 
Dubious, test returned 6 (wstat 1536, 0x600)
Failed 6/96 subtests 
	(less 2 skipped subtests: 88 okay)
t\002_core_001_file.t ................... ok
t\002_core_002_settings.t ............... ok
t\002_core_003_debug.t .................. ok
t\002_core_004_lib.t .................... ok
t\002_core_005_taghandler.t ............. ok
t\002_core_005_taghandler_001_plugin.t .. ok
t\002_core_006_parser_node.t ............ ok
t\002_core_007_parser.t ................. ok
t\002_core_008_event.t .................. ok
t\002_core_009_request.t ................ ok
t\002_core_010_response.t ............... ok
t\002_core_011_printredirector.t ........ ok
Can't locate Session.pm in @INC (@INC contains: C:\strawberry160\cpan\build\Konstrukt-0.5-2tyoVq\blib\lib C:\strawberry160\cpan\build\Konstrukt-0.5-2tyoVq\blib\arch C:\strawberry160\cpan\build\Devel-UseAnyFunc-1-OxVYPb/blib/arch C:\strawberry160\cpan\build\Devel-UseAnyFunc-1-OxVYPb/blib/lib C:\strawberry160\cpan\build\Devel-UseAnyFunc-1-OxVYPb/blib/arch C:\strawberry160\cpan\build\Devel-UseAnyFunc-1-OxVYPb/blib/lib C:/strawberry160/perl/site/lib/MSWin32-x86-multi-thread C:/strawberry160/perl/site/lib C:/strawberry160/perl/vendor/lib C:/strawberry160/perl/lib .) at C:\strawberry160\cpan\build\Konstrukt-0.5-2tyoVq\blib\lib/Konstrukt/Session.pm line 73.
BEGIN failed--compilation aborted at C:\strawberry160\cpan\build\Konstrukt-0.5-2tyoVq\blib\lib/Konstrukt/Session.pm line 73.
Compilation failed in require at C:\strawberry160\cpan\build\Konstrukt-0.5-2tyoVq\blib\lib/Konstrukt/Handler.pm line 63.
BEGIN failed--compilation aborted at C:\strawberry160\cpan\build\Konstrukt-0.5-2tyoVq\blib\lib/Konstrukt/Handler.pm line 63.
Compilation failed in require at t\002_core_012_session.t line 79.
BEGIN failed--compilation aborted at t\002_core_012_session.t line 79.
t\002_core_012_session.t ................ 
Dubious, test returned 2 (wstat 512, 0x200)
Failed 2/2 subtests 
t\002_core_013_cache.t .................. ok
t\002_core_014_dbi.t .................... ok
Can't locate Session.pm in @INC (@INC contains: C:\strawberry160\cpan\build\Konstrukt-0.5-2tyoVq\blib\lib C:\strawberry160\cpan\build\Konstrukt-0.5-2tyoVq\blib\arch C:\strawberry160\cpan\build\Devel-UseAnyFunc-1-OxVYPb/blib/arch C:\strawberry160\cpan\build\Devel-UseAnyFunc-1-OxVYPb/blib/lib C:\strawberry160\cpan\build\Devel-UseAnyFunc-1-OxVYPb/blib/arch C:\strawberry160\cpan\build\Devel-UseAnyFunc-1-OxVYPb/blib/lib C:/strawberry160/perl/site/lib/MSWin32-x86-multi-thread C:/strawberry160/perl/site/lib C:/strawberry160/perl/vendor/lib C:/strawberry160/perl/lib .) at C:\strawberry160\cpan\build\Konstrukt-0.5-2tyoVq\blib\lib/Konstrukt/Session.pm line 73.
BEGIN failed--compilation aborted at C:\strawberry160\cpan\build\Konstrukt-0.5-2tyoVq\blib\lib/Konstrukt/Session.pm line 73.
Compilation failed in require at C:\strawberry160\cpan\build\Konstrukt-0.5-2tyoVq\blib\lib/Konstrukt/Handler.pm line 63.
BEGIN failed--compilation aborted at C:\strawberry160\cpan\build\Konstrukt-0.5-2tyoVq\blib\lib/Konstrukt/Handler.pm line 63.
Compilation failed in require at t\002_core_015_handler.t line 55.
BEGIN failed--compilation aborted at t\002_core_015_handler.t line 55.
t\002_core_015_handler.t ................ 
Dubious, test returned 2 (wstat 512, 0x200)
Failed 9/9 subtests 
Can't locate Session.pm in @INC (@INC contains: C:\strawberry160\cpan\build\Konstrukt-0.5-2tyoVq\blib\lib C:\strawberry160\cpan\build\Konstrukt-0.5-2tyoVq\blib\arch C:\strawberry160\cpan\build\Devel-UseAnyFunc-1-OxVYPb/blib/arch C:\strawberry160\cpan\build\Devel-UseAnyFunc-1-OxVYPb/blib/lib C:\strawberry160\cpan\build\Devel-UseAnyFunc-1-OxVYPb/blib/arch C:\strawberry160\cpan\build\Devel-UseAnyFunc-1-OxVYPb/blib/lib C:/strawberry160/perl/site/lib/MSWin32-x86-multi-thread C:/strawberry160/perl/site/lib C:/strawberry160/perl/vendor/lib C:/strawberry160/perl/lib .) at C:\strawberry160\cpan\build\Konstrukt-0.5-2tyoVq\blib\lib/Konstrukt/Session.pm line 73.
BEGIN failed--compilation aborted at C:\strawberry160\cpan\build\Konstrukt-0.5-2tyoVq\blib\lib/Konstrukt/Session.pm line 73.
Compilation failed in require at C:\strawberry160\cpan\build\Konstrukt-0.5-2tyoVq\blib\lib/Konstrukt/Handler.pm line 63.
BEGIN failed--compilation aborted at C:\strawberry160\cpan\build\Konstrukt-0.5-2tyoVq\blib\lib/Konstrukt/Handler.pm line 63.
Compilation failed in require at (eval 6) line 2.
	...propagated at C:/strawberry160/perl/lib/base.pm line 84.
BEGIN failed--compilation aborted at C:\strawberry160\cpan\build\Konstrukt-0.5-2tyoVq\blib\lib/Konstrukt/Handler/File.pm line 26.
Compilation failed in require at t\002_core_016_handler_001_file.t line 15.
BEGIN failed--compilation aborted at t\002_core_016_handler_001_file.t line 15.
t\002_core_016_handler_001_file.t ....... 
Dubious, test returned 2 (wstat 512, 0x200)
Failed 1/1 subtests 
Can't locate Session.pm in @INC (@INC contains: C:\strawberry160\cpan\build\Konstrukt-0.5-2tyoVq\blib\lib C:\strawberry160\cpan\build\Konstrukt-0.5-2tyoVq\blib\arch C:\strawberry160\cpan\build\Devel-UseAnyFunc-1-OxVYPb/blib/arch C:\strawberry160\cpan\build\Devel-UseAnyFunc-1-OxVYPb/blib/lib C:\strawberry160\cpan\build\Devel-UseAnyFunc-1-OxVYPb/blib/arch C:\strawberry160\cpan\build\Devel-UseAnyFunc-1-OxVYPb/blib/lib C:/strawberry160/perl/site/lib/MSWin32-x86-multi-thread C:/strawberry160/perl/site/lib C:/strawberry160/perl/vendor/lib C:/strawberry160/perl/lib .) at C:\strawberry160\cpan\build\Konstrukt-0.5-2tyoVq\blib\lib/Konstrukt/Session.pm line 73.
BEGIN failed--compilation aborted at C:\strawberry160\cpan\build\Konstrukt-0.5-2tyoVq\blib\lib/Konstrukt/Session.pm line 73.
Compilation failed in require at C:\strawberry160\cpan\build\Konstrukt-0.5-2tyoVq\blib\lib/Konstrukt/Handler.pm line 63.
BEGIN failed--compilation aborted at C:\strawberry160\cpan\build\Konstrukt-0.5-2tyoVq\blib\lib/Konstrukt/Handler.pm line 63.
Compilation failed in require at (eval 5) line 2.
	...propagated at C:/strawberry160/perl/lib/base.pm line 84.
BEGIN failed--compilation aborted at C:\strawberry160\cpan\build\Konstrukt-0.5-2tyoVq\blib\lib/Konstrukt/Handler/CGI.pm line 34.
Compilation failed in require at t\002_core_016_handler_002_cgi.t line 15.
BEGIN failed--compilation aborted at t\002_core_016_handler_002_cgi.t line 15.
t\002_core_016_handler_002_cgi.t ........ 
Dubious, test returned 2 (wstat 512, 0x200)
Failed 1/1 subtests 
Can't locate Session.pm in @INC (@INC contains: C:/strawberry160/cpan/build/Konstrukt-0.5-2tyoVq/t/data/Handler/Apache/lib C:\strawberry160\cpan\build\Konstrukt-0.5-2tyoVq\blib\lib C:\strawberry160\cpan\build\Konstrukt-0.5-2tyoVq\blib\arch C:\strawberry160\cpan\build\Devel-UseAnyFunc-1-OxVYPb/blib/arch C:\strawberry160\cpan\build\Devel-UseAnyFunc-1-OxVYPb/blib/lib C:\strawberry160\cpan\build\Devel-UseAnyFunc-1-OxVYPb/blib/arch C:\strawberry160\cpan\build\Devel-UseAnyFunc-1-OxVYPb/blib/lib C:/strawberry160/perl/site/lib/MSWin32-x86-multi-thread C:/strawberry160/perl/site/lib C:/strawberry160/perl/vendor/lib C:/strawberry160/perl/lib .) at C:\strawberry160\cpan\build\Konstrukt-0.5-2tyoVq\blib\lib/Konstrukt/Session.pm line 73.
BEGIN failed--compilation aborted at C:\strawberry160\cpan\build\Konstrukt-0.5-2tyoVq\blib\lib/Konstrukt/Session.pm line 73.
Compilation failed in require at C:\strawberry160\cpan\build\Konstrukt-0.5-2tyoVq\blib\lib/Konstrukt/Handler.pm line 63.
BEGIN failed--compilation aborted at C:\strawberry160\cpan\build\Konstrukt-0.5-2tyoVq\blib\lib/Konstrukt/Handler.pm line 63.
Compilation failed in require at (eval 7) line 2.
	...propagated at C:/strawberry160/perl/lib/base.pm line 84.
BEGIN failed--compilation aborted at C:\strawberry160\cpan\build\Konstrukt-0.5-2tyoVq\blib\lib/Konstrukt/Handler/Apache.pm line 128.
Compilation failed in require at t\002_core_016_handler_003_apache.t line 30.
# Looks like your test exited with 2 before it could output anything.
t\002_core_016_handler_003_apache.t ..... 
Dubious, test returned 2 (wstat 512, 0x200)
Failed 4/4 subtests 
t\003_plugin_001_template.t ............. ok
t\003_plugins.t ......................... ok

#   Failed test 'POD test for blib\lib\Konstrukt\Doc\About.pod'
#   at C:/strawberry160/perl/vendor/lib/Test/Pod.pm line 182.
# blib\lib\Konstrukt\Doc\About.pod (96): alternative text 'plugins/applications' contains non-escaped | or /

#   Failed test 'POD test for blib\lib\Konstrukt\Doc\Templating.pod'
#   at C:/strawberry160/perl/vendor/lib/Test/Pod.pm line 182.
# blib\lib\Konstrukt\Doc\Templating.pod (46): Non-ASCII character seen before =encoding in 'src=“layout"layout.template"'. Assuming ISO8859-1
# Looks like you failed 2 tests of 111.
t\004_pod_001_pod.t ..................... 
Dubious, test returned 2 (wstat 512, 0x200)
Failed 2/111 subtests 

#   Failed test 'Pod coverage on Konstrukt::Handler'
#   at C:/strawberry160/perl/site/lib/Test/Pod/Coverage.pm line 126.
# Konstrukt::Handler: requiring 'Konstrukt::Handler' failed

#   Failed test 'Pod coverage on Konstrukt::Session'
#   at C:/strawberry160/perl/site/lib/Test/Pod/Coverage.pm line 126.
# Konstrukt::Session: requiring 'Konstrukt::Session' failed

#   Failed test 'Pod coverage on Konstrukt::Handler::Apache'
#   at C:/strawberry160/perl/site/lib/Test/Pod/Coverage.pm line 126.
# Konstrukt::Handler::Apache: requiring 'Konstrukt::Handler::Apache' failed

#   Failed test 'Pod coverage on Konstrukt::Handler::CGI'
#   at C:/strawberry160/perl/site/lib/Test/Pod/Coverage.pm line 126.
# Konstrukt::Handler::CGI: requiring 'Konstrukt::Handler::CGI' failed

#   Failed test 'Pod coverage on Konstrukt::Handler::File'
#   at C:/strawberry160/perl/site/lib/Test/Pod/Coverage.pm line 126.
# Konstrukt::Handler::File: requiring 'Konstrukt::Handler::File' failed

#   Failed test 'Pod coverage on Konstrukt::Plugin::usermanagement::basic'
#   at C:/strawberry160/perl/site/lib/Test/Pod/Coverage.pm line 126.
# Konstrukt::Plugin::usermanagement::basic: requiring 'Konstrukt::Plugin::usermanagement::basic' failed

#   Failed test 'Pod coverage on Konstrukt::Plugin::wiki::backend::image::DBI'
#   at C:/strawberry160/perl/site/lib/Test/Pod/Coverage.pm line 126.
# Konstrukt::Plugin::wiki::backend::image::DBI: requiring 'Konstrukt::Plugin::wiki::backend::image::DBI' failed
# Looks like you failed 7 tests of 95.
t\004_pod_002_pod_coverage.t ............ 
Dubious, test returned 7 (wstat 1792, 0x700)
Failed 7/95 subtests 

Test Summary Report
-------------------
t\001_load.t                          (Wstat: 1536 Tests: 96 Failed: 6)
  Failed tests:  8, 11-12, 54, 67, 93
  Non-zero exit status: 6
t\002_core_012_session.t              (Wstat: 512 Tests: 0 Failed: 0)
  Non-zero exit status: 2
  Parse errors: Bad plan.  You planned 2 tests but ran 0.
t\002_core_015_handler.t              (Wstat: 512 Tests: 0 Failed: 0)
  Non-zero exit status: 2
  Parse errors: Bad plan.  You planned 9 tests but ran 0.
t\002_core_016_handler_001_file.t     (Wstat: 512 Tests: 0 Failed: 0)
  Non-zero exit status: 2
  Parse errors: Bad plan.  You planned 1 tests but ran 0.
t\002_core_016_handler_002_cgi.t      (Wstat: 512 Tests: 0 Failed: 0)
  Non-zero exit status: 2
  Parse errors: Bad plan.  You planned 1 tests but ran 0.
t\002_core_016_handler_003_apache.t   (Wstat: 512 Tests: 0 Failed: 0)
  Non-zero exit status: 2
  Parse errors: Bad plan.  You planned 4 tests but ran 0.
t\004_pod_001_pod.t                   (Wstat: 512 Tests: 111 Failed: 2)
  Failed tests:  20, 28
  Non-zero exit status: 2
t\004_pod_002_pod_coverage.t          (Wstat: 1792 Tests: 95 Failed: 7)
  Failed tests:  8, 15, 19-21, 61, 90
  Non-zero exit status: 7
Files=24, Tests=439, 11 wallclock secs ( 0.09 usr +  0.55 sys =  0.64 CPU)
Result: FAIL
Failed 8/24 test programs. 15/439 subtests failed.

------------------------------
PREREQUISITES
------------------------------

Prerequisite modules loaded:

requires:

    Module              Need   Have    
    ------------------- ------ --------
    CGI                 3      3.59    
    Clone               0.2    0.36    
    Cwd                 0      3.40    
    Date::Calc          5.4    6.3     
    DBI                 1.4    1.630   
    Devel::UseAnyFunc   1      1       
    Digest::SHA         5.32   5.71    
    MIME::Base64        3      3.13    
    perl                v5.6.1 5.016000
    POSIX               1      1.30    
    Storable            2.1    2.34    
    Time::HiRes         1.5    1.9725  
    Time::Local         1      1.2000  
    Time::Zone          2      2.24    

build_requires:

    Module              Need   Have    
    ------------------- ------ --------
    Cwd                 0      3.40    
    Module::Build       0.26   0.4203  
    Test::More          0      1.001002
    Test::Pod           0      1.45    
    Test::Pod::Coverage 0      1.08    


------------------------------
ENVIRONMENT AND OTHER CONTEXT
------------------------------

Environment variables:

    AUTOMATED_TESTING = 1
    COMSPEC = C:\WINDOWS\system32\cmd.exe
    NUMBER_OF_PROCESSORS = 1
    PATH = C:\Program Files\Far Manager\;C:\WINDOWS\system32;C:\WINDOWS;C:\WINDOWS\System32\Wbem;C:\strawberry160\c\bin;C:\strawberry160\perl\site\bin;C:\strawberry160\perl\bin
    PERL5LIB = C:\strawberry160\cpan\build\Devel-UseAnyFunc-1-OxVYPb/blib/arch;C:\strawberry160\cpan\build\Devel-UseAnyFunc-1-OxVYPb/blib/lib
    PERL5OPT = 
    PERL5_CPANPLUS_IS_RUNNING = 15440
    PERL5_CPAN_IS_RUNNING = 15440
    PERL5_CPAN_IS_RUNNING_IN_RECURSION = 412,15440
    PERL_CR_SMOKER_CURRENT = Konstrukt-0.5-beta6
    PERL_EXTUTILS_AUTOINSTALL = --defaultdeps
    PERL_JSON_BACKEND = JSON::XS
    PERL_MM_USE_DEFAULT = 1
    PERL_YAML_BACKEND = YAML
    PROCESSOR_IDENTIFIER = x86 Family 16 Model 5 Stepping 3, AuthenticAMD
    TEMP = C:\DOCUME~1\a\LOCALS~1\Temp
    TERM = dumb

Perl special variables (and OS-specific diagnostics, for MSWin32):

    $^X = C:\strawberry160\perl\bin\perl.exe
    $UID/$EUID = 0 / 0
    $GID = 0
    $EGID = 0
    Win32::GetOSName = WinXP/.Net
    Win32::GetOSVersion = Service Pack 3, 5, 1, 2600, 2, 3, 0, 256, 1
    Win32::FsType = NTFS
    Win32::IsAdminUser = 1

Perl module toolchain versions installed:

    Module              Have    
    ------------------- --------
    CPAN                2.00    
    CPAN::Meta          2.133380
    Cwd                 3.40    
    ExtUtils::CBuilder  0.280206
    ExtUtils::Command   1.17    
    ExtUtils::Install   1.58    
    ExtUtils::MakeMaker 6.84    
    ExtUtils::Manifest  1.61    
    ExtUtils::ParseXS   3.22    
    File::Spec          3.40    
    JSON                2.53    
    JSON::PP            2.27203 
    Module::Build       0.4203  
    Module::Signature   0.68    
    Parse::CPAN::Meta   1.4405  
    Test::Harness       3.30    
    Test::More          1.001002
    YAML                0.88    
    YAML::Syck          1.27    
    version             0.9904  


--

Summary of my perl5 (revision 5 version 16 subversion 0) configuration:
   
  Platform:
    osname=MSWin32, osvers=4.0, archname=MSWin32-x86-multi-thread
    uname='Win32 strawberry-perl 5.16.0.1 #1 Mon May 21 22:07:30 2012 i386'
    config_args='undef'
    hint=recommended, useposix=true, d_sigaction=undef
    useithreads=define, usemultiplicity=define
    useperlio=define, d_sfio=undef, uselargefiles=define, usesocks=undef
    use64bitint=undef, use64bitall=undef, uselongdouble=undef
    usemymalloc=n, bincompat5005=undef
  Compiler:
    cc='gcc', ccflags =' -s -O2 -DWIN32  -DPERL_TEXTMODE_SCRIPTS -DPERL_IMPLICIT_CONTEXT -DPERL_IMPLICIT_SYS -fno-strict-aliasing -mms-bitfields',
    optimize='-s -O2',
    cppflags='-DWIN32'
    ccversion='', gccversion='4.6.3', gccosandvers=''
    intsize=4, longsize=4, ptrsize=4, doublesize=8, byteorder=1234
    d_longlong=undef, longlongsize=8, d_longdbl=define, longdblsize=12
    ivtype='long', ivsize=4, nvtype='double', nvsize=8, Off_t='long long', lseeksize=8
    alignbytes=8, prototype=define
  Linker and Libraries:
    ld='g++', ldflags ='-s -L"C:\strawberry160\perl\lib\CORE" -L"C:\strawberry160\c\lib"'
    libpth=C:\strawberry160\c\lib C:\strawberry160\c\i686-w64-mingw32\lib
    libs=-lmoldname -lkernel32 -luser32 -lgdi32 -lwinspool -lcomdlg32 -ladvapi32 -lshell32 -lole32 -loleaut32 -lnetapi32 -luuid -lws2_32 -lmpr -lwinmm -lversion -lodbc32 -lodbccp32 -lcomctl32
    perllibs=-lmoldname -lkernel32 -luser32 -lgdi32 -lwinspool -lcomdlg32 -ladvapi32 -lshell32 -lole32 -loleaut32 -lnetapi32 -luuid -lws2_32 -lmpr -lwinmm -lversion -lodbc32 -lodbccp32 -lcomctl32
    libc=, so=dll, useshrplib=true, libperl=libperl516.a
    gnulibc_version=''
  Dynamic Linking:
    dlsrc=dl_win32.xs, dlext=dll, d_dlsymun=undef, ccdlflags=' '
    cccdlflags=' ', lddlflags='-mdll -s -L"C:\strawberry160\perl\lib\CORE" -L"C:\strawberry160\c\lib"'


Characteristics of this binary (from libperl): 
  Compile-time options: HAS_TIMES HAVE_INTERP_INTERN MULTIPLICITY
                        PERLIO_LAYERS PERL_DONT_CREATE_GVSV
                        PERL_IMPLICIT_CONTEXT PERL_IMPLICIT_SYS
                        PERL_MALLOC_WRAP PERL_PRESERVE_IVUV PL_OP_SLAB_ALLOC
                        USE_ITHREADS USE_LARGE_FILES USE_LOCALE
                        USE_LOCALE_COLLATE USE_LOCALE_CTYPE
                        USE_LOCALE_NUMERIC USE_PERLIO USE_PERL_ATOF
  Built under MSWin32
  Compiled at May 21 2012 22:15:38
  %ENV:
    PERL5LIB="C:\strawberry160\cpan\build\Devel-UseAnyFunc-1-OxVYPb/blib/arch;C:\strawberry160\cpan\build\Devel-UseAnyFunc-1-OxVYPb/blib/lib"
    PERL5_CPANPLUS_IS_RUNNING="15440"
    PERL5_CPAN_IS_RUNNING="15440"
    PERL5_CPAN_IS_RUNNING_IN_RECURSION="412,15440"
    PERL_CR_SMOKER_CURRENT="Konstrukt-0.5-beta6"
    PERL_EXTUTILS_AUTOINSTALL="--defaultdeps"
    PERL_JSON_BACKEND="JSON::XS"
    PERL_MM_USE_DEFAULT="1"
    PERL_YAML_BACKEND="YAML"
  @INC:
    C:\strawberry160\cpan\build\Devel-UseAnyFunc-1-OxVYPb/blib/arch
    C:\strawberry160\cpan\build\Devel-UseAnyFunc-1-OxVYPb/blib/lib
    C:/strawberry160/perl/site/lib/MSWin32-x86-multi-thread
    C:/strawberry160/perl/site/lib
    C:/strawberry160/perl/vendor/lib
    C:/strawberry160/perl/lib
    .