Report for CGI-SocialMedia-0.02

Back
From: metabase:user:320bfe00-2aae-11df-837a-5e0a49663a4f
Subject: FAIL CGI-SocialMedia-0.02 v5.8.9 GNU/Linux
Date: 2011-09-05T11:47:25Z

This distribution has been tested as part of the CPAN Testers
project, supporting the Perl programming language.  See
http://wiki.cpantesters.org/ for more information or email
questions to cpan-testers-discuss@perl.org


--
Dear Nigel Horne,

This is a computer-generated report for CGI-SocialMedia-0.02
on perl 5.8.9, created by CPAN-Reporter-1.20.

Thank you for uploading your work to CPAN.  However, there was a problem
testing your distribution.

If you think this report is invalid, please consult the CPAN Testers Wiki
for suggestions on how to avoid getting FAIL reports for missing library
or binary dependencies, unsupported operating systems, and so on:

http://wiki.cpantesters.org/wiki/CPANAuthorNotes

Sections of this report:

    * Tester comments
    * Program output
    * Prerequisites
    * Environment and other context

------------------------------
TESTER COMMENTS
------------------------------

Additional comments from tester:

this report is from an automated smoke testing program
and was not reviewed by a human for accuracy

------------------------------
PROGRAM OUTPUT
------------------------------

Output from '/usr/bin/make test':

PERL_DL_NONLAZY=1 /home/sand/src/perl/repoperls/installed-perls/perl/perl-5.8.9/1df5/bin/perl "-MExtUtils::Command::MM" "-e" "test_harness(0, 'blib/lib', 'blib/arch')" t/*.t
# Testing CGI::SocialMedia 0.02, Perl 5.008009, /home/sand/src/perl/repoperls/installed-perls/perl/perl-5.8.9/1df5/bin/perl
t/00-load.t .... ok

#   Failed test 'no warnings'
#   at /home/src/perl/repoperls/installed-perls/perl/perl-5.8.9/1df5/lib/site_perl/5.8.9/Test/NoWarnings.pm line 38.
# There were 12 warning(s)
# 	Previous test 2 'The object isa CGI::SocialMedia'
# 	Use of uninitialized value in pattern match (m//) at /home/src/perl/repoperls/installed-perls/perl/perl-5.8.9/1df5/lib/site_perl/5.8.9/HTTP/BrowserDetect.pm line 1065.
#  at /home/src/perl/repoperls/installed-perls/perl/perl-5.8.9/1df5/lib/site_perl/5.8.9/HTTP/BrowserDetect.pm line 1065
# 	HTTP::BrowserDetect::_language_country('HTTP::BrowserDetect=HASH(0x21b7130)') called at /home/src/perl/repoperls/installed-perls/perl/perl-5.8.9/1df5/lib/site_perl/5.8.9/HTTP/BrowserDetect.pm line 1009
# 	HTTP::BrowserDetect::country('HTTP::BrowserDetect=HASH(0x21b7130)') called at /home/src/perl/repoperls/installed-perls/perl/perl-5.8.9/1df5/lib/site_perl/5.8.9/CGI/Lingua.pm line 481
# 	CGI::Lingua::locale('CGI::Lingua=HASH(0x1e00560)') called at /home/sand/.cpan/build/CGI-SocialMedia-0.02-1pUgD9/blib/lib/CGI/SocialMedia.pm line 98
# 	CGI::SocialMedia::as_string('CGI::SocialMedia=HASH(0x1e004d0)') called at t/as_string.t line 14
# 
# ----------
# 	Previous test 2 'The object isa CGI::SocialMedia'
# 	Use of uninitialized value in pattern match (m//) at /home/src/perl/repoperls/installed-perls/perl/perl-5.8.9/1df5/lib/site_perl/5.8.9/HTTP/BrowserDetect.pm line 1069.
#  at /home/src/perl/repoperls/installed-perls/perl/perl-5.8.9/1df5/lib/site_perl/5.8.9/HTTP/BrowserDetect.pm line 1069
# 	HTTP::BrowserDetect::_language_country('HTTP::BrowserDetect=HASH(0x21b7130)') called at /home/src/perl/repoperls/installed-perls/perl/perl-5.8.9/1df5/lib/site_perl/5.8.9/HTTP/BrowserDetect.pm line 1009
# 	HTTP::BrowserDetect::country('HTTP::BrowserDetect=HASH(0x21b7130)') called at /home/src/perl/repoperls/installed-perls/perl/perl-5.8.9/1df5/lib/site_perl/5.8.9/CGI/Lingua.pm line 481
# 	CGI::Lingua::locale('CGI::Lingua=HASH(0x1e00560)') called at /home/sand/.cpan/build/CGI-SocialMedia-0.02-1pUgD9/blib/lib/CGI/SocialMedia.pm line 98
# 	CGI::SocialMedia::as_string('CGI::SocialMedia=HASH(0x1e004d0)') called at t/as_string.t line 14
# 
# ----------
# 	Previous test 2 'The object isa CGI::SocialMedia'
# 	Use of uninitialized value in pattern match (m//) at /home/src/perl/repoperls/installed-perls/perl/perl-5.8.9/1df5/lib/site_perl/5.8.9/HTTP/BrowserDetect.pm line 1073.
#  at /home/src/perl/repoperls/installed-perls/perl/perl-5.8.9/1df5/lib/site_perl/5.8.9/HTTP/BrowserDetect.pm line 1073
# 	HTTP::BrowserDetect::_language_country('HTTP::BrowserDetect=HASH(0x21b7130)') called at /home/src/perl/repoperls/installed-perls/perl/perl-5.8.9/1df5/lib/site_perl/5.8.9/HTTP/BrowserDetect.pm line 1009
# 	HTTP::BrowserDetect::country('HTTP::BrowserDetect=HASH(0x21b7130)') called at /home/src/perl/repoperls/installed-perls/perl/perl-5.8.9/1df5/lib/site_perl/5.8.9/CGI/Lingua.pm line 481
# 	CGI::Lingua::locale('CGI::Lingua=HASH(0x1e00560)') called at /home/sand/.cpan/build/CGI-SocialMedia-0.02-1pUgD9/blib/lib/CGI/SocialMedia.pm line 98
# 	CGI::SocialMedia::as_string('CGI::SocialMedia=HASH(0x1e004d0)') called at t/as_string.t line 14
# 
# ----------
# 	Previous test 4 'The object isa CGI::SocialMedia'
# 	Use of uninitialized value in pattern match (m//) at /home/src/perl/repoperls/installed-perls/perl/perl-5.8.9/1df5/lib/site_perl/5.8.9/HTTP/BrowserDetect.pm line 1065.
#  at /home/src/perl/repoperls/installed-perls/perl/perl-5.8.9/1df5/lib/site_perl/5.8.9/HTTP/BrowserDetect.pm line 1065
# 	HTTP::BrowserDetect::_language_country('HTTP::BrowserDetect=HASH(0x22856e0)') called at /home/src/perl/repoperls/installed-perls/perl/perl-5.8.9/1df5/lib/site_perl/5.8.9/HTTP/BrowserDetect.pm line 1009
# 	HTTP::BrowserDetect::country('HTTP::BrowserDetect=HASH(0x22856e0)') called at /home/src/perl/repoperls/installed-perls/perl/perl-5.8.9/1df5/lib/site_perl/5.8.9/CGI/Lingua.pm line 481
# 	CGI::Lingua::locale('CGI::Lingua=HASH(0x2285900)') called at /home/sand/.cpan/build/CGI-SocialMedia-0.02-1pUgD9/blib/lib/CGI/SocialMedia.pm line 98
# 	CGI::SocialMedia::as_string('CGI::SocialMedia=HASH(0x22858d0)') called at t/as_string.t line 17
# 
# ----------
# 	Previous test 4 'The object isa CGI::SocialMedia'
# 	Use of uninitialized value in pattern match (m//) at /home/src/perl/repoperls/installed-perls/perl/perl-5.8.9/1df5/lib/site_perl/5.8.9/HTTP/BrowserDetect.pm line 1069.
#  at /home/src/perl/repoperls/installed-perls/perl/perl-5.8.9/1df5/lib/site_perl/5.8.9/HTTP/BrowserDetect.pm line 1069
# 	HTTP::BrowserDetect::_language_country('HTTP::BrowserDetect=HASH(0x22856e0)') called at /home/src/perl/repoperls/installed-perls/perl/perl-5.8.9/1df5/lib/site_perl/5.8.9/HTTP/BrowserDetect.pm line 1009
# 	HTTP::BrowserDetect::country('HTTP::BrowserDetect=HASH(0x22856e0)') called at /home/src/perl/repoperls/installed-perls/perl/perl-5.8.9/1df5/lib/site_perl/5.8.9/CGI/Lingua.pm line 481
# 	CGI::Lingua::locale('CGI::Lingua=HASH(0x2285900)') called at /home/sand/.cpan/build/CGI-SocialMedia-0.02-1pUgD9/blib/lib/CGI/SocialMedia.pm line 98
# 	CGI::SocialMedia::as_string('CGI::SocialMedia=HASH(0x22858d0)') called at t/as_string.t line 17
# 
# ----------
# 	Previous test 4 'The object isa CGI::SocialMedia'
# 	Use of uninitialized value in pattern match (m//) at /home/src/perl/repoperls/installed-perls/perl/perl-5.8.9/1df5/lib/site_perl/5.8.9/HTTP/BrowserDetect.pm line 1073.
#  at /home/src/perl/repoperls/installed-perls/perl/perl-5.8.9/1df5/lib/site_perl/5.8.9/HTTP/BrowserDetect.pm line 1073
# 	HTTP::BrowserDetect::_language_country('HTTP::BrowserDetect=HASH(0x22856e0)') called at /home/src/perl/repoperls/installed-perls/perl/perl-5.8.9/1df5/lib/site_perl/5.8.9/HTTP/BrowserDetect.pm line 1009
# 	HTTP::BrowserDetect::country('HTTP::BrowserDetect=HASH(0x22856e0)') called at /home/src/perl/repoperls/installed-perls/perl/perl-5.8.9/1df5/lib/site_perl/5.8.9/CGI/Lingua.pm line 481
# 	CGI::Lingua::locale('CGI::Lingua=HASH(0x2285900)') called at /home/sand/.cpan/build/CGI-SocialMedia-0.02-1pUgD9/blib/lib/CGI/SocialMedia.pm line 98
# 	CGI::SocialMedia::as_string('CGI::SocialMedia=HASH(0x22858d0)') called at t/as_string.t line 17
# 
# ----------
# 	Previous test 5 ''
# 	Use of uninitialized value in pattern match (m//) at /home/src/perl/repoperls/installed-perls/perl/perl-5.8.9/1df5/lib/site_perl/5.8.9/HTTP/BrowserDetect.pm line 1065.
#  at /home/src/perl/repoperls/installed-perls/perl/perl-5.8.9/1df5/lib/site_perl/5.8.9/HTTP/BrowserDetect.pm line 1065
# 	HTTP::BrowserDetect::_language_country('HTTP::BrowserDetect=HASH(0x228e3e0)') called at /home/src/perl/repoperls/installed-perls/perl/perl-5.8.9/1df5/lib/site_perl/5.8.9/HTTP/BrowserDetect.pm line 1009
# 	HTTP::BrowserDetect::country('HTTP::BrowserDetect=HASH(0x228e3e0)') called at /home/src/perl/repoperls/installed-perls/perl/perl-5.8.9/1df5/lib/site_perl/5.8.9/CGI/Lingua.pm line 481
# 	CGI::Lingua::locale('CGI::Lingua=HASH(0x2285900)') called at /home/sand/.cpan/build/CGI-SocialMedia-0.02-1pUgD9/blib/lib/CGI/SocialMedia.pm line 98
# 	CGI::SocialMedia::as_string('CGI::SocialMedia=HASH(0x22858d0)', 'twitter_follow_button', 1) called at t/as_string.t line 18
# 
# ----------
# 	Previous test 5 ''
# 	Use of uninitialized value in pattern match (m//) at /home/src/perl/repoperls/installed-perls/perl/perl-5.8.9/1df5/lib/site_perl/5.8.9/HTTP/BrowserDetect.pm line 1069.
#  at /home/src/perl/repoperls/installed-perls/perl/perl-5.8.9/1df5/lib/site_perl/5.8.9/HTTP/BrowserDetect.pm line 1069
# 	HTTP::BrowserDetect::_language_country('HTTP::BrowserDetect=HASH(0x228e3e0)') called at /home/src/perl/repoperls/installed-perls/perl/perl-5.8.9/1df5/lib/site_perl/5.8.9/HTTP/BrowserDetect.pm line 1009
# 	HTTP::BrowserDetect::country('HTTP::BrowserDetect=HASH(0x228e3e0)') called at /home/src/perl/repoperls/installed-perls/perl/perl-5.8.9/1df5/lib/site_perl/5.8.9/CGI/Lingua.pm line 481
# 	CGI::Lingua::locale('CGI::Lingua=HASH(0x2285900)') called at /home/sand/.cpan/build/CGI-SocialMedia-0.02-1pUgD9/blib/lib/CGI/SocialMedia.pm line 98
# 	CGI::SocialMedia::as_string('CGI::SocialMedia=HASH(0x22858d0)', 'twitter_follow_button', 1) called at t/as_string.t line 18
# 
# ----------
# 	Previous test 5 ''
# 	Use of uninitialized value in pattern match (m//) at /home/src/perl/repoperls/installed-perls/perl/perl-5.8.9/1df5/lib/site_perl/5.8.9/HTTP/BrowserDetect.pm line 1073.
#  at /home/src/perl/repoperls/installed-perls/perl/perl-5.8.9/1df5/lib/site_perl/5.8.9/HTTP/BrowserDetect.pm line 1073
# 	HTTP::BrowserDetect::_language_country('HTTP::BrowserDetect=HASH(0x228e3e0)') called at /home/src/perl/repoperls/installed-perls/perl/perl-5.8.9/1df5/lib/site_perl/5.8.9/HTTP/BrowserDetect.pm line 1009
# 	HTTP::BrowserDetect::country('HTTP::BrowserDetect=HASH(0x228e3e0)') called at /home/src/perl/repoperls/installed-perls/perl/perl-5.8.9/1df5/lib/site_perl/5.8.9/CGI/Lingua.pm line 481
# 	CGI::Lingua::locale('CGI::Lingua=HASH(0x2285900)') called at /home/sand/.cpan/build/CGI-SocialMedia-0.02-1pUgD9/blib/lib/CGI/SocialMedia.pm line 98
# 	CGI::SocialMedia::as_string('CGI::SocialMedia=HASH(0x22858d0)', 'twitter_follow_button', 1) called at t/as_string.t line 18
# 
# ----------
# 	Previous test 7 'The object isa CGI::SocialMedia'
# 	Use of uninitialized value in pattern match (m//) at /home/src/perl/repoperls/installed-perls/perl/perl-5.8.9/1df5/lib/site_perl/5.8.9/HTTP/BrowserDetect.pm line 1065.
#  at /home/src/perl/repoperls/installed-perls/perl/perl-5.8.9/1df5/lib/site_perl/5.8.9/HTTP/BrowserDetect.pm line 1065
# 	HTTP::BrowserDetect::_language_country('HTTP::BrowserDetect=HASH(0x2294a50)') called at /home/src/perl/repoperls/installed-perls/perl/perl-5.8.9/1df5/lib/site_perl/5.8.9/HTTP/BrowserDetect.pm line 1009
# 	HTTP::BrowserDetect::country('HTTP::BrowserDetect=HASH(0x2294a50)') called at /home/src/perl/repoperls/installed-perls/perl/perl-5.8.9/1df5/lib/site_perl/5.8.9/CGI/Lingua.pm line 481
# 	CGI::Lingua::locale('CGI::Lingua=HASH(0x2294640)') called at /home/sand/.cpan/build/CGI-SocialMedia-0.02-1pUgD9/blib/lib/CGI/SocialMedia.pm line 98
# 	CGI::SocialMedia::as_string('CGI::SocialMedia=HASH(0x2294310)', 'facebook_like_button', 1) called at t/as_string.t line 22
# 
# ----------
# 	Previous test 7 'The object isa CGI::SocialMedia'
# 	Use of uninitialized value in pattern match (m//) at /home/src/perl/repoperls/installed-perls/perl/perl-5.8.9/1df5/lib/site_perl/5.8.9/HTTP/BrowserDetect.pm line 1069.
#  at /home/src/perl/repoperls/installed-perls/perl/perl-5.8.9/1df5/lib/site_perl/5.8.9/HTTP/BrowserDetect.pm line 1069
# 	HTTP::BrowserDetect::_language_country('HTTP::BrowserDetect=HASH(0x2294a50)') called at /home/src/perl/repoperls/installed-perls/perl/perl-5.8.9/1df5/lib/site_perl/5.8.9/HTTP/BrowserDetect.pm line 1009
# 	HTTP::BrowserDetect::country('HTTP::BrowserDetect=HASH(0x2294a50)') called at /home/src/perl/repoperls/installed-perls/perl/perl-5.8.9/1df5/lib/site_perl/5.8.9/CGI/Lingua.pm line 481
# 	CGI::Lingua::locale('CGI::Lingua=HASH(0x2294640)') called at /home/sand/.cpan/build/CGI-SocialMedia-0.02-1pUgD9/blib/lib/CGI/SocialMedia.pm line 98
# 	CGI::SocialMedia::as_string('CGI::SocialMedia=HASH(0x2294310)', 'facebook_like_button', 1) called at t/as_string.t line 22
# 
# ----------
# 	Previous test 7 'The object isa CGI::SocialMedia'
# 	Use of uninitialized value in pattern match (m//) at /home/src/perl/repoperls/installed-perls/perl/perl-5.8.9/1df5/lib/site_perl/5.8.9/HTTP/BrowserDetect.pm line 1073.
#  at /home/src/perl/repoperls/installed-perls/perl/perl-5.8.9/1df5/lib/site_perl/5.8.9/HTTP/BrowserDetect.pm line 1073
# 	HTTP::BrowserDetect::_language_country('HTTP::BrowserDetect=HASH(0x2294a50)') called at /home/src/perl/repoperls/installed-perls/perl/perl-5.8.9/1df5/lib/site_perl/5.8.9/HTTP/BrowserDetect.pm line 1009
# 	HTTP::BrowserDetect::country('HTTP::BrowserDetect=HASH(0x2294a50)') called at /home/src/perl/repoperls/installed-perls/perl/perl-5.8.9/1df5/lib/site_perl/5.8.9/CGI/Lingua.pm line 481
# 	CGI::Lingua::locale('CGI::Lingua=HASH(0x2294640)') called at /home/sand/.cpan/build/CGI-SocialMedia-0.02-1pUgD9/blib/lib/CGI/SocialMedia.pm line 98
# 	CGI::SocialMedia::as_string('CGI::SocialMedia=HASH(0x2294310)', 'facebook_like_button', 1) called at t/as_string.t line 22
# 
# Looks like you failed 1 test of 9.
t/as_string.t .. 
Dubious, test returned 1 (wstat 256, 0x100)
Failed 1/9 subtests 
t/boiler.t ..... ok
t/coverage.t ... ok
t/critic.t ..... skipped: Author tests not required for installation
t/kwalitee.t ... skipped: Test::Kwalitee not installed; skipping
t/manifest.t ... skipped: Author tests not required for installation
t/metrics.t .... skipped: Author tests not required for installation
t/pod-cm.t ..... ok
t/pod.t ........ ok
t/port.t ....... ok
t/snippets.t ... skipped: Author tests not required for installation

Test Summary Report
-------------------
t/as_string.t (Wstat: 256 Tests: 9 Failed: 1)
  Failed test:  9
  Non-zero exit status: 1
t/boiler.t   (Wstat: 0 Tests: 3 Failed: 0)
  TODO passed:   1-3
Files=12, Tests=17,  1 wallclock secs ( 0.07 usr  0.08 sys +  0.41 cusr  0.20 csys =  0.76 CPU)
Result: FAIL
Failed 1/12 test programs. 1/17 subtests failed.
make: *** [test_dynamic] Error 255

------------------------------
PREREQUISITES
------------------------------

Prerequisite modules loaded:

requires:

    Module                 Need Have
    ---------------------- ---- ----
    CGI::Lingua            0    0.24
    I18N::LangTags::Detect 0    1.03
    Test::More             0.82 0.98
    Test::NoWarnings       0    1.03

build_requires:

    Module                 Need Have
    ---------------------- ---- ----
    ExtUtils::MakeMaker    0    6.59

configure_requires:

    Module                 Need Have
    ---------------------- ---- ----
    ExtUtils::MakeMaker    0    6.59


------------------------------
ENVIRONMENT AND OTHER CONTEXT
------------------------------

Environment variables:

    AUTOMATED_TESTING = 1
    LANG = en_US.UTF-8
    LANGUAGE = en_US:en
    PATH = /usr/lib/ccache:/home/sand/bin:/usr/local/bin:/usr/bin:/bin:/usr/bin/X11:/usr/games:/usr/local/perl/bin:/usr/X11/bin:/sbin:/usr/sbin
    PERL5LIB = 
    PERL5OPT = 
    PERL5_CPANPLUS_IS_RUNNING = 3541
    PERL5_CPAN_IS_RUNNING = 3541
    PERL_MM_USE_DEFAULT = 1
    SHELL = /usr/bin/zsh
    TERM = screen

Perl special variables (and OS-specific diagnostics, for MSWin32):

    $^X = /home/sand/src/perl/repoperls/installed-perls/perl/perl-5.8.9/1df5/bin/perl
    $UID/$EUID = 1001 / 1001
    $GID = 1001 1001
    $EGID = 1001 1001

Perl module toolchain versions installed:

    Module              Have    
    ------------------- --------
    CPAN                1.97_51 
    CPAN::Meta          2.112150
    Cwd                 3.33    
    ExtUtils::CBuilder  0.280202
    ExtUtils::Command   1.16    
    ExtUtils::Install   1.52    
    ExtUtils::MakeMaker 6.59    
    ExtUtils::Manifest  1.60    
    ExtUtils::ParseXS   3.04_03 
    File::Spec          3.33    
    JSON                2.53    
    JSON::PP            2.27200 
    Module::Build       0.39_01 
    Module::Signature   0.68    
    Parse::CPAN::Meta   1.4401  
    Test::Harness       3.23    
    Test::More          0.98    
    YAML                0.73    
    YAML::Syck          1.17    
    version             0.93    


--

Summary of my perl5 (revision 5 version 8 subversion 9) configuration:
  Platform:
    osname=linux, osvers=2.6.32-5-amd64, archname=x86_64-linux
    uname='linux k81 2.6.32-5-amd64 #1 smp mon mar 7 21:35:22 utc 2011 x86_64 gnulinux '
    config_args='-Dprefix=/home/src/perl/repoperls/installed-perls/perl/perl-5.8.9/1df5 -Dinstallusrbinperl=n -Uversiononly -Dusedevel -des -Ui_db -Uuseithreads -Uuselongdouble -DDEBUGGING=-g'
    hint=recommended, useposix=true, d_sigaction=define
    usethreads=undef use5005threads=undef useithreads=undef usemultiplicity=undef
    useperlio=define d_sfio=undef uselargefiles=define usesocks=undef
    use64bitint=define use64bitall=define uselongdouble=undef
    usemymalloc=n, bincompat5005=undef
  Compiler:
    cc='cc', ccflags ='-fno-strict-aliasing -pipe -I/usr/local/include -D_LARGEFILE_SOURCE -D_FILE_OFFSET_BITS=64',
    optimize='-O2 -g',
    cppflags='-fno-strict-aliasing -pipe -I/usr/local/include'
    ccversion='', gccversion='4.4.5', gccosandvers=''
    intsize=4, longsize=8, ptrsize=8, doublesize=8, byteorder=12345678
    d_longlong=define, longlongsize=8, d_longdbl=define, longdblsize=16
    ivtype='long', ivsize=8, nvtype='double', nvsize=8, Off_t='off_t', lseeksize=8
    alignbytes=8, prototype=define
  Linker and Libraries:
    ld='cc', ldflags =' -L/usr/local/lib'
    libpth=/usr/local/lib /lib /usr/lib /lib64 /usr/lib64
    libs=-lnsl -ldl -lm -lcrypt -lutil -lc
    perllibs=-lnsl -ldl -lm -lcrypt -lutil -lc
    libc=/lib/libc-2.11.2.so, so=so, useshrplib=false, libperl=libperl.a
    gnulibc_version='2.11.2'
  Dynamic Linking:
    dlsrc=dl_dlopen.xs, dlext=so, d_dlsymun=undef, ccdlflags='-Wl,-E'
    cccdlflags='-fPIC', lddlflags='-shared -O2 -g -L/usr/local/lib'


Characteristics of this binary (from libperl): 
  Compile-time options: PERL_MALLOC_WRAP USE_64_BIT_ALL USE_64_BIT_INT
                        USE_FAST_STDIO USE_LARGE_FILES USE_PERLIO
  Built under linux
  Compiled at May  7 2011 10:31:17
  %ENV:
    PERL5LIB=""
    PERL5OPT=""
    PERL5_CPANPLUS_IS_RUNNING="3541"
    PERL5_CPAN_IS_RUNNING="3541"
    PERL_MM_USE_DEFAULT="1"
  @INC:
    /home/src/perl/repoperls/installed-perls/perl/perl-5.8.9/1df5/lib/5.8.9/x86_64-linux
    /home/src/perl/repoperls/installed-perls/perl/perl-5.8.9/1df5/lib/5.8.9
    /home/src/perl/repoperls/installed-perls/perl/perl-5.8.9/1df5/lib/site_perl/5.8.9/x86_64-linux
    /home/src/perl/repoperls/installed-perls/perl/perl-5.8.9/1df5/lib/site_perl/5.8.9
    .