Back
From: metabase:user:320bfe00-2aae-11df-837a-5e0a49663a4f
Subject: FAIL Data-YUID-0.05 v5.15.0 GNU/Linux
Date: 2011-05-20T21:12:06Z
This distribution has been tested as part of the CPAN Testers
project, supporting the Perl programming language. See
http://wiki.cpantesters.org/ for more information or email
questions to cpan-testers-discuss@perl.org
--
Dear Six Apart Ltd.,
This is a computer-generated report for Data-YUID-0.05
on perl 5.15.0, created by CPAN-Reporter-1.1902.
Thank you for uploading your work to CPAN. However, there was a problem
testing your distribution.
If you think this report is invalid, please consult the CPAN Testers Wiki
for suggestions on how to avoid getting FAIL reports for missing library
or binary dependencies, unsupported operating systems, and so on:
http://wiki.cpantesters.org/wiki/CPANAuthorNotes
Sections of this report:
* Tester comments
* Program output
* Prerequisites
* Environment and other context
------------------------------
TESTER COMMENTS
------------------------------
Additional comments from tester:
none provided
------------------------------
PROGRAM OUTPUT
------------------------------
Output from '/usr/bin/make test':
make[1]: Entering directory `/home/sand/.cpan/build/Data-YUID-0.05-say4XU'
PERL_DL_NONLAZY=1 /home/sand/src/perl/repoperls/installed-perls/perl/v5.14.0-123-g2d42416/2b65/bin/perl "-MExtUtils::Command::MM" "-e" "test_harness(0, 'inc', 'blib/lib', 'blib/arch')" t/*.t
t/00-compile.t .... ok
t/01-generator.t .. ok
Can't locate Danga/Socket.pm in @INC (@INC contains: blib/lib lib /home/sand/.cpan/build/Data-YUID-0.05-say4XU/inc /home/sand/.cpan/build/Data-YUID-0.05-say4XU/blib/lib /home/sand/.cpan/build/Data-YUID-0.05-say4XU/blib/arch /etc/perl /usr/local/lib/perl/5.10.1 /usr/local/share/perl/5.10.1 /usr/lib/perl5 /usr/share/perl5 /usr/lib/perl/5.10 /usr/share/perl/5.10 /usr/local/lib/site_perl .) at /home/sand/.cpan/build/Data-YUID-0.05-say4XU/t/../bin/yuidd line 5.
BEGIN failed--compilation aborted at /home/sand/.cpan/build/Data-YUID-0.05-say4XU/t/../bin/yuidd line 5.
Can't locate Danga/Socket.pm in @INC (@INC contains: blib/lib lib /home/sand/.cpan/build/Data-YUID-0.05-say4XU/inc /home/sand/.cpan/build/Data-YUID-0.05-say4XU/blib/lib /home/sand/.cpan/build/Data-YUID-0.05-say4XU/blib/arch /etc/perl /usr/local/lib/perl/5.10.1 /usr/local/share/perl/5.10.1 /usr/lib/perl5 /usr/share/perl5 /usr/lib/perl/5.10 /usr/share/perl/5.10 /usr/local/lib/site_perl .) at /home/sand/.cpan/build/Data-YUID-0.05-say4XU/t/../bin/yuidd line 5.
BEGIN failed--compilation aborted at /home/sand/.cpan/build/Data-YUID-0.05-say4XU/t/../bin/yuidd line 5.
Timeout waiting for port 11000 to startup at t/10-client.t line 75.
# Looks like your test exited with 111 before it could output anything.
t/10-client.t .....
Dubious, test returned 111 (wstat 28416, 0x6f00)
Failed 25/25 subtests
Test Summary Report
-------------------
t/10-client.t (Wstat: 28416 Tests: 0 Failed: 0)
Non-zero exit status: 111
Parse errors: Bad plan. You planned 25 tests but ran 0.
Files=3, Tests=4, 6 wallclock secs ( 0.01 usr 0.03 sys + 0.10 cusr 0.02 csys = 0.16 CPU)
Result: FAIL
Failed 1/3 test programs. 0/4 subtests failed.
make[1]: *** [test_dynamic] Error 111
make[1]: Leaving directory `/home/sand/.cpan/build/Data-YUID-0.05-say4XU'
------------------------------
PREREQUISITES
------------------------------
Prerequisite modules loaded:
requires:
Module Need Have
------------------- ---- -------
Danga::Socket 0 1.61
URI::Escape 0 3.30
build_requires:
Module Need Have
------------------- ---- -------
ExtUtils::MakeMaker 6.42 6.57_05
configure_requires:
Module Need Have
------------------- ---- -------
ExtUtils::MakeMaker 6.42 6.57_05
------------------------------
ENVIRONMENT AND OTHER CONTEXT
------------------------------
Environment variables:
LANG = en_US.UTF-8
LANGUAGE = en_US:en
PATH = /usr/lib/ccache:/home/sand/bin:/usr/local/bin:/usr/bin:/bin:/usr/local/games:/usr/games:/usr/local/perl/bin:/usr/X11/bin:/sbin:/usr/sbin
PERL5LIB =
PERL5OPT =
PERL5_CPANPLUS_IS_RUNNING = 10828
PERL5_CPAN_IS_RUNNING = 10828
SHELL = /bin/bash
TERM = screen
Perl special variables (and OS-specific diagnostics, for MSWin32):
$^X = /home/sand/src/perl/repoperls/installed-perls/perl/v5.14.0-123-g2d42416/2b65/bin/perl
$UID/$EUID = 1001 / 1001
$GID = 1001 1001
$EGID = 1001 1001
Perl module toolchain versions installed:
Module Have
------------------- --------
CPAN 1.9600
Cwd 3.36
ExtUtils::CBuilder 0.280203
ExtUtils::Command 1.17
ExtUtils::Install 1.56
ExtUtils::MakeMaker 6.57_05
ExtUtils::Manifest 1.58
ExtUtils::ParseXS 2.2210
File::Spec 3.33
Module::Build 0.3800
Module::Signature 0.68
Test::Harness 3.23
Test::More 0.98
YAML 0.73
YAML::Syck 1.17
version 0.88
--
Summary of my perl5 (revision 5 version 15 subversion 0) configuration:
Derived from: 2d42416a02614605eeb3a0729d0e8ba1d00df028
Platform:
osname=linux, osvers=2.6.32-5-amd64, archname=x86_64-linux-ld
uname='linux k81 2.6.32-5-amd64 #1 smp mon mar 7 21:35:22 utc 2011 x86_64 gnulinux '
config_args='-Dprefix=/home/src/perl/repoperls/installed-perls/perl/v5.14.0-123-g2d42416/2b65 -Dinstallusrbinperl=n -Uversiononly -Dusedevel -des -Ui_db -Uuseithreads -Duselongdouble -DDEBUGGING=-g'
hint=recommended, useposix=true, d_sigaction=define
useithreads=undef, usemultiplicity=undef
useperlio=define, d_sfio=undef, uselargefiles=define, usesocks=undef
use64bitint=define, use64bitall=define, uselongdouble=define
usemymalloc=n, bincompat5005=undef
Compiler:
cc='cc', ccflags ='-fno-strict-aliasing -pipe -fstack-protector -I/usr/local/include -D_LARGEFILE_SOURCE -D_FILE_OFFSET_BITS=64',
optimize='-O2 -g',
cppflags='-fno-strict-aliasing -pipe -fstack-protector -I/usr/local/include'
ccversion='', gccversion='4.4.5', gccosandvers=''
intsize=4, longsize=8, ptrsize=8, doublesize=8, byteorder=12345678
d_longlong=define, longlongsize=8, d_longdbl=define, longdblsize=16
ivtype='long', ivsize=8, nvtype='long double', nvsize=16, Off_t='off_t', lseeksize=8
alignbytes=16, prototype=define
Linker and Libraries:
ld='cc', ldflags =' -fstack-protector -L/usr/local/lib'
libpth=/usr/local/lib /lib/../lib /usr/lib/../lib /lib /usr/lib /usr/lib/x86_64-linux-gnu /lib64 /usr/lib64
libs=-lnsl -ldb -ldl -lm -lcrypt -lutil -lc
perllibs=-lnsl -ldl -lm -lcrypt -lutil -lc
libc=/lib/libc-2.11.2.so, so=so, useshrplib=false, libperl=libperl.a
gnulibc_version='2.11.2'
Dynamic Linking:
dlsrc=dl_dlopen.xs, dlext=so, d_dlsymun=undef, ccdlflags='-Wl,-E'
cccdlflags='-fPIC', lddlflags='-shared -O2 -g -L/usr/local/lib -fstack-protector'
Characteristics of this binary (from libperl):
Compile-time options: PERL_DONT_CREATE_GVSV PERL_MALLOC_WRAP
PERL_PRESERVE_IVUV PERL_USE_DEVEL USE_64_BIT_ALL
USE_64_BIT_INT USE_LARGE_FILES USE_LONG_DOUBLE
USE_PERLIO USE_PERL_ATOF
Locally applied patches:
uncommitted-changes
Built under linux
Compiled at May 19 2011 05:42:57
%ENV:
PERL5LIB=""
PERL5OPT=""
PERL5_CPANPLUS_IS_RUNNING="10828"
PERL5_CPAN_IS_RUNNING="10828"
@INC:
/home/src/perl/repoperls/installed-perls/perl/v5.14.0-123-g2d42416/2b65/lib/site_perl/5.15.0/x86_64-linux-ld
/home/src/perl/repoperls/installed-perls/perl/v5.14.0-123-g2d42416/2b65/lib/site_perl/5.15.0
/home/src/perl/repoperls/installed-perls/perl/v5.14.0-123-g2d42416/2b65/lib/5.15.0/x86_64-linux-ld
/home/src/perl/repoperls/installed-perls/perl/v5.14.0-123-g2d42416/2b65/lib/5.15.0
.