Pod-Perldoc v3.28 Perl 5 v5.10.1 x86_64-linux

Status
Fail
From
Chris Williams (BINGOS)
Dist
Pod-Perldoc v3.28
Platform
Perl 5 v5.10.1 x86_64-linux
Date
2018-06-12 10:46:09
ID
d11b8b16-6e2d-11e8-a1cf-bb670eaac09d
This distribution has been tested as part of the CPAN Testers
project, supporting the Perl programming language.  See
http://wiki.cpantesters.org/ for more information or email
questions to cpan-testers-discuss@perl.org


--

Dear Mark Allen,

This is a computer-generated error report created automatically by
CPANPLUS, version 0.9176. Testers personal comments may appear
at the end of this report.


Thank you for uploading your work to CPAN.  However, it appears that
there were some problems testing your distribution.

TEST RESULTS:

Below is the error stack from stage 'make test':

PERL_DL_NONLAZY=1 "/opt/perl-5.10.1/bin/perl" "-MExtUtils::Command::MM" "-MTest::Harness" "-e" "undef *Test::Harness::Switches; test_harness(0, 'blib/lib', 'blib/arch')" t/*.t t/*/*.t
t/00_load.t ............... ok
t/01_about_verbose.t ...... ok

#   Failed test 'got expected output in STDOUT'
#   at t/02_module_pod_output.t line 47.
#                   undef
#     doesn't match '(?-xism:Look up Perl documentation)'
# Looks like you failed 1 test of 7.
t/02_module_pod_output.t .. 
Dubious, test returned 1 (wstat 256, 0x100)
Failed 1/7 subtests 
t/man/_get_columns.t ...... ok
t/pod.t ................... skipped: Pod tests not required for installation.

Test Summary Report
-------------------
t/02_module_pod_output.t (Wstat: 256 Tests: 7 Failed: 1)
  Failed test:  3
  Non-zero exit status: 1
Files=5, Tests=56,  0 wallclock secs ( 0.03 usr  0.02 sys +  0.40 cusr  0.04 csys =  0.49 CPU)
Result: FAIL
Failed 1/5 test programs. 1/56 subtests failed.
make: *** [test_dynamic] Error 255


PREREQUISITES:

Here is a list of prerequisites you specified and versions we
managed to load:

	  Module Name                        Have     Want
	  Encode                             2.98        0
	  ExtUtils::MakeMaker                7.34        0
	  Fcntl                              1.06        0
	  File::Spec::Functions              3.74        0
	  File::Temp                       0.2304     0.22
	  IO::Select                         1.39        0
	  Pod::Man                           4.11     2.18
	  Pod::Simple::RTF                   3.35     3.16
	  Pod::Simple::XMLOutStream          3.35     3.16
	  Pod::Text                          4.11        0
	  Symbol                             1.07        0
	  Test::More                     1.302136        0
	  Text::ParseWords                   3.27        0
	  parent                            0.236        0
	  strict                             1.04        0
	  warnings                           1.06        0

Perl module toolchain versions installed:
	Module Name                        Have
	CPANPLUS                         0.9176
	CPANPLUS::Dist::Build              0.90
	Cwd                                3.74
	ExtUtils::CBuilder             0.280230
	ExtUtils::Command                  7.34
	ExtUtils::Install                  2.14
	ExtUtils::MakeMaker                7.34
	ExtUtils::Manifest                 1.71
	ExtUtils::ParseXS                  3.35
	File::Spec                         3.74
	Module::Build                    0.4224
	Pod::Parser                        1.63
	Pod::Simple                        3.35
	Test2                          1.302136
	Test::Harness                      3.42
	Test::More                     1.302136
	version                          0.9924

******************************** NOTE ********************************
The comments above are created mechanically, possibly without manual
checking by the sender.  As there are many people performing automatic
tests on each upload to CPAN, it is likely that you will receive
identical messages about the same problem.

If you believe that the message is mistaken, please reply to the first
one with correction and/or additional informations, and do not take
it personally.  We appreciate your patience. :)
**********************************************************************

Additional comments:


This report was machine-generated by CPANPLUS::Dist::YACSmoke 1.02.

------------------------------
ENVIRONMENT AND OTHER CONTEXT
------------------------------

Environment variables:

    AUTOMATED_TESTING = 1
    LANG = en_GB.UTF-8
    LANGUAGE = en_GB:en
    PATH = /opt/perl-5.10.1/.cpanplus/5.10.1/build/pFG3vYlZER/Pod-Perldoc-3.28/blib/script:/usr/local/sbin:/usr/local/bin:/usr/sbin:/usr/bin:/sbin:/bin
    PERL5LIB = :/opt/perl-5.10.1/.cpanplus/5.10.1/build/pFG3vYlZER/Pod-Perldoc-3.28/blib/lib:/opt/perl-5.10.1/.cpanplus/5.10.1/build/pFG3vYlZER/Pod-Perldoc-3.28/blib/arch
    PERL5_CPANIDX_URL = http://cpan.mirror.local/cpanidx/
    PERL5_CPANPLUS_IS_RUNNING = 23584
    PERL5_CPANPLUS_IS_VERSION = 0.9176
    PERL_EXTUTILS_AUTOINSTALL = --defaultdeps
    PERL_INSTALL_QUIET = 1
    PERL_MM_USE_DEFAULT = 1
    SHELL = /bin/bash
    TERM = xterm

Perl special variables (and OS-specific diagnostics, for MSWin32):

    Perl: $^X = /opt/perl-5.10.1/bin/perl
    UID:  $<  = 0
    EUID: $>  = 0
    GID:  $(  = 0 0
    EGID: $)  = 0 0


-------------------------------


--

Summary of my perl5 (revision 5 version 10 subversion 1) configuration:
   
  Platform:
    osname=linux, osvers=4.4.0-127-generic, archname=x86_64-linux
    uname='linux scc507 4.4.0-127-generic #153~14.04.1-ubuntu smp sat may 19 14:00:03 utc 2018 x86_64 x86_64 x86_64 gnulinux '
    config_args='-des -Dprefix=/opt/perl-5.10.1'
    hint=recommended, useposix=true, d_sigaction=define
    useithreads=undef, usemultiplicity=undef
    useperlio=define, d_sfio=undef, uselargefiles=define, usesocks=undef
    use64bitint=define, use64bitall=define, uselongdouble=undef
    usemymalloc=n, bincompat5005=undef
  Compiler:
    cc='cc', ccflags ='-fno-strict-aliasing -pipe -fstack-protector -I/usr/local/include -D_LARGEFILE_SOURCE -D_FILE_OFFSET_BITS=64',
    optimize='-O2',
    cppflags='-fno-strict-aliasing -pipe -fstack-protector -I/usr/local/include'
    ccversion='', gccversion='4.8.4', gccosandvers=''
    intsize=4, longsize=8, ptrsize=8, doublesize=8, byteorder=12345678
    d_longlong=define, longlongsize=8, d_longdbl=define, longdblsize=16
    ivtype='long', ivsize=8, nvtype='double', nvsize=8, Off_t='off_t', lseeksize=8
    alignbytes=8, prototype=define
  Linker and Libraries:
    ld='cc', ldflags =' -fstack-protector -L/usr/local/lib'
    libpth=/usr/local/lib /lib/x86_64-linux-gnu /lib/../lib /usr/lib/x86_64-linux-gnu /usr/lib/../lib /lib /usr/lib
    libs=-lnsl -lgdbm -ldl -lm -lcrypt -lutil -lc -lgdbm_compat
    perllibs=-lnsl -ldl -lm -lcrypt -lutil -lc
    libc=libc-2.19.so, so=so, useshrplib=false, libperl=libperl.a
    gnulibc_version='2.19'
  Dynamic Linking:
    dlsrc=dl_dlopen.xs, dlext=so, d_dlsymun=undef, ccdlflags='-Wl,-E'
    cccdlflags='-fPIC', lddlflags='-shared -O2 -L/usr/local/lib -fstack-protector'


Characteristics of this binary (from libperl): 
  Compile-time options: PERL_DONT_CREATE_GVSV PERL_MALLOC_WRAP USE_64_BIT_ALL
                        USE_64_BIT_INT USE_LARGE_FILES USE_PERLIO
  Locally applied patches:
	Devel::PatchPerl 1.48
  Built under linux
  Compiled at Jun 12 2018 11:24:07
  %ENV:
    PERL5LIB=":/opt/perl-5.10.1/.cpanplus/5.10.1/build/pFG3vYlZER/Pod-Perldoc-3.28/blib/lib:/opt/perl-5.10.1/.cpanplus/5.10.1/build/pFG3vYlZER/Pod-Perldoc-3.28/blib/arch"
    PERL5_CPANIDX_URL="http://cpan.mirror.local/cpanidx/"
    PERL5_CPANPLUS_IS_RUNNING="23584"
    PERL5_CPANPLUS_IS_VERSION="0.9176"
    PERL_EXTUTILS_AUTOINSTALL="--defaultdeps"
    PERL_INSTALL_QUIET="1"
    PERL_MM_USE_DEFAULT="1"
  @INC:
    /opt/perl-5.10.1/.cpanplus/5.10.1/build/pFG3vYlZER/Pod-Perldoc-3.28/blib/lib
    /opt/perl-5.10.1/.cpanplus/5.10.1/build/pFG3vYlZER/Pod-Perldoc-3.28/blib/arch
    /opt/perl-5.10.1/lib/5.10.1/x86_64-linux
    /opt/perl-5.10.1/lib/5.10.1
    /opt/perl-5.10.1/lib/site_perl/5.10.1/x86_64-linux
    /opt/perl-5.10.1/lib/site_perl/5.10.1
    .