Report for HTML-Shakan-2.10

Back
From: metabase:user:320bfe00-2aae-11df-837a-5e0a49663a4f
Subject: FAIL HTML-Shakan-2.10 v5.8.9 GNU/Linux
Date: 2017-04-25T07:43:04Z

This distribution has been tested as part of the CPAN Testers
project, supporting the Perl programming language.  See
http://wiki.cpantesters.org/ for more information or email
questions to cpan-testers-discuss@perl.org


--
Dear Masayuki Matsuki,

This is a computer-generated report for HTML-Shakan-2.10
on perl 5.8.9, created by CPAN-Reporter-1.2018.

Thank you for uploading your work to CPAN.  However, there was a problem
testing your distribution.

If you think this report is invalid, please consult the CPAN Testers Wiki
for suggestions on how to avoid getting FAIL reports for missing library
or binary dependencies, unsupported operating systems, and so on:

http://wiki.cpantesters.org/wiki/CPANAuthorNotes

Sections of this report:

    * Tester comments
    * Program output
    * Prerequisites
    * Environment and other context

------------------------------
TESTER COMMENTS
------------------------------

Additional comments from tester:

this report is from an automated smoke testing program
and was not reviewed by a human for accuracy

------------------------------
PROGRAM OUTPUT
------------------------------

Output from './Build test':

Argument "v2.4.9" isn't numeric in subroutine entry at /tmp/loop_over_bdir-8904-MfzGv0/HTML-Shakan-2.10-0/blib/lib/HTML/Shakan.pm line 4.

#   Failed test 'use HTML::Shakan;'
#   at t/00_compile.t line 4.
#     Tried to use 'HTML::Shakan'.
#     Error:  Mouse version 0.9 required--this is only version v2.4.9 at /tmp/loop_over_bdir-8904-MfzGv0/HTML-Shakan-2.10-0/blib/lib/HTML/Shakan.pm line 4.
# BEGIN failed--compilation aborted at /tmp/loop_over_bdir-8904-MfzGv0/HTML-Shakan-2.10-0/blib/lib/HTML/Shakan.pm line 4.
# Compilation failed in require at t/00_compile.t line 4.
# BEGIN failed--compilation aborted at t/00_compile.t line 4.
# Looks like you failed 1 test of 1.
t/00_compile.t ............................. 
Dubious, test returned 1 (wstat 256, 0x100)
Failed 1/1 subtests 
Argument "v2.4.9" isn't numeric in subroutine entry at /tmp/loop_over_bdir-8904-MfzGv0/HTML-Shakan-2.10-0/blib/lib/HTML/Shakan.pm line 4.
Mouse version 0.9 required--this is only version v2.4.9 at /tmp/loop_over_bdir-8904-MfzGv0/HTML-Shakan-2.10-0/blib/lib/HTML/Shakan.pm line 4.
BEGIN failed--compilation aborted at /tmp/loop_over_bdir-8904-MfzGv0/HTML-Shakan-2.10-0/blib/lib/HTML/Shakan.pm line 4.
Compilation failed in require at t/010_core/001_render.t line 3.
BEGIN failed--compilation aborted at t/010_core/001_render.t line 3.
t/010_core/001_render.t .................... 
Dubious, test returned 9 (wstat 2304, 0x900)
No subtests run 
Argument "v2.4.9" isn't numeric in subroutine entry at /tmp/loop_over_bdir-8904-MfzGv0/HTML-Shakan-2.10-0/blib/lib/HTML/Shakan.pm line 4.
Mouse version 0.9 required--this is only version v2.4.9 at /tmp/loop_over_bdir-8904-MfzGv0/HTML-Shakan-2.10-0/blib/lib/HTML/Shakan.pm line 4.
BEGIN failed--compilation aborted at /tmp/loop_over_bdir-8904-MfzGv0/HTML-Shakan-2.10-0/blib/lib/HTML/Shakan.pm line 4.
Compilation failed in require at t/010_core/002_validator.t line 3.
BEGIN failed--compilation aborted at t/010_core/002_validator.t line 3.
t/010_core/002_validator.t ................. 
Dubious, test returned 9 (wstat 2304, 0x900)
No subtests run 
Argument "v2.4.9" isn't numeric in subroutine entry at /tmp/loop_over_bdir-8904-MfzGv0/HTML-Shakan-2.10-0/blib/lib/HTML/Shakan.pm line 4.
Mouse version 0.9 required--this is only version v2.4.9 at /tmp/loop_over_bdir-8904-MfzGv0/HTML-Shakan-2.10-0/blib/lib/HTML/Shakan.pm line 4.
BEGIN failed--compilation aborted at /tmp/loop_over_bdir-8904-MfzGv0/HTML-Shakan-2.10-0/blib/lib/HTML/Shakan.pm line 4.
Compilation failed in require at t/010_core/003_widgets.t line 3.
BEGIN failed--compilation aborted at t/010_core/003_widgets.t line 3.
t/010_core/003_widgets.t ................... 
Dubious, test returned 9 (wstat 2304, 0x900)
No subtests run 
t/010_core/004_filter.t .................... ok
Argument "v2.4.9" isn't numeric in subroutine entry at /tmp/loop_over_bdir-8904-MfzGv0/HTML-Shakan-2.10-0/blib/lib/HTML/Shakan.pm line 4.
Mouse version 0.9 required--this is only version v2.4.9 at /tmp/loop_over_bdir-8904-MfzGv0/HTML-Shakan-2.10-0/blib/lib/HTML/Shakan.pm line 4.
BEGIN failed--compilation aborted at /tmp/loop_over_bdir-8904-MfzGv0/HTML-Shakan-2.10-0/blib/lib/HTML/Shakan.pm line 4.
Compilation failed in require at t/010_core/005_bind_filter.t line 4.
BEGIN failed--compilation aborted at t/010_core/005_bind_filter.t line 4.
t/010_core/005_bind_filter.t ............... 
Dubious, test returned 9 (wstat 2304, 0x900)
No subtests run 
Argument "v2.4.9" isn't numeric in subroutine entry at /tmp/loop_over_bdir-8904-MfzGv0/HTML-Shakan-2.10-0/blib/lib/HTML/Shakan.pm line 4.
Mouse version 0.9 required--this is only version v2.4.9 at /tmp/loop_over_bdir-8904-MfzGv0/HTML-Shakan-2.10-0/blib/lib/HTML/Shakan.pm line 4.
BEGIN failed--compilation aborted at /tmp/loop_over_bdir-8904-MfzGv0/HTML-Shakan-2.10-0/blib/lib/HTML/Shakan.pm line 4.
Compilation failed in require at t/010_core/006_fillin_form.t line 3.
BEGIN failed--compilation aborted at t/010_core/006_fillin_form.t line 3.
t/010_core/006_fillin_form.t ............... 
Dubious, test returned 9 (wstat 2304, 0x900)
No subtests run 
Argument "v2.4.9" isn't numeric in subroutine entry at /tmp/loop_over_bdir-8904-MfzGv0/HTML-Shakan-2.10-0/blib/lib/HTML/Shakan.pm line 4.
Mouse version 0.9 required--this is only version v2.4.9 at /tmp/loop_over_bdir-8904-MfzGv0/HTML-Shakan-2.10-0/blib/lib/HTML/Shakan.pm line 4.
BEGIN failed--compilation aborted at /tmp/loop_over_bdir-8904-MfzGv0/HTML-Shakan-2.10-0/blib/lib/HTML/Shakan.pm line 4.
Compilation failed in require at t/010_core/007_fillin_date.t line 3.
BEGIN failed--compilation aborted at t/010_core/007_fillin_date.t line 3.
# Looks like your test exited with 9 before it could output anything.
t/010_core/007_fillin_date.t ............... 
Dubious, test returned 9 (wstat 2304, 0x900)
Failed 1/1 subtests 
Argument "v2.4.9" isn't numeric in subroutine entry at /tmp/loop_over_bdir-8904-MfzGv0/HTML-Shakan-2.10-0/blib/lib/HTML/Shakan.pm line 4.
Mouse version 0.9 required--this is only version v2.4.9 at /tmp/loop_over_bdir-8904-MfzGv0/HTML-Shakan-2.10-0/blib/lib/HTML/Shakan.pm line 4.
BEGIN failed--compilation aborted at /tmp/loop_over_bdir-8904-MfzGv0/HTML-Shakan-2.10-0/blib/lib/HTML/Shakan.pm line 4.
Compilation failed in require at /tmp/loop_over_bdir-8904-MfzGv0/HTML-Shakan-2.10-0/blib/lib/HTML/Shakan/Declare.pm line 5.
BEGIN failed--compilation aborted at /tmp/loop_over_bdir-8904-MfzGv0/HTML-Shakan-2.10-0/blib/lib/HTML/Shakan/Declare.pm line 5.
Compilation failed in require at t/010_core/008_declare.t line 9.
BEGIN failed--compilation aborted at t/010_core/008_declare.t line 9.
t/010_core/008_declare.t ................... 
Dubious, test returned 9 (wstat 2304, 0x900)
No subtests run 
Argument "v2.4.9" isn't numeric in subroutine entry at /tmp/loop_over_bdir-8904-MfzGv0/HTML-Shakan-2.10-0/blib/lib/HTML/Shakan.pm line 4.
Mouse version 0.9 required--this is only version v2.4.9 at /tmp/loop_over_bdir-8904-MfzGv0/HTML-Shakan-2.10-0/blib/lib/HTML/Shakan.pm line 4.
BEGIN failed--compilation aborted at /tmp/loop_over_bdir-8904-MfzGv0/HTML-Shakan-2.10-0/blib/lib/HTML/Shakan.pm line 4.
Compilation failed in require at t/010_core/009_validator_message.t line 3.
BEGIN failed--compilation aborted at t/010_core/009_validator_message.t line 3.
t/010_core/009_validator_message.t ......... 
Dubious, test returned 9 (wstat 2304, 0x900)
No subtests run 
Argument "v2.4.9" isn't numeric in subroutine entry at /tmp/loop_over_bdir-8904-MfzGv0/HTML-Shakan-2.10-0/blib/lib/HTML/Shakan.pm line 4.
Mouse version 0.9 required--this is only version v2.4.9 at /tmp/loop_over_bdir-8904-MfzGv0/HTML-Shakan-2.10-0/blib/lib/HTML/Shakan.pm line 4.
BEGIN failed--compilation aborted at /tmp/loop_over_bdir-8904-MfzGv0/HTML-Shakan-2.10-0/blib/lib/HTML/Shakan.pm line 4.
Compilation failed in require at t/010_core/010_submitted.t line 3.
BEGIN failed--compilation aborted at t/010_core/010_submitted.t line 3.
t/010_core/010_submitted.t ................. 
Dubious, test returned 9 (wstat 2304, 0x900)
No subtests run 
Argument "v2.4.9" isn't numeric in subroutine entry at /tmp/loop_over_bdir-8904-MfzGv0/HTML-Shakan-2.10-0/blib/lib/HTML/Shakan.pm line 4.
Mouse version 0.9 required--this is only version v2.4.9 at /tmp/loop_over_bdir-8904-MfzGv0/HTML-Shakan-2.10-0/blib/lib/HTML/Shakan.pm line 4.
BEGIN failed--compilation aborted at /tmp/loop_over_bdir-8904-MfzGv0/HTML-Shakan-2.10-0/blib/lib/HTML/Shakan.pm line 4.
Compilation failed in require at t/010_core/011_custom_validation_form.t line 3.
BEGIN failed--compilation aborted at t/010_core/011_custom_validation_form.t line 3.
t/010_core/011_custom_validation_form.t .... 
Dubious, test returned 9 (wstat 2304, 0x900)
No subtests run 
Argument "v2.4.9" isn't numeric in subroutine entry at /tmp/loop_over_bdir-8904-MfzGv0/HTML-Shakan-2.10-0/blib/lib/HTML/Shakan.pm line 4.
Mouse version 0.9 required--this is only version v2.4.9 at /tmp/loop_over_bdir-8904-MfzGv0/HTML-Shakan-2.10-0/blib/lib/HTML/Shakan.pm line 4.
BEGIN failed--compilation aborted at /tmp/loop_over_bdir-8904-MfzGv0/HTML-Shakan-2.10-0/blib/lib/HTML/Shakan.pm line 4.
Compilation failed in require at t/010_core/012_custom_validation_field.t line 3.
BEGIN failed--compilation aborted at t/010_core/012_custom_validation_field.t line 3.
t/010_core/012_custom_validation_field.t ... 
Dubious, test returned 9 (wstat 2304, 0x900)
No subtests run 
Argument "v2.4.9" isn't numeric in subroutine entry at /tmp/loop_over_bdir-8904-MfzGv0/HTML-Shakan-2.10-0/blib/lib/HTML/Shakan.pm line 4.
Mouse version 0.9 required--this is only version v2.4.9 at /tmp/loop_over_bdir-8904-MfzGv0/HTML-Shakan-2.10-0/blib/lib/HTML/Shakan.pm line 4.
BEGIN failed--compilation aborted at /tmp/loop_over_bdir-8904-MfzGv0/HTML-Shakan-2.10-0/blib/lib/HTML/Shakan.pm line 4.
Compilation failed in require at t/010_core/013_render_field.t line 3.
BEGIN failed--compilation aborted at t/010_core/013_render_field.t line 3.
t/010_core/013_render_field.t .............. 
Dubious, test returned 9 (wstat 2304, 0x900)
No subtests run 
Argument "v2.4.9" isn't numeric in subroutine entry at /tmp/loop_over_bdir-8904-MfzGv0/HTML-Shakan-2.10-0/blib/lib/HTML/Shakan.pm line 4.
Mouse version 0.9 required--this is only version v2.4.9 at /tmp/loop_over_bdir-8904-MfzGv0/HTML-Shakan-2.10-0/blib/lib/HTML/Shakan.pm line 4.
BEGIN failed--compilation aborted at /tmp/loop_over_bdir-8904-MfzGv0/HTML-Shakan-2.10-0/blib/lib/HTML/Shakan.pm line 4.
Compilation failed in require at t/010_core/014_multi_value.t line 6.
BEGIN failed--compilation aborted at t/010_core/014_multi_value.t line 6.
t/010_core/014_multi_value.t ............... 
Dubious, test returned 9 (wstat 2304, 0x900)
No subtests run 
t/020_inflator/001_datetime.t .............. skipped: Test requires module 'DateTime::Format::HTTP' but it's not found
Argument "v2.4.9" isn't numeric in subroutine entry at /tmp/loop_over_bdir-8904-MfzGv0/HTML-Shakan-2.10-0/blib/lib/HTML/Shakan.pm line 4.
Mouse version 0.9 required--this is only version v2.4.9 at /tmp/loop_over_bdir-8904-MfzGv0/HTML-Shakan-2.10-0/blib/lib/HTML/Shakan.pm line 4.
BEGIN failed--compilation aborted at /tmp/loop_over_bdir-8904-MfzGv0/HTML-Shakan-2.10-0/blib/lib/HTML/Shakan.pm line 4.
Compilation failed in require at t/020_inflator/002_dt_join.t line 3.
BEGIN failed--compilation aborted at t/020_inflator/002_dt_join.t line 3.
t/020_inflator/002_dt_join.t ............... 
Dubious, test returned 9 (wstat 2304, 0x900)
No subtests run 
Argument "v2.4.9" isn't numeric in subroutine entry at /tmp/loop_over_bdir-8904-MfzGv0/HTML-Shakan-2.10-0/blib/lib/HTML/Shakan.pm line 4.
Mouse version 0.9 required--this is only version v2.4.9 at /tmp/loop_over_bdir-8904-MfzGv0/HTML-Shakan-2.10-0/blib/lib/HTML/Shakan.pm line 4.
BEGIN failed--compilation aborted at /tmp/loop_over_bdir-8904-MfzGv0/HTML-Shakan-2.10-0/blib/lib/HTML/Shakan.pm line 4.
Compilation failed in require at t/030_field/001_file.t line 3.
BEGIN failed--compilation aborted at t/030_field/001_file.t line 3.
t/030_field/001_file.t ..................... 
Dubious, test returned 9 (wstat 2304, 0x900)
No subtests run 
Argument "v2.4.9" isn't numeric in subroutine entry at /tmp/loop_over_bdir-8904-MfzGv0/HTML-Shakan-2.10-0/blib/lib/HTML/Shakan.pm line 4.
Mouse version 0.9 required--this is only version v2.4.9 at /tmp/loop_over_bdir-8904-MfzGv0/HTML-Shakan-2.10-0/blib/lib/HTML/Shakan.pm line 4.
BEGIN failed--compilation aborted at /tmp/loop_over_bdir-8904-MfzGv0/HTML-Shakan-2.10-0/blib/lib/HTML/Shakan.pm line 4.
Compilation failed in require at t/030_field/002_image.t line 3.
BEGIN failed--compilation aborted at t/030_field/002_image.t line 3.
t/030_field/002_image.t .................... 
Dubious, test returned 9 (wstat 2304, 0x900)
No subtests run 
Argument "v2.4.9" isn't numeric in subroutine entry at /tmp/loop_over_bdir-8904-MfzGv0/HTML-Shakan-2.10-0/blib/lib/HTML/Shakan.pm line 4.
Mouse version 0.9 required--this is only version v2.4.9 at /tmp/loop_over_bdir-8904-MfzGv0/HTML-Shakan-2.10-0/blib/lib/HTML/Shakan.pm line 4.
BEGIN failed--compilation aborted at /tmp/loop_over_bdir-8904-MfzGv0/HTML-Shakan-2.10-0/blib/lib/HTML/Shakan.pm line 4.
Compilation failed in require at t/030_field/003_duplication.t line 3.
BEGIN failed--compilation aborted at t/030_field/003_duplication.t line 3.
t/030_field/003_duplication.t .............. 
Dubious, test returned 9 (wstat 2304, 0x900)
No subtests run 
Argument "v2.4.9" isn't numeric in subroutine entry at /tmp/loop_over_bdir-8904-MfzGv0/HTML-Shakan-2.10-0/blib/lib/HTML/Shakan.pm line 4.
Mouse version 0.9 required--this is only version v2.4.9 at /tmp/loop_over_bdir-8904-MfzGv0/HTML-Shakan-2.10-0/blib/lib/HTML/Shakan.pm line 4.
BEGIN failed--compilation aborted at /tmp/loop_over_bdir-8904-MfzGv0/HTML-Shakan-2.10-0/blib/lib/HTML/Shakan.pm line 4.
Compilation failed in require at t/040_model/001_datamodel.t line 3.
BEGIN failed--compilation aborted at t/040_model/001_datamodel.t line 3.
t/040_model/001_datamodel.t ................ 
Dubious, test returned 9 (wstat 2304, 0x900)
No subtests run 
Argument "v2.4.9" isn't numeric in subroutine entry at /tmp/loop_over_bdir-8904-MfzGv0/HTML-Shakan-2.10-0/blib/lib/HTML/Shakan.pm line 4.
Mouse version 0.9 required--this is only version v2.4.9 at /tmp/loop_over_bdir-8904-MfzGv0/HTML-Shakan-2.10-0/blib/lib/HTML/Shakan.pm line 4.
BEGIN failed--compilation aborted at /tmp/loop_over_bdir-8904-MfzGv0/HTML-Shakan-2.10-0/blib/lib/HTML/Shakan.pm line 4.
Compilation failed in require at t/040_model/002_skinny.t line 2.
BEGIN failed--compilation aborted at t/040_model/002_skinny.t line 2.
t/040_model/002_skinny.t ................... 
Dubious, test returned 9 (wstat 2304, 0x900)
No subtests run 
Argument "v2.4.9" isn't numeric in subroutine entry at /tmp/loop_over_bdir-8904-MfzGv0/HTML-Shakan-2.10-0/blib/lib/HTML/Shakan.pm line 4.
Mouse version 0.9 required--this is only version v2.4.9 at /tmp/loop_over_bdir-8904-MfzGv0/HTML-Shakan-2.10-0/blib/lib/HTML/Shakan.pm line 4.
BEGIN failed--compilation aborted at /tmp/loop_over_bdir-8904-MfzGv0/HTML-Shakan-2.10-0/blib/lib/HTML/Shakan.pm line 4.
Compilation failed in require at t/040_model/003_teng.t line 2.
BEGIN failed--compilation aborted at t/040_model/003_teng.t line 2.
t/040_model/003_teng.t ..................... 
Dubious, test returned 9 (wstat 2304, 0x900)
No subtests run 
Argument "v2.4.9" isn't numeric in subroutine entry at /tmp/loop_over_bdir-8904-MfzGv0/HTML-Shakan-2.10-0/blib/lib/HTML/Shakan.pm line 4.
Mouse version 0.9 required--this is only version v2.4.9 at /tmp/loop_over_bdir-8904-MfzGv0/HTML-Shakan-2.10-0/blib/lib/HTML/Shakan.pm line 4.
BEGIN failed--compilation aborted at /tmp/loop_over_bdir-8904-MfzGv0/HTML-Shakan-2.10-0/blib/lib/HTML/Shakan.pm line 4.
Compilation failed in require at /tmp/loop_over_bdir-8904-MfzGv0/HTML-Shakan-2.10-0/blib/lib/HTML/Shakan/Declare.pm line 5.
BEGIN failed--compilation aborted at /tmp/loop_over_bdir-8904-MfzGv0/HTML-Shakan-2.10-0/blib/lib/HTML/Shakan/Declare.pm line 5.
Compilation failed in require at t/999_regression/001_destructive_widget.t line 3.
BEGIN failed--compilation aborted at t/999_regression/001_destructive_widget.t line 3.
t/999_regression/001_destructive_widget.t .. 
Dubious, test returned 9 (wstat 2304, 0x900)
No subtests run 
Argument "v2.4.9" isn't numeric in subroutine entry at /tmp/loop_over_bdir-8904-MfzGv0/HTML-Shakan-2.10-0/blib/lib/HTML/Shakan.pm line 4.
Mouse version 0.9 required--this is only version v2.4.9 at /tmp/loop_over_bdir-8904-MfzGv0/HTML-Shakan-2.10-0/blib/lib/HTML/Shakan.pm line 4.
BEGIN failed--compilation aborted at /tmp/loop_over_bdir-8904-MfzGv0/HTML-Shakan-2.10-0/blib/lib/HTML/Shakan.pm line 4.
Compilation failed in require at t/upload_submitted.t line 3.
BEGIN failed--compilation aborted at t/upload_submitted.t line 3.
t/upload_submitted.t ....................... 
Dubious, test returned 9 (wstat 2304, 0x900)
No subtests run 

Test Summary Report
-------------------
t/00_compile.t                           (Wstat: 256 Tests: 1 Failed: 1)
  Failed test:  1
  Non-zero exit status: 1
t/010_core/001_render.t                  (Wstat: 2304 Tests: 0 Failed: 0)
  Non-zero exit status: 9
  Parse errors: No plan found in TAP output
t/010_core/002_validator.t               (Wstat: 2304 Tests: 0 Failed: 0)
  Non-zero exit status: 9
  Parse errors: No plan found in TAP output
t/010_core/003_widgets.t                 (Wstat: 2304 Tests: 0 Failed: 0)
  Non-zero exit status: 9
  Parse errors: No plan found in TAP output
t/010_core/005_bind_filter.t             (Wstat: 2304 Tests: 0 Failed: 0)
  Non-zero exit status: 9
  Parse errors: No plan found in TAP output
t/010_core/006_fillin_form.t             (Wstat: 2304 Tests: 0 Failed: 0)
  Non-zero exit status: 9
  Parse errors: No plan found in TAP output
t/010_core/007_fillin_date.t             (Wstat: 2304 Tests: 0 Failed: 0)
  Non-zero exit status: 9
  Parse errors: Bad plan.  You planned 1 tests but ran 0.
t/010_core/008_declare.t                 (Wstat: 2304 Tests: 0 Failed: 0)
  Non-zero exit status: 9
  Parse errors: No plan found in TAP output
t/010_core/009_validator_message.t       (Wstat: 2304 Tests: 0 Failed: 0)
  Non-zero exit status: 9
  Parse errors: No plan found in TAP output
t/010_core/010_submitted.t               (Wstat: 2304 Tests: 0 Failed: 0)
  Non-zero exit status: 9
  Parse errors: No plan found in TAP output
t/010_core/011_custom_validation_form.t  (Wstat: 2304 Tests: 0 Failed: 0)
  Non-zero exit status: 9
  Parse errors: No plan found in TAP output
t/010_core/012_custom_validation_field.t (Wstat: 2304 Tests: 0 Failed: 0)
  Non-zero exit status: 9
  Parse errors: No plan found in TAP output
t/010_core/013_render_field.t            (Wstat: 2304 Tests: 0 Failed: 0)
  Non-zero exit status: 9
  Parse errors: No plan found in TAP output
t/010_core/014_multi_value.t             (Wstat: 2304 Tests: 0 Failed: 0)
  Non-zero exit status: 9
  Parse errors: No plan found in TAP output
t/020_inflator/002_dt_join.t             (Wstat: 2304 Tests: 0 Failed: 0)
  Non-zero exit status: 9
  Parse errors: No plan found in TAP output
t/030_field/001_file.t                   (Wstat: 2304 Tests: 0 Failed: 0)
  Non-zero exit status: 9
  Parse errors: No plan found in TAP output
t/030_field/002_image.t                  (Wstat: 2304 Tests: 0 Failed: 0)
  Non-zero exit status: 9
  Parse errors: No plan found in TAP output
t/030_field/003_duplication.t            (Wstat: 2304 Tests: 0 Failed: 0)
  Non-zero exit status: 9
  Parse errors: No plan found in TAP output
t/040_model/001_datamodel.t              (Wstat: 2304 Tests: 0 Failed: 0)
  Non-zero exit status: 9
  Parse errors: No plan found in TAP output
t/040_model/002_skinny.t                 (Wstat: 2304 Tests: 0 Failed: 0)
  Non-zero exit status: 9
  Parse errors: No plan found in TAP output
t/040_model/003_teng.t                   (Wstat: 2304 Tests: 0 Failed: 0)
  Non-zero exit status: 9
  Parse errors: No plan found in TAP output
t/999_regression/001_destructive_widget.t (Wstat: 2304 Tests: 0 Failed: 0)
  Non-zero exit status: 9
  Parse errors: No plan found in TAP output
t/upload_submitted.t                     (Wstat: 2304 Tests: 0 Failed: 0)
  Non-zero exit status: 9
  Parse errors: No plan found in TAP output
Files=25, Tests=6,  5 wallclock secs ( 0.06 usr  0.17 sys +  0.75 cusr  0.19 csys =  1.17 CPU)
Result: FAIL

------------------------------
PREREQUISITES
------------------------------

Prerequisite modules loaded:

requires:

    Module              Need     Have    
    ------------------- -------- --------
    Email::Valid::Loose 0.05     0.05    
    FormValidator::Lite 0.24     0.39    
    Hash::MultiValue    0        0.16    
    HTML::Escape        0        1.10    
    List::MoreUtils     0.22     0.419   
    List::Util          1.32     1.47    
    Mouse               0.9      v2.4.9  
    parent              0        0.236   
    perl                5.008001 5.008009
    Scalar::Util        0        1.47    

build_requires:

    Module              Need     Have    
    ------------------- -------- --------
    CGI                 0        4.36    
    Test::More          0.98     1.302078
    Test::Requires      0.06     0.10    

configure_requires:

    Module              Need     Have    
    ------------------- -------- --------
    Module::Build       0        0.4222  
    Module::Build::Tiny 0.035    0.039   


------------------------------
ENVIRONMENT AND OTHER CONTEXT
------------------------------

Environment variables:

    AUTOMATED_TESTING = 1
    LANG = en_US.UTF-8
    PATH = /home/sand/bin:/usr/local/bin:/usr/bin:/bin:/usr/games:/usr/local/perl/bin:/usr/X11/bin:/sbin:/usr/sbin
    PERL5LIB = 
    PERL5OPT = 
    PERL5_CPANPLUS_IS_RUNNING = 8939
    PERL5_CPAN_IS_RUNNING = 8939
    PERL_CANARY_STABILITY_NOPROMPT = 1
    PERL_MM_USE_DEFAULT = 1
    PERL_USE_UNSAFE_INC = 1
    SHELL = /usr/bin/zsh
    TERM = screen

Perl special variables (and OS-specific diagnostics, for MSWin32):

    $^X = /home/sand/src/perl/repoperls/installed-perls/host/k93msid/perl-5.8.9/89ad/bin/perl
    $UID/$EUID = 1005 / 1005
    $GID = 1005 1005
    $EGID = 1005 1005

Perl module toolchain versions installed:

    Module              Have    
    ------------------- --------
    CPAN                2.18    
    CPAN::Meta          2.150010
    Cwd                 3.62    
    ExtUtils::CBuilder  0.280224
    ExtUtils::Command   7.24    
    ExtUtils::Install   1.54    
    ExtUtils::MakeMaker 7.24    
    ExtUtils::Manifest  1.70    
    ExtUtils::ParseXS   3.30    
    File::Spec          3.62    
    JSON                2.90    
    JSON::PP            2.27400 
    Module::Build       0.4222  
    Module::Signature   0.81    
    Parse::CPAN::Meta   2.150010
    Test::Harness       3.39    
    Test::More          1.302078
    YAML                1.23    
    YAML::Syck          1.30_01 
    version             0.9917  


--

Summary of my perl5 (revision 5 version 8 subversion 9) configuration:
  Platform:
    osname=linux, osvers=4.9.0-2-amd64, archname=x86_64-linux
    uname='linux k93msid 4.9.0-2-amd64 #1 smp debian 4.9.18-1 (2017-03-30) x86_64 gnulinux '
    config_args='-Dprefix=/home/sand/src/perl/repoperls/installed-perls/host/k93msid/perl-5.8.9/89ad -Dmyhostname=k93msid -Dinstallusrbinperl=n -Uversiononly -Dusedevel -des -Ui_db -Dlibswanted=cl pthread socket inet nsl gdbm dbm malloc dl ld sun m crypt sec util c cposix posix ucb BSD gdbm_compat -Uuseithreads -Uuselongdouble -DDEBUGGING=-g'
    hint=recommended, useposix=true, d_sigaction=define
    usethreads=undef use5005threads=undef useithreads=undef usemultiplicity=undef
    useperlio=define d_sfio=undef uselargefiles=define usesocks=undef
    use64bitint=define use64bitall=define uselongdouble=undef
    usemymalloc=n, bincompat5005=undef
  Compiler:
    cc='cc', ccflags ='-fno-strict-aliasing -pipe -I/usr/local/include -D_LARGEFILE_SOURCE -D_FILE_OFFSET_BITS=64',
    optimize='-O2 -g',
    cppflags='-fno-strict-aliasing -pipe -I/usr/local/include'
    ccversion='', gccversion='6.3.0 20170406', gccosandvers=''
    intsize=4, longsize=8, ptrsize=8, doublesize=8, byteorder=12345678
    d_longlong=define, longlongsize=8, d_longdbl=define, longdblsize=16
    ivtype='long', ivsize=8, nvtype='double', nvsize=8, Off_t='off_t', lseeksize=8
    alignbytes=8, prototype=define
  Linker and Libraries:
    ld='cc', ldflags =' -L/usr/local/lib'
    libpth=/usr/local/lib /lib/x86_64-linux-gnu /lib/../lib /usr/lib/x86_64-linux-gnu /usr/lib/../lib /lib /usr/lib
    libs=-lpthread -lnsl -ldl -lm -lcrypt -lutil -lc
    perllibs=-lpthread -lnsl -ldl -lm -lcrypt -lutil -lc
    libc=libc-2.24.so, so=so, useshrplib=false, libperl=libperl.a
    gnulibc_version='2.24'
  Dynamic Linking:
    dlsrc=dl_dlopen.xs, dlext=so, d_dlsymun=undef, ccdlflags='-Wl,-E'
    cccdlflags='-fPIC', lddlflags='-shared -O2 -g -L/usr/local/lib'


Characteristics of this binary (from libperl): 
  Compile-time options: PERL_MALLOC_WRAP USE_64_BIT_ALL USE_64_BIT_INT
                        USE_FAST_STDIO USE_LARGE_FILES USE_PERLIO
  Built under linux
  Compiled at Apr 14 2017 14:37:34
  %ENV:
    PERL5LIB=""
    PERL5OPT=""
    PERL5_CPANPLUS_IS_RUNNING="8939"
    PERL5_CPAN_IS_RUNNING="8939"
    PERL_CANARY_STABILITY_NOPROMPT="1"
    PERL_MM_USE_DEFAULT="1"
    PERL_USE_UNSAFE_INC="1"
  @INC:
    /home/sand/src/perl/repoperls/installed-perls/host/k93msid/perl-5.8.9/89ad/lib/5.8.9/x86_64-linux
    /home/sand/src/perl/repoperls/installed-perls/host/k93msid/perl-5.8.9/89ad/lib/5.8.9
    /home/sand/src/perl/repoperls/installed-perls/host/k93msid/perl-5.8.9/89ad/lib/site_perl/5.8.9/x86_64-linux
    /home/sand/src/perl/repoperls/installed-perls/host/k93msid/perl-5.8.9/89ad/lib/site_perl/5.8.9
    .