Report for Date-Piece-v0.0.3

Back
From: metabase:user:320bfe00-2aae-11df-837a-5e0a49663a4f
Subject: FAIL Date-Piece-v0.0.3 v5.17.8 GNU/Linux
Date: 2013-05-12T11:26:40Z

This distribution has been tested as part of the CPAN Testers
project, supporting the Perl programming language.  See
http://wiki.cpantesters.org/ for more information or email
questions to cpan-testers-discuss@perl.org


--
Dear Eric Wilhelm,

This is a computer-generated report for Date-Piece-v0.0.3
on perl 5.17.8, created by CPAN-Reporter-1.2009.

Thank you for uploading your work to CPAN.  However, there was a problem
testing your distribution.

If you think this report is invalid, please consult the CPAN Testers Wiki
for suggestions on how to avoid getting FAIL reports for missing library
or binary dependencies, unsupported operating systems, and so on:

http://wiki.cpantesters.org/wiki/CPANAuthorNotes

Sections of this report:

    * Tester comments
    * Program output
    * Prerequisites
    * Environment and other context

------------------------------
TESTER COMMENTS
------------------------------

Additional comments from tester:

this report is from an automated smoke testing program
and was not reviewed by a human for accuracy

------------------------------
PROGRAM OUTPUT
------------------------------

Output from './Build test':

# Testing Date::Piece v0.0.3
t/00-load.t ... ok
t/basic.t ..... ok

#   Failed test at t/overload.t line 11.
# An error occurred while using eq:
# ------------------------------------
# Operation "eq": no method found,
# 	left argument in overloaded package Date::Piece::week_unit,
# 	right argument has no overloaded magic at (eval in cmp_ok) t/overload.t line 11.
# 
# ------------------------------------
#          got: '7weeks'
#     expected: '7weeks'

#   Failed test at t/overload.t line 14.
# An error occurred while using eq:
# ------------------------------------
# Operation "eq": no method found,
# 	left argument in overloaded package Date::Piece::week_unit,
# 	right argument has no overloaded magic at (eval in cmp_ok) t/overload.t line 14.
# 
# ------------------------------------
#          got: '8weeks'
#     expected: '8weeks'

#   Failed test at t/overload.t line 16.
# An error occurred while using eq:
# ------------------------------------
# Operation "eq": no method found,
# 	left argument in overloaded package Date::Piece::week_unit,
# 	right argument has no overloaded magic at (eval in cmp_ok) t/overload.t line 16.
# 
# ------------------------------------
#          got: '16weeks'
#     expected: '16weeks'

#   Failed test at t/overload.t line 17.
# An error occurred while using eq:
# ------------------------------------
# Operation "eq": no method found,
# 	left argument in overloaded package Date::Piece::week_unit,
# 	right argument has no overloaded magic at (eval in cmp_ok) t/overload.t line 17.
# 
# ------------------------------------
#          got: '7weeks'
#     expected: '7weeks'

#   Failed test at t/overload.t line 30.
# An error occurred while using eq:
# ------------------------------------
# Operation "eq": no method found,
# 	left argument in overloaded package Date::Piece::month_unit,
# 	right argument has no overloaded magic at (eval in cmp_ok) t/overload.t line 30.
# 
# ------------------------------------
#          got: '7months'
#     expected: '7months'

#   Failed test at t/overload.t line 33.
# An error occurred while using eq:
# ------------------------------------
# Operation "eq": no method found,
# 	left argument in overloaded package Date::Piece::month_unit,
# 	right argument has no overloaded magic at (eval in cmp_ok) t/overload.t line 33.
# 
# ------------------------------------
#          got: '8months'
#     expected: '8months'

#   Failed test at t/overload.t line 35.
# An error occurred while using eq:
# ------------------------------------
# Operation "eq": no method found,
# 	left argument in overloaded package Date::Piece::month_unit,
# 	right argument has no overloaded magic at (eval in cmp_ok) t/overload.t line 35.
# 
# ------------------------------------
#          got: '16months'
#     expected: '16months'

#   Failed test at t/overload.t line 37.
# An error occurred while using eq:
# ------------------------------------
# Operation "eq": no method found,
# 	left argument in overloaded package Date::Piece::month_unit,
# 	right argument has no overloaded magic at (eval in cmp_ok) t/overload.t line 37.
# 
# ------------------------------------
#          got: '8months'
#     expected: '8months'

#   Failed test 'untouched'
#   at t/overload.t line 38.
# An error occurred while using eq:
# ------------------------------------
# Operation "eq": no method found,
# 	left argument in overloaded package Date::Piece::month_unit,
# 	right argument has no overloaded magic at (eval in cmp_ok) t/overload.t line 38.
# 
# ------------------------------------
#          got: '7months'
#     expected: '7months'

#   Failed test at t/overload.t line 46.
# An error occurred while using eq:
# ------------------------------------
# Operation "eq": no method found,
# 	left argument in overloaded package Date::Piece::year_unit,
# 	right argument has no overloaded magic at (eval in cmp_ok) t/overload.t line 46.
# 
# ------------------------------------
#          got: '7years'
#     expected: '7years'

#   Failed test at t/overload.t line 49.
# An error occurred while using eq:
# ------------------------------------
# Operation "eq": no method found,
# 	left argument in overloaded package Date::Piece::year_unit,
# 	right argument has no overloaded magic at (eval in cmp_ok) t/overload.t line 49.
# 
# ------------------------------------
#          got: '8years'
#     expected: '8years'

#   Failed test at t/overload.t line 51.
# An error occurred while using eq:
# ------------------------------------
# Operation "eq": no method found,
# 	left argument in overloaded package Date::Piece::year_unit,
# 	right argument has no overloaded magic at (eval in cmp_ok) t/overload.t line 51.
# 
# ------------------------------------
#          got: '16years'
#     expected: '16years'

#   Failed test at t/overload.t line 53.
# An error occurred while using eq:
# ------------------------------------
# Operation "eq": no method found,
# 	left argument in overloaded package Date::Piece::year_unit,
# 	right argument has no overloaded magic at (eval in cmp_ok) t/overload.t line 53.
# 
# ------------------------------------
#          got: '8years'
#     expected: '8years'

#   Failed test 'untouched'
#   at t/overload.t line 54.
# An error occurred while using eq:
# ------------------------------------
# Operation "eq": no method found,
# 	left argument in overloaded package Date::Piece::year_unit,
# 	right argument has no overloaded magic at (eval in cmp_ok) t/overload.t line 54.
# 
# ------------------------------------
#          got: '7years'
#     expected: '7years'

#   Failed test at t/overload.t line 59.
# An error occurred while using eq:
# ------------------------------------
# Operation "eq": no method found,
# 	left argument in overloaded package Date::Piece::year_unit,
# 	right argument has no overloaded magic at (eval in cmp_ok) t/overload.t line 59.
# 
# ------------------------------------
#          got: '8years'
#     expected: '8years'
# Looks like you failed 15 tests of 34.
t/overload.t .. 
Dubious, test returned 15 (wstat 3840, 0xf00)
Failed 15/34 subtests 

Test Summary Report
-------------------
t/overload.t (Wstat: 3840 Tests: 34 Failed: 15)
  Failed tests:  1-4, 7-11, 13-17, 19
  Non-zero exit status: 15
Files=3, Tests=112,  0 wallclock secs ( 0.03 usr  0.00 sys +  0.10 cusr  0.04 csys =  0.17 CPU)
Result: FAIL
Failed 1/3 test programs. 15/112 subtests failed.

------------------------------
PREREQUISITES
------------------------------

Prerequisite modules loaded:

requires:

    Module        Need   Have    
    ------------- ------ --------
    Date::Simple  0      3.03    
    perl          v5.8.2 5.017008
    Time::Local   0      1.2300  
    Time::Piece   0      1.20_01 

build_requires:

    Module        Need   Have    
    ------------- ------ --------
    Module::Build 0.26   0.4005  
    Test::More    0      0.98    

configure_requires:

    Module        Need   Have    
    ------------- ------ --------
    Module::Build 0.3303 0.4005  


------------------------------
ENVIRONMENT AND OTHER CONTEXT
------------------------------

Environment variables:

    AUTOMATED_TESTING = 1
    LANG = en_US.UTF-8
    LANGUAGE = en_US:en
    PATH = /usr/lib/ccache:/home/sand/bin:/usr/local/bin:/usr/bin:/bin:/usr/bin/X11:/usr/games:/usr/local/perl/bin:/usr/X11/bin:/sbin:/usr/sbin
    PERL5LIB = 
    PERL5OPT = 
    PERL5_CPANPLUS_IS_RUNNING = 7822
    PERL5_CPAN_IS_RUNNING = 7822
    PERL_MM_USE_DEFAULT = 1
    SHELL = /usr/bin/zsh
    TERM = screen

Perl special variables (and OS-specific diagnostics, for MSWin32):

    $^X = /home/sand/src/perl/repoperls/installed-perls/perl/v5.17.8/165a/bin/perl
    $UID/$EUID = 1005 / 1005
    $GID = 1005 1005
    $EGID = 1005 1005

Perl module toolchain versions installed:

    Module              Have    
    ------------------- --------
    CPAN                2.00    
    CPAN::Meta          2.130880
    Cwd                 3.40    
    ExtUtils::CBuilder  0.280209
    ExtUtils::Command   1.17    
    ExtUtils::Install   1.59    
    ExtUtils::MakeMaker 6.67_01 
    ExtUtils::Manifest  1.62    
    ExtUtils::ParseXS   3.18_03 
    File::Spec          3.40    
    JSON                2.57    
    JSON::PP            2.27202 
    Module::Build       0.4005  
    Module::Signature   0.70    
    Parse::CPAN::Meta   1.4404  
    Test::Harness       3.28    
    Test::More          0.98    
    YAML                0.84    
    YAML::Syck          1.25    
    version             0.9902  


--

Summary of my perl5 (revision 5 version 17 subversion 8) configuration:
  Commit id: 41c353c0b83ede9b2c7cf371b4e25f1525bb4ef4
  Platform:
    osname=linux, osvers=3.2.0-4-amd64, archname=x86_64-linux
    uname='linux k83 3.2.0-4-amd64 #1 smp debian 3.2.35-2 x86_64 gnulinux '
    config_args='-Dprefix=/home/src/perl/repoperls/installed-perls/perl/v5.17.8/165a -Dmyhostname=k83 -Dinstallusrbinperl=n -Uversiononly -Dusedevel -des -Ui_db -Uuseithreads -Uuselongdouble -DDEBUGGING=-g'
    hint=recommended, useposix=true, d_sigaction=define
    useithreads=undef, usemultiplicity=undef
    useperlio=define, d_sfio=undef, uselargefiles=define, usesocks=undef
    use64bitint=define, use64bitall=define, uselongdouble=undef
    usemymalloc=n, bincompat5005=undef
  Compiler:
    cc='cc', ccflags ='-fno-strict-aliasing -pipe -fstack-protector -I/usr/local/include -D_LARGEFILE_SOURCE -D_FILE_OFFSET_BITS=64',
    optimize='-O2 -g',
    cppflags='-fno-strict-aliasing -pipe -fstack-protector -I/usr/local/include'
    ccversion='', gccversion='4.7.2', gccosandvers=''
    intsize=4, longsize=8, ptrsize=8, doublesize=8, byteorder=12345678
    d_longlong=define, longlongsize=8, d_longdbl=define, longdblsize=16
    ivtype='long', ivsize=8, nvtype='double', nvsize=8, Off_t='off_t', lseeksize=8
    alignbytes=8, prototype=define
  Linker and Libraries:
    ld='cc', ldflags =' -fstack-protector -L/usr/local/lib'
    libpth=/usr/local/lib /lib/x86_64-linux-gnu /lib/../lib /usr/lib/x86_64-linux-gnu /usr/lib/../lib /lib /usr/lib
    libs=-lnsl -ldb -ldl -lm -lcrypt -lutil -lc
    perllibs=-lnsl -ldl -lm -lcrypt -lutil -lc
    libc=, so=so, useshrplib=false, libperl=libperl.a
    gnulibc_version='2.13'
  Dynamic Linking:
    dlsrc=dl_dlopen.xs, dlext=so, d_dlsymun=undef, ccdlflags='-Wl,-E'
    cccdlflags='-fPIC', lddlflags='-shared -O2 -g -L/usr/local/lib -fstack-protector'


Characteristics of this binary (from libperl): 
  Compile-time options: HAS_TIMES PERLIO_LAYERS PERL_DONT_CREATE_GVSV
                        PERL_MALLOC_WRAP PERL_NEW_COPY_ON_WRITE
                        PERL_PRESERVE_IVUV PERL_USE_DEVEL USE_64_BIT_ALL
                        USE_64_BIT_INT USE_LARGE_FILES USE_LOCALE
                        USE_LOCALE_COLLATE USE_LOCALE_CTYPE
                        USE_LOCALE_NUMERIC USE_PERLIO USE_PERL_ATOF
  Built under linux
  Compiled at Jan 21 2013 07:58:48
  %ENV:
    PERL5LIB=""
    PERL5OPT=""
    PERL5_CPANPLUS_IS_RUNNING="7822"
    PERL5_CPAN_IS_RUNNING="7822"
    PERL_MM_USE_DEFAULT="1"
  @INC:
    /home/src/perl/repoperls/installed-perls/perl/v5.17.8/165a/lib/site_perl/5.17.8/x86_64-linux
    /home/src/perl/repoperls/installed-perls/perl/v5.17.8/165a/lib/site_perl/5.17.8
    /home/src/perl/repoperls/installed-perls/perl/v5.17.8/165a/lib/5.17.8/x86_64-linux
    /home/src/perl/repoperls/installed-perls/perl/v5.17.8/165a/lib/5.17.8
    .