Net-SIP v0.838 Perl 5 v5.26.1 amd64-freebsd-thread-multi
- Status
- Fail
- From
- Chris Williams (BINGOS)
- Dist
-
Net-SIP v0.838
- Platform
- Perl 5 v5.26.1 amd64-freebsd-thread-multi
- Date
- 2024-08-02 22:44:45
- ID
- d0868bf6-5120-11ef-98b0-b3c3213a625c
This distribution has been tested as part of the CPAN Testers
project, supporting the Perl programming language. See
http://wiki.cpantesters.org/ for more information or email
questions to cpan-testers-discuss@perl.org
--
Dear SULLR,
This is a computer-generated error report created automatically by
CPANPLUS, version 0.9914. Testers personal comments may appear
at the end of this report.
Thank you for uploading your work to CPAN. However, it appears that
there were some problems testing your distribution.
TEST RESULTS:
Below is the error stack from stage 'make test':
PERL_DL_NONLAZY=1 "/usr/home/cpan/pit/thr/perl-5.26.1/bin/perl" "-MExtUtils::Command::MM" "-MTest::Harness" "-e" "undef *Test::Harness::Switches; test_harness(0, 'blib/lib', 'blib/arch')" t/*.t
t/01_load.t ............................. ok
# call created
# got ringing
# call established
# call cleaned up
# call created
# got ringing
# call established
# call cleaned up
# call created
# got ringing
# call established
# call cleaned up
# call created
# got ringing
# call established
# call cleaned up
t/02_listen_and_invite.t ................ ok
t/03_forward_stateless.t ................ ok
t/04_call_with_rtp.t .................... ok
# Failed test '[uac] RTP done'
# at ./t/testlib.pl line 234.
# Failed test 'fatal error at ./t/testlib.pl line 235.
# '
# at ./t/testlib.pl line 31.
# Looks like your test exited with 1 just after 18.
t/05_call_with_stateless_proxy.t ........
Dubious, test returned 1 (wstat 256, 0x100)
Failed 362/378 subtests
t/06_call_with_reinvite.t ............... ok
t/07_call_on_hold.t ..................... ok
t/08_register_with_auth.t ............... ok
t/09_fdleak.t ........................... ok
t/10_fdleak.t ........................... ok
t/11_invite_timeout.t ................... ok
# call established
# call cleaned up
# call established
# call cleaned up
# call established
# call cleaned up
# call established
# call cleaned up
t/12_maddr.t ............................ ok
t/13_maddr_proxy.t ...................... ok
# UAS on 127.0.0.1:5062
# UAC on 127.0.0.1:5060
# PROXY on 127.0.0.1:5063
t/14_bugfix_0.51.t ...................... ok
t/15_block_invite.t ..................... ok
t/16_drop_invite.t ...................... ok
t/17_call_with_reinvite_and_auth.t ...... ok
t/18_register_with_auth_step_by_step.t .. ok
# UAS on 127.0.0.1:37223
# UAC on 127.0.0.1:14611
# call created
# call established
# call cleaned up
# received=467 lost=0 expect ca. 467.5 packets, events='1 2 D # 3 4 B *'
# UAS on 127.0.0.1:21062
# UAC on 127.0.0.1:50365
# call created
# call established
# call cleaned up
# received=466 lost=0 expect ca. 467.5 packets, events='1 2 D # 3 4 B *'
# UAS on 127.0.0.1:33648
# UAC on 127.0.0.1:45519
# call created
# call established
# call cleaned up
# received=465 lost=0 expect ca. 467.5 packets, events='1 2 D # 3 4 B *'
# UAS on 127.0.0.1:60926
# UAC on 127.0.0.1:14288
# call created
# call established
# call cleaned up
# received=467 lost=0 expect ca. 467.5 packets, events='1 2 D # 3 4 B *'
# UAS on [::1]:43557
# UAC on [::1]:18636
# call created
# call established
# call cleaned up
# received=466 lost=0 expect ca. 467.5 packets, events='1 2 D # 3 4 B *'
# UAS on [::1]:64731
# UAC on [::1]:52933
# call created
# call established
# call cleaned up
# received=466 lost=0 expect ca. 467.5 packets, events='1 2 D # 3 4 B *'
# UAS on [::1]:54265
# UAC on [::1]:64270
# call created
# call established
# call cleaned up
# received=465 lost=0 expect ca. 467.5 packets, events='1 2 D # 3 4 B *'
# UAS on [::1]:26959
# UAC on [::1]:38988
# call created
# call established
# call cleaned up
# received=466 lost=0 expect ca. 467.5 packets, events='1 2 D # 3 4 B *'
# UAS on 127.0.0.1:50394
# UAC on 127.0.0.1:29525
# call created
# call established
# call cleaned up
# received=466 lost=0 expect ca. 467.5 packets, events='1 2 D # 3 4 B *'
# UAS on 127.0.0.1:34398
# UAC on 127.0.0.1:53809
# call created
# call established
# call cleaned up
# received=465 lost=0 expect ca. 467.5 packets, events='1 2 D # 3 4 B *'
# UAS on 127.0.0.1:57243
# UAC on 127.0.0.1:35375
# call created
# call established
# call cleaned up
# received=467 lost=0 expect ca. 467.5 packets, events='1 2 D # 3 4 B *'
# UAS on 127.0.0.1:33668
# UAC on 127.0.0.1:34842
# call created
# call established
# call cleaned up
# received=465 lost=0 expect ca. 467.5 packets, events='1 2 D # 3 4 B *'
# UAS on [::1]:48674
# UAC on [::1]:37843
# call created
# call established
# call cleaned up
# received=466 lost=0 expect ca. 467.5 packets, events='1 2 D # 3 4 B *'
# UAS on [::1]:52947
# UAC on [::1]:29235
# call created
# call established
# call cleaned up
# received=466 lost=0 expect ca. 467.5 packets, events='1 2 D # 3 4 B *'
# UAS on [::1]:15495
# UAC on [::1]:33568
# call created
# call established
# call cleaned up
# received=467 lost=0 expect ca. 467.5 packets, events='1 2 D # 3 4 B *'
# UAS on [::1]:14300
# UAC on [::1]:13227
# call created
# call established
# call cleaned up
# received=466 lost=0 expect ca. 467.5 packets, events='1 2 D # 3 4 B *'
t/19_call_with_dtmf.t ................... ok
t/20_channel_on_hold.t .................. ok
t/21_channel_on_hold_stateless_proxy.t .. ok
t/22_stateless_proxy_ack_on_error.t ..... ok
t/23_valid_message.t .................... ok
t/24_dtmf_audio.t ....................... ok
t/25_register_tcp_timeout.t ............. ok
t/26_request_ack.t ...................... ok
Test Summary Report
-------------------
t/05_call_with_stateless_proxy.t (Wstat: 256 (exited 1) Tests: 18 Failed: 2)
Failed tests: 17-18
Non-zero exit status: 1
Parse errors: Bad plan. You planned 378 tests but ran 18.
Files=26, Tests=1640, 687 wallclock secs ( 0.41 usr 0.41 sys + 47.41 cusr 13.13 csys = 61.37 CPU)
Result: FAIL
Failed 1/26 test programs. 2/1640 subtests failed.
*** Error code 255
Stop.
make: stopped in /usr/home/cpan/pit/thr/conf/perl-5.26.1/.cpanplus/5.26.1/build/CmTASezzFn/Net-SIP-0.838
PREREQUISITES:
Here is a list of prerequisites you specified and versions we
managed to load:
Module Name Have Want
ExtUtils::MakeMaker 7.70 0
Socket 2.020_03 1.95
Perl module toolchain versions installed:
Module Name Have
CPANPLUS 0.9914
CPANPLUS::Dist::Build 0.90
Cwd 3.75
ExtUtils::CBuilder 0.280236
ExtUtils::Command 7.70
ExtUtils::Install 2.22
ExtUtils::MakeMaker 7.70
ExtUtils::Manifest 1.75
ExtUtils::ParseXS 3.51
File::Spec 3.75
Module::Build 0.4234
Pod::Parser 1.63
Pod::Simple 3.35
Test2 1.302198
Test::Harness 3.48
Test::More 1.302198
version 0.9930
******************************** NOTE ********************************
The comments above are created mechanically, possibly without manual
checking by the sender. As there are many people performing automatic
tests on each upload to CPAN, it is likely that you will receive
identical messages about the same problem.
If you believe that the message is mistaken, please reply to the first
one with correction and/or additional informations, and do not take
it personally. We appreciate your patience. :)
**********************************************************************
Additional comments:
This report was machine-generated by CPANPLUS::Dist::YACSmoke 1.08.
Powered by minismokebox version 0.68
CPANPLUS is prefering Build.PL
------------------------------
ENVIRONMENT AND OTHER CONTEXT
------------------------------
Environment variables:
AUTOMATED_TESTING = 1
NONINTERACTIVE_TESTING = 1
PATH = /usr/home/cpan/pit/jail/TJYuEO9Qrb/bin:/sbin:/bin:/usr/sbin:/usr/bin:/usr/local/sbin:/usr/local/bin:/home/cpan/bin
PERL5LIB = /usr/home/cpan/pit/jail/TJYuEO9Qrb/lib/perl5:/usr/home/cpan/pit/thr/conf/perl-5.26.1/.cpanplus/5.26.1/build/CmTASezzFn/Net-SIP-0.838/blib/lib:/usr/home/cpan/pit/thr/conf/perl-5.26.1/.cpanplus/5.26.1/build/CmTASezzFn/Net-SIP-0.838/blib/arch
PERL5_CPANPLUS_IS_RUNNING = 53363
PERL5_CPANPLUS_IS_VERSION = 0.9914
PERL5_MINISMOKEBOX = 0.68
PERL5_YACSMOKE_BASE = /usr/home/cpan/pit/thr/conf/perl-5.26.1
PERL_EXTUTILS_AUTOINSTALL = --defaultdeps
PERL_LOCAL_LIB_ROOT = /usr/home/cpan/pit/jail/TJYuEO9Qrb
PERL_MB_OPT = --install_base "/usr/home/cpan/pit/jail/TJYuEO9Qrb"
PERL_MM_OPT = INSTALL_BASE=/usr/home/cpan/pit/jail/TJYuEO9Qrb
PERL_MM_USE_DEFAULT = 1
SHELL = /usr/local/bin/bash
TERM = screen
Perl special variables (and OS-specific diagnostics, for MSWin32):
Perl: $^X = /usr/home/cpan/pit/thr/perl-5.26.1/bin/perl
UID: $< = 1002
EUID: $> = 1002
GID: $( = 1002 1002
EGID: $) = 1002 1002
-------------------------------
--
Summary of my perl5 (revision 5 version 26 subversion 1) configuration:
Platform:
osname=freebsd
osvers=12.4-release-p1
archname=amd64-freebsd-thread-multi
uname='freebsd fforc 12.4-release-p1 freebsd 12.4-release-p1 generic amd64 '
config_args='-des -Dprefix=/usr/home/cpan/pit/thr/perl-5.26.1 -Dusethreads'
hint=recommended
useposix=true
d_sigaction=define
useithreads=define
usemultiplicity=define
use64bitint=define
use64bitall=define
uselongdouble=undef
usemymalloc=n
default_inc_excludes_dot=define
bincompat5005=undef
Compiler:
cc='cc'
ccflags ='-DHAS_FPSETMASK -DHAS_FLOATINGPOINT_H -fno-strict-aliasing -pipe -fstack-protector-strong -I/usr/local/include'
optimize='-O2'
cppflags='-DHAS_FPSETMASK -DHAS_FLOATINGPOINT_H -fno-strict-aliasing -pipe -fstack-protector-strong -I/usr/local/include'
ccversion=''
gccversion='FreeBSD Clang 13.0.0 (git@github.com:llvm/llvm-project.git llvmorg-13.0.0-0-gd7b669b3a303)'
gccosandvers=''
intsize=4
longsize=8
ptrsize=8
doublesize=8
byteorder=12345678
doublekind=3
d_longlong=define
longlongsize=8
d_longdbl=define
longdblsize=16
longdblkind=3
ivtype='long'
ivsize=8
nvtype='double'
nvsize=8
Off_t='off_t'
lseeksize=8
alignbytes=8
prototype=define
Linker and Libraries:
ld='cc'
ldflags ='-pthread -Wl,-E -fstack-protector-strong -L/usr/local/lib'
libpth=/usr/lib /usr/local/lib /usr/lib/clang/13.0.0/lib /usr/lib
libs=-lpthread -lgdbm -ldl -lm -lcrypt -lutil
perllibs=-lpthread -ldl -lm -lcrypt -lutil
libc=
so=so
useshrplib=false
libperl=libperl.a
gnulibc_version=''
Dynamic Linking:
dlsrc=dl_dlopen.xs
dlext=so
d_dlsymun=undef
ccdlflags=' '
cccdlflags='-DPIC -fPIC'
lddlflags='-shared -L/usr/local/lib -fstack-protector-strong'
Characteristics of this binary (from libperl):
Compile-time options:
HAS_TIMES
MULTIPLICITY
PERLIO_LAYERS
PERL_COPY_ON_WRITE
PERL_DONT_CREATE_GVSV
PERL_IMPLICIT_CONTEXT
PERL_MALLOC_WRAP
PERL_OP_PARENT
PERL_PRESERVE_IVUV
USE_64_BIT_ALL
USE_64_BIT_INT
USE_ITHREADS
USE_LARGE_FILES
USE_LOCALE
USE_LOCALE_COLLATE
USE_LOCALE_CTYPE
USE_LOCALE_NUMERIC
USE_LOCALE_TIME
USE_PERLIO
USE_PERL_ATOF
USE_REENTRANT_API
Locally applied patches:
Devel::PatchPerl 2.08
Built under freebsd
Compiled at Mar 31 2023 06:59:29
%ENV:
PERL5LIB="/usr/home/cpan/pit/jail/TJYuEO9Qrb/lib/perl5:/usr/home/cpan/pit/thr/conf/perl-5.26.1/.cpanplus/5.26.1/build/CmTASezzFn/Net-SIP-0.838/blib/lib:/usr/home/cpan/pit/thr/conf/perl-5.26.1/.cpanplus/5.26.1/build/CmTASezzFn/Net-SIP-0.838/blib/arch"
PERL5_CPANPLUS_IS_RUNNING="53363"
PERL5_CPANPLUS_IS_VERSION="0.9914"
PERL5_MINISMOKEBOX="0.68"
PERL5_YACSMOKE_BASE="/usr/home/cpan/pit/thr/conf/perl-5.26.1"
PERL_EXTUTILS_AUTOINSTALL="--defaultdeps"
PERL_LOCAL_LIB_ROOT="/usr/home/cpan/pit/jail/TJYuEO9Qrb"
PERL_MB_OPT="--install_base "/usr/home/cpan/pit/jail/TJYuEO9Qrb""
PERL_MM_OPT="INSTALL_BASE=/usr/home/cpan/pit/jail/TJYuEO9Qrb"
PERL_MM_USE_DEFAULT="1"
@INC:
/usr/home/cpan/pit/jail/TJYuEO9Qrb/lib/perl5/5.26.1/amd64-freebsd-thread-multi
/usr/home/cpan/pit/jail/TJYuEO9Qrb/lib/perl5/5.26.1
/usr/home/cpan/pit/jail/TJYuEO9Qrb/lib/perl5/amd64-freebsd-thread-multi
/usr/home/cpan/pit/jail/TJYuEO9Qrb/lib/perl5
/usr/home/cpan/pit/thr/conf/perl-5.26.1/.cpanplus/5.26.1/build/CmTASezzFn/Net-SIP-0.838/blib/lib
/usr/home/cpan/pit/thr/conf/perl-5.26.1/.cpanplus/5.26.1/build/CmTASezzFn/Net-SIP-0.838/blib/arch
/usr/home/cpan/pit/thr/perl-5.26.1/lib/site_perl/5.26.1/amd64-freebsd-thread-multi
/usr/home/cpan/pit/thr/perl-5.26.1/lib/site_perl/5.26.1
/usr/home/cpan/pit/thr/perl-5.26.1/lib/5.26.1/amd64-freebsd-thread-multi
/usr/home/cpan/pit/thr/perl-5.26.1/lib/5.26.1