Report for Util-XML_YAML_Perl-1.0.0

Back
From: metabase:user:320bfe00-2aae-11df-837a-5e0a49663a4f
Subject: FAIL Util-XML_YAML_Perl-1.0.0 v5.12.3 GNU/Linux
Date: 2011-09-13T03:23:54Z

This distribution has been tested as part of the CPAN Testers
project, supporting the Perl programming language.  See
http://wiki.cpantesters.org/ for more information or email
questions to cpan-testers-discuss@perl.org


--
Dear ravi chandra m,

This is a computer-generated report for Util-XML_YAML_Perl-1.0.0
on perl 5.12.3, created by CPAN-Reporter-1.2002.

Thank you for uploading your work to CPAN.  However, there was a problem
testing your distribution.

If you think this report is invalid, please consult the CPAN Testers Wiki
for suggestions on how to avoid getting FAIL reports for missing library
or binary dependencies, unsupported operating systems, and so on:

http://wiki.cpantesters.org/wiki/CPANAuthorNotes

Sections of this report:

    * Tester comments
    * Program output
    * Prerequisites
    * Environment and other context

------------------------------
TESTER COMMENTS
------------------------------

Additional comments from tester:

this report is from an automated smoke testing program
and was not reviewed by a human for accuracy

------------------------------
PROGRAM OUTPUT
------------------------------

Output from '/usr/bin/make test':

PERL_DL_NONLAZY=1 /home/sand/src/perl/repoperls/installed-perls/perl/v5.12.3/2b65/bin/perl "-MExtUtils::Command::MM" "-e" "test_harness(0, 'blib/lib', 'blib/arch')" t/*.t
UNIVERSAL->import is deprecated and will be removed in a future perl at /home/src/perl/repoperls/installed-perls/perl/v5.12.3/2b65/lib/site_perl/5.12.3/YAML/AppConfig.pm line 5
# Testing Util::XML_YAML_Perl 1.0.0, Perl 5.012003, /home/sand/src/perl/repoperls/installed-perls/perl/v5.12.3/2b65/bin/perl
t/00-load.t ....... ok
UNIVERSAL->import is deprecated and will be removed in a future perl at /home/src/perl/repoperls/installed-perls/perl/v5.12.3/2b65/lib/site_perl/5.12.3/YAML/AppConfig.pm line 5
t/01.t ............ ok
UNIVERSAL->import is deprecated and will be removed in a future perl at /home/src/perl/repoperls/installed-perls/perl/v5.12.3/2b65/lib/site_perl/5.12.3/YAML/AppConfig.pm line 5

#   Failed test 'perl_to_xml() - XMLout could not write file'
#   at t/02.t line 51.
#                   'Died at /home/sand/.cpan/build/Util-XML_YAML_Perl-1.0.0-rIh4oX/blib/lib/Util/XML_YAML_Perl.pm line 254.
# '
#     doesn't match '(?-xism:No such file or directory at)'
# Looks like you failed 1 test of 10.
t/02.t ............ 
Dubious, test returned 1 (wstat 256, 0x100)
Failed 1/10 subtests 
UNIVERSAL->import is deprecated and will be removed in a future perl at /home/src/perl/repoperls/installed-perls/perl/v5.12.3/2b65/lib/site_perl/5.12.3/YAML/AppConfig.pm line 5
t/03.t ............ ok
t/manifest.t ...... skipped: Author tests not required for installation
UNIVERSAL->import is deprecated and will be removed in a future perl at /home/src/perl/repoperls/installed-perls/perl/v5.12.3/2b65/lib/site_perl/5.12.3/YAML/AppConfig.pm line 5
t/pod-coverage.t .. ok
t/pod.t ........... ok

Test Summary Report
-------------------
t/02.t          (Wstat: 256 Tests: 10 Failed: 1)
  Failed test:  9
  Non-zero exit status: 1
Files=7, Tests=33,  0 wallclock secs ( 0.03 usr  0.02 sys +  0.34 cusr  0.04 csys =  0.43 CPU)
Result: FAIL
Failed 1/7 test programs. 1/33 subtests failed.
make: *** [test_dynamic] Error 255

------------------------------
PREREQUISITES
------------------------------

Prerequisite modules loaded:

requires:

    Module              Need Have
    ------------------- ---- ----
    Test::More          0    0.98
    XML::Simple         2.18 2.18
    YAML                0.68 0.73
    YAML::AppConfig     0.16 0.16

build_requires:

    Module              Need Have
    ------------------- ---- ----
    ExtUtils::MakeMaker 0    6.59

configure_requires:

    Module              Need Have
    ------------------- ---- ----
    ExtUtils::MakeMaker 0    6.59


------------------------------
ENVIRONMENT AND OTHER CONTEXT
------------------------------

Environment variables:

    AUTOMATED_TESTING = 1
    LANG = en_US.UTF-8
    LANGUAGE = en_US:en
    PATH = /usr/lib/ccache:/home/sand/bin:/usr/local/bin:/usr/bin:/bin:/usr/bin/X11:/usr/games:/usr/local/perl/bin:/usr/X11/bin:/sbin:/usr/sbin
    PERL5LIB = 
    PERL5OPT = 
    PERL5_CPANPLUS_IS_RUNNING = 5594
    PERL5_CPAN_IS_RUNNING = 5594
    PERL_MM_USE_DEFAULT = 1
    SHELL = /usr/bin/zsh
    TERM = screen

Perl special variables (and OS-specific diagnostics, for MSWin32):

    $^X = /home/sand/src/perl/repoperls/installed-perls/perl/v5.12.3/2b65/bin/perl
    $UID/$EUID = 1001 / 1001
    $GID = 1001 1001
    $EGID = 1001 1001

Perl module toolchain versions installed:

    Module              Have    
    ------------------- --------
    CPAN                1.9600  
    CPAN::Meta          2.112150
    Cwd                 3.33    
    ExtUtils::CBuilder  0.280202
    ExtUtils::Command   1.17    
    ExtUtils::Install   1.55    
    ExtUtils::MakeMaker 6.59    
    ExtUtils::Manifest  1.60    
    ExtUtils::ParseXS   3.04_04 
    File::Spec          3.33    
    JSON                2.53    
    JSON::PP            2.27200 
    Module::Build       0.39_01 
    Module::Signature   0.67    
    Parse::CPAN::Meta   1.4401  
    Test::Harness       3.23    
    Test::More          0.98    
    YAML                0.73    
    YAML::Syck          1.17    
    version             0.94    


--

Summary of my perl5 (revision 5 version 12 subversion 3) configuration:
  Commit id: c0247066c34077145eaa8f33eddcbb64fa3b0f8d
  Platform:
    osname=linux, osvers=2.6.32-5-amd64, archname=x86_64-linux-ld
    uname='linux k81 2.6.32-5-amd64 #1 smp mon mar 7 21:35:22 utc 2011 x86_64 gnulinux '
    config_args='-Dprefix=/home/src/perl/repoperls/installed-perls/perl/v5.12.3/2b65 -Dinstallusrbinperl=n -Uversiononly -Dusedevel -des -Ui_db -Uuseithreads -Duselongdouble -DDEBUGGING=-g'
    hint=recommended, useposix=true, d_sigaction=define
    useithreads=undef, usemultiplicity=undef
    useperlio=define, d_sfio=undef, uselargefiles=define, usesocks=undef
    use64bitint=define, use64bitall=define, uselongdouble=define
    usemymalloc=n, bincompat5005=undef
  Compiler:
    cc='cc', ccflags ='-fno-strict-aliasing -pipe -fstack-protector -I/usr/local/include -D_LARGEFILE_SOURCE -D_FILE_OFFSET_BITS=64',
    optimize='-O2 -g',
    cppflags='-fno-strict-aliasing -pipe -fstack-protector -I/usr/local/include'
    ccversion='', gccversion='4.4.5', gccosandvers=''
    intsize=4, longsize=8, ptrsize=8, doublesize=8, byteorder=12345678
    d_longlong=define, longlongsize=8, d_longdbl=define, longdblsize=16
    ivtype='long', ivsize=8, nvtype='long double', nvsize=16, Off_t='off_t', lseeksize=8
    alignbytes=16, prototype=define
  Linker and Libraries:
    ld='cc', ldflags =' -fstack-protector -L/usr/local/lib'
    libpth=/usr/local/lib /lib /usr/lib /lib64 /usr/lib64
    libs=-lnsl -ldl -lm -lcrypt -lutil -lc
    perllibs=-lnsl -ldl -lm -lcrypt -lutil -lc
    libc=/lib/libc-2.11.2.so, so=so, useshrplib=false, libperl=libperl.a
    gnulibc_version='2.11.2'
  Dynamic Linking:
    dlsrc=dl_dlopen.xs, dlext=so, d_dlsymun=undef, ccdlflags='-Wl,-E'
    cccdlflags='-fPIC', lddlflags='-shared -O2 -g -L/usr/local/lib -fstack-protector'


Characteristics of this binary (from libperl): 
  Compile-time options: PERL_DONT_CREATE_GVSV PERL_MALLOC_WRAP PERL_USE_DEVEL
                        USE_64_BIT_ALL USE_64_BIT_INT USE_LARGE_FILES
                        USE_LONG_DOUBLE USE_PERLIO USE_PERL_ATOF
  Built under linux
  Compiled at May  7 2011 08:39:41
  %ENV:
    PERL5LIB=""
    PERL5OPT=""
    PERL5_CPANPLUS_IS_RUNNING="5594"
    PERL5_CPAN_IS_RUNNING="5594"
    PERL_MM_USE_DEFAULT="1"
  @INC:
    /home/src/perl/repoperls/installed-perls/perl/v5.12.3/2b65/lib/site_perl/5.12.3/x86_64-linux-ld
    /home/src/perl/repoperls/installed-perls/perl/v5.12.3/2b65/lib/site_perl/5.12.3
    /home/src/perl/repoperls/installed-perls/perl/v5.12.3/2b65/lib/5.12.3/x86_64-linux-ld
    /home/src/perl/repoperls/installed-perls/perl/v5.12.3/2b65/lib/5.12.3
    .