Test-Unit v0.25 Perl 5 v5.24.3 OpenBSD.amd64-openbsd-thread-multi-ld

Status
Fail
From
Alceu Rodrigues de Freitas Junior
Dist
Test-Unit v0.25
Platform
Perl 5 v5.24.3 OpenBSD.amd64-openbsd-thread-multi-ld
Date
2018-03-30 10:55:05
ID
ce21e1a8-3408-11e8-95e1-dde71ee4571e
This distribution has been tested as part of the CPAN Testers
project, supporting the Perl programming language.  See
http://wiki.cpantesters.org/ for more information or email
questions to cpan-testers-discuss@perl.org


--
Dear Matthew Astley,

This is a computer-generated report for Test-Unit-0.25
on perl 5.24.3, created by CPAN-Reporter-1.2018.

Thank you for uploading your work to CPAN.  However, there was a problem
testing your distribution.

If you think this report is invalid, please consult the CPAN Testers Wiki
for suggestions on how to avoid getting FAIL reports for missing library
or binary dependencies, unsupported operating systems, and so on:

http://wiki.cpantesters.org/wiki/CPANAuthorNotes

Sections of this report:

    * Tester comments
    * Program output
    * Prerequisites
    * Environment and other context

------------------------------
TESTER COMMENTS
------------------------------

Additional comments from tester:

this report is from an automated smoke testing program
and was not reviewed by a human for accuracy

------------------------------
PROGRAM OUTPUT
------------------------------

Output from '/usr/bin/make test':

PERL_DL_NONLAZY=1 "/home/goku/perl5/perlbrew/perls/perl-5.24.3/bin/perl" "-MExtUtils::Command::MM" "-MTest::Harness" "-e" "undef *Test::Harness::Switches; test_harness(0, 'blib/lib', 'blib/arch')" t/*.t
Can't use 'defined(@array)' (Maybe you should just omit the defined()?) at /mnt/cpan_build_dir/goku/Test-Unit-0.25-0/blib/lib/Test/Unit/TestCase.pm line 106.
Compilation failed in require at /mnt/cpan_build_dir/goku/Test-Unit-0.25-0/blib/lib/Test/Unit/TestSuite.pm line 15.
BEGIN failed--compilation aborted at /mnt/cpan_build_dir/goku/Test-Unit-0.25-0/blib/lib/Test/Unit/TestSuite.pm line 15.
Compilation failed in require at /mnt/cpan_build_dir/goku/Test-Unit-0.25-0/blib/lib/Test/Unit/Loader.pm line 7.
BEGIN failed--compilation aborted at /mnt/cpan_build_dir/goku/Test-Unit-0.25-0/blib/lib/Test/Unit/Loader.pm line 7.
Compilation failed in require at /mnt/cpan_build_dir/goku/Test-Unit-0.25-0/blib/lib/Test/Unit/Listener.pm line 2.
BEGIN failed--compilation aborted at /mnt/cpan_build_dir/goku/Test-Unit-0.25-0/blib/lib/Test/Unit/Listener.pm line 2.
Compilation failed in require at /home/goku/perl5/perlbrew/perls/perl-5.24.3/lib/site_perl/5.24.3/base.pm line 100.
	...propagated at /home/goku/perl5/perlbrew/perls/perl-5.24.3/lib/site_perl/5.24.3/base.pm line 109.
BEGIN failed--compilation aborted at /mnt/cpan_build_dir/goku/Test-Unit-0.25-0/blib/lib/Test/Unit/Runner.pm line 25.
Compilation failed in require at /home/goku/perl5/perlbrew/perls/perl-5.24.3/lib/site_perl/5.24.3/base.pm line 100.
	...propagated at /home/goku/perl5/perlbrew/perls/perl-5.24.3/lib/site_perl/5.24.3/base.pm line 109.
BEGIN failed--compilation aborted at /mnt/cpan_build_dir/goku/Test-Unit-0.25-0/blib/lib/Test/Unit/HarnessUnit.pm line 6.
Compilation failed in require at t/all_tests.t line 6.
BEGIN failed--compilation aborted at t/all_tests.t line 6.
t/all_tests.t ..... 
Dubious, test returned 255 (wstat 65280, 0xff00)
No subtests run 
Can't use 'defined(@array)' (Maybe you should just omit the defined()?) at /mnt/cpan_build_dir/goku/Test-Unit-0.25-0/blib/lib/Test/Unit/TestCase.pm line 106.
Compilation failed in require at /mnt/cpan_build_dir/goku/Test-Unit-0.25-0/blib/lib/Test/Unit/TestSuite.pm line 15.
BEGIN failed--compilation aborted at /mnt/cpan_build_dir/goku/Test-Unit-0.25-0/blib/lib/Test/Unit/TestSuite.pm line 15.
Compilation failed in require at /mnt/cpan_build_dir/goku/Test-Unit-0.25-0/blib/lib/Test/Unit/Loader.pm line 7.
BEGIN failed--compilation aborted at /mnt/cpan_build_dir/goku/Test-Unit-0.25-0/blib/lib/Test/Unit/Loader.pm line 7.
Compilation failed in require at /mnt/cpan_build_dir/goku/Test-Unit-0.25-0/blib/lib/Test/Unit/Listener.pm line 2.
BEGIN failed--compilation aborted at /mnt/cpan_build_dir/goku/Test-Unit-0.25-0/blib/lib/Test/Unit/Listener.pm line 2.
Compilation failed in require at /home/goku/perl5/perlbrew/perls/perl-5.24.3/lib/site_perl/5.24.3/base.pm line 100.
	...propagated at /home/goku/perl5/perlbrew/perls/perl-5.24.3/lib/site_perl/5.24.3/base.pm line 109.
BEGIN failed--compilation aborted at /mnt/cpan_build_dir/goku/Test-Unit-0.25-0/blib/lib/Test/Unit/Runner.pm line 25.
Compilation failed in require at /home/goku/perl5/perlbrew/perls/perl-5.24.3/lib/site_perl/5.24.3/base.pm line 100.
	...propagated at /home/goku/perl5/perlbrew/perls/perl-5.24.3/lib/site_perl/5.24.3/base.pm line 109.
BEGIN failed--compilation aborted at /mnt/cpan_build_dir/goku/Test-Unit-0.25-0/blib/lib/Test/Unit/HarnessUnit.pm line 6.
Compilation failed in require at t/assert.t line 5.
BEGIN failed--compilation aborted at t/assert.t line 5.
t/assert.t ........ 
Dubious, test returned 255 (wstat 65280, 0xff00)
No subtests run 
# Test 1 got: "Can't use 'defined(@array)' (Maybe you should just omit the defined()?) at /mnt/cpan_build_dir/goku/Test-Unit-0.25-0/blib/lib/Test/Unit/TestCase.pm line 106.\n# Compilation failed in require at /mnt/cpan_build_dir/goku/Test-Unit-0.25-0/blib/lib/Test/Unit/TestSuite.pm line 15.\n# BEGIN failed--compilation aborted at /mnt/cpan_build_dir/goku/Test-Unit-0.25-0/blib/lib/Test/Unit/TestSuite.pm line 15.\n# Compilation failed in require at /mnt/cpan_build_dir/goku/Test-Unit-0.25-0/blib/lib/Test/Unit/Loader.pm line 7.\n# BEGIN failed--compilation aborted at /mnt/cpan_build_dir/goku/Test-Unit-0.25-0/blib/lib/Test/Unit/Loader.pm line 7.\n# Compilation failed in require at /mnt/cpan_build_dir/goku/Test-Unit-0.25-0/blib/lib/Test/Unit/Listener.pm line 2.\n# BEGIN failed--compilation aborted at /mnt/cpan_build_dir/goku/Test-Unit-0.25-0/blib/lib/Test/Unit/Listener.pm line 2.\n# Compilation failed in require at /home/goku/perl5/perlbrew/perls/perl-5.24.3/lib/site_perl/5.24.3/base.pm line 100.\n# \t...propagated at /home/goku/perl5/perlbrew/perls/perl-5.24.3/lib/site_perl/5.24.3/base.pm line 109.\n# BEGIN failed--compilation aborted at /mnt/cpan_build_dir/goku/Test-Unit-0.25-0/blib/lib/Test/Unit/Runner.pm line 25.\n# Compilation failed in require at /home/goku/perl5/perlbrew/perls/perl-5.24.3/lib/site_perl/5.24.3/base.pm line 100.\n# \t...propagated at /home/goku/perl5/perlbrew/perls/perl-5.24.3/lib/site_perl/5.24.3/base.pm line 109.\n# BEGIN failed--compilation aborted at /mnt/cpan_build_dir/goku/Test-Unit-0.25-0/blib/lib/Test/Unit/TestRunner.pm line 4.\n# Compilation failed in require at ./TestRunner.pl line 6.\n# BEGIN failed--compilation aborted at ./TestRunner.pl line 6.\n# " (t/try_examples.t at line 106)
#   Expected: "Suite setup\n# TEST-RUN-SUMMARY\n# \n# TIME-SUMMARY\n# \n# !!!FAILURES!!!\n# Test Results:\n# Run: 2, Failures: 1, Errors: 0\n# \n# There was 1 failure:\n# 1) examples/fail_example.pm:19 - test_fail(fail_example)\n# Born to lose ...\n# \n# Test was not successful.\n# "
#   Lines 1-14 are changed:
#    - "Suite setup\n"
#    + "Can't use 'defined(@array)' (Maybe you should just omit the defined()?) at /mnt/cpan_build_dir/goku/Test-Unit-0.25-0/blib/lib/Test/Unit/TestCase.pm line 106.\n"
#    - "# TEST-RUN-SUMMARY\n"
#    + "# Compilation failed in require at /mnt/cpan_build_dir/goku/Test-Unit-0.25-0/blib/lib/Test/Unit/TestSuite.pm line 15.\n"
#    - "# \n"
#    + "# BEGIN failed--compilation aborted at /mnt/cpan_build_dir/goku/Test-Unit-0.25-0/blib/lib/Test/Unit/TestSuite.pm line 15.\n"
#    - "# TIME-SUMMARY\n"
#    + "# Compilation failed in require at /mnt/cpan_build_dir/goku/Test-Unit-0.25-0/blib/lib/Test/Unit/Loader.pm line 7.\n"
#    - "# \n"
#    + "# BEGIN failed--compilation aborted at /mnt/cpan_build_dir/goku/Test-Unit-0.25-0/blib/lib/Test/Unit/Loader.pm line 7.\n"
#    - "# !!!FAILURES!!!\n"
#    + "# Compilation failed in require at /mnt/cpan_build_dir/goku/Test-Unit-0.25-0/blib/lib/Test/Unit/Listener.pm line 2.\n"
#    - "# Test Results:\n"
#    + "# BEGIN failed--compilation aborted at /mnt/cpan_build_dir/goku/Test-Unit-0.25-0/blib/lib/Test/Unit/Listener.pm line 2.\n"
#    - "# Run: 2, Failures: 1, Errors: 0\n"
#    + "# Compilation failed in require at /home/goku/perl5/perlbrew/perls/perl-5.24.3/lib/site_perl/5.24.3/base.pm line 100.\n"
#    - "# \n"
#    + "# \t...propagated at /home/goku/perl5/perlbrew/perls/perl-5.24.3/lib/site_perl/5.24.3/base.pm line 109.\n"
#    - "# There was 1 failure:\n"
#    + "# BEGIN failed--compilation aborted at /mnt/cpan_build_dir/goku/Test-Unit-0.25-0/blib/lib/Test/Unit/Runner.pm line 25.\n"
#    - "# 1) examples/fail_example.pm:19 - test_fail(fail_example)\n"
#    + "# Compilation failed in require at /home/goku/perl5/perlbrew/perls/perl-5.24.3/lib/site_perl/5.24.3/base.pm line 100.\n"
#    - "# Born to lose ...\n"
#    + "# \t...propagated at /home/goku/perl5/perlbrew/perls/perl-5.24.3/lib/site_perl/5.24.3/base.pm line 109.\n"
#    - "# \n"
#    + "# BEGIN failed--compilation aborted at /mnt/cpan_build_dir/goku/Test-Unit-0.25-0/blib/lib/Test/Unit/TestRunner.pm line 4.\n"
#    - "# Test was not successful.\n"
#    + "# Compilation failed in require at ./TestRunner.pl line 6.\n"
#   Got 1 extra line at line 15:
#    + "# BEGIN failed--compilation aborted at ./TestRunner.pl line 6.\n"
#  t/try_examples.t line 106 is: 	ok($out, $guru_checked{$e});
# Test 2 got: "Can't use 'defined(@array)' (Maybe you should just omit the defined()?) at /mnt/cpan_build_dir/goku/Test-Unit-0.25-0/blib/lib/Test/Unit/TestCase.pm line 106.\n# Compilation failed in require at /mnt/cpan_build_dir/goku/Test-Unit-0.25-0/blib/lib/Test/Unit/TestSuite.pm line 15.\n# BEGIN failed--compilation aborted at /mnt/cpan_build_dir/goku/Test-Unit-0.25-0/blib/lib/Test/Unit/TestSuite.pm line 15.\n# Compilation failed in require at /mnt/cpan_build_dir/goku/Test-Unit-0.25-0/blib/lib/Test/Unit/Procedural.pm line 5.\n# BEGIN failed--compilation aborted at /mnt/cpan_build_dir/goku/Test-Unit-0.25-0/blib/lib/Test/Unit/Procedural.pm line 5.\n# Compilation failed in require at examples/patch100132 line 6.\n# BEGIN failed--compilation aborted at examples/patch100132 line 6.\n# " (t/try_examples.t at line 106 fail #2)
#   Expected: "...\n# TIME-SUMMARY\n# \n# OK (3 tests)\n# "
#   Lines 1-4 are changed:
#    - "...\n"
#    + "Can't use 'defined(@array)' (Maybe you should just omit the defined()?) at /mnt/cpan_build_dir/goku/Test-Unit-0.25-0/blib/lib/Test/Unit/TestCase.pm line 106.\n"
#    - "# TIME-SUMMARY\n"
#    + "# Compilation failed in require at /mnt/cpan_build_dir/goku/Test-Unit-0.25-0/blib/lib/Test/Unit/TestSuite.pm line 15.\n"
#    - "# \n"
#    + "# BEGIN failed--compilation aborted at /mnt/cpan_build_dir/goku/Test-Unit-0.25-0/blib/lib/Test/Unit/TestSuite.pm line 15.\n"
#    - "# OK (3 tests)\n"
#    + "# Compilation failed in require at /mnt/cpan_build_dir/goku/Test-Unit-0.25-0/blib/lib/Test/Unit/Procedural.pm line 5.\n"
#   Got 3 extra lines at line 5:
#    + "# BEGIN failed--compilation aborted at /mnt/cpan_build_dir/goku/Test-Unit-0.25-0/blib/lib/Test/Unit/Procedural.pm line 5.\n"
#    + "# Compilation failed in require at examples/patch100132 line 6.\n"
#    + "# BEGIN failed--compilation aborted at examples/patch100132 line 6.\n"
# Test 3 got: "Can't use 'defined(@array)' (Maybe you should just omit the defined()?) at /mnt/cpan_build_dir/goku/Test-Unit-0.25-0/blib/lib/Test/Unit/TestCase.pm line 106.\n# Compilation failed in require at /mnt/cpan_build_dir/goku/Test-Unit-0.25-0/blib/lib/Test/Unit/TestSuite.pm line 15.\n# BEGIN failed--compilation aborted at /mnt/cpan_build_dir/goku/Test-Unit-0.25-0/blib/lib/Test/Unit/TestSuite.pm line 15.\n# Compilation failed in require at /mnt/cpan_build_dir/goku/Test-Unit-0.25-0/blib/lib/Test/Unit/Procedural.pm line 5.\n# BEGIN failed--compilation aborted at /mnt/cpan_build_dir/goku/Test-Unit-0.25-0/blib/lib/Test/Unit/Procedural.pm line 5.\n# Compilation failed in require at examples/patch100132-1 line 6.\n# BEGIN failed--compilation aborted at examples/patch100132-1 line 6.\n# " (t/try_examples.t at line 106 fail #3)
#   Expected: "...\n# TIME-SUMMARY\n# \n# OK (3 tests)\n# "
#   Lines 1-4 are changed:
#    - "...\n"
#    + "Can't use 'defined(@array)' (Maybe you should just omit the defined()?) at /mnt/cpan_build_dir/goku/Test-Unit-0.25-0/blib/lib/Test/Unit/TestCase.pm line 106.\n"
#    - "# TIME-SUMMARY\n"
#    + "# Compilation failed in require at /mnt/cpan_build_dir/goku/Test-Unit-0.25-0/blib/lib/Test/Unit/TestSuite.pm line 15.\n"
#    - "# \n"
#    + "# BEGIN failed--compilation aborted at /mnt/cpan_build_dir/goku/Test-Unit-0.25-0/blib/lib/Test/Unit/TestSuite.pm line 15.\n"
#    - "# OK (3 tests)\n"
#    + "# Compilation failed in require at /mnt/cpan_build_dir/goku/Test-Unit-0.25-0/blib/lib/Test/Unit/Procedural.pm line 5.\n"
#   Got 3 extra lines at line 5:
#    + "# BEGIN failed--compilation aborted at /mnt/cpan_build_dir/goku/Test-Unit-0.25-0/blib/lib/Test/Unit/Procedural.pm line 5.\n"
#    + "# Compilation failed in require at examples/patch100132-1 line 6.\n"
#    + "# BEGIN failed--compilation aborted at examples/patch100132-1 line 6.\n"
# Test 4 got: "Can't use 'defined(@array)' (Maybe you should just omit the defined()?) at /mnt/cpan_build_dir/goku/Test-Unit-0.25-0/blib/lib/Test/Unit/TestCase.pm line 106.\n# Compilation failed in require at /mnt/cpan_build_dir/goku/Test-Unit-0.25-0/blib/lib/Test/Unit/TestSuite.pm line 15.\n# BEGIN failed--compilation aborted at /mnt/cpan_build_dir/goku/Test-Unit-0.25-0/blib/lib/Test/Unit/TestSuite.pm line 15.\n# Compilation failed in require at /mnt/cpan_build_dir/goku/Test-Unit-0.25-0/blib/lib/Test/Unit/Procedural.pm line 5.\n# BEGIN failed--compilation aborted at /mnt/cpan_build_dir/goku/Test-Unit-0.25-0/blib/lib/Test/Unit/Procedural.pm line 5.\n# Compilation failed in require at examples/patch100132-2 line 6.\n# BEGIN failed--compilation aborted at examples/patch100132-2 line 6.\n# " (t/try_examples.t at line 106 fail #4)
#   Expected: "...\n# TIME-SUMMARY\n# \n# OK (3 tests)\n# "
#   Lines 1-4 are changed:
#    - "...\n"
#    + "Can't use 'defined(@array)' (Maybe you should just omit the defined()?) at /mnt/cpan_build_dir/goku/Test-Unit-0.25-0/blib/lib/Test/Unit/TestCase.pm line 106.\n"
#    - "# TIME-SUMMARY\n"
#    + "# Compilation failed in require at /mnt/cpan_build_dir/goku/Test-Unit-0.25-0/blib/lib/Test/Unit/TestSuite.pm line 15.\n"
#    - "# \n"
#    + "# BEGIN failed--compilation aborted at /mnt/cpan_build_dir/goku/Test-Unit-0.25-0/blib/lib/Test/Unit/TestSuite.pm line 15.\n"
#    - "# OK (3 tests)\n"
#    + "# Compilation failed in require at /mnt/cpan_build_dir/goku/Test-Unit-0.25-0/blib/lib/Test/Unit/Procedural.pm line 5.\n"
#   Got 3 extra lines at line 5:
#    + "# BEGIN failed--compilation aborted at /mnt/cpan_build_dir/goku/Test-Unit-0.25-0/blib/lib/Test/Unit/Procedural.pm line 5.\n"
#    + "# Compilation failed in require at examples/patch100132-2 line 6.\n"
#    + "# BEGIN failed--compilation aborted at examples/patch100132-2 line 6.\n"
t/try_examples.t .. 
Failed 4/4 subtests 

Test Summary Report
-------------------
t/all_tests.t   (Wstat: 65280 Tests: 0 Failed: 0)
  Non-zero exit status: 255
  Parse errors: No plan found in TAP output
t/assert.t      (Wstat: 65280 Tests: 0 Failed: 0)
  Non-zero exit status: 255
  Parse errors: No plan found in TAP output
t/try_examples.t (Wstat: 0 Tests: 4 Failed: 4)
  Failed tests:  1-4
Files=3, Tests=4,  1 wallclock secs ( 0.02 usr  0.04 sys +  0.31 cusr  0.19 csys =  0.56 CPU)
Result: FAIL
Failed 3/3 test programs. 4/4 subtests failed.
*** Error 255 in /mnt/cpan_build_dir/goku/Test-Unit-0.25-0 (Makefile:872 'test_dynamic')

------------------------------
PREREQUISITES
------------------------------

Prerequisite modules loaded:

requires:

    Module              Need Have    
    ------------------- ---- --------
    base                1    2.23    
    Class::Inner        0    0.200001
    Devel::Symdump      0    2.18    
    Error               0    0.17025 

build_requires:

    Module              Need Have    
    ------------------- ---- --------
    ExtUtils::MakeMaker 0    7.34    


------------------------------
ENVIRONMENT AND OTHER CONTEXT
------------------------------

Environment variables:

    AUTOMATED_TESTING = 1
    DBD_MYSQL_TESTDB = test
    DBD_MYSQL_TESTHOST = localhost
    DBD_MYSQL_TESTPASSWORD = 
    DBD_MYSQL_TESTPORT = 3306
    DBD_MYSQL_TESTUSER = goku
    EXTENDED_TESTING = 1
    PATH = /home/goku/perl5/perlbrew/bin:/home/goku/perl5/perlbrew/perls/perl-5.24.3/bin:/home/goku/bin:/usr/bin:/bin:/usr/sbin:/sbin:/usr/X11R6/bin:/usr/local/bin:/usr/local/sbin
    PERL5LIB = 
    PERL5OPT = 
    PERL5_CPANPLUS_IS_RUNNING = 67006
    PERL5_CPAN_IS_RUNNING = 67006
    PERL5_CPAN_IS_RUNNING_IN_RECURSION = 72427,67006
    PERLBREW_HOME = /home/goku/.perlbrew
    PERLBREW_MANPATH = /home/goku/perl5/perlbrew/perls/perl-5.24.3/man
    PERLBREW_PATH = /home/goku/perl5/perlbrew/bin:/home/goku/perl5/perlbrew/perls/perl-5.24.3/bin
    PERLBREW_PERL = perl-5.24.3
    PERLBREW_ROOT = /home/goku/perl5/perlbrew
    PERLBREW_SHELLRC_VERSION = 0.82
    PERLBREW_VERSION = 0.82
    PERL_CR_SMOKER_CURRENT = Test-Unit-0.25
    PERL_EXTUTILS_AUTOINSTALL = --defaultdeps
    PERL_MM_USE_DEFAULT = 1
    PERL_USE_UNSAFE_INC = 1
    SHELL = /usr/local/bin/bash
    TERM = xterm

Perl special variables (and OS-specific diagnostics, for MSWin32):

    $^X = /home/goku/perl5/perlbrew/perls/perl-5.24.3/bin/perl
    $UID/$EUID = 1001 / 1001
    $GID = 998 998 1001
    $EGID = 998 998 1001

Perl module toolchain versions installed:

    Module              Have    
    ------------------- --------
    CPAN                2.20    
    CPAN::Meta          2.150010
    Cwd                 3.74    
    ExtUtils::CBuilder  0.280230
    ExtUtils::Command   7.34    
    ExtUtils::Install   2.14    
    ExtUtils::MakeMaker 7.34    
    ExtUtils::Manifest  1.70    
    ExtUtils::ParseXS   3.35    
    File::Spec          3.74    
    JSON                2.97001 
    JSON::PP            2.97001 
    Module::Build       0.4224  
    Module::Signature   n/a     
    Parse::CPAN::Meta   2.150010
    Test::Harness       3.43_01 
    Test::More          1.302134
    YAML                1.24    
    YAML::Syck          1.30    
    version             0.9918  


--

Summary of my perl5 (revision 5 version 24 subversion 3) configuration:
   
  Platform:
    osname=openbsd, osvers=6.2, archname=OpenBSD.amd64-openbsd-thread-multi-ld
    uname='openbsd cpan-smoker-openbsd 6.2 generic.mp#134 amd64 '
    config_args='-de -Dprefix=/home/goku/perl5/perlbrew/perls/perl-5.24.3 -Dman1dir=none -Dman3dir=none -Dusemultiplicity -Duselongdouble -Dusethreads -Duse64bitall -Duse64bitint -Aeval:scriptdir=/home/goku/perl5/perlbrew/perls/perl-5.24.3/bin'
    hint=recommended, useposix=true, d_sigaction=define
    useithreads=define, usemultiplicity=define
    use64bitint=define, use64bitall=define, uselongdouble=define
    usemymalloc=n, bincompat5005=undef
  Compiler:
    cc='cc', ccflags ='-pthread -fno-strict-aliasing -pipe -fstack-protector-strong -I/usr/local/include -D_FORTIFY_SOURCE=2',
    optimize='-O2',
    cppflags='-pthread -fno-strict-aliasing -pipe -fstack-protector-strong -I/usr/local/include'
    ccversion='', gccversion='4.2.1 Compatible OpenBSD Clang 4.0.0 (tags/RELEASE_400/final)', gccosandvers=''
    intsize=4, longsize=8, ptrsize=8, doublesize=8, byteorder=12345678, doublekind=3
    d_longlong=define, longlongsize=8, d_longdbl=define, longdblsize=16, longdblkind=3
    ivtype='long', ivsize=8, nvtype='long double', nvsize=16, Off_t='off_t', lseeksize=8
    alignbytes=16, prototype=define
  Linker and Libraries:
    ld='cc', ldflags ='-pthread -Wl,-E  -fstack-protector-strong -L/usr/local/lib'
    libpth=/usr/lib /usr/local/lib
    libs=-lpthread -lm -lutil -lc
    perllibs=-lpthread -lm -lutil -lc
    libc=/usr/lib/libc.so.90.0, so=so, useshrplib=false, libperl=libperl.a
    gnulibc_version=''
  Dynamic Linking:
    dlsrc=dl_dlopen.xs, dlext=so, d_dlsymun=undef, ccdlflags=' '
    cccdlflags='-DPIC -fPIC ', lddlflags='-shared -fPIC  -L/usr/local/lib -fstack-protector-strong'


Characteristics of this binary (from libperl): 
  Compile-time options: HAS_TIMES MULTIPLICITY PERLIO_LAYERS
                        PERL_COPY_ON_WRITE PERL_DONT_CREATE_GVSV
                        PERL_HASH_FUNC_ONE_AT_A_TIME_HARD
                        PERL_IMPLICIT_CONTEXT PERL_MALLOC_WRAP
                        PERL_PRESERVE_IVUV USE_64_BIT_ALL USE_64_BIT_INT
                        USE_ITHREADS USE_LARGE_FILES USE_LOCALE
                        USE_LOCALE_COLLATE USE_LOCALE_CTYPE
                        USE_LOCALE_NUMERIC USE_LOCALE_TIME USE_LONG_DOUBLE
                        USE_PERLIO USE_PERL_ATOF USE_REENTRANT_API
  Locally applied patches:
	Devel::PatchPerl 1.48
  Built under openbsd
  Compiled at Mar  6 2018 14:59:03
  %ENV:
    PERL5LIB=""
    PERL5OPT=""
    PERL5_CPANPLUS_IS_RUNNING="67006"
    PERL5_CPAN_IS_RUNNING="67006"
    PERL5_CPAN_IS_RUNNING_IN_RECURSION="72427,67006"
    PERLBREW_HOME="/home/goku/.perlbrew"
    PERLBREW_MANPATH="/home/goku/perl5/perlbrew/perls/perl-5.24.3/man"
    PERLBREW_PATH="/home/goku/perl5/perlbrew/bin:/home/goku/perl5/perlbrew/perls/perl-5.24.3/bin"
    PERLBREW_PERL="perl-5.24.3"
    PERLBREW_ROOT="/home/goku/perl5/perlbrew"
    PERLBREW_SHELLRC_VERSION="0.82"
    PERLBREW_VERSION="0.82"
    PERL_CR_SMOKER_CURRENT="Test-Unit-0.25"
    PERL_EXTUTILS_AUTOINSTALL="--defaultdeps"
    PERL_MM_USE_DEFAULT="1"
    PERL_USE_UNSAFE_INC="1"
  @INC:
    /home/goku/perl5/perlbrew/perls/perl-5.24.3/lib/site_perl/5.24.3/OpenBSD.amd64-openbsd-thread-multi-ld
    /home/goku/perl5/perlbrew/perls/perl-5.24.3/lib/site_perl/5.24.3
    /home/goku/perl5/perlbrew/perls/perl-5.24.3/lib/5.24.3/OpenBSD.amd64-openbsd-thread-multi-ld
    /home/goku/perl5/perlbrew/perls/perl-5.24.3/lib/5.24.3
    .