SReview v0.11.1 Perl 5 v5.12.3 x86_64-linux

Status
Na
From
Slaven Rezić
Dist
SReview v0.11.1
Platform
Perl 5 v5.12.3 x86_64-linux
Date
2025-02-17 09:01:41
ID
cde74f0a-ed0d-11ef-b6e0-5f1d6e8775ea
This distribution has been tested as part of the CPAN Testers
project, supporting the Perl programming language.  See
http://wiki.cpantesters.org/ for more information or email
questions to cpan-testers-discuss@perl.org


--
Dear Wouter Verhelst,

This is a computer-generated report for SReview-0.11.1
on perl 5.12.3, created by CPAN-Reporter-1.2020.

Thank you for uploading your work to CPAN.  While attempting to build or test
this distribution, the distribution signaled that support is not available
either for this operating system or this version of Perl.  Nevertheless, any
diagnostic output produced is provided below for reference.  If this is not
what you expect, you may wish to consult the CPAN Testers Wiki:

http://wiki.cpantesters.org/wiki/CPANAuthorNotes

Sections of this report:

    * Tester comments
    * Program output
    * Prerequisites
    * Environment and other context

------------------------------
TESTER COMMENTS
------------------------------

Additional comments from tester:

none provided

------------------------------
PROGRAM OUTPUT
------------------------------

Output from '/usr/bin/make test':

PERL_DL_NONLAZY=1 "/opt/perl-5.12.3/bin/perl" "-MExtUtils::Command::MM" "-MTest::Harness" "-e" "undef *Test::Harness::Switches; test_harness(0, 'blib/lib', 'blib/arch')" t/*.t

#   Failed test 'use SReview::Config;'
#   at t/010-config.t line 16.
#     Tried to use 'SReview::Config'.
#     Error:  Can't locate Mojo/JSON.pm in @INC (@INC contains: /home/cpansand/.cpan/build/2025021708/SReview-0.11.1-2/blib/lib /home/cpansand/.cpan/build/2025021708/SReview-0.11.1-2/blib/arch /opt/perl-5.12.3/lib/site_perl/5.12.3/x86_64-linux /opt/perl-5.12.3/lib/site_perl/5.12.3 /opt/perl-5.12.3/lib/5.12.3/x86_64-linux /opt/perl-5.12.3/lib/5.12.3 .) at /home/cpansand/.cpan/build/2025021708/SReview-0.11.1-2/blib/lib/SReview/Config.pm line 8.
# BEGIN failed--compilation aborted at /home/cpansand/.cpan/build/2025021708/SReview-0.11.1-2/blib/lib/SReview/Config.pm line 8.
# Compilation failed in require at t/010-config.t line 16.
# BEGIN failed--compilation aborted at t/010-config.t line 16.
Can't locate object method "new" via package "SReview::Config" at t/010-config.t line 21.
# Looks like your test exited with 255 just after 1.
t/010-config.t ........... 
Dubious, test returned 255 (wstat 65280, 0xff00)
Failed 9/9 subtests 
Can't locate Mojo/Pg.pm in @INC (@INC contains: /home/cpansand/.cpan/build/2025021708/SReview-0.11.1-2/blib/lib /home/cpansand/.cpan/build/2025021708/SReview-0.11.1-2/blib/arch /opt/perl-5.12.3/lib/site_perl/5.12.3/x86_64-linux /opt/perl-5.12.3/lib/site_perl/5.12.3 /opt/perl-5.12.3/lib/5.12.3/x86_64-linux /opt/perl-5.12.3/lib/5.12.3 .) at /home/cpansand/.cpan/build/2025021708/SReview-0.11.1-2/blib/lib/SReview/Db.pm line 6.
BEGIN failed--compilation aborted at /home/cpansand/.cpan/build/2025021708/SReview-0.11.1-2/blib/lib/SReview/Db.pm line 6.
Compilation failed in require at t/040-db.t line 8.
BEGIN failed--compilation aborted at t/040-db.t line 8.
# Looks like your test exited with 2 before it could output anything.
t/040-db.t ............... 
Dubious, test returned 2 (wstat 512, 0x200)
Failed 7/7 subtests 
Can't locate Media/Convert/Asset.pm in @INC (@INC contains: /home/cpansand/.cpan/build/2025021708/SReview-0.11.1-2/blib/lib /home/cpansand/.cpan/build/2025021708/SReview-0.11.1-2/blib/arch /opt/perl-5.12.3/lib/site_perl/5.12.3/x86_64-linux /opt/perl-5.12.3/lib/site_perl/5.12.3 /opt/perl-5.12.3/lib/5.12.3/x86_64-linux /opt/perl-5.12.3/lib/5.12.3 .) at t/080-runthrough.t line 13.
BEGIN failed--compilation aborted at t/080-runthrough.t line 13.
# Looks like your test exited with 2 before it could output anything.
t/080-runthrough.t ....... 
Dubious, test returned 2 (wstat 512, 0x200)
Failed 15/15 subtests 
Perl v5.28.0 required--this is only v5.12.3, stopped at t/085-schedule-export.t line 3.
BEGIN failed--compilation aborted at t/085-schedule-export.t line 3.
t/085-schedule-export.t .. 
Dubious, test returned 255 (wstat 65280, 0xff00)
No subtests run 
Can't locate Mojo/JSON.pm in @INC (@INC contains: /home/cpansand/.cpan/build/2025021708/SReview-0.11.1-2/blib/lib /home/cpansand/.cpan/build/2025021708/SReview-0.11.1-2/blib/arch /opt/perl-5.12.3/lib/site_perl/5.12.3/x86_64-linux /opt/perl-5.12.3/lib/site_perl/5.12.3 /opt/perl-5.12.3/lib/5.12.3/x86_64-linux /opt/perl-5.12.3/lib/5.12.3 .) at /home/cpansand/.cpan/build/2025021708/SReview-0.11.1-2/blib/lib/SReview/Config.pm line 8.
BEGIN failed--compilation aborted at /home/cpansand/.cpan/build/2025021708/SReview-0.11.1-2/blib/lib/SReview/Config.pm line 8.
Compilation failed in require at /home/cpansand/.cpan/build/2025021708/SReview-0.11.1-2/blib/lib/SReview/Config/Common.pm line 3.
BEGIN failed--compilation aborted at /home/cpansand/.cpan/build/2025021708/SReview-0.11.1-2/blib/lib/SReview/Config/Common.pm line 3.
Compilation failed in require at t/090-talk.t line 8.
BEGIN failed--compilation aborted at t/090-talk.t line 8.
# Looks like your test exited with 2 before it could output anything.
t/090-talk.t ............. 
Dubious, test returned 2 (wstat 512, 0x200)
Failed 11/11 subtests 
Can't locate Mojo/JSON.pm in @INC (@INC contains: /home/cpansand/.cpan/build/2025021708/SReview-0.11.1-2/blib/lib /home/cpansand/.cpan/build/2025021708/SReview-0.11.1-2/blib/arch /opt/perl-5.12.3/lib/site_perl/5.12.3/x86_64-linux /opt/perl-5.12.3/lib/site_perl/5.12.3 /opt/perl-5.12.3/lib/5.12.3/x86_64-linux /opt/perl-5.12.3/lib/5.12.3 .) at /home/cpansand/.cpan/build/2025021708/SReview-0.11.1-2/blib/lib/SReview/Config.pm line 8.
BEGIN failed--compilation aborted at /home/cpansand/.cpan/build/2025021708/SReview-0.11.1-2/blib/lib/SReview/Config.pm line 8.
Compilation failed in require at /home/cpansand/.cpan/build/2025021708/SReview-0.11.1-2/blib/lib/SReview/Config/Common.pm line 3.
BEGIN failed--compilation aborted at /home/cpansand/.cpan/build/2025021708/SReview-0.11.1-2/blib/lib/SReview/Config/Common.pm line 3.
Compilation failed in require at t/095-files.t line 7.
BEGIN failed--compilation aborted at t/095-files.t line 7.
# Looks like your test exited with 2 before it could output anything.
t/095-files.t ............ 
Dubious, test returned 2 (wstat 512, 0x200)
Failed 17/17 subtests 
Perl v5.28.0 required--this is only v5.12.3, stopped at t/095-synfig.t line 3.
BEGIN failed--compilation aborted at t/095-synfig.t line 3.
t/095-synfig.t ........... 
Dubious, test returned 255 (wstat 65280, 0xff00)
No subtests run 
Can't locate Test/Mojo.pm in @INC (@INC contains: /home/cpansand/.cpan/build/2025021708/SReview-0.11.1-2/blib/lib /home/cpansand/.cpan/build/2025021708/SReview-0.11.1-2/blib/arch /opt/perl-5.12.3/lib/site_perl/5.12.3/x86_64-linux /opt/perl-5.12.3/lib/site_perl/5.12.3 /opt/perl-5.12.3/lib/5.12.3/x86_64-linux /opt/perl-5.12.3/lib/5.12.3 .) at t/100-mojo.t line 20.
BEGIN failed--compilation aborted at t/100-mojo.t line 20.
# Looks like your test exited with 2 before it could output anything.
t/100-mojo.t ............. 
Dubious, test returned 2 (wstat 512, 0x200)
Failed 51/51 subtests 
Can't locate Mojo/Pg.pm in @INC (@INC contains: /home/cpansand/.cpan/build/2025021708/SReview-0.11.1-2/blib/lib /home/cpansand/.cpan/build/2025021708/SReview-0.11.1-2/blib/arch /opt/perl-5.12.3/lib/site_perl/5.12.3/x86_64-linux /opt/perl-5.12.3/lib/site_perl/5.12.3 /opt/perl-5.12.3/lib/5.12.3/x86_64-linux /opt/perl-5.12.3/lib/5.12.3 .) at /home/cpansand/.cpan/build/2025021708/SReview-0.11.1-2/blib/lib/SReview/Db.pm line 6.
BEGIN failed--compilation aborted at /home/cpansand/.cpan/build/2025021708/SReview-0.11.1-2/blib/lib/SReview/Db.pm line 6.
Compilation failed in require at t/110-api.t line 8.
BEGIN failed--compilation aborted at t/110-api.t line 8.
t/110-api.t .............. 
Dubious, test returned 2 (wstat 512, 0x200)
No subtests run 
Can't locate Mojo/JSON.pm in @INC (@INC contains: /home/cpansand/.cpan/build/2025021708/SReview-0.11.1-2/blib/lib /home/cpansand/.cpan/build/2025021708/SReview-0.11.1-2/blib/arch /opt/perl-5.12.3/lib/site_perl/5.12.3/x86_64-linux /opt/perl-5.12.3/lib/site_perl/5.12.3 /opt/perl-5.12.3/lib/5.12.3/x86_64-linux /opt/perl-5.12.3/lib/5.12.3 .) at /home/cpansand/.cpan/build/2025021708/SReview-0.11.1-2/blib/lib/SReview/Config.pm line 8.
BEGIN failed--compilation aborted at /home/cpansand/.cpan/build/2025021708/SReview-0.11.1-2/blib/lib/SReview/Config.pm line 8.
Compilation failed in require at /home/cpansand/.cpan/build/2025021708/SReview-0.11.1-2/blib/lib/SReview/Config/Common.pm line 3.
BEGIN failed--compilation aborted at /home/cpansand/.cpan/build/2025021708/SReview-0.11.1-2/blib/lib/SReview/Config/Common.pm line 3.
Compilation failed in require at /home/cpansand/.cpan/build/2025021708/SReview-0.11.1-2/blib/lib/SReview/API.pm line 3.
BEGIN failed--compilation aborted at /home/cpansand/.cpan/build/2025021708/SReview-0.11.1-2/blib/lib/SReview/API.pm line 3.
Compilation failed in require at t/120-types.t line 10.
BEGIN failed--compilation aborted at t/120-types.t line 10.
t/120-types.t ............ 
Dubious, test returned 2 (wstat 512, 0x200)
No subtests run 

#   Failed test 'use SReview::Schedule::Yaml;'
#   at t/130-schedule.t line 7.
#     Tried to use 'SReview::Schedule::Yaml'.
#     Error:  Can't locate Mojo/Util.pm in @INC (@INC contains: /home/cpansand/.cpan/build/2025021708/SReview-0.11.1-2/blib/lib /home/cpansand/.cpan/build/2025021708/SReview-0.11.1-2/blib/arch /opt/perl-5.12.3/lib/site_perl/5.12.3/x86_64-linux /opt/perl-5.12.3/lib/site_perl/5.12.3 /opt/perl-5.12.3/lib/5.12.3/x86_64-linux /opt/perl-5.12.3/lib/5.12.3 .) at /home/cpansand/.cpan/build/2025021708/SReview-0.11.1-2/blib/lib/SReview/Schedule/Base.pm line 90.
# BEGIN failed--compilation aborted at /home/cpansand/.cpan/build/2025021708/SReview-0.11.1-2/blib/lib/SReview/Schedule/Base.pm line 90.
# Compilation failed in require at /home/cpansand/.cpan/build/2025021708/SReview-0.11.1-2/blib/lib/SReview/Schedule/Yaml.pm line 67.
# BEGIN failed--compilation aborted at /home/cpansand/.cpan/build/2025021708/SReview-0.11.1-2/blib/lib/SReview/Schedule/Yaml.pm line 67.
# Compilation failed in require at t/130-schedule.t line 7.
# BEGIN failed--compilation aborted at t/130-schedule.t line 7.
Can't locate object method "new" via package "SReview::Schedule::Yaml" at t/130-schedule.t line 9.
# Tests were run but no plan was declared and done_testing() was not seen.
# Looks like your test exited with 255 just after 1.
t/130-schedule.t ......... 
Dubious, test returned 255 (wstat 65280, 0xff00)
Failed 1/1 subtests 

Test Summary Report
-------------------
t/010-config.t         (Wstat: 65280 (exited 255) Tests: 1 Failed: 1)
  Failed test:  1
  Non-zero exit status: 255
  Parse errors: Bad plan.  You planned 9 tests but ran 1.
t/040-db.t             (Wstat: 512 (exited 2) Tests: 0 Failed: 0)
  Non-zero exit status: 2
  Parse errors: Bad plan.  You planned 7 tests but ran 0.
t/080-runthrough.t     (Wstat: 512 (exited 2) Tests: 0 Failed: 0)
  Non-zero exit status: 2
  Parse errors: Bad plan.  You planned 15 tests but ran 0.
t/085-schedule-export.t (Wstat: 65280 (exited 255) Tests: 0 Failed: 0)
  Non-zero exit status: 255
  Parse errors: No plan found in TAP output
t/090-talk.t           (Wstat: 512 (exited 2) Tests: 0 Failed: 0)
  Non-zero exit status: 2
  Parse errors: Bad plan.  You planned 11 tests but ran 0.
t/095-files.t          (Wstat: 512 (exited 2) Tests: 0 Failed: 0)
  Non-zero exit status: 2
  Parse errors: Bad plan.  You planned 17 tests but ran 0.
t/095-synfig.t         (Wstat: 65280 (exited 255) Tests: 0 Failed: 0)
  Non-zero exit status: 255
  Parse errors: No plan found in TAP output
t/100-mojo.t           (Wstat: 512 (exited 2) Tests: 0 Failed: 0)
  Non-zero exit status: 2
  Parse errors: Bad plan.  You planned 51 tests but ran 0.
t/110-api.t            (Wstat: 512 (exited 2) Tests: 0 Failed: 0)
  Non-zero exit status: 2
  Parse errors: No plan found in TAP output
t/120-types.t          (Wstat: 512 (exited 2) Tests: 0 Failed: 0)
  Non-zero exit status: 2
  Parse errors: No plan found in TAP output
t/130-schedule.t       (Wstat: 65280 (exited 255) Tests: 1 Failed: 1)
  Failed test:  1
  Non-zero exit status: 255
  Parse errors: No plan found in TAP output
Files=11, Tests=2,  0 wallclock secs ( 0.02 usr  0.02 sys +  0.46 cusr  0.12 csys =  0.62 CPU)
Result: FAIL
Failed 11/11 test programs. 2/2 subtests failed.
make: *** [Makefile:1136: test_dynamic] Error 255

------------------------------
PREREQUISITES
------------------------------

Prerequisite modules loaded:

requires:

    Module                       Need   Have    
    ---------------------------- ------ --------
    Class::Type::Enum            0      0.014   
    Crypt::PRNG                  0      0.084   
    DateTime                     0      1.65    
    DateTime::Format::ISO8601    0      0.16    
    DateTime::Format::Pg         0      0.16014 
  ! Media::Convert               v1.0.1 n/a     
  ! Mojo::JSON                   0      n/a     
  ! Mojo::Pg                     0      n/a     
  ! Mojolicious::Plugin::OpenAPI 4.03   n/a     
    Moose                        0      2.2207  
  ! Net::Amazon::S3              0      n/a     
    Net::SSH2                    0      0.74    
    Net::SSH::AuthorizedKeysFile 0      0.18    
    Text::Format                 0      0.63    

build_requires:

    Module                       Need   Have    
    ---------------------------- ------ --------
    ExtUtils::MakeMaker          0      7.70    
    Test::More                   0      1.302209
    YAML::XS                     0      v0.902.0

configure_requires:

    Module                       Need   Have    
    ---------------------------- ------ --------
    ExtUtils::Depends            0      0.8001  


------------------------------
ENVIRONMENT AND OTHER CONTEXT
------------------------------

Environment variables:

    LANG = en_US.UTF-8
    PATH = /usr/local/bin:/usr/bin:/bin:/usr/local/sbin:/usr/sbin:/sbin:/home/cpansand/bin/linux-gnu:/home/cpansand/bin/sh:/home/cpansand/bin:/usr/games:/home/cpansand/devel:/home/eserte/src/srezic-misc/scripts
    PERL5LIB = 
    PERL5OPT = 
    PERL5_CPANPLUS_IS_RUNNING = 373733
    PERL5_CPAN_IS_RUNNING = 373733
    PERL5_CPAN_IS_RUNNING_IN_RECURSION = 373026,373733
    PERLDOC = -MPod::Perldoc::ToTextOverstrike
    PERL_BATCH = yes
    PERL_CANARY_STABILITY_NOPROMPT = 1
    PERL_CPAN_REPORTER_CONFIG = /var/tmp/cpansmoker-1023/2025021708/cpanreporter_000_config.ini
    PERL_EXTUTILS_AUTOINSTALL = --defaultdeps
    PERL_USE_UNSAFE_INC = 1
    SHELL = /usr/bin/zsh
    TERM = screen
    TMPDIR = /var/tmp/cpansmoker-1023/2025021708

Perl special variables (and OS-specific diagnostics, for MSWin32):

    $^X = /opt/perl-5.12.3/bin/perl
    $UID/$EUID = 1023 / 1023
    $GID = 1023 1023
    $EGID = 1023 1023

Perl module toolchain versions installed:

    Module              Have    
    ------------------- --------
    CPAN                2.38    
    CPAN::Meta          2.150010
    Cwd                 3.75    
    ExtUtils::CBuilder  0.280236
    ExtUtils::Command   7.70    
    ExtUtils::Install   2.06    
    ExtUtils::MakeMaker 7.70    
    ExtUtils::Manifest  1.70    
    ExtUtils::ParseXS   3.51    
    File::Spec          3.75    
    JSON                4.10    
    JSON::PP            4.16    
    Module::Build       0.4234  
    Module::Signature   n/a     
    Parse::CPAN::Meta   2.150010
    Test2               1.302209
    Test::Harness       3.50    
    Test::More          1.302209
    YAML                1.31    
    YAML::Syck          1.34    
    version             0.9933  


--

Summary of my perl5 (revision 5 version 12 subversion 3) configuration:
   
  Platform:
    osname=linux, osvers=5.14.0-503.22.1.el9_5.x86_64, archname=x86_64-linux
    uname='linux cloud1.bbbike.org 5.14.0-503.22.1.el9_5.x86_64 #1 smp preempt_dynamic wed jan 22 13:59:07 utc 2025 x86_64 x86_64 x86_64 gnulinux '
    config_args='-ds -e -Dprefix=/opt/perl-5.12.3 -Uinstallusrbinperl -Dcf_email=srezic@cpan.org'
    hint=recommended, useposix=true, d_sigaction=define
    useithreads=undef, usemultiplicity=undef
    useperlio=define, d_sfio=undef, uselargefiles=define, usesocks=undef
    use64bitint=define, use64bitall=define, uselongdouble=undef
    usemymalloc=n, bincompat5005=undef
  Compiler:
    cc='cc', ccflags ='-fwrapv -fno-strict-aliasing -pipe -fstack-protector -I/usr/local/include -D_LARGEFILE_SOURCE -D_FILE_OFFSET_BITS=64',
    optimize='-O2',
    cppflags='-fwrapv -fno-strict-aliasing -pipe -fstack-protector -I/usr/local/include'
    ccversion='', gccversion='11.5.0 20240719 (Red Hat 11.5.0-2)', gccosandvers=''
    intsize=4, longsize=8, ptrsize=8, doublesize=8, byteorder=12345678
    d_longlong=define, longlongsize=8, d_longdbl=define, longdblsize=16
    ivtype='long', ivsize=8, nvtype='double', nvsize=8, Off_t='off_t', lseeksize=8
    alignbytes=8, prototype=define
  Linker and Libraries:
    ld='cc', ldflags =' -fstack-protector -L/usr/local/lib'
    libpth=/usr/local/lib /lib/../lib64 /usr/lib/../lib64 /lib /usr/lib /lib64 /usr/lib64 /usr/local/lib64
    libs=-ldb -ldl -lm -lcrypt -lutil -lc
    perllibs=-ldl -lm -lcrypt -lutil -lc
    libc=/lib/../lib64/libc.so.6, so=so, useshrplib=false, libperl=libperl.a
    gnulibc_version='2.34'
  Dynamic Linking:
    dlsrc=dl_dlopen.xs, dlext=so, d_dlsymun=undef, ccdlflags='-Wl,-E'
    cccdlflags='-fPIC', lddlflags='-shared -O2 -L/usr/local/lib -fstack-protector'


Characteristics of this binary (from libperl): 
  Compile-time options: PERL_DONT_CREATE_GVSV PERL_MALLOC_WRAP USE_64_BIT_ALL
                        USE_64_BIT_INT USE_LARGE_FILES USE_PERLIO
                        USE_PERL_ATOF
  Locally applied patches:
	Devel::PatchPerl 2.08
  Built under linux
  Compiled at Feb  1 2025 21:35:12
  %ENV:
    PERL5LIB=""
    PERL5OPT=""
    PERL5_CPANPLUS_IS_RUNNING="373733"
    PERL5_CPAN_IS_RUNNING="373733"
    PERL5_CPAN_IS_RUNNING_IN_RECURSION="373026,373733"
    PERLDOC="-MPod::Perldoc::ToTextOverstrike"
    PERL_BATCH="yes"
    PERL_CANARY_STABILITY_NOPROMPT="1"
    PERL_CPAN_REPORTER_CONFIG="/var/tmp/cpansmoker-1023/2025021708/cpanreporter_000_config.ini"
    PERL_EXTUTILS_AUTOINSTALL="--defaultdeps"
    PERL_USE_UNSAFE_INC="1"
  @INC:
    /opt/perl-5.12.3/lib/site_perl/5.12.3/x86_64-linux
    /opt/perl-5.12.3/lib/site_perl/5.12.3
    /opt/perl-5.12.3/lib/5.12.3/x86_64-linux
    /opt/perl-5.12.3/lib/5.12.3
    .