Report for Date-Piece-v0.0.3

Back
From: metabase:user:322078bc-2aae-11df-837a-5e0a49663a4f
Subject: FAIL Date-Piece-v0.0.3 v5.14.2 GNU/Linux
Date: 2011-11-20T10:09:57Z

This distribution has been tested as part of the CPAN Testers
project, supporting the Perl programming language.  See
http://wiki.cpantesters.org/ for more information or email
questions to cpan-testers-discuss@perl.org


--

Dear EWILHELM,

This is a computer-generated error report created automatically by
CPANPLUS, version 0.9112. Testers personal comments may appear
at the end of this report.


Thank you for uploading your work to CPAN.  However, it appears that
there were some problems testing your distribution.

TEST RESULTS:

Below is the error stack from stage 'make test':

[MSG] [Sun Nov 20 10:09:49 2011] Building Date-Piece

[ERROR] [Sun Nov 20 10:09:50 2011] MAKE TEST failed:
# Testing Date::Piece v0.0.3
t/00-load.t ... ok
t/basic.t ..... ok

#   Failed test at t/overload.t line 11.
# An error occurred while using eq:
# ------------------------------------
# Operation "eq": no method found,
# 	left argument in overloaded package Date::Piece::week_unit,
# 	right argument has no overloaded magic at (eval in cmp_ok) t/overload.t line 11.
# 
# ------------------------------------
#          got: '7weeks'
#     expected: '7weeks'

#   Failed test at t/overload.t line 14.
# An error occurred while using eq:
# ------------------------------------
# Operation "eq": no method found,
# 	left argument in overloaded package Date::Piece::week_unit,
# 	right argument has no overloaded magic at (eval in cmp_ok) t/overload.t line 14.
# 
# ------------------------------------
#          got: '8weeks'
#     expected: '8weeks'

#   Failed test at t/overload.t line 16.
# An error occurred while using eq:
# ------------------------------------
# Operation "eq": no method found,
# 	left argument in overloaded package Date::Piece::week_unit,
# 	right argument has no overloaded magic at (eval in cmp_ok) t/overload.t line 16.
# 
# ------------------------------------
#          got: '16weeks'
#     expected: '16weeks'

#   Failed test at t/overload.t line 17.
# An error occurred while using eq:
# ------------------------------------
# Operation "eq": no method found,
# 	left argument in overloaded package Date::Piece::week_unit,
# 	right argument has no overloaded magic at (eval in cmp_ok) t/overload.t line 17.
# 
# ------------------------------------
#          got: '7weeks'
#     expected: '7weeks'

#   Failed test at t/overload.t line 30.
# An error occurred while using eq:
# ------------------------------------
# Operation "eq": no method found,
# 	left argument in overloaded package Date::Piece::month_unit,
# 	right argument has no overloaded magic at (eval in cmp_ok) t/overload.t line 30.
# 
# ------------------------------------
#          got: '7months'
#     expected: '7months'

#   Failed test at t/overload.t line 33.
# An error occurred while using eq:
# ------------------------------------
# Operation "eq": no method found,
# 	left argument in overloaded package Date::Piece::month_unit,
# 	right argument has no overloaded magic at (eval in cmp_ok) t/overload.t line 33.
# 
# ------------------------------------
#          got: '8months'
#     expected: '8months'

#   Failed test at t/overload.t line 35.
# An error occurred while using eq:
# ------------------------------------
# Operation "eq": no method found,
# 	left argument in overloaded package Date::Piece::month_unit,
# 	right argument has no overloaded magic at (eval in cmp_ok) t/overload.t line 35.
# 
# ------------------------------------
#          got: '16months'
#     expected: '16months'

#   Failed test at t/overload.t line 37.
# An error occurred while using eq:
# ------------------------------------
# Operation "eq": no method found,
# 	left argument in overloaded package Date::Piece::month_unit,
# 	right argument has no overloaded magic at (eval in cmp_ok) t/overload.t line 37.
# 
# ------------------------------------
#          got: '8months'
#     expected: '8months'

#   Failed test 'untouched'
#   at t/overload.t line 38.
# An error occurred while using eq:
# ------------------------------------
# Operation "eq": no method found,
# 	left argument in overloaded package Date::Piece::month_unit,
# 	right argument has no overloaded magic at (eval in cmp_ok) t/overload.t line 38.
# 
# ------------------------------------
#          got: '7months'
#     expected: '7months'

#   Failed test at t/overload.t line 46.
# An error occurred while using eq:
# ------------------------------------
# Operation "eq": no method found,
# 	left argument in overloaded package Date::Piece::year_unit,
# 	right argument has no overloaded magic at (eval in cmp_ok) t/overload.t line 46.
# 
# ------------------------------------
#          got: '7years'
#     expected: '7years'

#   Failed test at t/overload.t line 49.
# An error occurred while using eq:
# ------------------------------------
# Operation "eq": no method found,
# 	left argument in overloaded package Date::Piece::year_unit,
# 	right argument has no overloaded magic at (eval in cmp_ok) t/overload.t line 49.
# 
# ------------------------------------
#          got: '8years'
#     expected: '8years'

#   Failed test at t/overload.t line 51.
# An error occurred while using eq:
# ------------------------------------
# Operation "eq": no method found,
# 	left argument in overloaded package Date::Piece::year_unit,
# 	right argument has no overloaded magic at (eval in cmp_ok) t/overload.t line 51.
# 
# ------------------------------------
#          got: '16years'
#     expected: '16years'

#   Failed test at t/overload.t line 53.
# An error occurred while using eq:
# ------------------------------------
# Operation "eq": no method found,
# 	left argument in overloaded package Date::Piece::year_unit,
# 	right argument has no overloaded magic at (eval in cmp_ok) t/overload.t line 53.
# 
# ------------------------------------
#          got: '8years'
#     expected: '8years'

#   Failed test 'untouched'
#   at t/overload.t line 54.
# An error occurred while using eq:
# ------------------------------------
# Operation "eq": no method found,
# 	left argument in overloaded package Date::Piece::year_unit,
# 	right argument has no overloaded magic at (eval in cmp_ok) t/overload.t line 54.
# 
# ------------------------------------
#          got: '7years'
#     expected: '7years'

#   Failed test at t/overload.t line 59.
# An error occurred while using eq:
# ------------------------------------
# Operation "eq": no method found,
# 	left argument in overloaded package Date::Piece::year_unit,
# 	right argument has no overloaded magic at (eval in cmp_ok) t/overload.t line 59.
# 
# ------------------------------------
#          got: '8years'
#     expected: '8years'
# Looks like you failed 15 tests of 34.
t/overload.t .. 
Dubious, test returned 15 (wstat 3840, 0xf00)
Failed 15/34 subtests 

Test Summary Report
-------------------
t/overload.t (Wstat: 3840 Tests: 34 Failed: 15)
  Failed tests:  1-4, 7-11, 13-17, 19
  Non-zero exit status: 15
Files=3, Tests=112,  1 wallclock secs ( 0.04 usr  0.00 sys +  0.12 cusr  0.02 csys =  0.18 CPU)
Result: FAIL
Failed 1/3 test programs. 15/112 subtests failed.
BEGIN failed--compilation aborted at -e line 1.
 
[MSG] [Sun Nov 20 10:09:50 2011] DEFAULT 'proceed_on_test_failure' HANDLER RETURNING 'sub return value'

PREREQUISITES:

Here is a list of prerequisites you specified and versions we
managed to load:

	  Module Name                        Have     Want
	  Date::Simple                       3.03        0
	  Module::Build                    0.3800     0.26
	  Test::More                         0.98        0
	  Time::Local                      1.2000        0
	  Time::Piece                     1.20_01        0

Perl module toolchain versions installed:
	Module Name                        Have
	CPANPLUS                         0.9112
	CPANPLUS::Dist::Build              0.60
	Cwd                                3.36
	ExtUtils::CBuilder             0.280203
	ExtUtils::Command                  1.17
	ExtUtils::Install                  1.56
	ExtUtils::MakeMaker                6.62
	ExtUtils::Manifest                 1.60
	ExtUtils::ParseXS                  3.05
	File::Spec                         3.33
	Module::Build                    0.3800
	Test::Harness                      3.23
	Test::More                         0.98
	version                            0.94

******************************** NOTE ********************************
The comments above are created mechanically, possibly without manual
checking by the sender.  As there are many people performing automatic
tests on each upload to CPAN, it is likely that you will receive
identical messages about the same problem.

If you believe that the message is mistaken, please reply to the first
one with correction and/or additional informations, and do not take
it personally.  We appreciate your patience. :)
**********************************************************************

Additional comments:


This report was machine-generated by CPANPLUS::Dist::YACSmoke 0.66.
Powered by minismokebox version 0.54

------------------------------
ENVIRONMENT AND OTHER CONTEXT
------------------------------

Environment variables:

    AUTOMATED_TESTING = 1
    LANG = en_US
    LC_COLLATE = C
    PATH = /usr/local/bin:/usr/bin:/bin:/usr/games:/usr/lib64/java/bin:/usr/lib64/qt/bin:/usr/share/texmf/bin:.
    PERL5LIB = :/home/cpan/pit/bare/conf/perl-5.14.2/.cpanplus/5.14.2/build/Date-Simple-3.03/blib/lib:/home/cpan/pit/bare/conf/perl-5.14.2/.cpanplus/5.14.2/build/Date-Simple-3.03/blib/arch:/home/cpan/pit/bare/conf/perl-5.14.2/.cpanplus/5.14.2/build/Date-Piece-v0.0.3/blib/lib:/home/cpan/pit/bare/conf/perl-5.14.2/.cpanplus/5.14.2/build/Date-Piece-v0.0.3/blib/arch
    PERL5_CPANPLUS_IS_RUNNING = 13384
    PERL5_CPANPLUS_IS_VERSION = 0.9112
    PERL5_MINISMOKEBOX = 0.54
    PERL5_YACSMOKE_BASE = /home/cpan/pit/bare/conf/perl-5.14.2
    PERL_EXTUTILS_AUTOINSTALL = --defaultdeps
    PERL_MM_USE_DEFAULT = 1
    SHELL = /bin/bash
    TERM = screen

Perl special variables (and OS-specific diagnostics, for MSWin32):

    Perl: $^X = /home/cpan/pit/bare/perl-5.14.2/bin/perl
    UID:  $<  = 1001
    EUID: $>  = 1001
    GID:  $(  = 100 100
    EGID: $)  = 100 100


-------------------------------


--

Summary of my perl5 (revision 5 version 14 subversion 2) configuration:
   
  Platform:
    osname=linux, osvers=2.6.33.4, archname=x86_64-linux
    uname='linux slack64 2.6.33.4 #3 smp wed may 12 23:13:09 cdt 2010 x86_64 intel(r) xeon(r) cpu e5520 @ 2.27ghz genuineintel gnulinux '
    config_args='-des -Dprefix=/home/cpan/pit/bare/perl-5.14.2'
    hint=recommended, useposix=true, d_sigaction=define
    useithreads=undef, usemultiplicity=undef
    useperlio=define, d_sfio=undef, uselargefiles=define, usesocks=undef
    use64bitint=define, use64bitall=define, uselongdouble=undef
    usemymalloc=n, bincompat5005=undef
  Compiler:
    cc='cc', ccflags ='-fno-strict-aliasing -pipe -fstack-protector -I/usr/local/include -D_LARGEFILE_SOURCE -D_FILE_OFFSET_BITS=64',
    optimize='-O2',
    cppflags='-fno-strict-aliasing -pipe -fstack-protector -I/usr/local/include'
    ccversion='', gccversion='4.4.4', gccosandvers=''
    intsize=4, longsize=8, ptrsize=8, doublesize=8, byteorder=12345678
    d_longlong=define, longlongsize=8, d_longdbl=define, longdblsize=16
    ivtype='long', ivsize=8, nvtype='double', nvsize=8, Off_t='off_t', lseeksize=8
    alignbytes=8, prototype=define
  Linker and Libraries:
    ld='cc', ldflags =' -fstack-protector -L/usr/local/lib'
    libpth=/usr/local/lib /lib/../lib64 /usr/lib/../lib64 /lib /usr/lib /lib64 /usr/lib64 /usr/local/lib64
    libs=-lnsl -lgdbm -ldb -ldl -lm -lcrypt -lutil -lc
    perllibs=-lnsl -ldl -lm -lcrypt -lutil -lc
    libc=, so=so, useshrplib=false, libperl=libperl.a
    gnulibc_version='2.11.1'
  Dynamic Linking:
    dlsrc=dl_dlopen.xs, dlext=so, d_dlsymun=undef, ccdlflags='-Wl,-E'
    cccdlflags='-fPIC', lddlflags='-shared -O2 -L/usr/local/lib -fstack-protector'


Characteristics of this binary (from libperl): 
  Compile-time options: PERL_DONT_CREATE_GVSV PERL_MALLOC_WRAP
                        PERL_PRESERVE_IVUV USE_64_BIT_ALL USE_64_BIT_INT
                        USE_LARGE_FILES USE_PERLIO USE_PERL_ATOF
  Built under linux
  Compiled at Sep 26 2011 19:31:51
  %ENV:
    PERL5LIB=":/home/cpan/pit/bare/conf/perl-5.14.2/.cpanplus/5.14.2/build/Date-Simple-3.03/blib/lib:/home/cpan/pit/bare/conf/perl-5.14.2/.cpanplus/5.14.2/build/Date-Simple-3.03/blib/arch:/home/cpan/pit/bare/conf/perl-5.14.2/.cpanplus/5.14.2/build/Date-Piece-v0.0.3/blib/lib:/home/cpan/pit/bare/conf/perl-5.14.2/.cpanplus/5.14.2/build/Date-Piece-v0.0.3/blib/arch"
    PERL5_CPANPLUS_IS_RUNNING="13384"
    PERL5_CPANPLUS_IS_VERSION="0.9112"
    PERL5_MINISMOKEBOX="0.54"
    PERL5_YACSMOKE_BASE="/home/cpan/pit/bare/conf/perl-5.14.2"
    PERL_EXTUTILS_AUTOINSTALL="--defaultdeps"
    PERL_MM_USE_DEFAULT="1"
  @INC:
    /home/cpan/pit/bare/conf/perl-5.14.2/.cpanplus/5.14.2/build/Date-Simple-3.03/blib/lib
    /home/cpan/pit/bare/conf/perl-5.14.2/.cpanplus/5.14.2/build/Date-Simple-3.03/blib/arch
    /home/cpan/pit/bare/conf/perl-5.14.2/.cpanplus/5.14.2/build/Date-Piece-v0.0.3/blib/lib
    /home/cpan/pit/bare/conf/perl-5.14.2/.cpanplus/5.14.2/build/Date-Piece-v0.0.3/blib/arch
    /home/cpan/pit/bare/perl-5.14.2/lib/site_perl/5.14.2/x86_64-linux
    /home/cpan/pit/bare/perl-5.14.2/lib/site_perl/5.14.2
    /home/cpan/pit/bare/perl-5.14.2/lib/5.14.2/x86_64-linux
    /home/cpan/pit/bare/perl-5.14.2/lib/5.14.2
    .