HTML-TreeBuilder-LibXML v0.26 Perl 5 v5.10.1 darwin-2level

Status
Fail
From
Stanislaw Pusep
Dist
HTML-TreeBuilder-LibXML v0.26
Platform
Perl 5 v5.10.1 darwin-2level
Date
2021-06-20 23:54:06
ID
ccafb00a-d222-11eb-94e4-cc1cac5234e0
This distribution has been tested as part of the CPAN Testers
project, supporting the Perl programming language.  See
http://wiki.cpantesters.org/ for more information or email
questions to cpan-testers-discuss@perl.org


--
Dear TOKUHIROM,

This is a computer-generated report for HTML-TreeBuilder-LibXML-0.26
on perl 5.10.1, created by App::cpanminus::reporter 0.17 (1.7044).

Thank you for uploading your work to CPAN.  However, there was a problem
testing your distribution.

If you think this report is invalid, please consult the CPAN Testers Wiki
for suggestions on how to avoid getting FAIL reports for missing library
or binary dependencies, unsupported operating systems, and so on:

http://wiki.cpantesters.org/wiki/CPANAuthorNotes

Sections of this report:

    * Tester comments
    * Program output
    * Prerequisites
    * Environment and other context

------------------------------
TESTER COMMENTS
------------------------------

Additional comments from tester:

none provided

------------------------------
PROGRAM OUTPUT
------------------------------

Output from '':

Building and testing HTML-TreeBuilder-LibXML-0.26
cp lib/HTML/TreeBuilder/LibXML/Node.pm blib/lib/HTML/TreeBuilder/LibXML/Node.pm
cp lib/HTML/TreeBuilder/LibXML.pm blib/lib/HTML/TreeBuilder/LibXML.pm
# soft dependencies
# HTML::TreeBuilder::XPath: 0.14
t/00_compile.t .............. ok
# HTML::TreeBuilder::XPath
# HTML::TreeBuilder::LibXML
t/01_simple.t ............... ok
t/02_web_scraper.t .......... skipped: this test requires Web::Scraper
t/03_destructor.t ........... ok
t/04_new_methods.t .......... ok

#   Failed test at t/05_empty.t line 18.
#                   ''
#     doesn't match '(?-xism:<html>)'

#   Failed test at t/05_empty.t line 18.
#                   ''
#     doesn't match '(?-xism:<html>)'

#   Failed test at t/05_empty.t line 18.
#                   ''
#     doesn't match '(?-xism:<html>)'
# Looks like you failed 3 tests of 15.
t/05_empty.t ................ 
Dubious, test returned 3 (wstat 768, 0x300)
Failed 3/15 subtests 
t/06_web_query.t ............ skipped: this test requires Web::Query
t/HTML-TreeBuilder-XPath.t .. ok
t/clone_list.t .............. ok
t/content_list.t ............ ok
t/delete_content.t .......... ok
t/detach.t .................. ok
t/disembowel.t .............. ok
t/guts.t .................... ok
t/issue-12.t ................ ok
t/matches.t ................. ok
t/parent.t .................. ok
t/postinsert.t .............. ok
t/preinsert.t ............... ok
t/push_content.t ............ ok
t/replace_with.t ............ ok
t/unshift_content.t ......... ok

Test Summary Report
-------------------
t/05_empty.t              (Wstat: 768 Tests: 15 Failed: 3)
  Failed tests:  9, 12, 15
  Non-zero exit status: 3
t/HTML-TreeBuilder-XPath.t (Wstat: 0 Tests: 31 Failed: 0)
  TODO passed:   10-13
Files=22, Tests=161,  2 wallclock secs ( 0.06 usr  0.05 sys +  1.40 cusr  0.27 csys =  1.78 CPU)
Result: FAIL

------------------------------
PREREQUISITES
------------------------------

Prerequisite modules loaded:

    No requirements found

------------------------------
ENVIRONMENT AND OTHER CONTEXT
------------------------------

Environment variables:

    LANG = en_US.UTF-8
    LC_ALL = en_US.UTF-8
    LC_CTYPE = UTF-8
    LC_TERMINAL = iTerm2
    LC_TERMINAL_VERSION = 3.4.8
    LDFLAGS = -L/usr/local/opt/curl/lib
    PATH = /Users/stan/perl5/perlbrew/bin:/Users/stan/perl5/perlbrew/perls/perl-5.10.1/bin:/usr/local/opt/curl/bin:/Users/stan/perl5/perlbrew/bin:/Users/stan/perl5/perlbrew/perls/perl-5.34.0/bin:/usr/local/bin:/usr/bin:/bin:/usr/sbin:/sbin:/Users/stan/.vim/bin:/Users/stan/bin:/Users/stan/node_modules/.bin:/usr/local/sbin:/usr/local/opt/curl/bin
    PERL5LIB = 
    PERLBREW_HOME = /Users/stan/.perlbrew
    PERLBREW_LIB = 
    PERLBREW_MANPATH = /Users/stan/perl5/perlbrew/perls/perl-5.10.1/man
    PERLBREW_PATH = /Users/stan/perl5/perlbrew/bin:/Users/stan/perl5/perlbrew/perls/perl-5.10.1/bin
    PERLBREW_PERL = perl-5.10.1
    PERLBREW_ROOT = /Users/stan/perl5/perlbrew
    PERLBREW_SHELLRC_VERSION = 0.92
    PERLBREW_VERSION = 0.92
    PERL_LOCAL_LIB_ROOT = 
    PERL_MM_USE_DEFAULT = 1
    SHELL = /usr/local/bin/zsh
    TERM = screen
    TMPDIR = /var/folders/tk/hx6fvpsj3yzbyd1k1br945mc0000gn/T/

Perl special variables (and OS-specific diagnostics, for MSWin32):

    EGID = 20 20 12 61 79 80 81 98 701 33 100 204 250 395 398 101 400
    EUID = 501
    EXECUTABLE_NAME = /Users/stan/perl5/perlbrew/perls/perl-5.10.1/bin/perl
    GID = 20 20 12 61 79 80 81 98 701 33 100 204 250 395 398 101 400
    UID = 501

Perl module toolchain versions installed:

    Module              Have    
    ------------------- --------
    CPAN                2.28    
    CPAN::Meta          2.150010
    Cwd                 3.75    
    ExtUtils::CBuilder  0.280236
    ExtUtils::Command   7.62    
    ExtUtils::Install   2.20    
    ExtUtils::MakeMaker 7.62    
    ExtUtils::Manifest  1.73    
    ExtUtils::ParseXS   3.35    
    File::Spec          3.75    
    JSON                4.03    
    JSON::PP            4.06    
    Module::Build       0.4231  
    Module::Signature   n/a     
    Parse::CPAN::Meta   2.150010
    Test::Harness       3.42    
    Test::More          1.302185
    YAML                1.30    
    YAML::Syck          n/a     
    version             0.9929  


--

Summary of my perl5 (revision 5 version 10 subversion 1) configuration:
   
  Platform:
    osname=darwin, osvers=20.4.0, archname=darwin-2level
    uname='darwin imac.fritz.box 20.4.0 darwin kernel version 20.4.0: thu apr 22 21:46:47 pdt 2021; root:xnu-7195.101.2~1release_x86_64 x86_64 '
    config_args='-de -Dprefix=/Users/stan/perl5/perlbrew/perls/perl-5.10.1 -Aeval:scriptdir=/Users/stan/perl5/perlbrew/perls/perl-5.10.1/bin'
    hint=recommended, useposix=true, d_sigaction=define
    useithreads=undef, usemultiplicity=undef
    useperlio=define, d_sfio=undef, uselargefiles=define, usesocks=undef
    use64bitint=define, use64bitall=define, uselongdouble=undef
    usemymalloc=n, bincompat5005=undef
  Compiler:
    cc='cc', ccflags ='-fno-common -DPERL_DARWIN -mmacosx-version-min=11.3 -fno-strict-aliasing -pipe -fstack-protector -I/usr/local/include -DPERL_USE_SAFE_PUTENV',
    optimize='-O3',
    cppflags='-fno-common -DPERL_DARWIN -mmacosx-version-min=11.3 -fno-strict-aliasing -pipe -fstack-protector -I/usr/local/include'
    ccversion='', gccversion='Apple LLVM 12.0.5 (clang-1205.0.22.9)', gccosandvers=''
    intsize=4, longsize=8, ptrsize=8, doublesize=8, byteorder=12345678
    d_longlong=define, longlongsize=8, d_longdbl=define, longdblsize=16
    ivtype='long', ivsize=8, nvtype='double', nvsize=8, Off_t='off_t', lseeksize=8
    alignbytes=8, prototype=define
  Linker and Libraries:
    ld='cc', ldflags =' -mmacosx-version-min=11.3 -fstack-protector -L/usr/local/lib'
    libpth=/usr/local/lib /usr/lib
    libs=-lgdbm -ldb
    perllibs=
    libc=, so=dylib, useshrplib=false, libperl=libperl.a
    gnulibc_version=''
  Dynamic Linking:
    dlsrc=dl_dlopen.xs, dlext=bundle, d_dlsymun=undef, ccdlflags=' '
    cccdlflags=' ', lddlflags=' -mmacosx-version-min=11.3 -bundle -undefined dynamic_lookup -L/usr/local/lib -fstack-protector'


Characteristics of this binary (from libperl): 
  Compile-time options: PERL_DONT_CREATE_GVSV PERL_MALLOC_WRAP
                        PERL_USE_SAFE_PUTENV USE_64_BIT_ALL USE_64_BIT_INT
                        USE_LARGE_FILES USE_PERLIO
  Locally applied patches:
	Devel::PatchPerl 2.08
  Built under darwin
  Compiled at Jun 13 2021 16:49:18
  %ENV:
    PERL5LIB=""
    PERLBREW_HOME="/Users/stan/.perlbrew"
    PERLBREW_LIB=""
    PERLBREW_MANPATH="/Users/stan/perl5/perlbrew/perls/perl-5.10.1/man"
    PERLBREW_PATH="/Users/stan/perl5/perlbrew/bin:/Users/stan/perl5/perlbrew/perls/perl-5.10.1/bin"
    PERLBREW_PERL="perl-5.10.1"
    PERLBREW_ROOT="/Users/stan/perl5/perlbrew"
    PERLBREW_SHELLRC_VERSION="0.92"
    PERLBREW_VERSION="0.92"
    PERL_LOCAL_LIB_ROOT=""
    PERL_MM_USE_DEFAULT="1"
  @INC:
    /Users/stan/perl5/perlbrew/perls/perl-5.10.1/lib/5.10.1/darwin-2level
    /Users/stan/perl5/perlbrew/perls/perl-5.10.1/lib/5.10.1
    /Users/stan/perl5/perlbrew/perls/perl-5.10.1/lib/site_perl/5.10.1/darwin-2level
    /Users/stan/perl5/perlbrew/perls/perl-5.10.1/lib/site_perl/5.10.1
    .