DBIx-MoCo v0.18 Perl 5 v5.35.2 x86_64-linux-ld
- Status
- Fail
- From
- Andreas J. König (ANDK)
- Dist
-
DBIx-MoCo v0.18
- Platform
- Perl 5 v5.35.2 x86_64-linux-ld
- Date
- 2021-08-11 04:22:54
- ID
- cc797bb4-fa5b-11eb-b51a-92e0093349c8
This distribution has been tested as part of the CPAN Testers
project, supporting the Perl programming language. See
http://wiki.cpantesters.org/ for more information or email
questions to cpan-testers-discuss@perl.org
--
Dear Junya Kondo,
This is a computer-generated report for DBIx-MoCo-0.18
on perl 5.35.2, created by CPAN-Reporter-1.2018.
Thank you for uploading your work to CPAN. However, there was a problem
testing your distribution.
If you think this report is invalid, please consult the CPAN Testers Wiki
for suggestions on how to avoid getting FAIL reports for missing library
or binary dependencies, unsupported operating systems, and so on:
http://wiki.cpantesters.org/wiki/CPANAuthorNotes
Sections of this report:
* Tester comments
* Program output
* Prerequisites
* Environment and other context
------------------------------
TESTER COMMENTS
------------------------------
Additional comments from tester:
this report is from an automated smoke testing program
and was not reviewed by a human for accuracy
------------------------------
PROGRAM OUTPUT
------------------------------
Output from '/usr/bin/make test':
PERL_DL_NONLAZY=1 "/tmp/basesmoker-reloperl-HVFz/bin/perl" "-MExtUtils::Command::MM" "-MTest::Harness" "-e" "undef *Test::Harness::Switches; test_harness(0, 'blib/lib', 'blib/arch')" t/*.t
t/00-list.t ............ ok
# Failed test 'prepared cached'
# at t/01-database.t line 67.
# (in ThisTest->prepared_cached)
# Failed test 'undef isa 'DBI::st''
# at t/01-database.t line 68.
# (in ThisTest->prepared_cached)
# undef isn't defined
# Failed test 'prepared cached'
# at t/01-database.t line 71.
# (in ThisTest->prepared_cached)
# Failed test 'undef isa 'DBI::st''
# at t/01-database.t line 72.
# (in ThisTest->prepared_cached)
# undef isn't defined
# Looks like you failed 4 tests of 54.
t/01-database.t ........
Dubious, test returned 4 (wstat 1024, 0x400)
Failed 4/54 subtests
t/02-cache.t ........... ok
# Failed test 'mysql died (DBI connect('dbname=mysql','root',...) failed: Access denied for user 'root'@'localhost' at /tmp/loop_over_bdir-14873-gqPQRU/DBIx-MoCo-0.18-0/blib/lib/DBIx/MoCo/DataBase.pm line 170.)'
# at t/03-schema.t line 8.
# (in ThisTest->mysql)
# Looks like you failed 1 test of 22.
t/03-schema.t ..........
Dubious, test returned 1 (wstat 256, 0x100)
Failed 1/22 subtests
(less 8 skipped subtests: 13 okay)
t/04-join.t ............ ok
t/05-methods.t ......... ok
# Failed test 'has_column died (DBI connect('dbname=mysql','root',...) failed: Access denied for user 'root'@'localhost' at /tmp/loop_over_bdir-14873-gqPQRU/DBIx-MoCo-0.18-0/blib/lib/DBIx/MoCo/DataBase.pm line 170.)'
# at t/06-column.t line 8.
# (in ThisTest->has_column)
# Looks like you failed 1 test of 43.
t/06-column.t ..........
Dubious, test returned 1 (wstat 256, 0x100)
Failed 1/43 subtests
t/07-null-cache.t ...... ok
# Failed test 'greater than 2 ** 56'
# at t/08-muid.t line 22.
# (in ThisTest->muid)
# Failed test 'greater than 2 ** 56'
# at t/08-muid.t line 28.
# (in ThisTest->muid)
# Looks like you failed 2 tests of 11.
t/08-muid.t ............
Dubious, test returned 2 (wstat 512, 0x200)
Failed 2/11 subtests
Hexadecimal number > 0xffffffff non-portable at (eval 57) line 1.
Hexadecimal number > 0xffffffff non-portable at (eval 59) line 1.
t/10-moco.t ............ ok
Reference passed to set at /home/sand/src/perl/repoperls/installed-perls/host/k93bionic/v5.35.2/ca05/lib/site_perl/5.35.2/Cache.pm line 293.
Reference passed to set at /home/sand/src/perl/repoperls/installed-perls/host/k93bionic/v5.35.2/ca05/lib/site_perl/5.35.2/Cache.pm line 293.
t/11-cache-memory.t .... ok
t/12-moco-session.t .... ok
t/13-readonly.t ........ ok
t/14-trigger.t ......... ok
t/15-utf8.t ............ ok
t/16-instance-cache.t .. ok
t/17-inflate_column.t .. ok
Reference passed to set at /home/sand/src/perl/repoperls/installed-perls/host/k93bionic/v5.35.2/ca05/lib/site_perl/5.35.2/Cache.pm line 293.
Reference passed to set at /home/sand/src/perl/repoperls/installed-perls/host/k93bionic/v5.35.2/ca05/lib/site_perl/5.35.2/Cache.pm line 293.
Reference passed to set at /home/sand/src/perl/repoperls/installed-perls/host/k93bionic/v5.35.2/ca05/lib/site_perl/5.35.2/Cache.pm line 293.
Reference passed to set at /home/sand/src/perl/repoperls/installed-perls/host/k93bionic/v5.35.2/ca05/lib/site_perl/5.35.2/Cache.pm line 293.
Reference passed to set at /home/sand/src/perl/repoperls/installed-perls/host/k93bionic/v5.35.2/ca05/lib/site_perl/5.35.2/Cache.pm line 293.
Reference passed to set at /home/sand/src/perl/repoperls/installed-perls/host/k93bionic/v5.35.2/ca05/lib/site_perl/5.35.2/Cache.pm line 293.
Reference passed to set at /home/sand/src/perl/repoperls/installed-perls/host/k93bionic/v5.35.2/ca05/lib/site_perl/5.35.2/Cache.pm line 293.
Reference passed to set at /home/sand/src/perl/repoperls/installed-perls/host/k93bionic/v5.35.2/ca05/lib/site_perl/5.35.2/Cache.pm line 293.
t/18-retrieve_multi.t .. ok
t/19-with.t ............ ok
t/20-with_default.t .... ok
t/21-cache_dummy.t ..... ok
t/22-list_class.t ...... ok
t/23-fixture.t ......... ok
Test Summary Report
-------------------
t/01-database.t (Wstat: 1024 Tests: 54 Failed: 4)
Failed tests: 16-19
Non-zero exit status: 4
t/03-schema.t (Wstat: 256 Tests: 22 Failed: 1)
Failed test: 6
Non-zero exit status: 1
t/06-column.t (Wstat: 256 Tests: 43 Failed: 1)
Failed test: 16
Non-zero exit status: 1
t/08-muid.t (Wstat: 512 Tests: 11 Failed: 2)
Failed tests: 4, 8
Non-zero exit status: 2
Files=23, Tests=630, 20 wallclock secs ( 0.16 usr 0.18 sys + 3.44 cusr 1.33 csys = 5.11 CPU)
Result: FAIL
Failed 4/23 test programs. 8/630 subtests failed.
Makefile:937: recipe for target 'test_dynamic' failed
make: *** [test_dynamic] Error 255
------------------------------
PREREQUISITES
------------------------------
Prerequisite modules loaded:
requires:
Module Need Have
----------------------- ---- --------
Cache::Memory 0 2.11
Class::Trigger 0 0.15
Data::Dumper 0 2.183
DateTime 0 1.54
DateTime::Format::MySQL 0 0.0701
DBD::SQLite 0 1.70
DBI 0 1.643
Exporter 0 5.76
Exporter::Lite 0 0.08
File::Spec 0 3.81
FindBin::libs 0 v2.20.2
FormValidator::Simple 0 0.29
Kwalify 0 1.23
List::MoreUtils 0 0.430
List::Util 0 1.56
Math::BigInt::Lite 0 0.23
Net::Address::Ethernet 0 1.128
Path::Class 0 0.37
Scalar::Util 0 1.56
SQL::Abstract 0 2.000001
Storable 0 3.23
Test::Class 0 0.52
Tie::IxHash 0 1.23
Time::HiRes 0 1.9768
UNIVERSAL::require 0 0.19
URI 0 5.09
YAML::Syck 0 1.34
build_requires:
Module Need Have
----------------------- ---- --------
ExtUtils::MakeMaker 0 7.62
------------------------------
ENVIRONMENT AND OTHER CONTEXT
------------------------------
Environment variables:
AUTOMATED_TESTING = 1
LANG = en_US.utf8
PATH = /home/sand/bin:/usr/local/bin:/usr/local/sbin:/usr/sbin:/usr/bin:/sbin:/bin:/usr/games:/usr/local/games:/snap/bin:/usr/local/perl/bin:/usr/X11/bin
PERL = /tmp/basesmoker-reloperl-HVFz/bin/perl
PERL5LIB = /tmp/loop_over_bdir-14873-gqPQRU/downsexta-0/blib/arch:/tmp/loop_over_bdir-14873-gqPQRU/downsexta-0/blib/lib:/tmp/loop_over_bdir-14873-gqPQRU/dta-tokwrap-0.98-0/blib/arch:/tmp/loop_over_bdir-14873-gqPQRU/dta-tokwrap-0.98-0/blib/lib:/tmp/loop_over_bdir-14873-gqPQRU/triceps-2.1.0-0/blib/arch:/tmp/loop_over_bdir-14873-gqPQRU/triceps-2.1.0-0/blib/lib:/tmp/loop_over_bdir-14873-gqPQRU/Lemonldap-NG-Cli-0.2-0/blib/arch:/tmp/loop_over_bdir-14873-gqPQRU/Lemonldap-NG-Cli-0.2-0/blib/lib:/tmp/loop_over_bdir-14873-gqPQRU/OSDial-3.0.2.124-0/blib/arch:/tmp/loop_over_bdir-14873-gqPQRU/OSDial-3.0.2.124-0/blib/lib:/tmp/loop_over_bdir-14873-gqPQRU/Business-Shipping-DataFiles-1.02-0/blib/arch:/tmp/loop_over_bdir-14873-gqPQRU/Business-Shipping-DataFiles-1.02-0/blib/lib:/tmp/loop_over_bdir-14873-gqPQRU/Devel-Required-0.16-0/blib/arch:/tmp/loop_over_bdir-14873-gqPQRU/Devel-Required-0.16-0/blib/lib:/tmp/loop_over_bdir-14873-gqPQRU/Debian-Packages-0.03-0/blib/arch:/tmp/loop_over_bdir-14873-gqPQRU/Debian-Packages-0.03-0/blib/lib:/tmp/loop_over_bdir-14873-gqPQRU/Lingua-BioYaTeA-0.11-0/blib/arch:/tmp/loop_over_bdir-14873-gqPQRU/Lingua-BioYaTeA-0.11-0/blib/lib:/tmp/loop_over_bdir-14873-gqPQRU/Lingua-YaTeA-0.626-0/blib/arch:/tmp/loop_over_bdir-14873-gqPQRU/Lingua-YaTeA-0.626-0/blib/lib:/tmp/loop_over_bdir-14873-gqPQRU/mmds-1.902-0/blib/arch:/tmp/loop_over_bdir-14873-gqPQRU/mmds-1.902-0/blib/lib:/tmp/loop_over_bdir-14873-gqPQRU/LiquidWeb-Storm-CLI-1.03-0/blib/arch:/tmp/loop_over_bdir-14873-gqPQRU/LiquidWeb-Storm-CLI-1.03-0/blib/lib
PERL5OPT =
PERL5_CPANPLUS_IS_RUNNING = 14881
PERL5_CPAN_IS_RUNNING = 14881
PERL_CANARY_STABILITY_NOPROMPT = 1
PERL_MM_USE_DEFAULT = 1
PERL_USE_UNSAFE_INC = 1
SHELL = /usr/bin/zsh
TERM = screen
Perl special variables (and OS-specific diagnostics, for MSWin32):
$^X = /tmp/basesmoker-reloperl-HVFz/bin/perl
$UID/$EUID = 1005 / 1005
$GID = 1005 1005
$EGID = 1005 1005
Perl module toolchain versions installed:
Module Have
------------------- --------
CPAN 2.28
CPAN::Meta 2.150010
Cwd 3.82
ExtUtils::CBuilder 0.280236
ExtUtils::Command 7.62
ExtUtils::Install 2.20
ExtUtils::MakeMaker 7.62
ExtUtils::Manifest 1.73
ExtUtils::ParseXS 3.43
File::Spec 3.81
JSON 4.03
JSON::PP 4.06
Module::Build 0.4231
Module::Signature 0.87
Parse::CPAN::Meta 2.150010
Test::Harness 3.43
Test::More 1.302186
YAML 1.30
YAML::Syck 1.34
version 0.9929
--
Summary of my perl5 (revision 5 version 35 subversion 2) configuration:
Commit id: e758692133b5069e2524e70b41bd782ad9e1267b
Platform:
osname=linux
osvers=4.15.0-144-generic
archname=x86_64-linux-ld
uname='linux k93bionic 4.15.0-144-generic #148-ubuntu smp sat may 8 02:33:43 utc 2021 x86_64 x86_64 x86_64 gnulinux '
config_args='-Dprefix=/home/sand/src/perl/repoperls/installed-perls/host/k93bionic/v5.35.2/ca05 -Dmyhostname=k93bionic -Dinstallusrbinperl=n -Uversiononly -Dusedevel -des -Ui_db -Dlibswanted=cl pthread socket inet nsl gdbm dbm malloc dl ld sun m crypt sec util c cposix posix ucb BSD gdbm_compat -Uuseithreads -Duselongdouble -DEBUGGING=-g'
hint=recommended
useposix=true
d_sigaction=define
useithreads=undef
usemultiplicity=undef
use64bitint=define
use64bitall=define
uselongdouble=define
usemymalloc=n
default_inc_excludes_dot=define
Compiler:
cc='cc'
ccflags ='-fwrapv -fno-strict-aliasing -pipe -fstack-protector-strong -I/usr/local/include -D_LARGEFILE_SOURCE -D_FILE_OFFSET_BITS=64'
optimize='-O2 -g'
cppflags='-fwrapv -fno-strict-aliasing -pipe -fstack-protector-strong -I/usr/local/include'
ccversion=''
gccversion='7.5.0'
gccosandvers=''
intsize=4
longsize=8
ptrsize=8
doublesize=8
byteorder=12345678
doublekind=3
d_longlong=define
longlongsize=8
d_longdbl=define
longdblsize=16
longdblkind=3
ivtype='long'
ivsize=8
nvtype='long double'
nvsize=16
Off_t='off_t'
lseeksize=8
alignbytes=16
prototype=define
Linker and Libraries:
ld='cc'
ldflags =' -fstack-protector-strong -L/usr/local/lib'
libpth=/usr/local/lib /usr/lib/x86_64-linux-gnu /usr/lib /lib/x86_64-linux-gnu /lib
libs=-lpthread -lnsl -ldl -lm -lcrypt -lutil -lc
perllibs=-lpthread -lnsl -ldl -lm -lcrypt -lutil -lc
libc=libc-2.27.so
so=so
useshrplib=false
libperl=libperl.a
gnulibc_version='2.27'
Dynamic Linking:
dlsrc=dl_dlopen.xs
dlext=so
d_dlsymun=undef
ccdlflags='-Wl,-E'
cccdlflags='-fPIC'
lddlflags='-shared -O2 -g -L/usr/local/lib -fstack-protector-strong'
Characteristics of this binary (from libperl):
Compile-time options:
HAS_TIMES
PERLIO_LAYERS
PERL_COPY_ON_WRITE
PERL_DONT_CREATE_GVSV
PERL_MALLOC_WRAP
PERL_OP_PARENT
PERL_PRESERVE_IVUV
PERL_USE_DEVEL
USE_64_BIT_ALL
USE_64_BIT_INT
USE_LARGE_FILES
USE_LOCALE
USE_LOCALE_COLLATE
USE_LOCALE_CTYPE
USE_LOCALE_NUMERIC
USE_LOCALE_TIME
USE_LONG_DOUBLE
USE_PERLIO
USE_PERL_ATOF
Built under linux
Compiled at Aug 6 2021 11:12:08
%ENV:
PERL="/tmp/basesmoker-reloperl-HVFz/bin/perl"
PERL5LIB="/tmp/loop_over_bdir-14873-gqPQRU/downsexta-0/blib/arch:/tmp/loop_over_bdir-14873-gqPQRU/downsexta-0/blib/lib:/tmp/loop_over_bdir-14873-gqPQRU/dta-tokwrap-0.98-0/blib/arch:/tmp/loop_over_bdir-14873-gqPQRU/dta-tokwrap-0.98-0/blib/lib:/tmp/loop_over_bdir-14873-gqPQRU/triceps-2.1.0-0/blib/arch:/tmp/loop_over_bdir-14873-gqPQRU/triceps-2.1.0-0/blib/lib:/tmp/loop_over_bdir-14873-gqPQRU/Lemonldap-NG-Cli-0.2-0/blib/arch:/tmp/loop_over_bdir-14873-gqPQRU/Lemonldap-NG-Cli-0.2-0/blib/lib:/tmp/loop_over_bdir-14873-gqPQRU/OSDial-3.0.2.124-0/blib/arch:/tmp/loop_over_bdir-14873-gqPQRU/OSDial-3.0.2.124-0/blib/lib:/tmp/loop_over_bdir-14873-gqPQRU/Business-Shipping-DataFiles-1.02-0/blib/arch:/tmp/loop_over_bdir-14873-gqPQRU/Business-Shipping-DataFiles-1.02-0/blib/lib:/tmp/loop_over_bdir-14873-gqPQRU/Devel-Required-0.16-0/blib/arch:/tmp/loop_over_bdir-14873-gqPQRU/Devel-Required-0.16-0/blib/lib:/tmp/loop_over_bdir-14873-gqPQRU/Debian-Packages-0.03-0/blib/arch:/tmp/loop_over_bdir-14873-gqPQRU/Debian-Packages-0.03-0/blib/lib:/tmp/loop_over_bdir-14873-gqPQRU/Lingua-BioYaTeA-0.11-0/blib/arch:/tmp/loop_over_bdir-14873-gqPQRU/Lingua-BioYaTeA-0.11-0/blib/lib:/tmp/loop_over_bdir-14873-gqPQRU/Lingua-YaTeA-0.626-0/blib/arch:/tmp/loop_over_bdir-14873-gqPQRU/Lingua-YaTeA-0.626-0/blib/lib:/tmp/loop_over_bdir-14873-gqPQRU/mmds-1.902-0/blib/arch:/tmp/loop_over_bdir-14873-gqPQRU/mmds-1.902-0/blib/lib:/tmp/loop_over_bdir-14873-gqPQRU/LiquidWeb-Storm-CLI-1.03-0/blib/arch:/tmp/loop_over_bdir-14873-gqPQRU/LiquidWeb-Storm-CLI-1.03-0/blib/lib"
PERL5OPT=""
PERL5_CPANPLUS_IS_RUNNING="14881"
PERL5_CPAN_IS_RUNNING="14881"
PERL_CANARY_STABILITY_NOPROMPT="1"
PERL_MM_USE_DEFAULT="1"
PERL_USE_UNSAFE_INC="1"
@INC:
/tmp/loop_over_bdir-14873-gqPQRU/downsexta-0/blib/arch
/tmp/loop_over_bdir-14873-gqPQRU/downsexta-0/blib/lib
/tmp/loop_over_bdir-14873-gqPQRU/dta-tokwrap-0.98-0/blib/arch
/tmp/loop_over_bdir-14873-gqPQRU/dta-tokwrap-0.98-0/blib/lib
/tmp/loop_over_bdir-14873-gqPQRU/triceps-2.1.0-0/blib/arch
/tmp/loop_over_bdir-14873-gqPQRU/triceps-2.1.0-0/blib/lib
/tmp/loop_over_bdir-14873-gqPQRU/Lemonldap-NG-Cli-0.2-0/blib/arch
/tmp/loop_over_bdir-14873-gqPQRU/Lemonldap-NG-Cli-0.2-0/blib/lib
/tmp/loop_over_bdir-14873-gqPQRU/OSDial-3.0.2.124-0/blib/arch
/tmp/loop_over_bdir-14873-gqPQRU/OSDial-3.0.2.124-0/blib/lib
/tmp/loop_over_bdir-14873-gqPQRU/Business-Shipping-DataFiles-1.02-0/blib/arch
/tmp/loop_over_bdir-14873-gqPQRU/Business-Shipping-DataFiles-1.02-0/blib/lib
/tmp/loop_over_bdir-14873-gqPQRU/Devel-Required-0.16-0/blib/arch
/tmp/loop_over_bdir-14873-gqPQRU/Devel-Required-0.16-0/blib/lib
/tmp/loop_over_bdir-14873-gqPQRU/Debian-Packages-0.03-0/blib/arch
/tmp/loop_over_bdir-14873-gqPQRU/Debian-Packages-0.03-0/blib/lib
/tmp/loop_over_bdir-14873-gqPQRU/Lingua-BioYaTeA-0.11-0/blib/arch
/tmp/loop_over_bdir-14873-gqPQRU/Lingua-BioYaTeA-0.11-0/blib/lib
/tmp/loop_over_bdir-14873-gqPQRU/Lingua-YaTeA-0.626-0/blib/arch
/tmp/loop_over_bdir-14873-gqPQRU/Lingua-YaTeA-0.626-0/blib/lib
/tmp/loop_over_bdir-14873-gqPQRU/mmds-1.902-0/blib/arch
/tmp/loop_over_bdir-14873-gqPQRU/mmds-1.902-0/blib/lib
/tmp/loop_over_bdir-14873-gqPQRU/LiquidWeb-Storm-CLI-1.03-0/blib/arch
/tmp/loop_over_bdir-14873-gqPQRU/LiquidWeb-Storm-CLI-1.03-0/blib/lib
/home/sand/src/perl/repoperls/installed-perls/host/k93bionic/v5.35.2/ca05/lib/site_perl/5.35.2/x86_64-linux-ld
/home/sand/src/perl/repoperls/installed-perls/host/k93bionic/v5.35.2/ca05/lib/site_perl/5.35.2
/home/sand/src/perl/repoperls/installed-perls/host/k93bionic/v5.35.2/ca05/lib/5.35.2/x86_64-linux-ld
/home/sand/src/perl/repoperls/installed-perls/host/k93bionic/v5.35.2/ca05/lib/5.35.2
.