Orochi v0.00010 Perl 5 v5.27.8 x86_64-linux
- Status
- Fail
- From
- Slaven Rezić (SREZIC)
- Dist
-
Orochi v0.00010
- Platform
- Perl 5 v5.27.8 x86_64-linux
- Date
- 2018-01-23 01:07:35
- ID
- cbf67064-ffd9-11e7-b613-eab3a9eb0fd9
This distribution has been tested as part of the CPAN Testers
project, supporting the Perl programming language. See
http://wiki.cpantesters.org/ for more information or email
questions to cpan-testers-discuss@perl.org
--
Dear Daisuke Maki,
This is a computer-generated report for Orochi-0.00010
on perl 5.27.8, created by CPAN-Reporter-1.2018.
Thank you for uploading your work to CPAN. However, there was a problem
testing your distribution.
If you think this report is invalid, please consult the CPAN Testers Wiki
for suggestions on how to avoid getting FAIL reports for missing library
or binary dependencies, unsupported operating systems, and so on:
http://wiki.cpantesters.org/wiki/CPANAuthorNotes
Sections of this report:
* Tester comments
* Program output
* Prerequisites
* Environment and other context
------------------------------
TESTER COMMENTS
------------------------------
Additional comments from tester:
none provided
------------------------------
PROGRAM OUTPUT
------------------------------
Output from 'make test':
PERL_DL_NONLAZY=1 "/opt/perl-5.27.8/bin/perl5.27.8" "-MExtUtils::Command::MM" "-MTest::Harness" "-e" "undef *Test::Harness::Switches; test_harness(0, 'inc', 'blib/lib', 'blib/arch')" t/*.t
Variable "$__CONTAINER" is not imported at /home/cpansand/.cpan/build/2018012300/Orochi-0.00010-0/blib/lib/Orochi/Declare.pm line 28.
syntax error at /home/cpansand/.cpan/build/2018012300/Orochi-0.00010-0/blib/lib/Orochi/Declare.pm line 12, near "$name qw( bin_value container inject_constructor inject_literal )"
Global symbol "$name" requires explicit package name (did you forget to declare "my $name"?) at /home/cpansand/.cpan/build/2018012300/Orochi-0.00010-0/blib/lib/Orochi/Declare.pm line 15.
Global symbol "$name" requires explicit package name (did you forget to declare "my $name"?) at /home/cpansand/.cpan/build/2018012300/Orochi-0.00010-0/blib/lib/Orochi/Declare.pm line 16.
Global symbol "$name" requires explicit package name (did you forget to declare "my $name"?) at /home/cpansand/.cpan/build/2018012300/Orochi-0.00010-0/blib/lib/Orochi/Declare.pm line 17.
Global symbol "$name" requires explicit package name (did you forget to declare "my $name"?) at /home/cpansand/.cpan/build/2018012300/Orochi-0.00010-0/blib/lib/Orochi/Declare.pm line 19.
syntax error at /home/cpansand/.cpan/build/2018012300/Orochi-0.00010-0/blib/lib/Orochi/Declare.pm line 22, near "}"
Global symbol "$__CONTAINER" requires explicit package name (did you forget to declare "my $__CONTAINER"?) at /home/cpansand/.cpan/build/2018012300/Orochi-0.00010-0/blib/lib/Orochi/Declare.pm line 28.
Compilation failed in require at t/001_constructor.t line 90.
BEGIN failed--compilation aborted at t/001_constructor.t line 90.
t/001_constructor.t ...
Dubious, test returned 255 (wstat 65280, 0xff00)
No subtests run
Variable "$__CONTAINER" is not imported at /home/cpansand/.cpan/build/2018012300/Orochi-0.00010-0/blib/lib/Orochi/Declare.pm line 28.
syntax error at /home/cpansand/.cpan/build/2018012300/Orochi-0.00010-0/blib/lib/Orochi/Declare.pm line 12, near "$name qw( bin_value container inject_constructor inject_literal )"
Global symbol "$name" requires explicit package name (did you forget to declare "my $name"?) at /home/cpansand/.cpan/build/2018012300/Orochi-0.00010-0/blib/lib/Orochi/Declare.pm line 15.
Global symbol "$name" requires explicit package name (did you forget to declare "my $name"?) at /home/cpansand/.cpan/build/2018012300/Orochi-0.00010-0/blib/lib/Orochi/Declare.pm line 16.
Global symbol "$name" requires explicit package name (did you forget to declare "my $name"?) at /home/cpansand/.cpan/build/2018012300/Orochi-0.00010-0/blib/lib/Orochi/Declare.pm line 17.
Global symbol "$name" requires explicit package name (did you forget to declare "my $name"?) at /home/cpansand/.cpan/build/2018012300/Orochi-0.00010-0/blib/lib/Orochi/Declare.pm line 19.
syntax error at /home/cpansand/.cpan/build/2018012300/Orochi-0.00010-0/blib/lib/Orochi/Declare.pm line 22, near "}"
Global symbol "$__CONTAINER" requires explicit package name (did you forget to declare "my $__CONTAINER"?) at /home/cpansand/.cpan/build/2018012300/Orochi-0.00010-0/blib/lib/Orochi/Declare.pm line 28.
Compilation failed in require at t/002_declare.t line 4.
BEGIN failed--compilation aborted at t/002_declare.t line 4.
t/002_declare.t .......
Dubious, test returned 255 (wstat 65280, 0xff00)
No subtests run
Class::MOP::is_class_loaded is deprecated at /opt/perl-5.27.8/lib/site_perl/5.27.8/x86_64-linux/Class/MOP.pm line 87.
Class::MOP::is_class_loaded("Orochi::Test::MooseBased1") called at /home/cpansand/.cpan/build/2018012300/Orochi-0.00010-0/blib/lib/Orochi.pm line 213
Orochi::inject_class(Orochi=HASH(0x1f7d190), "Orochi::Test::MooseBased1") called at t/300_moosex.t line 10
Class::MOP::load_class is deprecated at /opt/perl-5.27.8/lib/site_perl/5.27.8/x86_64-linux/Class/MOP.pm line 69.
Class::MOP::load_class("Orochi::Test::MooseBased1") called at /home/cpansand/.cpan/build/2018012300/Orochi-0.00010-0/blib/lib/Orochi.pm line 213
Orochi::inject_class(Orochi=HASH(0x1f7d190), "Orochi::Test::MooseBased1") called at t/300_moosex.t line 10
Class::MOP::is_class_loaded is deprecated at /opt/perl-5.27.8/lib/site_perl/5.27.8/x86_64-linux/Class/MOP.pm line 87.
Class::MOP::is_class_loaded("Orochi::Injection::Constructor") called at /home/cpansand/.cpan/build/2018012300/Orochi-0.00010-0/blib/lib/MooseX/Orochi.pm line 42
MooseX::Orochi::bind_constructor(Moose::Meta::Class::__ANON__::SERIAL::1=HASH(0x3db0798), "/orochi/test/MooseBased1", "args", HASH(0x3ccbf68)) called at /opt/perl-5.27.8/lib/site_perl/5.27.8/x86_64-linux/Moose/Exporter.pm line 419
MooseX::Orochi::bind_constructor("/orochi/test/MooseBased1", "args", HASH(0x3ccbf68)) called at t/lib/Orochi/Test/MooseBased1.pm line 5
require Orochi/Test/MooseBased1.pm called at /opt/perl-5.27.8/lib/site_perl/5.27.8/Module/Runtime.pm line 314
Module::Runtime::require_module("Orochi::Test::MooseBased1") called at /opt/perl-5.27.8/lib/site_perl/5.27.8/Class/Load.pm line 174
Class::Load::try {...} () called at /opt/perl-5.27.8/lib/site_perl/5.27.8/Try/Tiny.pm line 98
eval {...} called at /opt/perl-5.27.8/lib/site_perl/5.27.8/Try/Tiny.pm line 93
Try::Tiny::try(CODE(0x3c6cc98), Try::Tiny::Catch=REF(0x3c53200)) called at /opt/perl-5.27.8/lib/site_perl/5.27.8/Class/Load.pm line 180
Class::Load::try_load_class("Orochi::Test::MooseBased1", undef) called at /opt/perl-5.27.8/lib/site_perl/5.27.8/Class/Load.pm line 35
Class::Load::load_class("Orochi::Test::MooseBased1") called at /home/cpansand/.cpan/build/2018012300/Orochi-0.00010-0/blib/lib/Orochi.pm line 213
Orochi::inject_class(Orochi=HASH(0x1f7d190), "Orochi::Test::MooseBased1") called at t/300_moosex.t line 10
Class::MOP::is_class_loaded is deprecated at /opt/perl-5.27.8/lib/site_perl/5.27.8/x86_64-linux/Class/MOP.pm line 87.
Class::MOP::is_class_loaded("Orochi::Test::MooseBased1") called at /home/cpansand/.cpan/build/2018012300/Orochi-0.00010-0/blib/lib/Orochi/Injection/Constructor.pm line 58
Orochi::Injection::Constructor::construct_object(Orochi::Injection::Constructor=HASH(0x3cbb2e0), Orochi=HASH(0x1f7d190), ARRAY(0x3540848)) called at /home/cpansand/.cpan/build/2018012300/Orochi-0.00010-0/blib/lib/Orochi/Injection/Constructor.pm line 50
Orochi::Injection::Constructor::expand(Orochi::Injection::Constructor=HASH(0x3cbb2e0), Orochi=HASH(0x1f7d190)) called at /home/cpansand/.cpan/build/2018012300/Orochi-0.00010-0/blib/lib/Orochi.pm line 88
eval {...} called at /home/cpansand/.cpan/build/2018012300/Orochi-0.00010-0/blib/lib/Orochi.pm line 87
Orochi::get(Orochi=HASH(0x1f7d190), "/orochi/test/MooseBased1") called at t/300_moosex.t line 12
t/300_moosex.t ........ ok
Class::MOP::is_class_loaded is deprecated at /opt/perl-5.27.8/lib/site_perl/5.27.8/x86_64-linux/Class/MOP.pm line 87.
Class::MOP::is_class_loaded("Orochi::Test::MooseBased3") called at /home/cpansand/.cpan/build/2018012300/Orochi-0.00010-0/blib/lib/Orochi.pm line 213
Orochi::inject_class(Orochi=HASH(0x34572b0), "Orochi::Test::MooseBased3") called at t/900_cascade_bind.t line 19
Class::MOP::load_class is deprecated at /opt/perl-5.27.8/lib/site_perl/5.27.8/x86_64-linux/Class/MOP.pm line 69.
Class::MOP::load_class("Orochi::Test::MooseBased3") called at /home/cpansand/.cpan/build/2018012300/Orochi-0.00010-0/blib/lib/Orochi.pm line 213
Orochi::inject_class(Orochi=HASH(0x34572b0), "Orochi::Test::MooseBased3") called at t/900_cascade_bind.t line 19
Class::MOP::is_class_loaded is deprecated at /opt/perl-5.27.8/lib/site_perl/5.27.8/x86_64-linux/Class/MOP.pm line 87.
Class::MOP::is_class_loaded("Orochi::Injection::Setter") called at /home/cpansand/.cpan/build/2018012300/Orochi-0.00010-0/blib/lib/MooseX/Orochi.pm line 42
MooseX::Orochi::bind_constructor(Moose::Meta::Class::__ANON__::SERIAL::1=HASH(0x3578b18), "/orochi/test/MooseBased3", "injection_class", "Setter", "setter_params", HASH(0x342cf08)) called at /opt/perl-5.27.8/lib/site_perl/5.27.8/x86_64-linux/Moose/Exporter.pm line 419
MooseX::Orochi::bind_constructor("/orochi/test/MooseBased3", "injection_class", "Setter", "setter_params", HASH(0x342cf08)) called at t/lib/Orochi/Test/MooseBased3.pm line 5
require Orochi/Test/MooseBased3.pm called at /opt/perl-5.27.8/lib/site_perl/5.27.8/Module/Runtime.pm line 314
Module::Runtime::require_module("Orochi::Test::MooseBased3") called at /opt/perl-5.27.8/lib/site_perl/5.27.8/Class/Load.pm line 174
Class::Load::try {...} () called at /opt/perl-5.27.8/lib/site_perl/5.27.8/Try/Tiny.pm line 98
eval {...} called at /opt/perl-5.27.8/lib/site_perl/5.27.8/Try/Tiny.pm line 93
Try::Tiny::try(CODE(0x32a6758), Try::Tiny::Catch=REF(0x341a8a0)) called at /opt/perl-5.27.8/lib/site_perl/5.27.8/Class/Load.pm line 180
Class::Load::try_load_class("Orochi::Test::MooseBased3", undef) called at /opt/perl-5.27.8/lib/site_perl/5.27.8/Class/Load.pm line 35
Class::Load::load_class("Orochi::Test::MooseBased3") called at /home/cpansand/.cpan/build/2018012300/Orochi-0.00010-0/blib/lib/Orochi.pm line 213
Orochi::inject_class(Orochi=HASH(0x34572b0), "Orochi::Test::MooseBased3") called at t/900_cascade_bind.t line 19
Class::MOP::load_class is deprecated at /opt/perl-5.27.8/lib/site_perl/5.27.8/x86_64-linux/Class/MOP.pm line 69.
Class::MOP::load_class("Orochi::Injection::Setter") called at /home/cpansand/.cpan/build/2018012300/Orochi-0.00010-0/blib/lib/MooseX/Orochi.pm line 42
MooseX::Orochi::bind_constructor(Moose::Meta::Class::__ANON__::SERIAL::1=HASH(0x3578b18), "/orochi/test/MooseBased3", "injection_class", "Setter", "setter_params", HASH(0x342cf08)) called at /opt/perl-5.27.8/lib/site_perl/5.27.8/x86_64-linux/Moose/Exporter.pm line 419
MooseX::Orochi::bind_constructor("/orochi/test/MooseBased3", "injection_class", "Setter", "setter_params", HASH(0x342cf08)) called at t/lib/Orochi/Test/MooseBased3.pm line 5
require Orochi/Test/MooseBased3.pm called at /opt/perl-5.27.8/lib/site_perl/5.27.8/Module/Runtime.pm line 314
Module::Runtime::require_module("Orochi::Test::MooseBased3") called at /opt/perl-5.27.8/lib/site_perl/5.27.8/Class/Load.pm line 174
Class::Load::try {...} () called at /opt/perl-5.27.8/lib/site_perl/5.27.8/Try/Tiny.pm line 98
eval {...} called at /opt/perl-5.27.8/lib/site_perl/5.27.8/Try/Tiny.pm line 93
Try::Tiny::try(CODE(0x32a6758), Try::Tiny::Catch=REF(0x341a8a0)) called at /opt/perl-5.27.8/lib/site_perl/5.27.8/Class/Load.pm line 180
Class::Load::try_load_class("Orochi::Test::MooseBased3", undef) called at /opt/perl-5.27.8/lib/site_perl/5.27.8/Class/Load.pm line 35
Class::Load::load_class("Orochi::Test::MooseBased3") called at /home/cpansand/.cpan/build/2018012300/Orochi-0.00010-0/blib/lib/Orochi.pm line 213
Orochi::inject_class(Orochi=HASH(0x34572b0), "Orochi::Test::MooseBased3") called at t/900_cascade_bind.t line 19
Class::MOP::is_class_loaded is deprecated at /opt/perl-5.27.8/lib/site_perl/5.27.8/x86_64-linux/Class/MOP.pm line 87.
Class::MOP::is_class_loaded("Orochi::Test::MooseBased3") called at /home/cpansand/.cpan/build/2018012300/Orochi-0.00010-0/blib/lib/Orochi/Injection/Constructor.pm line 58
Orochi::Injection::Constructor::construct_object(Orochi::Injection::Setter=HASH(0x2b81858), Orochi=HASH(0x34572b0), ARRAY(0x2d13fd8)) called at /home/cpansand/.cpan/build/2018012300/Orochi-0.00010-0/blib/lib/Orochi/Injection/Constructor.pm line 50
Orochi::Injection::Constructor::expand(Orochi::Injection::Setter=HASH(0x2b81858), Orochi=HASH(0x34572b0)) called at /home/cpansand/.cpan/build/2018012300/Orochi-0.00010-0/blib/lib/Orochi.pm line 88
eval {...} called at /home/cpansand/.cpan/build/2018012300/Orochi-0.00010-0/blib/lib/Orochi.pm line 87
Orochi::get(Orochi=HASH(0x34572b0), "/orochi/test/MooseBased3") called at t/900_cascade_bind.t line 23
main::__ANON__() called at /opt/perl-5.27.8/lib/site_perl/5.27.8/Test/Exception.pm line 353
eval {...} called at /opt/perl-5.27.8/lib/site_perl/5.27.8/Test/Exception.pm line 353
Test::Exception::lives_and(CODE(0x342d460)) called at t/900_cascade_bind.t line 26
t/900_cascade_bind.t .. ok
Test Summary Report
-------------------
t/001_constructor.t (Wstat: 65280 Tests: 0 Failed: 0)
Non-zero exit status: 255
Parse errors: No plan found in TAP output
t/002_declare.t (Wstat: 65280 Tests: 0 Failed: 0)
Non-zero exit status: 255
Parse errors: No plan found in TAP output
Files=4, Tests=14, 1 wallclock secs ( 0.01 usr 0.01 sys + 0.86 cusr 0.11 csys = 0.99 CPU)
Result: FAIL
Failed 2/4 test programs. 0/14 subtests failed.
make: *** [test_dynamic] Error 255
------------------------------
PREREQUISITES
------------------------------
Prerequisite modules loaded:
requires:
Module Need Have
------------------- ------- ----------
Data::Visitor 0 0.30
Module::Pluggable 0 5.2
Moose 0.93_01 2.2009
namespace::clean 0 0.27
Path::Router 0 0.15
Sub::Exporter 0 0.987
build_requires:
Module Need Have
------------------- ------- ----------
ExtUtils::MakeMaker 6.42 7.30
Test::MockObject 0 1.20161202
Test::More 0.88 1.302120
UNIVERSAL::can 0 1.20140328
UNIVERSAL::isa 0 1.20171012
configure_requires:
Module Need Have
------------------- ------- ----------
ExtUtils::MakeMaker 6.42 7.30
------------------------------
ENVIRONMENT AND OTHER CONTEXT
------------------------------
Environment variables:
LANG = en_US.UTF-8
PATH = /usr/local/bin:/usr/bin:/bin:/usr/local/sbin:/usr/sbin:/sbin:/home/cpansand/bin/linux-gnu:/home/cpansand/bin/sh:/home/cpansand/bin:/usr/games:/home/cpansand/devel:/home/eserte/src/srezic-misc/scripts
PERL5LIB =
PERL5OPT =
PERL5_CPANPLUS_IS_RUNNING = 16419
PERL5_CPAN_IS_RUNNING = 16419
PERL5_CPAN_IS_RUNNING_IN_RECURSION = 10629,16419
PERLDOC = -MPod::Perldoc::ToTextOverstrike
PERL_BATCH = yes
PERL_CANARY_STABILITY_NOPROMPT = 1
PERL_CPAN_REPORTER_CONFIG = /var/tmp/cpansmoker-1023/2018012221/cpanreporter_001_config.ini
PERL_EXTUTILS_AUTOINSTALL = --defaultdeps
PERL_USE_UNSAFE_INC = 1
SHELL = /bin/zsh
TERM = screen
TMPDIR = /var/tmp/cpansmoker-1023/2018012221
Perl special variables (and OS-specific diagnostics, for MSWin32):
$^X = /opt/perl-5.27.8/bin/perl5.27.8
$UID/$EUID = 1023 / 1023
$GID = 1023 1023
$EGID = 1023 1023
Perl module toolchain versions installed:
Module Have
------------------- --------
CPAN 2.20
CPAN::Meta 2.150010
Cwd 3.72
ExtUtils::CBuilder 0.280230
ExtUtils::Command 7.30
ExtUtils::Install 2.14
ExtUtils::MakeMaker 7.30
ExtUtils::Manifest 1.70
ExtUtils::ParseXS 3.35
File::Spec 3.72
JSON 2.97001
JSON::PP 2.97001
Module::Build 0.4224
Module::Signature 0.81
Parse::CPAN::Meta 2.150010
Test::Harness 3.39
Test::More 1.302120
YAML 1.24
YAML::Syck 1.30
version 0.9918
--
Summary of my perl5 (revision 5 version 27 subversion 8) configuration:
Platform:
osname=linux
osvers=2.6.32-696.3.1.el6.x86_64
archname=x86_64-linux
uname='linux centos6 2.6.32-696.3.1.el6.x86_64 #1 smp tue may 30 19:52:55 utc 2017 x86_64 x86_64 x86_64 gnulinux '
config_args='-ds -e -Dprefix=/opt/perl-5.27.8 -Dusedevel -Dusemallocwrap=no -Dcf_email=srezic@cpan.org'
hint=recommended
useposix=true
d_sigaction=define
useithreads=undef
usemultiplicity=undef
use64bitint=define
use64bitall=define
uselongdouble=undef
usemymalloc=n
default_inc_excludes_dot=define
bincompat5005=undef
Compiler:
cc='cc'
ccflags ='-fwrapv -fno-strict-aliasing -pipe -fstack-protector -I/usr/local/include -D_LARGEFILE_SOURCE -D_FILE_OFFSET_BITS=64 -D_FORTIFY_SOURCE=2'
optimize='-O2'
cppflags='-fwrapv -fno-strict-aliasing -pipe -fstack-protector -I/usr/local/include'
ccversion=''
gccversion='4.4.7 20120313 (Red Hat 4.4.7-18)'
gccosandvers=''
intsize=4
longsize=8
ptrsize=8
doublesize=8
byteorder=12345678
doublekind=3
d_longlong=define
longlongsize=8
d_longdbl=define
longdblsize=16
longdblkind=3
ivtype='long'
ivsize=8
nvtype='double'
nvsize=8
Off_t='off_t'
lseeksize=8
alignbytes=8
prototype=define
Linker and Libraries:
ld='cc'
ldflags =' -fstack-protector -L/usr/local/lib'
libpth=/usr/local/lib /usr/lib /lib/../lib64 /usr/lib/../lib64 /lib /lib64 /usr/lib64 /usr/local/lib64
libs=-lpthread -lnsl -lgdbm -ldb -ldl -lm -lcrypt -lutil -lc
perllibs=-lpthread -lnsl -ldl -lm -lcrypt -lutil -lc
libc=libc-2.12.so
so=so
useshrplib=false
libperl=libperl.a
gnulibc_version='2.12'
Dynamic Linking:
dlsrc=dl_dlopen.xs
dlext=so
d_dlsymun=undef
ccdlflags='-Wl,-E'
cccdlflags='-fPIC'
lddlflags='-shared -O2 -L/usr/local/lib -fstack-protector'
Characteristics of this binary (from libperl):
Compile-time options:
HAS_TIMES
PERLIO_LAYERS
PERL_COPY_ON_WRITE
PERL_DONT_CREATE_GVSV
PERL_OP_PARENT
PERL_PRESERVE_IVUV
PERL_USE_DEVEL
USE_64_BIT_ALL
USE_64_BIT_INT
USE_LARGE_FILES
USE_LOCALE
USE_LOCALE_COLLATE
USE_LOCALE_CTYPE
USE_LOCALE_NUMERIC
USE_LOCALE_TIME
USE_PERLIO
USE_PERL_ATOF
Built under linux
Compiled at Jan 20 2018 08:22:23
%ENV:
PERL5LIB=""
PERL5OPT=""
PERL5_CPANPLUS_IS_RUNNING="16419"
PERL5_CPAN_IS_RUNNING="16419"
PERL5_CPAN_IS_RUNNING_IN_RECURSION="10629,16419"
PERLDOC="-MPod::Perldoc::ToTextOverstrike"
PERL_BATCH="yes"
PERL_CANARY_STABILITY_NOPROMPT="1"
PERL_CPAN_REPORTER_CONFIG="/var/tmp/cpansmoker-1023/2018012221/cpanreporter_001_config.ini"
PERL_EXTUTILS_AUTOINSTALL="--defaultdeps"
PERL_USE_UNSAFE_INC="1"
@INC:
/opt/perl-5.27.8/lib/site_perl/5.27.8/x86_64-linux
/opt/perl-5.27.8/lib/site_perl/5.27.8
/opt/perl-5.27.8/lib/5.27.8/x86_64-linux
/opt/perl-5.27.8/lib/5.27.8
.