Back
From: metabase:user:553c21ce-8d47-11df-9de5-e28c4c42590d
Subject: FAIL Crypt-PKCS11-1.03 v5.22.2 GNU/Linux
Date: 2016-05-04T17:22:36Z
This distribution has been tested as part of the CPAN Testers
project, supporting the Perl programming language. See
http://wiki.cpantesters.org/ for more information or email
questions to cpan-testers-discuss@perl.org
--
Dear JELU,
This is a computer-generated report for Crypt-PKCS11-1.03
on perl 5.22.2, created by App::cpanminus::reporter 0.17 (1.7040).
Thank you for uploading your work to CPAN. However, there was a problem
testing your distribution.
If you think this report is invalid, please consult the CPAN Testers Wiki
for suggestions on how to avoid getting FAIL reports for missing library
or binary dependencies, unsupported operating systems, and so on:
http://wiki.cpantesters.org/wiki/CPANAuthorNotes
Sections of this report:
* Tester comments
* Program output
* Prerequisites
* Environment and other context
------------------------------
TESTER COMMENTS
------------------------------
Additional comments from tester:
none provided
------------------------------
PROGRAM OUTPUT
------------------------------
Output from '':
Building and testing Crypt-PKCS11-1.03
Running Mkbootstrap for PKCS11 ()
gcc -c -I. -fwrapv -fno-strict-aliasing -pipe -fstack-protector-strong -I/usr/local/include -D_LARGEFILE_SOURCE -D_FILE_OFFSET_BITS=64 -D_FORTIFY_SOURCE=2 -O3 -DVERSION=\"1.03\" -DXS_VERSION=\"1.03\" -fPIC "-I/home/green.sophos/ioanrogers/.plenv/versions/5.22.2/lib/perl5/5.22.2/x86_64-linux/CORE" -DHAVE_DLFCN_H=1 crypt_pkcs11.c
gcc -c -I. -fwrapv -fno-strict-aliasing -pipe -fstack-protector-strong -I/usr/local/include -D_LARGEFILE_SOURCE -D_FILE_OFFSET_BITS=64 -D_FORTIFY_SOURCE=2 -O3 -DVERSION=\"1.03\" -DXS_VERSION=\"1.03\" -fPIC "-I/home/green.sophos/ioanrogers/.plenv/versions/5.22.2/lib/perl5/5.22.2/x86_64-linux/CORE" -DHAVE_DLFCN_H=1 crypt_pkcs11_struct.c
gcc -c -I. -fwrapv -fno-strict-aliasing -pipe -fstack-protector-strong -I/usr/local/include -D_LARGEFILE_SOURCE -D_FILE_OFFSET_BITS=64 -D_FORTIFY_SOURCE=2 -O3 -DVERSION=\"1.03\" -DXS_VERSION=\"1.03\" -fPIC "-I/home/green.sophos/ioanrogers/.plenv/versions/5.22.2/lib/perl5/5.22.2/x86_64-linux/CORE" -DHAVE_DLFCN_H=1 crypt_pkcs11_struct_aes.c
gcc -c -I. -fwrapv -fno-strict-aliasing -pipe -fstack-protector-strong -I/usr/local/include -D_LARGEFILE_SOURCE -D_FILE_OFFSET_BITS=64 -D_FORTIFY_SOURCE=2 -O3 -DVERSION=\"1.03\" -DXS_VERSION=\"1.03\" -fPIC "-I/home/green.sophos/ioanrogers/.plenv/versions/5.22.2/lib/perl5/5.22.2/x86_64-linux/CORE" -DHAVE_DLFCN_H=1 crypt_pkcs11_struct_aria.c
gcc -c -I. -fwrapv -fno-strict-aliasing -pipe -fstack-protector-strong -I/usr/local/include -D_LARGEFILE_SOURCE -D_FILE_OFFSET_BITS=64 -D_FORTIFY_SOURCE=2 -O3 -DVERSION=\"1.03\" -DXS_VERSION=\"1.03\" -fPIC "-I/home/green.sophos/ioanrogers/.plenv/versions/5.22.2/lib/perl5/5.22.2/x86_64-linux/CORE" -DHAVE_DLFCN_H=1 crypt_pkcs11_struct_camellia.c
chmod 644 "PKCS11.bs"
gcc -c -I. -fwrapv -fno-strict-aliasing -pipe -fstack-protector-strong -I/usr/local/include -D_LARGEFILE_SOURCE -D_FILE_OFFSET_BITS=64 -D_FORTIFY_SOURCE=2 -O3 -DVERSION=\"1.03\" -DXS_VERSION=\"1.03\" -fPIC "-I/home/green.sophos/ioanrogers/.plenv/versions/5.22.2/lib/perl5/5.22.2/x86_64-linux/CORE" -DHAVE_DLFCN_H=1 crypt_pkcs11_struct_cms.c
gcc -c -I. -fwrapv -fno-strict-aliasing -pipe -fstack-protector-strong -I/usr/local/include -D_LARGEFILE_SOURCE -D_FILE_OFFSET_BITS=64 -D_FORTIFY_SOURCE=2 -O3 -DVERSION=\"1.03\" -DXS_VERSION=\"1.03\" -fPIC "-I/home/green.sophos/ioanrogers/.plenv/versions/5.22.2/lib/perl5/5.22.2/x86_64-linux/CORE" -DHAVE_DLFCN_H=1 crypt_pkcs11_struct_des.c
cp lib/Crypt/PKCS11/Attribute/AttributeArray.pod blib/lib/Crypt/PKCS11/Attribute/AttributeArray.pod
cp lib/Crypt/PKCS11/Attribute/RFC2279string.pod blib/lib/Crypt/PKCS11/Attribute/RFC2279string.pod
cp lib/Crypt/PKCS11/CK_AES_CBC_ENCRYPT_DATA_PARAMS.pod blib/lib/Crypt/PKCS11/CK_AES_CBC_ENCRYPT_DATA_PARAMS.pod
cp lib/Crypt/PKCS11/Attribute/Value.pod blib/lib/Crypt/PKCS11/Attribute/Value.pod
cp lib/Crypt/PKCS11/Attribute/CK_ULONG.pm blib/lib/Crypt/PKCS11/Attribute/CK_ULONG.pm
cp lib/Crypt/PKCS11/Attribute/CK_DATE.pm blib/lib/Crypt/PKCS11/Attribute/CK_DATE.pm
cp lib/Crypt/PKCS11/Attributes.pm blib/lib/Crypt/PKCS11/Attributes.pm
cp lib/Crypt/PKCS11/Attribute.pod blib/lib/Crypt/PKCS11/Attribute.pod
cp lib/Crypt/PKCS11/Attribute/CK_BBOOL.pm blib/lib/Crypt/PKCS11/Attribute/CK_BBOOL.pm
cp lib/Crypt/PKCS11/Attribute/ByteArray.pod blib/lib/Crypt/PKCS11/Attribute/ByteArray.pod
cp lib/Crypt/PKCS11/Attribute/CK_DATE.pod blib/lib/Crypt/PKCS11/Attribute/CK_DATE.pod
cp lib/Crypt/PKCS11/Attribute/CK_BBOOL.pod blib/lib/Crypt/PKCS11/Attribute/CK_BBOOL.pod
cp lib/Crypt/PKCS11/Attribute/Value.pm blib/lib/Crypt/PKCS11/Attribute/Value.pm
cp lib/Crypt/PKCS11/Attribute/UlongArray.pod blib/lib/Crypt/PKCS11/Attribute/UlongArray.pod
cp lib/Crypt/PKCS11/Attribute/AttributeArray.pm blib/lib/Crypt/PKCS11/Attribute/AttributeArray.pm
cp lib/Crypt/PKCS11/CK_AES_GCM_PARAMS.pod blib/lib/Crypt/PKCS11/CK_AES_GCM_PARAMS.pod
cp lib/Crypt/PKCS11/Attribute/ByteArray.pm blib/lib/Crypt/PKCS11/Attribute/ByteArray.pm
cp lib/Crypt/PKCS11/Attribute/CK_BYTE.pm blib/lib/Crypt/PKCS11/Attribute/CK_BYTE.pm
cp lib/Crypt/PKCS11/Attribute/CK_ULONG.pod blib/lib/Crypt/PKCS11/Attribute/CK_ULONG.pod
cp lib/Crypt/PKCS11/CK_CAMELLIA_CBC_ENCRYPT_DATA_PARAMS.pod blib/lib/Crypt/PKCS11/CK_CAMELLIA_CBC_ENCRYPT_DATA_PARAMS.pod
cp lib/Crypt/PKCS11/CK_AES_CCM_PARAMS.pod blib/lib/Crypt/PKCS11/CK_AES_CCM_PARAMS.pod
cp lib/Crypt/PKCS11/Attributes.pod blib/lib/Crypt/PKCS11/Attributes.pod
cp lib/Crypt/PKCS11/Attribute/UlongArray.pm blib/lib/Crypt/PKCS11/Attribute/UlongArray.pm
cp lib/Crypt/PKCS11/Attribute.pm blib/lib/Crypt/PKCS11/Attribute.pm
cp lib/Crypt/PKCS11/CK_ARIA_CBC_ENCRYPT_DATA_PARAMS.pod blib/lib/Crypt/PKCS11/CK_ARIA_CBC_ENCRYPT_DATA_PARAMS.pod
cp lib/Crypt/PKCS11/CK_AES_CTR_PARAMS.pod blib/lib/Crypt/PKCS11/CK_AES_CTR_PARAMS.pod
cp lib/Crypt/PKCS11/Attribute/RFC2279string.pm blib/lib/Crypt/PKCS11/Attribute/RFC2279string.pm
cp lib/Crypt/PKCS11.pod blib/lib/Crypt/PKCS11.pod
cp lib/Crypt/PKCS11/Attribute/CK_BYTE.pod blib/lib/Crypt/PKCS11/Attribute/CK_BYTE.pod
cp lib/Crypt/PKCS11.pm blib/lib/Crypt/PKCS11.pm
cp lib/Crypt/PKCS11/CK_OTP_PARAMS.pod blib/lib/Crypt/PKCS11/CK_OTP_PARAMS.pod
cp lib/Crypt/PKCS11/CK_PBE_PARAMS.pod blib/lib/Crypt/PKCS11/CK_PBE_PARAMS.pod
cp lib/Crypt/PKCS11/CK_RC5_PARAMS.pod blib/lib/Crypt/PKCS11/CK_RC5_PARAMS.pod
cp lib/Crypt/PKCS11/CK_RC5_CBC_PARAMS.pod blib/lib/Crypt/PKCS11/CK_RC5_CBC_PARAMS.pod
cp lib/Crypt/PKCS11/CK_SKIPJACK_RELAYX_PARAMS.pod blib/lib/Crypt/PKCS11/CK_SKIPJACK_RELAYX_PARAMS.pod
cp lib/Crypt/PKCS11/CK_KEY_WRAP_SET_OAEP_PARAMS.pod blib/lib/Crypt/PKCS11/CK_KEY_WRAP_SET_OAEP_PARAMS.pod
cp lib/Crypt/PKCS11/CK_OTP_SIGNATURE_INFO.pod blib/lib/Crypt/PKCS11/CK_OTP_SIGNATURE_INFO.pod
cp lib/Crypt/PKCS11/CK_SSL3_KEY_MAT_PARAMS.pod blib/lib/Crypt/PKCS11/CK_SSL3_KEY_MAT_PARAMS.pod
cp lib/Crypt/PKCS11/CK_KEA_DERIVE_PARAMS.pod blib/lib/Crypt/PKCS11/CK_KEA_DERIVE_PARAMS.pod
cp lib/Crypt/PKCS11/CK_KEY_DERIVATION_STRING_DATA.pod blib/lib/Crypt/PKCS11/CK_KEY_DERIVATION_STRING_DATA.pod
cp lib/Crypt/PKCS11/CK_RC2_MAC_GENERAL_PARAMS.pod blib/lib/Crypt/PKCS11/CK_RC2_MAC_GENERAL_PARAMS.pod
cp lib/Crypt/PKCS11/CK_MECHANISM.pod blib/lib/Crypt/PKCS11/CK_MECHANISM.pod
cp lib/Crypt/PKCS11/CK_KIP_PARAMS.pod blib/lib/Crypt/PKCS11/CK_KIP_PARAMS.pod
cp lib/Crypt/PKCS11/CK_RSA_PKCS_PSS_PARAMS.pod blib/lib/Crypt/PKCS11/CK_RSA_PKCS_PSS_PARAMS.pod
cp lib/Crypt/PKCS11/CK_SKIPJACK_PRIVATE_WRAP_PARAMS.pod blib/lib/Crypt/PKCS11/CK_SKIPJACK_PRIVATE_WRAP_PARAMS.pod
cp lib/Crypt/PKCS11/CK_ECMQV_DERIVE_PARAMS.pod blib/lib/Crypt/PKCS11/CK_ECMQV_DERIVE_PARAMS.pod
cp lib/Crypt/PKCS11/CK_RC5_MAC_GENERAL_PARAMS.pod blib/lib/Crypt/PKCS11/CK_RC5_MAC_GENERAL_PARAMS.pod
cp lib/Crypt/PKCS11/CK_RC2_CBC_PARAMS.pod blib/lib/Crypt/PKCS11/CK_RC2_CBC_PARAMS.pod
cp lib/Crypt/PKCS11/CK_ECDH2_DERIVE_PARAMS.pod blib/lib/Crypt/PKCS11/CK_ECDH2_DERIVE_PARAMS.pod
cp lib/Crypt/PKCS11/CK_RSA_PKCS_OAEP_PARAMS.pod blib/lib/Crypt/PKCS11/CK_RSA_PKCS_OAEP_PARAMS.pod
cp lib/Crypt/PKCS11/CK_OTP_PARAM.pod blib/lib/Crypt/PKCS11/CK_OTP_PARAM.pod
cp lib/Crypt/PKCS11/CK_PKCS5_PBKD2_PARAMS.pod blib/lib/Crypt/PKCS11/CK_PKCS5_PBKD2_PARAMS.pod
cp lib/Crypt/PKCS11/CK_SSL3_KEY_MAT_OUT.pod blib/lib/Crypt/PKCS11/CK_SSL3_KEY_MAT_OUT.pod
cp lib/Crypt/PKCS11/CK_CAMELLIA_CTR_PARAMS.pod blib/lib/Crypt/PKCS11/CK_CAMELLIA_CTR_PARAMS.pod
cp lib/Crypt/PKCS11/CK_DES_CBC_ENCRYPT_DATA_PARAMS.pod blib/lib/Crypt/PKCS11/CK_DES_CBC_ENCRYPT_DATA_PARAMS.pod
cp lib/Crypt/PKCS11/CK_ECDH1_DERIVE_PARAMS.pod blib/lib/Crypt/PKCS11/CK_ECDH1_DERIVE_PARAMS.pod
cp lib/Crypt/PKCS11/CK_CMS_SIG_PARAMS.pod blib/lib/Crypt/PKCS11/CK_CMS_SIG_PARAMS.pod
cp lib/Crypt/PKCS11/Object.pod blib/lib/Crypt/PKCS11/Object.pod
cp lib/Crypt/PKCS11/CK_X9_42_DH2_DERIVE_PARAMS.pod blib/lib/Crypt/PKCS11/CK_X9_42_DH2_DERIVE_PARAMS.pod
cp lib/Crypt/PKCS11/CK_SSL3_RANDOM_DATA.pod blib/lib/Crypt/PKCS11/CK_SSL3_RANDOM_DATA.pod
cp lib/Crypt/PKCS11/CK_WTLS_KEY_MAT_OUT.pod blib/lib/Crypt/PKCS11/CK_WTLS_KEY_MAT_OUT.pod
cp lib/Crypt/PKCS11/Session.pm blib/lib/Crypt/PKCS11/Session.pm
cp lib/Crypt/PKCS11/CK_WTLS_KEY_MAT_PARAMS.pod blib/lib/Crypt/PKCS11/CK_WTLS_KEY_MAT_PARAMS.pod
cp lib/Crypt/PKCS11/XS.pod blib/lib/Crypt/PKCS11/XS.pod
cp lib/Crypt/PKCS11/Object.pm blib/lib/Crypt/PKCS11/Object.pm
cp lib/Crypt/PKCS11/CK_X9_42_DH1_DERIVE_PARAMS.pod blib/lib/Crypt/PKCS11/CK_X9_42_DH1_DERIVE_PARAMS.pod
cp lib/Crypt/PKCS11/CK_VERSION.pod blib/lib/Crypt/PKCS11/CK_VERSION.pod
cp lib/Crypt/PKCS11/CK_SSL3_MASTER_KEY_DERIVE_PARAMS.pod blib/lib/Crypt/PKCS11/CK_SSL3_MASTER_KEY_DERIVE_PARAMS.pod
cp lib/Crypt/PKCS11/CK_TLS_PRF_PARAMS.pod blib/lib/Crypt/PKCS11/CK_TLS_PRF_PARAMS.pod
cp lib/Crypt/PKCS11/CK_WTLS_PRF_PARAMS.pod blib/lib/Crypt/PKCS11/CK_WTLS_PRF_PARAMS.pod
cp lib/Crypt/PKCS11/CK_WTLS_MASTER_KEY_DERIVE_PARAMS.pod blib/lib/Crypt/PKCS11/CK_WTLS_MASTER_KEY_DERIVE_PARAMS.pod
cp lib/Crypt/PKCS11/CK_WTLS_RANDOM_DATA.pod blib/lib/Crypt/PKCS11/CK_WTLS_RANDOM_DATA.pod
cp lib/Crypt/PKCS11/Session.pod blib/lib/Crypt/PKCS11/Session.pod
cp lib/Crypt/PKCS11/CK_X9_42_MQV_DERIVE_PARAMS.pod blib/lib/Crypt/PKCS11/CK_X9_42_MQV_DERIVE_PARAMS.pod
gcc -c -I. -fwrapv -fno-strict-aliasing -pipe -fstack-protector-strong -I/usr/local/include -D_LARGEFILE_SOURCE -D_FILE_OFFSET_BITS=64 -D_FORTIFY_SOURCE=2 -O3 -DVERSION=\"1.03\" -DXS_VERSION=\"1.03\" -fPIC "-I/home/green.sophos/ioanrogers/.plenv/versions/5.22.2/lib/perl5/5.22.2/x86_64-linux/CORE" -DHAVE_DLFCN_H=1 crypt_pkcs11_struct_ecdh1.c
gcc -c -I. -fwrapv -fno-strict-aliasing -pipe -fstack-protector-strong -I/usr/local/include -D_LARGEFILE_SOURCE -D_FILE_OFFSET_BITS=64 -D_FORTIFY_SOURCE=2 -O3 -DVERSION=\"1.03\" -DXS_VERSION=\"1.03\" -fPIC "-I/home/green.sophos/ioanrogers/.plenv/versions/5.22.2/lib/perl5/5.22.2/x86_64-linux/CORE" -DHAVE_DLFCN_H=1 crypt_pkcs11_struct_ecdh2.c
gcc -c -I. -fwrapv -fno-strict-aliasing -pipe -fstack-protector-strong -I/usr/local/include -D_LARGEFILE_SOURCE -D_FILE_OFFSET_BITS=64 -D_FORTIFY_SOURCE=2 -O3 -DVERSION=\"1.03\" -DXS_VERSION=\"1.03\" -fPIC "-I/home/green.sophos/ioanrogers/.plenv/versions/5.22.2/lib/perl5/5.22.2/x86_64-linux/CORE" -DHAVE_DLFCN_H=1 crypt_pkcs11_struct_ecmqv.c
gcc -c -I. -fwrapv -fno-strict-aliasing -pipe -fstack-protector-strong -I/usr/local/include -D_LARGEFILE_SOURCE -D_FILE_OFFSET_BITS=64 -D_FORTIFY_SOURCE=2 -O3 -DVERSION=\"1.03\" -DXS_VERSION=\"1.03\" -fPIC "-I/home/green.sophos/ioanrogers/.plenv/versions/5.22.2/lib/perl5/5.22.2/x86_64-linux/CORE" -DHAVE_DLFCN_H=1 crypt_pkcs11_struct_kea.c
gcc -c -I. -fwrapv -fno-strict-aliasing -pipe -fstack-protector-strong -I/usr/local/include -D_LARGEFILE_SOURCE -D_FILE_OFFSET_BITS=64 -D_FORTIFY_SOURCE=2 -O3 -DVERSION=\"1.03\" -DXS_VERSION=\"1.03\" -fPIC "-I/home/green.sophos/ioanrogers/.plenv/versions/5.22.2/lib/perl5/5.22.2/x86_64-linux/CORE" -DHAVE_DLFCN_H=1 crypt_pkcs11_struct_key.c
gcc -c -I. -fwrapv -fno-strict-aliasing -pipe -fstack-protector-strong -I/usr/local/include -D_LARGEFILE_SOURCE -D_FILE_OFFSET_BITS=64 -D_FORTIFY_SOURCE=2 -O3 -DVERSION=\"1.03\" -DXS_VERSION=\"1.03\" -fPIC "-I/home/green.sophos/ioanrogers/.plenv/versions/5.22.2/lib/perl5/5.22.2/x86_64-linux/CORE" -DHAVE_DLFCN_H=1 crypt_pkcs11_struct_kip.c
gcc -c -I. -fwrapv -fno-strict-aliasing -pipe -fstack-protector-strong -I/usr/local/include -D_LARGEFILE_SOURCE -D_FILE_OFFSET_BITS=64 -D_FORTIFY_SOURCE=2 -O3 -DVERSION=\"1.03\" -DXS_VERSION=\"1.03\" -fPIC "-I/home/green.sophos/ioanrogers/.plenv/versions/5.22.2/lib/perl5/5.22.2/x86_64-linux/CORE" -DHAVE_DLFCN_H=1 crypt_pkcs11_struct_mechanism.c
gcc -c -I. -fwrapv -fno-strict-aliasing -pipe -fstack-protector-strong -I/usr/local/include -D_LARGEFILE_SOURCE -D_FILE_OFFSET_BITS=64 -D_FORTIFY_SOURCE=2 -O3 -DVERSION=\"1.03\" -DXS_VERSION=\"1.03\" -fPIC "-I/home/green.sophos/ioanrogers/.plenv/versions/5.22.2/lib/perl5/5.22.2/x86_64-linux/CORE" -DHAVE_DLFCN_H=1 crypt_pkcs11_struct_otp.c
gcc -c -I. -fwrapv -fno-strict-aliasing -pipe -fstack-protector-strong -I/usr/local/include -D_LARGEFILE_SOURCE -D_FILE_OFFSET_BITS=64 -D_FORTIFY_SOURCE=2 -O3 -DVERSION=\"1.03\" -DXS_VERSION=\"1.03\" -fPIC "-I/home/green.sophos/ioanrogers/.plenv/versions/5.22.2/lib/perl5/5.22.2/x86_64-linux/CORE" -DHAVE_DLFCN_H=1 crypt_pkcs11_struct_pbe.c
gcc -c -I. -fwrapv -fno-strict-aliasing -pipe -fstack-protector-strong -I/usr/local/include -D_LARGEFILE_SOURCE -D_FILE_OFFSET_BITS=64 -D_FORTIFY_SOURCE=2 -O3 -DVERSION=\"1.03\" -DXS_VERSION=\"1.03\" -fPIC "-I/home/green.sophos/ioanrogers/.plenv/versions/5.22.2/lib/perl5/5.22.2/x86_64-linux/CORE" -DHAVE_DLFCN_H=1 crypt_pkcs11_struct_pkcs5.c
gcc -c -I. -fwrapv -fno-strict-aliasing -pipe -fstack-protector-strong -I/usr/local/include -D_LARGEFILE_SOURCE -D_FILE_OFFSET_BITS=64 -D_FORTIFY_SOURCE=2 -O3 -DVERSION=\"1.03\" -DXS_VERSION=\"1.03\" -fPIC "-I/home/green.sophos/ioanrogers/.plenv/versions/5.22.2/lib/perl5/5.22.2/x86_64-linux/CORE" -DHAVE_DLFCN_H=1 crypt_pkcs11_struct_rc2.c
gcc -c -I. -fwrapv -fno-strict-aliasing -pipe -fstack-protector-strong -I/usr/local/include -D_LARGEFILE_SOURCE -D_FILE_OFFSET_BITS=64 -D_FORTIFY_SOURCE=2 -O3 -DVERSION=\"1.03\" -DXS_VERSION=\"1.03\" -fPIC "-I/home/green.sophos/ioanrogers/.plenv/versions/5.22.2/lib/perl5/5.22.2/x86_64-linux/CORE" -DHAVE_DLFCN_H=1 crypt_pkcs11_struct_rc5.c
gcc -c -I. -fwrapv -fno-strict-aliasing -pipe -fstack-protector-strong -I/usr/local/include -D_LARGEFILE_SOURCE -D_FILE_OFFSET_BITS=64 -D_FORTIFY_SOURCE=2 -O3 -DVERSION=\"1.03\" -DXS_VERSION=\"1.03\" -fPIC "-I/home/green.sophos/ioanrogers/.plenv/versions/5.22.2/lib/perl5/5.22.2/x86_64-linux/CORE" -DHAVE_DLFCN_H=1 crypt_pkcs11_struct_rsa.c
gcc -c -I. -fwrapv -fno-strict-aliasing -pipe -fstack-protector-strong -I/usr/local/include -D_LARGEFILE_SOURCE -D_FILE_OFFSET_BITS=64 -D_FORTIFY_SOURCE=2 -O3 -DVERSION=\"1.03\" -DXS_VERSION=\"1.03\" -fPIC "-I/home/green.sophos/ioanrogers/.plenv/versions/5.22.2/lib/perl5/5.22.2/x86_64-linux/CORE" -DHAVE_DLFCN_H=1 crypt_pkcs11_struct_skipjack.c
gcc -c -I. -fwrapv -fno-strict-aliasing -pipe -fstack-protector-strong -I/usr/local/include -D_LARGEFILE_SOURCE -D_FILE_OFFSET_BITS=64 -D_FORTIFY_SOURCE=2 -O3 -DVERSION=\"1.03\" -DXS_VERSION=\"1.03\" -fPIC "-I/home/green.sophos/ioanrogers/.plenv/versions/5.22.2/lib/perl5/5.22.2/x86_64-linux/CORE" -DHAVE_DLFCN_H=1 crypt_pkcs11_struct_ssl3.c
gcc -c -I. -fwrapv -fno-strict-aliasing -pipe -fstack-protector-strong -I/usr/local/include -D_LARGEFILE_SOURCE -D_FILE_OFFSET_BITS=64 -D_FORTIFY_SOURCE=2 -O3 -DVERSION=\"1.03\" -DXS_VERSION=\"1.03\" -fPIC "-I/home/green.sophos/ioanrogers/.plenv/versions/5.22.2/lib/perl5/5.22.2/x86_64-linux/CORE" -DHAVE_DLFCN_H=1 crypt_pkcs11_struct_tls.c
gcc -c -I. -fwrapv -fno-strict-aliasing -pipe -fstack-protector-strong -I/usr/local/include -D_LARGEFILE_SOURCE -D_FILE_OFFSET_BITS=64 -D_FORTIFY_SOURCE=2 -O3 -DVERSION=\"1.03\" -DXS_VERSION=\"1.03\" -fPIC "-I/home/green.sophos/ioanrogers/.plenv/versions/5.22.2/lib/perl5/5.22.2/x86_64-linux/CORE" -DHAVE_DLFCN_H=1 crypt_pkcs11_struct_version.c
gcc -c -I. -fwrapv -fno-strict-aliasing -pipe -fstack-protector-strong -I/usr/local/include -D_LARGEFILE_SOURCE -D_FILE_OFFSET_BITS=64 -D_FORTIFY_SOURCE=2 -O3 -DVERSION=\"1.03\" -DXS_VERSION=\"1.03\" -fPIC "-I/home/green.sophos/ioanrogers/.plenv/versions/5.22.2/lib/perl5/5.22.2/x86_64-linux/CORE" -DHAVE_DLFCN_H=1 crypt_pkcs11_struct_wtls.c
gcc -c -I. -fwrapv -fno-strict-aliasing -pipe -fstack-protector-strong -I/usr/local/include -D_LARGEFILE_SOURCE -D_FILE_OFFSET_BITS=64 -D_FORTIFY_SOURCE=2 -O3 -DVERSION=\"1.03\" -DXS_VERSION=\"1.03\" -fPIC "-I/home/green.sophos/ioanrogers/.plenv/versions/5.22.2/lib/perl5/5.22.2/x86_64-linux/CORE" -DHAVE_DLFCN_H=1 crypt_pkcs11_struct_x9.c
"/home/green.sophos/ioanrogers/.plenv/versions/5.22.2/bin/perl5.22.2" "/home/green.sophos/ioanrogers/.plenv/versions/5.22.2/lib/perl5/5.22.2/ExtUtils/xsubpp" -typemap '/home/green.sophos/ioanrogers/.plenv/versions/5.22.2/lib/perl5/5.22.2/ExtUtils/typemap' -typemap '/home/green.sophos/ioanrogers/.cpanm/work/1462382544.20407/Crypt-PKCS11-1.03/typemap' -typemap '/home/green.sophos/ioanrogers/.cpanm/work/1462382544.20407/Crypt-PKCS11-1.03/typemap.struct' -typemap '/home/green.sophos/ioanrogers/.cpanm/work/1462382544.20407/Crypt-PKCS11-1.03/typemap' pkcs11.xs > pkcs11.xsc
"/home/green.sophos/ioanrogers/.plenv/versions/5.22.2/bin/perl5.22.2" "/home/green.sophos/ioanrogers/.plenv/versions/5.22.2/lib/perl5/5.22.2/ExtUtils/xsubpp" -typemap '/home/green.sophos/ioanrogers/.plenv/versions/5.22.2/lib/perl5/5.22.2/ExtUtils/typemap' -typemap '/home/green.sophos/ioanrogers/.cpanm/work/1462382544.20407/Crypt-PKCS11-1.03/typemap' -typemap '/home/green.sophos/ioanrogers/.cpanm/work/1462382544.20407/Crypt-PKCS11-1.03/typemap.struct' -typemap '/home/green.sophos/ioanrogers/.cpanm/work/1462382544.20407/Crypt-PKCS11-1.03/typemap' pkcs11_struct.xs > pkcs11_struct.xsc
"/home/green.sophos/ioanrogers/.plenv/versions/5.22.2/bin/perl5.22.2" "/home/green.sophos/ioanrogers/.plenv/versions/5.22.2/lib/perl5/5.22.2/ExtUtils/xsubpp" -typemap '/home/green.sophos/ioanrogers/.plenv/versions/5.22.2/lib/perl5/5.22.2/ExtUtils/typemap' -typemap '/home/green.sophos/ioanrogers/.cpanm/work/1462382544.20407/Crypt-PKCS11-1.03/typemap' -typemap '/home/green.sophos/ioanrogers/.cpanm/work/1462382544.20407/Crypt-PKCS11-1.03/typemap.struct' -typemap '/home/green.sophos/ioanrogers/.cpanm/work/1462382544.20407/Crypt-PKCS11-1.03/typemap' pkcs11_struct_aes.xs > pkcs11_struct_aes.xsc
"/home/green.sophos/ioanrogers/.plenv/versions/5.22.2/bin/perl5.22.2" "/home/green.sophos/ioanrogers/.plenv/versions/5.22.2/lib/perl5/5.22.2/ExtUtils/xsubpp" -typemap '/home/green.sophos/ioanrogers/.plenv/versions/5.22.2/lib/perl5/5.22.2/ExtUtils/typemap' -typemap '/home/green.sophos/ioanrogers/.cpanm/work/1462382544.20407/Crypt-PKCS11-1.03/typemap' -typemap '/home/green.sophos/ioanrogers/.cpanm/work/1462382544.20407/Crypt-PKCS11-1.03/typemap.struct' -typemap '/home/green.sophos/ioanrogers/.cpanm/work/1462382544.20407/Crypt-PKCS11-1.03/typemap' pkcs11_struct_aria.xs > pkcs11_struct_aria.xsc
mv pkcs11_struct.xsc pkcs11_struct.c
"/home/green.sophos/ioanrogers/.plenv/versions/5.22.2/bin/perl5.22.2" "/home/green.sophos/ioanrogers/.plenv/versions/5.22.2/lib/perl5/5.22.2/ExtUtils/xsubpp" -typemap '/home/green.sophos/ioanrogers/.plenv/versions/5.22.2/lib/perl5/5.22.2/ExtUtils/typemap' -typemap '/home/green.sophos/ioanrogers/.cpanm/work/1462382544.20407/Crypt-PKCS11-1.03/typemap' -typemap '/home/green.sophos/ioanrogers/.cpanm/work/1462382544.20407/Crypt-PKCS11-1.03/typemap.struct' -typemap '/home/green.sophos/ioanrogers/.cpanm/work/1462382544.20407/Crypt-PKCS11-1.03/typemap' pkcs11_struct_camellia.xs > pkcs11_struct_camellia.xsc
"/home/green.sophos/ioanrogers/.plenv/versions/5.22.2/bin/perl5.22.2" "/home/green.sophos/ioanrogers/.plenv/versions/5.22.2/lib/perl5/5.22.2/ExtUtils/xsubpp" -typemap '/home/green.sophos/ioanrogers/.plenv/versions/5.22.2/lib/perl5/5.22.2/ExtUtils/typemap' -typemap '/home/green.sophos/ioanrogers/.cpanm/work/1462382544.20407/Crypt-PKCS11-1.03/typemap' -typemap '/home/green.sophos/ioanrogers/.cpanm/work/1462382544.20407/Crypt-PKCS11-1.03/typemap.struct' -typemap '/home/green.sophos/ioanrogers/.cpanm/work/1462382544.20407/Crypt-PKCS11-1.03/typemap' pkcs11_struct_cms.xs > pkcs11_struct_cms.xsc
mv pkcs11_struct_aria.xsc pkcs11_struct_aria.c
"/home/green.sophos/ioanrogers/.plenv/versions/5.22.2/bin/perl5.22.2" "/home/green.sophos/ioanrogers/.plenv/versions/5.22.2/lib/perl5/5.22.2/ExtUtils/xsubpp" -typemap '/home/green.sophos/ioanrogers/.plenv/versions/5.22.2/lib/perl5/5.22.2/ExtUtils/typemap' -typemap '/home/green.sophos/ioanrogers/.cpanm/work/1462382544.20407/Crypt-PKCS11-1.03/typemap' -typemap '/home/green.sophos/ioanrogers/.cpanm/work/1462382544.20407/Crypt-PKCS11-1.03/typemap.struct' -typemap '/home/green.sophos/ioanrogers/.cpanm/work/1462382544.20407/Crypt-PKCS11-1.03/typemap' pkcs11_struct_des.xs > pkcs11_struct_des.xsc
mv pkcs11.xsc pkcs11.c
"/home/green.sophos/ioanrogers/.plenv/versions/5.22.2/bin/perl5.22.2" "/home/green.sophos/ioanrogers/.plenv/versions/5.22.2/lib/perl5/5.22.2/ExtUtils/xsubpp" -typemap '/home/green.sophos/ioanrogers/.plenv/versions/5.22.2/lib/perl5/5.22.2/ExtUtils/typemap' -typemap '/home/green.sophos/ioanrogers/.cpanm/work/1462382544.20407/Crypt-PKCS11-1.03/typemap' -typemap '/home/green.sophos/ioanrogers/.cpanm/work/1462382544.20407/Crypt-PKCS11-1.03/typemap.struct' -typemap '/home/green.sophos/ioanrogers/.cpanm/work/1462382544.20407/Crypt-PKCS11-1.03/typemap' pkcs11_struct_ecdh1.xs > pkcs11_struct_ecdh1.xsc
mv pkcs11_struct_aes.xsc pkcs11_struct_aes.c
"/home/green.sophos/ioanrogers/.plenv/versions/5.22.2/bin/perl5.22.2" "/home/green.sophos/ioanrogers/.plenv/versions/5.22.2/lib/perl5/5.22.2/ExtUtils/xsubpp" -typemap '/home/green.sophos/ioanrogers/.plenv/versions/5.22.2/lib/perl5/5.22.2/ExtUtils/typemap' -typemap '/home/green.sophos/ioanrogers/.cpanm/work/1462382544.20407/Crypt-PKCS11-1.03/typemap' -typemap '/home/green.sophos/ioanrogers/.cpanm/work/1462382544.20407/Crypt-PKCS11-1.03/typemap.struct' -typemap '/home/green.sophos/ioanrogers/.cpanm/work/1462382544.20407/Crypt-PKCS11-1.03/typemap' pkcs11_struct_ecdh2.xs > pkcs11_struct_ecdh2.xsc
"/home/green.sophos/ioanrogers/.plenv/versions/5.22.2/bin/perl5.22.2" "/home/green.sophos/ioanrogers/.plenv/versions/5.22.2/lib/perl5/5.22.2/ExtUtils/xsubpp" -typemap '/home/green.sophos/ioanrogers/.plenv/versions/5.22.2/lib/perl5/5.22.2/ExtUtils/typemap' -typemap '/home/green.sophos/ioanrogers/.cpanm/work/1462382544.20407/Crypt-PKCS11-1.03/typemap' -typemap '/home/green.sophos/ioanrogers/.cpanm/work/1462382544.20407/Crypt-PKCS11-1.03/typemap.struct' -typemap '/home/green.sophos/ioanrogers/.cpanm/work/1462382544.20407/Crypt-PKCS11-1.03/typemap' pkcs11_struct_ecmqv.xs > pkcs11_struct_ecmqv.xsc
mv pkcs11_struct_camellia.xsc pkcs11_struct_camellia.c
mv pkcs11_struct_des.xsc pkcs11_struct_des.c
"/home/green.sophos/ioanrogers/.plenv/versions/5.22.2/bin/perl5.22.2" "/home/green.sophos/ioanrogers/.plenv/versions/5.22.2/lib/perl5/5.22.2/ExtUtils/xsubpp" -typemap '/home/green.sophos/ioanrogers/.plenv/versions/5.22.2/lib/perl5/5.22.2/ExtUtils/typemap' -typemap '/home/green.sophos/ioanrogers/.cpanm/work/1462382544.20407/Crypt-PKCS11-1.03/typemap' -typemap '/home/green.sophos/ioanrogers/.cpanm/work/1462382544.20407/Crypt-PKCS11-1.03/typemap.struct' -typemap '/home/green.sophos/ioanrogers/.cpanm/work/1462382544.20407/Crypt-PKCS11-1.03/typemap' pkcs11_struct_kea.xs > pkcs11_struct_kea.xsc
"/home/green.sophos/ioanrogers/.plenv/versions/5.22.2/bin/perl5.22.2" "/home/green.sophos/ioanrogers/.plenv/versions/5.22.2/lib/perl5/5.22.2/ExtUtils/xsubpp" -typemap '/home/green.sophos/ioanrogers/.plenv/versions/5.22.2/lib/perl5/5.22.2/ExtUtils/typemap' -typemap '/home/green.sophos/ioanrogers/.cpanm/work/1462382544.20407/Crypt-PKCS11-1.03/typemap' -typemap '/home/green.sophos/ioanrogers/.cpanm/work/1462382544.20407/Crypt-PKCS11-1.03/typemap.struct' -typemap '/home/green.sophos/ioanrogers/.cpanm/work/1462382544.20407/Crypt-PKCS11-1.03/typemap' pkcs11_struct_key.xs > pkcs11_struct_key.xsc
mv pkcs11_struct_cms.xsc pkcs11_struct_cms.c
"/home/green.sophos/ioanrogers/.plenv/versions/5.22.2/bin/perl5.22.2" "/home/green.sophos/ioanrogers/.plenv/versions/5.22.2/lib/perl5/5.22.2/ExtUtils/xsubpp" -typemap '/home/green.sophos/ioanrogers/.plenv/versions/5.22.2/lib/perl5/5.22.2/ExtUtils/typemap' -typemap '/home/green.sophos/ioanrogers/.cpanm/work/1462382544.20407/Crypt-PKCS11-1.03/typemap' -typemap '/home/green.sophos/ioanrogers/.cpanm/work/1462382544.20407/Crypt-PKCS11-1.03/typemap.struct' -typemap '/home/green.sophos/ioanrogers/.cpanm/work/1462382544.20407/Crypt-PKCS11-1.03/typemap' pkcs11_struct_kip.xs > pkcs11_struct_kip.xsc
mv pkcs11_struct_ecdh1.xsc pkcs11_struct_ecdh1.c
"/home/green.sophos/ioanrogers/.plenv/versions/5.22.2/bin/perl5.22.2" "/home/green.sophos/ioanrogers/.plenv/versions/5.22.2/lib/perl5/5.22.2/ExtUtils/xsubpp" -typemap '/home/green.sophos/ioanrogers/.plenv/versions/5.22.2/lib/perl5/5.22.2/ExtUtils/typemap' -typemap '/home/green.sophos/ioanrogers/.cpanm/work/1462382544.20407/Crypt-PKCS11-1.03/typemap' -typemap '/home/green.sophos/ioanrogers/.cpanm/work/1462382544.20407/Crypt-PKCS11-1.03/typemap.struct' -typemap '/home/green.sophos/ioanrogers/.cpanm/work/1462382544.20407/Crypt-PKCS11-1.03/typemap' pkcs11_struct_mechanism.xs > pkcs11_struct_mechanism.xsc
mv pkcs11_struct_ecmqv.xsc pkcs11_struct_ecmqv.c
"/home/green.sophos/ioanrogers/.plenv/versions/5.22.2/bin/perl5.22.2" "/home/green.sophos/ioanrogers/.plenv/versions/5.22.2/lib/perl5/5.22.2/ExtUtils/xsubpp" -typemap '/home/green.sophos/ioanrogers/.plenv/versions/5.22.2/lib/perl5/5.22.2/ExtUtils/typemap' -typemap '/home/green.sophos/ioanrogers/.cpanm/work/1462382544.20407/Crypt-PKCS11-1.03/typemap' -typemap '/home/green.sophos/ioanrogers/.cpanm/work/1462382544.20407/Crypt-PKCS11-1.03/typemap.struct' -typemap '/home/green.sophos/ioanrogers/.cpanm/work/1462382544.20407/Crypt-PKCS11-1.03/typemap' pkcs11_struct_otp.xs > pkcs11_struct_otp.xsc
mv pkcs11_struct_ecdh2.xsc pkcs11_struct_ecdh2.c
"/home/green.sophos/ioanrogers/.plenv/versions/5.22.2/bin/perl5.22.2" "/home/green.sophos/ioanrogers/.plenv/versions/5.22.2/lib/perl5/5.22.2/ExtUtils/xsubpp" -typemap '/home/green.sophos/ioanrogers/.plenv/versions/5.22.2/lib/perl5/5.22.2/ExtUtils/typemap' -typemap '/home/green.sophos/ioanrogers/.cpanm/work/1462382544.20407/Crypt-PKCS11-1.03/typemap' -typemap '/home/green.sophos/ioanrogers/.cpanm/work/1462382544.20407/Crypt-PKCS11-1.03/typemap.struct' -typemap '/home/green.sophos/ioanrogers/.cpanm/work/1462382544.20407/Crypt-PKCS11-1.03/typemap' pkcs11_struct_pbe.xs > pkcs11_struct_pbe.xsc
"/home/green.sophos/ioanrogers/.plenv/versions/5.22.2/bin/perl5.22.2" "/home/green.sophos/ioanrogers/.plenv/versions/5.22.2/lib/perl5/5.22.2/ExtUtils/xsubpp" -typemap '/home/green.sophos/ioanrogers/.plenv/versions/5.22.2/lib/perl5/5.22.2/ExtUtils/typemap' -typemap '/home/green.sophos/ioanrogers/.cpanm/work/1462382544.20407/Crypt-PKCS11-1.03/typemap' -typemap '/home/green.sophos/ioanrogers/.cpanm/work/1462382544.20407/Crypt-PKCS11-1.03/typemap.struct' -typemap '/home/green.sophos/ioanrogers/.cpanm/work/1462382544.20407/Crypt-PKCS11-1.03/typemap' pkcs11_struct_pkcs5.xs > pkcs11_struct_pkcs5.xsc
mv pkcs11_struct_kea.xsc pkcs11_struct_kea.c
mv pkcs11_struct_kip.xsc pkcs11_struct_kip.c
"/home/green.sophos/ioanrogers/.plenv/versions/5.22.2/bin/perl5.22.2" "/home/green.sophos/ioanrogers/.plenv/versions/5.22.2/lib/perl5/5.22.2/ExtUtils/xsubpp" -typemap '/home/green.sophos/ioanrogers/.plenv/versions/5.22.2/lib/perl5/5.22.2/ExtUtils/typemap' -typemap '/home/green.sophos/ioanrogers/.cpanm/work/1462382544.20407/Crypt-PKCS11-1.03/typemap' -typemap '/home/green.sophos/ioanrogers/.cpanm/work/1462382544.20407/Crypt-PKCS11-1.03/typemap.struct' -typemap '/home/green.sophos/ioanrogers/.cpanm/work/1462382544.20407/Crypt-PKCS11-1.03/typemap' pkcs11_struct_rc2.xs > pkcs11_struct_rc2.xsc
"/home/green.sophos/ioanrogers/.plenv/versions/5.22.2/bin/perl5.22.2" "/home/green.sophos/ioanrogers/.plenv/versions/5.22.2/lib/perl5/5.22.2/ExtUtils/xsubpp" -typemap '/home/green.sophos/ioanrogers/.plenv/versions/5.22.2/lib/perl5/5.22.2/ExtUtils/typemap' -typemap '/home/green.sophos/ioanrogers/.cpanm/work/1462382544.20407/Crypt-PKCS11-1.03/typemap' -typemap '/home/green.sophos/ioanrogers/.cpanm/work/1462382544.20407/Crypt-PKCS11-1.03/typemap.struct' -typemap '/home/green.sophos/ioanrogers/.cpanm/work/1462382544.20407/Crypt-PKCS11-1.03/typemap' pkcs11_struct_rc5.xs > pkcs11_struct_rc5.xsc
mv pkcs11_struct_key.xsc pkcs11_struct_key.c
"/home/green.sophos/ioanrogers/.plenv/versions/5.22.2/bin/perl5.22.2" "/home/green.sophos/ioanrogers/.plenv/versions/5.22.2/lib/perl5/5.22.2/ExtUtils/xsubpp" -typemap '/home/green.sophos/ioanrogers/.plenv/versions/5.22.2/lib/perl5/5.22.2/ExtUtils/typemap' -typemap '/home/green.sophos/ioanrogers/.cpanm/work/1462382544.20407/Crypt-PKCS11-1.03/typemap' -typemap '/home/green.sophos/ioanrogers/.cpanm/work/1462382544.20407/Crypt-PKCS11-1.03/typemap.struct' -typemap '/home/green.sophos/ioanrogers/.cpanm/work/1462382544.20407/Crypt-PKCS11-1.03/typemap' pkcs11_struct_rsa.xs > pkcs11_struct_rsa.xsc
mv pkcs11_struct_mechanism.xsc pkcs11_struct_mechanism.c
"/home/green.sophos/ioanrogers/.plenv/versions/5.22.2/bin/perl5.22.2" "/home/green.sophos/ioanrogers/.plenv/versions/5.22.2/lib/perl5/5.22.2/ExtUtils/xsubpp" -typemap '/home/green.sophos/ioanrogers/.plenv/versions/5.22.2/lib/perl5/5.22.2/ExtUtils/typemap' -typemap '/home/green.sophos/ioanrogers/.cpanm/work/1462382544.20407/Crypt-PKCS11-1.03/typemap' -typemap '/home/green.sophos/ioanrogers/.cpanm/work/1462382544.20407/Crypt-PKCS11-1.03/typemap.struct' -typemap '/home/green.sophos/ioanrogers/.cpanm/work/1462382544.20407/Crypt-PKCS11-1.03/typemap' pkcs11_struct_skipjack.xs > pkcs11_struct_skipjack.xsc
"/home/green.sophos/ioanrogers/.plenv/versions/5.22.2/bin/perl5.22.2" "/home/green.sophos/ioanrogers/.plenv/versions/5.22.2/lib/perl5/5.22.2/ExtUtils/xsubpp" -typemap '/home/green.sophos/ioanrogers/.plenv/versions/5.22.2/lib/perl5/5.22.2/ExtUtils/typemap' -typemap '/home/green.sophos/ioanrogers/.cpanm/work/1462382544.20407/Crypt-PKCS11-1.03/typemap' -typemap '/home/green.sophos/ioanrogers/.cpanm/work/1462382544.20407/Crypt-PKCS11-1.03/typemap.struct' -typemap '/home/green.sophos/ioanrogers/.cpanm/work/1462382544.20407/Crypt-PKCS11-1.03/typemap' pkcs11_struct_ssl3.xs > pkcs11_struct_ssl3.xsc
mv pkcs11_struct_pbe.xsc pkcs11_struct_pbe.c
mv pkcs11_struct_otp.xsc pkcs11_struct_otp.c
"/home/green.sophos/ioanrogers/.plenv/versions/5.22.2/bin/perl5.22.2" "/home/green.sophos/ioanrogers/.plenv/versions/5.22.2/lib/perl5/5.22.2/ExtUtils/xsubpp" -typemap '/home/green.sophos/ioanrogers/.plenv/versions/5.22.2/lib/perl5/5.22.2/ExtUtils/typemap' -typemap '/home/green.sophos/ioanrogers/.cpanm/work/1462382544.20407/Crypt-PKCS11-1.03/typemap' -typemap '/home/green.sophos/ioanrogers/.cpanm/work/1462382544.20407/Crypt-PKCS11-1.03/typemap.struct' -typemap '/home/green.sophos/ioanrogers/.cpanm/work/1462382544.20407/Crypt-PKCS11-1.03/typemap' pkcs11_struct_tls.xs > pkcs11_struct_tls.xsc
"/home/green.sophos/ioanrogers/.plenv/versions/5.22.2/bin/perl5.22.2" "/home/green.sophos/ioanrogers/.plenv/versions/5.22.2/lib/perl5/5.22.2/ExtUtils/xsubpp" -typemap '/home/green.sophos/ioanrogers/.plenv/versions/5.22.2/lib/perl5/5.22.2/ExtUtils/typemap' -typemap '/home/green.sophos/ioanrogers/.cpanm/work/1462382544.20407/Crypt-PKCS11-1.03/typemap' -typemap '/home/green.sophos/ioanrogers/.cpanm/work/1462382544.20407/Crypt-PKCS11-1.03/typemap.struct' -typemap '/home/green.sophos/ioanrogers/.cpanm/work/1462382544.20407/Crypt-PKCS11-1.03/typemap' pkcs11_struct_version.xs > pkcs11_struct_version.xsc
mv pkcs11_struct_rc2.xsc pkcs11_struct_rc2.c
"/home/green.sophos/ioanrogers/.plenv/versions/5.22.2/bin/perl5.22.2" "/home/green.sophos/ioanrogers/.plenv/versions/5.22.2/lib/perl5/5.22.2/ExtUtils/xsubpp" -typemap '/home/green.sophos/ioanrogers/.plenv/versions/5.22.2/lib/perl5/5.22.2/ExtUtils/typemap' -typemap '/home/green.sophos/ioanrogers/.cpanm/work/1462382544.20407/Crypt-PKCS11-1.03/typemap' -typemap '/home/green.sophos/ioanrogers/.cpanm/work/1462382544.20407/Crypt-PKCS11-1.03/typemap.struct' -typemap '/home/green.sophos/ioanrogers/.cpanm/work/1462382544.20407/Crypt-PKCS11-1.03/typemap' pkcs11_struct_wtls.xs > pkcs11_struct_wtls.xsc
mv pkcs11_struct_pkcs5.xsc pkcs11_struct_pkcs5.c
mv pkcs11_struct_rc5.xsc pkcs11_struct_rc5.c
"/home/green.sophos/ioanrogers/.plenv/versions/5.22.2/bin/perl5.22.2" "/home/green.sophos/ioanrogers/.plenv/versions/5.22.2/lib/perl5/5.22.2/ExtUtils/xsubpp" -typemap '/home/green.sophos/ioanrogers/.plenv/versions/5.22.2/lib/perl5/5.22.2/ExtUtils/typemap' -typemap '/home/green.sophos/ioanrogers/.cpanm/work/1462382544.20407/Crypt-PKCS11-1.03/typemap' -typemap '/home/green.sophos/ioanrogers/.cpanm/work/1462382544.20407/Crypt-PKCS11-1.03/typemap.struct' -typemap '/home/green.sophos/ioanrogers/.cpanm/work/1462382544.20407/Crypt-PKCS11-1.03/typemap' pkcs11_struct_x9.xs > pkcs11_struct_x9.xsc
"/home/green.sophos/ioanrogers/.plenv/versions/5.22.2/bin/perl5.22.2" -MExtUtils::Command::MM -e 'cp_nonempty' -- PKCS11.bs blib/arch/auto/Crypt/PKCS11/PKCS11.bs 644
mv pkcs11_struct_rsa.xsc pkcs11_struct_rsa.c
gcc -c -I. -fwrapv -fno-strict-aliasing -pipe -fstack-protector-strong -I/usr/local/include -D_LARGEFILE_SOURCE -D_FILE_OFFSET_BITS=64 -D_FORTIFY_SOURCE=2 -O3 -DVERSION=\"1.03\" -DXS_VERSION=\"1.03\" -fPIC "-I/home/green.sophos/ioanrogers/.plenv/versions/5.22.2/lib/perl5/5.22.2/x86_64-linux/CORE" -DHAVE_DLFCN_H=1 pkcs11.c
gcc -c -I. -fwrapv -fno-strict-aliasing -pipe -fstack-protector-strong -I/usr/local/include -D_LARGEFILE_SOURCE -D_FILE_OFFSET_BITS=64 -D_FORTIFY_SOURCE=2 -O3 -DVERSION=\"1.03\" -DXS_VERSION=\"1.03\" -fPIC "-I/home/green.sophos/ioanrogers/.plenv/versions/5.22.2/lib/perl5/5.22.2/x86_64-linux/CORE" -DHAVE_DLFCN_H=1 pkcs11_struct.c
mv pkcs11_struct_skipjack.xsc pkcs11_struct_skipjack.c
gcc -c -I. -fwrapv -fno-strict-aliasing -pipe -fstack-protector-strong -I/usr/local/include -D_LARGEFILE_SOURCE -D_FILE_OFFSET_BITS=64 -D_FORTIFY_SOURCE=2 -O3 -DVERSION=\"1.03\" -DXS_VERSION=\"1.03\" -fPIC "-I/home/green.sophos/ioanrogers/.plenv/versions/5.22.2/lib/perl5/5.22.2/x86_64-linux/CORE" -DHAVE_DLFCN_H=1 pkcs11_struct_aes.c
mv pkcs11_struct_version.xsc pkcs11_struct_version.c
gcc -c -I. -fwrapv -fno-strict-aliasing -pipe -fstack-protector-strong -I/usr/local/include -D_LARGEFILE_SOURCE -D_FILE_OFFSET_BITS=64 -D_FORTIFY_SOURCE=2 -O3 -DVERSION=\"1.03\" -DXS_VERSION=\"1.03\" -fPIC "-I/home/green.sophos/ioanrogers/.plenv/versions/5.22.2/lib/perl5/5.22.2/x86_64-linux/CORE" -DHAVE_DLFCN_H=1 pkcs11_struct_aria.c
mv pkcs11_struct_tls.xsc pkcs11_struct_tls.c
gcc -c -I. -fwrapv -fno-strict-aliasing -pipe -fstack-protector-strong -I/usr/local/include -D_LARGEFILE_SOURCE -D_FILE_OFFSET_BITS=64 -D_FORTIFY_SOURCE=2 -O3 -DVERSION=\"1.03\" -DXS_VERSION=\"1.03\" -fPIC "-I/home/green.sophos/ioanrogers/.plenv/versions/5.22.2/lib/perl5/5.22.2/x86_64-linux/CORE" -DHAVE_DLFCN_H=1 pkcs11_struct_camellia.c
mv pkcs11_struct_ssl3.xsc pkcs11_struct_ssl3.c
gcc -c -I. -fwrapv -fno-strict-aliasing -pipe -fstack-protector-strong -I/usr/local/include -D_LARGEFILE_SOURCE -D_FILE_OFFSET_BITS=64 -D_FORTIFY_SOURCE=2 -O3 -DVERSION=\"1.03\" -DXS_VERSION=\"1.03\" -fPIC "-I/home/green.sophos/ioanrogers/.plenv/versions/5.22.2/lib/perl5/5.22.2/x86_64-linux/CORE" -DHAVE_DLFCN_H=1 pkcs11_struct_cms.c
mv pkcs11_struct_wtls.xsc pkcs11_struct_wtls.c
gcc -c -I. -fwrapv -fno-strict-aliasing -pipe -fstack-protector-strong -I/usr/local/include -D_LARGEFILE_SOURCE -D_FILE_OFFSET_BITS=64 -D_FORTIFY_SOURCE=2 -O3 -DVERSION=\"1.03\" -DXS_VERSION=\"1.03\" -fPIC "-I/home/green.sophos/ioanrogers/.plenv/versions/5.22.2/lib/perl5/5.22.2/x86_64-linux/CORE" -DHAVE_DLFCN_H=1 pkcs11_struct_des.c
gcc -c -I. -fwrapv -fno-strict-aliasing -pipe -fstack-protector-strong -I/usr/local/include -D_LARGEFILE_SOURCE -D_FILE_OFFSET_BITS=64 -D_FORTIFY_SOURCE=2 -O3 -DVERSION=\"1.03\" -DXS_VERSION=\"1.03\" -fPIC "-I/home/green.sophos/ioanrogers/.plenv/versions/5.22.2/lib/perl5/5.22.2/x86_64-linux/CORE" -DHAVE_DLFCN_H=1 pkcs11_struct_ecdh1.c
mv pkcs11_struct_x9.xsc pkcs11_struct_x9.c
gcc -c -I. -fwrapv -fno-strict-aliasing -pipe -fstack-protector-strong -I/usr/local/include -D_LARGEFILE_SOURCE -D_FILE_OFFSET_BITS=64 -D_FORTIFY_SOURCE=2 -O3 -DVERSION=\"1.03\" -DXS_VERSION=\"1.03\" -fPIC "-I/home/green.sophos/ioanrogers/.plenv/versions/5.22.2/lib/perl5/5.22.2/x86_64-linux/CORE" -DHAVE_DLFCN_H=1 pkcs11_struct_ecdh2.c
pkcs11_struct_cms.c: In function âXS_Crypt__PKCS11__CK_CMS_SIG_PARAMSPtr_get_pDigestMechanismâ:
pkcs11_struct_cms.c:526:11: warning: implicit declaration of function âcrypt_pkcs11_ck_cms_sig_params_get_pDigestMechanismâ [-Wimplicit-function-declaration]
RETVAL = crypt_pkcs11_ck_cms_sig_params_get_pDigestMechanism(object, sv);
^
pkcs11_struct_cms.c: In function âXS_Crypt__PKCS11__CK_CMS_SIG_PARAMSPtr_set_pDigestMechanismâ:
pkcs11_struct_cms.c:599:11: warning: implicit declaration of function âcrypt_pkcs11_ck_cms_sig_params_set_pDigestMechanismâ [-Wimplicit-function-declaration]
RETVAL = crypt_pkcs11_ck_cms_sig_params_set_pDigestMechanism(object, sv);
^
pkcs11_struct_cms.c: In function âXS_Crypt__PKCS11__CK_CMS_SIG_PARAMSPtr_get_pContentTypeâ:
pkcs11_struct_cms.c:629:11: warning: implicit declaration of function âcrypt_pkcs11_ck_cms_sig_params_get_pContentTypeâ [-Wimplicit-function-declaration]
RETVAL = crypt_pkcs11_ck_cms_sig_params_get_pContentType(object, sv);
^
pkcs11_struct_cms.c: In function âXS_Crypt__PKCS11__CK_CMS_SIG_PARAMSPtr_set_pContentTypeâ:
pkcs11_struct_cms.c:689:11: warning: implicit declaration of function âcrypt_pkcs11_ck_cms_sig_params_set_pContentTypeâ [-Wimplicit-function-declaration]
RETVAL = crypt_pkcs11_ck_cms_sig_params_set_pContentType(object, sv);
^
pkcs11_struct_cms.c: In function âXS_Crypt__PKCS11__CK_CMS_SIG_PARAMSPtr_get_pRequestedAttributesâ:
pkcs11_struct_cms.c:719:11: warning: implicit declaration of function âcrypt_pkcs11_ck_cms_sig_params_get_pRequestedAttributesâ [-Wimplicit-function-declaration]
RETVAL = crypt_pkcs11_ck_cms_sig_params_get_pRequestedAttributes(object, sv);
^
pkcs11_struct_cms.c: In function âXS_Crypt__PKCS11__CK_CMS_SIG_PARAMSPtr_set_pRequestedAttributesâ:
pkcs11_struct_cms.c:779:11: warning: implicit declaration of function âcrypt_pkcs11_ck_cms_sig_params_set_pRequestedAttributesâ [-Wimplicit-function-declaration]
RETVAL = crypt_pkcs11_ck_cms_sig_params_set_pRequestedAttributes(object, sv);
^
pkcs11_struct_cms.c: In function âXS_Crypt__PKCS11__CK_CMS_SIG_PARAMSPtr_get_pRequiredAttributesâ:
pkcs11_struct_cms.c:809:11: warning: implicit declaration of function âcrypt_pkcs11_ck_cms_sig_params_get_pRequiredAttributesâ [-Wimplicit-function-declaration]
RETVAL = crypt_pkcs11_ck_cms_sig_params_get_pRequiredAttributes(object, sv);
^
pkcs11_struct_cms.c: In function âXS_Crypt__PKCS11__CK_CMS_SIG_PARAMSPtr_set_pRequiredAttributesâ:
pkcs11_struct_cms.c:869:11: warning: implicit declaration of function âcrypt_pkcs11_ck_cms_sig_params_set_pRequiredAttributesâ [-Wimplicit-function-declaration]
RETVAL = crypt_pkcs11_ck_cms_sig_params_set_pRequiredAttributes(object, sv);
^
gcc -c -I. -fwrapv -fno-strict-aliasing -pipe -fstack-protector-strong -I/usr/local/include -D_LARGEFILE_SOURCE -D_FILE_OFFSET_BITS=64 -D_FORTIFY_SOURCE=2 -O3 -DVERSION=\"1.03\" -DXS_VERSION=\"1.03\" -fPIC "-I/home/green.sophos/ioanrogers/.plenv/versions/5.22.2/lib/perl5/5.22.2/x86_64-linux/CORE" -DHAVE_DLFCN_H=1 pkcs11_struct_ecmqv.c
gcc -c -I. -fwrapv -fno-strict-aliasing -pipe -fstack-protector-strong -I/usr/local/include -D_LARGEFILE_SOURCE -D_FILE_OFFSET_BITS=64 -D_FORTIFY_SOURCE=2 -O3 -DVERSION=\"1.03\" -DXS_VERSION=\"1.03\" -fPIC "-I/home/green.sophos/ioanrogers/.plenv/versions/5.22.2/lib/perl5/5.22.2/x86_64-linux/CORE" -DHAVE_DLFCN_H=1 pkcs11_struct_kea.c
gcc -c -I. -fwrapv -fno-strict-aliasing -pipe -fstack-protector-strong -I/usr/local/include -D_LARGEFILE_SOURCE -D_FILE_OFFSET_BITS=64 -D_FORTIFY_SOURCE=2 -O3 -DVERSION=\"1.03\" -DXS_VERSION=\"1.03\" -fPIC "-I/home/green.sophos/ioanrogers/.plenv/versions/5.22.2/lib/perl5/5.22.2/x86_64-linux/CORE" -DHAVE_DLFCN_H=1 pkcs11_struct_key.c
gcc -c -I. -fwrapv -fno-strict-aliasing -pipe -fstack-protector-strong -I/usr/local/include -D_LARGEFILE_SOURCE -D_FILE_OFFSET_BITS=64 -D_FORTIFY_SOURCE=2 -O3 -DVERSION=\"1.03\" -DXS_VERSION=\"1.03\" -fPIC "-I/home/green.sophos/ioanrogers/.plenv/versions/5.22.2/lib/perl5/5.22.2/x86_64-linux/CORE" -DHAVE_DLFCN_H=1 pkcs11_struct_kip.c
gcc -c -I. -fwrapv -fno-strict-aliasing -pipe -fstack-protector-strong -I/usr/local/include -D_LARGEFILE_SOURCE -D_FILE_OFFSET_BITS=64 -D_FORTIFY_SOURCE=2 -O3 -DVERSION=\"1.03\" -DXS_VERSION=\"1.03\" -fPIC "-I/home/green.sophos/ioanrogers/.plenv/versions/5.22.2/lib/perl5/5.22.2/x86_64-linux/CORE" -DHAVE_DLFCN_H=1 pkcs11_struct_mechanism.c
gcc -c -I. -fwrapv -fno-strict-aliasing -pipe -fstack-protector-strong -I/usr/local/include -D_LARGEFILE_SOURCE -D_FILE_OFFSET_BITS=64 -D_FORTIFY_SOURCE=2 -O3 -DVERSION=\"1.03\" -DXS_VERSION=\"1.03\" -fPIC "-I/home/green.sophos/ioanrogers/.plenv/versions/5.22.2/lib/perl5/5.22.2/x86_64-linux/CORE" -DHAVE_DLFCN_H=1 pkcs11_struct_otp.c
pkcs11_struct_kip.c: In function âXS_Crypt__PKCS11__CK_KIP_PARAMSPtr_get_hKeyâ:
pkcs11_struct_kip.c:427:11: warning: implicit declaration of function âcrypt_pkcs11_ck_kip_params_get_hKeyâ [-Wimplicit-function-declaration]
RETVAL = crypt_pkcs11_ck_kip_params_get_hKey(object, sv);
^
pkcs11_struct_kip.c: In function âXS_Crypt__PKCS11__CK_KIP_PARAMSPtr_set_hKeyâ:
pkcs11_struct_kip.c:487:11: warning: implicit declaration of function âcrypt_pkcs11_ck_kip_params_set_hKeyâ [-Wimplicit-function-declaration]
RETVAL = crypt_pkcs11_ck_kip_params_set_hKey(object, sv);
^
pkcs11_struct_kip.c: In function âXS_Crypt__PKCS11__CK_KIP_PARAMSPtr_get_pSeedâ:
pkcs11_struct_kip.c:517:11: warning: implicit declaration of function âcrypt_pkcs11_ck_kip_params_get_pSeedâ [-Wimplicit-function-declaration]
RETVAL = crypt_pkcs11_ck_kip_params_get_pSeed(object, sv);
^
pkcs11_struct_kip.c: In function âXS_Crypt__PKCS11__CK_KIP_PARAMSPtr_set_pSeedâ:
pkcs11_struct_kip.c:577:11: warning: implicit declaration of function âcrypt_pkcs11_ck_kip_params_set_pSeedâ [-Wimplicit-function-declaration]
RETVAL = crypt_pkcs11_ck_kip_params_set_pSeed(object, sv);
^
gcc -c -I. -fwrapv -fno-strict-aliasing -pipe -fstack-protector-strong -I/usr/local/include -D_LARGEFILE_SOURCE -D_FILE_OFFSET_BITS=64 -D_FORTIFY_SOURCE=2 -O3 -DVERSION=\"1.03\" -DXS_VERSION=\"1.03\" -fPIC "-I/home/green.sophos/ioanrogers/.plenv/versions/5.22.2/lib/perl5/5.22.2/x86_64-linux/CORE" -DHAVE_DLFCN_H=1 pkcs11_struct_pbe.c
gcc -c -I. -fwrapv -fno-strict-aliasing -pipe -fstack-protector-strong -I/usr/local/include -D_LARGEFILE_SOURCE -D_FILE_OFFSET_BITS=64 -D_FORTIFY_SOURCE=2 -O3 -DVERSION=\"1.03\" -DXS_VERSION=\"1.03\" -fPIC "-I/home/green.sophos/ioanrogers/.plenv/versions/5.22.2/lib/perl5/5.22.2/x86_64-linux/CORE" -DHAVE_DLFCN_H=1 pkcs11_struct_pkcs5.c
gcc -c -I. -fwrapv -fno-strict-aliasing -pipe -fstack-protector-strong -I/usr/local/include -D_LARGEFILE_SOURCE -D_FILE_OFFSET_BITS=64 -D_FORTIFY_SOURCE=2 -O3 -DVERSION=\"1.03\" -DXS_VERSION=\"1.03\" -fPIC "-I/home/green.sophos/ioanrogers/.plenv/versions/5.22.2/lib/perl5/5.22.2/x86_64-linux/CORE" -DHAVE_DLFCN_H=1 pkcs11_struct_rc2.c
pkcs11_struct_otp.c: In function âXS_Crypt__PKCS11__CK_OTP_PARAMSPtr_get_ulCountâ:
pkcs11_struct_otp.c:722:11: warning: implicit declaration of function âcrypt_pkcs11_ck_otp_params_get_ulCountâ [-Wimplicit-function-declaration]
RETVAL = crypt_pkcs11_ck_otp_params_get_ulCount(object, sv);
^
pkcs11_struct_otp.c: In function âXS_Crypt__PKCS11__CK_OTP_PARAMSPtr_set_ulCountâ:
pkcs11_struct_otp.c:782:11: warning: implicit declaration of function âcrypt_pkcs11_ck_otp_params_set_ulCountâ [-Wimplicit-function-declaration]
RETVAL = crypt_pkcs11_ck_otp_params_set_ulCount(object, sv);
^
pkcs11_struct_otp.c: In function âXS_Crypt__PKCS11__CK_OTP_SIGNATURE_INFOPtr_get_ulCountâ:
pkcs11_struct_otp.c:1039:11: warning: implicit declaration of function âcrypt_pkcs11_ck_otp_signature_info_get_ulCountâ [-Wimplicit-function-declaration]
RETVAL = crypt_pkcs11_ck_otp_signature_info_get_ulCount(object, sv);
^
pkcs11_struct_otp.c: In function âXS_Crypt__PKCS11__CK_OTP_SIGNATURE_INFOPtr_set_ulCountâ:
pkcs11_struct_otp.c:1099:11: warning: implicit declaration of function âcrypt_pkcs11_ck_otp_signature_info_set_ulCountâ [-Wimplicit-function-declaration]
RETVAL = crypt_pkcs11_ck_otp_signature_info_set_ulCount(object, sv);
^
gcc -c -I. -fwrapv -fno-strict-aliasing -pipe -fstack-protector-strong -I/usr/local/include -D_LARGEFILE_SOURCE -D_FILE_OFFSET_BITS=64 -D_FORTIFY_SOURCE=2 -O3 -DVERSION=\"1.03\" -DXS_VERSION=\"1.03\" -fPIC "-I/home/green.sophos/ioanrogers/.plenv/versions/5.22.2/lib/perl5/5.22.2/x86_64-linux/CORE" -DHAVE_DLFCN_H=1 pkcs11_struct_rc5.c
gcc -c -I. -fwrapv -fno-strict-aliasing -pipe -fstack-protector-strong -I/usr/local/include -D_LARGEFILE_SOURCE -D_FILE_OFFSET_BITS=64 -D_FORTIFY_SOURCE=2 -O3 -DVERSION=\"1.03\" -DXS_VERSION=\"1.03\" -fPIC "-I/home/green.sophos/ioanrogers/.plenv/versions/5.22.2/lib/perl5/5.22.2/x86_64-linux/CORE" -DHAVE_DLFCN_H=1 pkcs11_struct_rsa.c
gcc -c -I. -fwrapv -fno-strict-aliasing -pipe -fstack-protector-strong -I/usr/local/include -D_LARGEFILE_SOURCE -D_FILE_OFFSET_BITS=64 -D_FORTIFY_SOURCE=2 -O3 -DVERSION=\"1.03\" -DXS_VERSION=\"1.03\" -fPIC "-I/home/green.sophos/ioanrogers/.plenv/versions/5.22.2/lib/perl5/5.22.2/x86_64-linux/CORE" -DHAVE_DLFCN_H=1 pkcs11_struct_skipjack.c
gcc -c -I. -fwrapv -fno-strict-aliasing -pipe -fstack-protector-strong -I/usr/local/include -D_LARGEFILE_SOURCE -D_FILE_OFFSET_BITS=64 -D_FORTIFY_SOURCE=2 -O3 -DVERSION=\"1.03\" -DXS_VERSION=\"1.03\" -fPIC "-I/home/green.sophos/ioanrogers/.plenv/versions/5.22.2/lib/perl5/5.22.2/x86_64-linux/CORE" -DHAVE_DLFCN_H=1 pkcs11_struct_ssl3.c
gcc -c -I. -fwrapv -fno-strict-aliasing -pipe -fstack-protector-strong -I/usr/local/include -D_LARGEFILE_SOURCE -D_FILE_OFFSET_BITS=64 -D_FORTIFY_SOURCE=2 -O3 -DVERSION=\"1.03\" -DXS_VERSION=\"1.03\" -fPIC "-I/home/green.sophos/ioanrogers/.plenv/versions/5.22.2/lib/perl5/5.22.2/x86_64-linux/CORE" -DHAVE_DLFCN_H=1 pkcs11_struct_tls.c
gcc -c -I. -fwrapv -fno-strict-aliasing -pipe -fstack-protector-strong -I/usr/local/include -D_LARGEFILE_SOURCE -D_FILE_OFFSET_BITS=64 -D_FORTIFY_SOURCE=2 -O3 -DVERSION=\"1.03\" -DXS_VERSION=\"1.03\" -fPIC "-I/home/green.sophos/ioanrogers/.plenv/versions/5.22.2/lib/perl5/5.22.2/x86_64-linux/CORE" -DHAVE_DLFCN_H=1 pkcs11_struct_version.c
gcc -c -I. -fwrapv -fno-strict-aliasing -pipe -fstack-protector-strong -I/usr/local/include -D_LARGEFILE_SOURCE -D_FILE_OFFSET_BITS=64 -D_FORTIFY_SOURCE=2 -O3 -DVERSION=\"1.03\" -DXS_VERSION=\"1.03\" -fPIC "-I/home/green.sophos/ioanrogers/.plenv/versions/5.22.2/lib/perl5/5.22.2/x86_64-linux/CORE" -DHAVE_DLFCN_H=1 pkcs11_struct_wtls.c
pkcs11_struct_ssl3.c: In function âXS_Crypt__PKCS11__CK_SSL3_MASTER_KEY_DERIVE_PARAMSPtr_get_pVersionâ:
pkcs11_struct_ssl3.c:722:11: warning: implicit declaration of function âcrypt_pkcs11_ck_ssl3_master_key_derive_params_get_pVersionâ [-Wimplicit-function-declaration]
RETVAL = crypt_pkcs11_ck_ssl3_master_key_derive_params_get_pVersion(object, sv);
^
pkcs11_struct_ssl3.c: In function âXS_Crypt__PKCS11__CK_SSL3_MASTER_KEY_DERIVE_PARAMSPtr_set_pVersionâ:
pkcs11_struct_ssl3.c:795:11: warning: implicit declaration of function âcrypt_pkcs11_ck_ssl3_master_key_derive_params_set_pVersionâ [-Wimplicit-function-declaration]
RETVAL = crypt_pkcs11_ck_ssl3_master_key_derive_params_set_pVersion(object, sv);
^
pkcs11_struct_ssl3.c: In function âXS_Crypt__PKCS11__CK_SSL3_KEY_MAT_PARAMSPtr_get_pReturnedKeyMaterialâ:
pkcs11_struct_ssl3.c:2058:11: warning: implicit declaration of function âcrypt_pkcs11_ck_ssl3_key_mat_params_get_pReturnedKeyMaterialâ [-Wimplicit-function-declaration]
RETVAL = crypt_pkcs11_ck_ssl3_key_mat_params_get_pReturnedKeyMaterial(object, sv);
^
gcc -c -I. -fwrapv -fno-strict-aliasing -pipe -fstack-protector-strong -I/usr/local/include -D_LARGEFILE_SOURCE -D_FILE_OFFSET_BITS=64 -D_FORTIFY_SOURCE=2 -O3 -DVERSION=\"1.03\" -DXS_VERSION=\"1.03\" -fPIC "-I/home/green.sophos/ioanrogers/.plenv/versions/5.22.2/lib/perl5/5.22.2/x86_64-linux/CORE" -DHAVE_DLFCN_H=1 pkcs11_struct_x9.c
pkcs11_struct_wtls.c: In function âXS_Crypt__PKCS11__CK_WTLS_MASTER_KEY_DERIVE_PARAMSPtr_get_pVersionâ:
pkcs11_struct_wtls.c:803:11: warning: implicit declaration of function âcrypt_pkcs11_ck_wtls_master_key_derive_params_get_pVersionâ [-Wimplicit-function-declaration]
RETVAL = crypt_pkcs11_ck_wtls_master_key_derive_params_get_pVersion(object, sv);
^
pkcs11_struct_wtls.c: In function âXS_Crypt__PKCS11__CK_WTLS_MASTER_KEY_DERIVE_PARAMSPtr_set_pVersionâ:
pkcs11_struct_wtls.c:863:11: warning: implicit declaration of function âcrypt_pkcs11_ck_wtls_master_key_derive_params_set_pVersionâ [-Wimplicit-function-declaration]
RETVAL = crypt_pkcs11_ck_wtls_master_key_derive_params_set_pVersion(object, sv);
^
pkcs11_struct_wtls.c: In function âXS_Crypt__PKCS11__CK_WTLS_KEY_MAT_PARAMSPtr_get_pReturnedKeyMaterialâ:
pkcs11_struct_wtls.c:2502:11: warning: implicit declaration of function âcrypt_pkcs11_ck_wtls_key_mat_params_get_pReturnedKeyMaterialâ [-Wimplicit-function-declaration]
RETVAL = crypt_pkcs11_ck_wtls_key_mat_params_get_pReturnedKeyMaterial(object, sv);
^
rm -f blib/arch/auto/Crypt/PKCS11/PKCS11.so
gcc -shared -O3 -L/usr/local/lib -fstack-protector-strong -o blib/arch/auto/Crypt/PKCS11/PKCS11.so crypt_pkcs11.o crypt_pkcs11_struct.o crypt_pkcs11_struct_aes.o crypt_pkcs11_struct_aria.o crypt_pkcs11_struct_camellia.o crypt_pkcs11_struct_cms.o crypt_pkcs11_struct_des.o crypt_pkcs11_struct_ecdh1.o crypt_pkcs11_struct_ecdh2.o crypt_pkcs11_struct_ecmqv.o crypt_pkcs11_struct_kea.o crypt_pkcs11_struct_key.o crypt_pkcs11_struct_kip.o crypt_pkcs11_struct_mechanism.o crypt_pkcs11_struct_otp.o crypt_pkcs11_struct_pbe.o crypt_pkcs11_struct_pkcs5.o crypt_pkcs11_struct_rc2.o crypt_pkcs11_struct_rc5.o crypt_pkcs11_struct_rsa.o crypt_pkcs11_struct_skipjack.o crypt_pkcs11_struct_ssl3.o crypt_pkcs11_struct_tls.o crypt_pkcs11_struct_version.o crypt_pkcs11_struct_wtls.o crypt_pkcs11_struct_x9.o pkcs11.o pkcs11_struct.o pkcs11_struct_aes.o pkcs11_struct_aria.o pkcs11_struct_camellia.o pkcs11_struct_cms.o pkcs11_struct_des.o pkcs11_struct_ecdh1.o pkcs11_struct_ecdh2.o pkcs11_struct_ecmqv.o pkcs11_struct_kea.o pkcs11_struct_key.o pkcs11_struct_kip.o pkcs11_struct_mechanism.o pkcs11_struct_otp.o pkcs11_struct_pbe.o pkcs11_struct_pkcs5.o pkcs11_struct_rc2.o pkcs11_struct_rc5.o pkcs11_struct_rsa.o pkcs11_struct_skipjack.o pkcs11_struct_ssl3.o pkcs11_struct_tls.o pkcs11_struct_version.o pkcs11_struct_wtls.o pkcs11_struct_x9.o \
-ldl \
chmod 755 blib/arch/auto/Crypt/PKCS11/PKCS11.so
"/home/green.sophos/ioanrogers/.plenv/versions/5.22.2/bin/perl5.22.2" -MExtUtils::Command::MM -e 'cp_nonempty' -- PKCS11.bs blib/arch/auto/Crypt/PKCS11/PKCS11.bs 644
PERL_DL_NONLAZY=1 "/home/green.sophos/ioanrogers/.plenv/versions/5.22.2/bin/perl5.22.2" "-MExtUtils::Command::MM" "-MTest::Harness" "-e" "undef *Test::Harness::Switches; test_harness(0, 'blib/lib', 'blib/arch')" t/*.t
t/manifest.t ...... skipped: Author tests not required for installation
t/pod-coverage.t .. skipped: Test::Pod::Coverage 1.08 required for testing POD coverage
t/boilerplate.t ... ok
t/pod.t ........... skipped: Test::Pod 1.22 required for testing POD
# Testing Crypt::PKCS11 1.03, Perl 5.022002, /home/green.sophos/ioanrogers/.plenv/versions/5.22.2/bin/perl5.22.2
t/00-load.t ....... ok
Died at t/pkcs11.t line 972.
# Tests were run but no plan was declared and done_testing() was not seen.
# Looks like your test exited with 2 just after 1.
t/pkcs11.t ........
Dubious, test returned 2 (wstat 512, 0x200)
All 1 subtests passed
t/rv2str.t ........ ok
t/svuok.t ......... ok
Died at t/oo.t line 197.
# Tests were run but no plan was declared and done_testing() was not seen.
# Looks like your test exited with 2 just after 44.
t/oo.t ............
Dubious, test returned 2 (wstat 512, 0x200)
All 44 subtests passed
t/cover.t ......... ok
Test Summary Report
-------------------
t/boilerplate.t (Wstat: 0 Tests: 3 Failed: 0)
TODO passed: 1-3
t/pkcs11.t (Wstat: 512 Tests: 1 Failed: 0)
Non-zero exit status: 2
Parse errors: No plan found in TAP output
t/oo.t (Wstat: 512 Tests: 44 Failed: 0)
Non-zero exit status: 2
Parse errors: No plan found in TAP output
Files=10, Tests=1980, 0 wallclock secs ( 0.19 usr 0.02 sys + 1.34 cusr 0.09 csys = 1.64 CPU)
Result: FAIL
------------------------------
PREREQUISITES
------------------------------
Prerequisite modules loaded:
No requirements found
------------------------------
ENVIRONMENT AND OTHER CONTEXT
------------------------------
Environment variables:
HARNESS_OPTIONS = j8
LANG = en_GB.UTF-8
PATH = /home/green.sophos/ioanrogers/.plenv/versions/5.22.2/bin:/home/green.sophos/ioanrogers/.plenv/libexec:/home/green.sophos/ioanrogers/.plenv/plugins/perl-build/bin:/usr/pgsql-9.5/bin:/home/green.sophos/ioanrogers/.plenv/shims:~/.plenv/bin::/usr/local/bin:/usr/bin:/bin:/usr/local/sbin:/sbin:/usr/sbin:/usr/games
PERL_CPANM_OPT = --prompt --no-man-pages --verify --mirror https://cpan.metacpan.org
SHELL = /bin/bash
TERM = xterm-256color
Perl special variables (and OS-specific diagnostics, for MSWin32):
EGID = 1527821795 10 36 39 107 135 190 975 979 980 1001 1002 1527800513 1527808566 1527810726 1527810832 1527811154 1527812605 1527812759 1527817289 1527817290 1527820552 1527820734 1527821689 1527821795 1527821796 1527822114 1527825355 1527825408 1527825961 1527828440 1527830423 1527830736 1527833101 1527834180 1527837594 1527838294 1527839286 1527841434 1527848322 1527848455 1527848457 1527850756 1527851717 1527851843 1527851958 1527853623 1527853874 1527855916 1527856703 1527857018 1527858721 1527859691 1527859692 1527862753 1527865139 1527865158 1527865161 1527865496 1527868651 1527868657 1527868660 1527868661 1527868663 1527868671 1527868682 1527868687 1527868702 1527868732 1527868754 1527868755 1527876482 1527876838 1527876862 1527877456 1527877457 1527877458 1527877459 1527877460 1527877461 1527877462 1527877463 1527877464 1527877465 1527877466 1527877467 1527877468 1527877469 1527877470 1527877471 1527877472 1527877473 1527877474 1527877475 1527877476 1527877477 1527877478 1527877479 1527877480 1527877481 1527877482 1527877483 1527877484 1527877485 1527877486 1527877487 1527877488 1527877489 1527877490 1527877491 1527877492 1527877493 1527877494 1527877495 1527877496 1527877497 1527877498 1527877499 1527877500 1527877501 1527877502 1527877503 1527877504 1527877505 1527877506 1527877507 1527877508 1527877509 1527877510 1527877511 1527877512 1527877513 1527877591 1527877593 1527885777 1527885778 1527885839 1527890621
EUID = 1527858684
EXECUTABLE_NAME = /home/green.sophos/ioanrogers/.plenv/versions/5.22.2/bin/perl5.22.2
GID = 1527821795 10 36 39 107 135 190 975 979 980 1001 1002 1527800513 1527808566 1527810726 1527810832 1527811154 1527812605 1527812759 1527817289 1527817290 1527820552 1527820734 1527821689 1527821795 1527821796 1527822114 1527825355 1527825408 1527825961 1527828440 1527830423 1527830736 1527833101 1527834180 1527837594 1527838294 1527839286 1527841434 1527848322 1527848455 1527848457 1527850756 1527851717 1527851843 1527851958 1527853623 1527853874 1527855916 1527856703 1527857018 1527858721 1527859691 1527859692 1527862753 1527865139 1527865158 1527865161 1527865496 1527868651 1527868657 1527868660 1527868661 1527868663 1527868671 1527868682 1527868687 1527868702 1527868732 1527868754 1527868755 1527876482 1527876838 1527876862 1527877456 1527877457 1527877458 1527877459 1527877460 1527877461 1527877462 1527877463 1527877464 1527877465 1527877466 1527877467 1527877468 1527877469 1527877470 1527877471 1527877472 1527877473 1527877474 1527877475 1527877476 1527877477 1527877478 1527877479 1527877480 1527877481 1527877482 1527877483 1527877484 1527877485 1527877486 1527877487 1527877488 1527877489 1527877490 1527877491 1527877492 1527877493 1527877494 1527877495 1527877496 1527877497 1527877498 1527877499 1527877500 1527877501 1527877502 1527877503 1527877504 1527877505 1527877506 1527877507 1527877508 1527877509 1527877510 1527877511 1527877512 1527877513 1527877591 1527877593 1527885777 1527885778 1527885839 1527890621
UID = 1527858684
Perl module toolchain versions installed:
Module Have
------------------- --------
CPAN 2.11
CPAN::Meta 2.150001
Cwd 3.56_01
ExtUtils::CBuilder 0.280221
ExtUtils::Command 7.14
ExtUtils::Install 2.04
ExtUtils::MakeMaker 7.14
ExtUtils::Manifest 1.70
ExtUtils::ParseXS 3.28
File::Spec 3.56_01
JSON 2.90
JSON::PP 2.27300
Module::Build 0.4218
Module::Signature 0.79
Parse::CPAN::Meta 1.4414
Test::Harness 3.35
Test::More 1.001014
YAML 1.15
YAML::Syck n/a
version 0.9909
--
Summary of my perl5 (revision 5 version 22 subversion 2) configuration:
Platform:
osname=linux, osvers=4.4.8-300.fc23.x86_64, archname=x86_64-linux
uname='linux ca-gn-20090375 4.4.8-300.fc23.x86_64 #1 smp wed apr 20 16:59:27 utc 2016 x86_64 x86_64 x86_64 gnulinux '
config_args='-Dprefix=/home/green.sophos/ioanrogers/.plenv/versions/5.22.2 -de -Dusedevel -Dcc=gcc -Doptimize=-O3 -Dccflags-march=native -Dman1dir=none -Dman3dir=none -A'eval:scriptdir=/home/green.sophos/ioanrogers/.plenv/versions/5.22.2/bin''
hint=recommended, useposix=true, d_sigaction=define
useithreads=undef, usemultiplicity=undef
use64bitint=define, use64bitall=define, uselongdouble=undef
usemymalloc=n, bincompat5005=undef
Compiler:
cc='gcc', ccflags ='-fwrapv -fno-strict-aliasing -pipe -fstack-protector-strong -I/usr/local/include -D_LARGEFILE_SOURCE -D_FILE_OFFSET_BITS=64 -D_FORTIFY_SOURCE=2',
optimize='-O3',
cppflags='-fwrapv -fno-strict-aliasing -pipe -fstack-protector-strong -I/usr/local/include'
ccversion='', gccversion='5.3.1 20160406 (Red Hat 5.3.1-6)', gccosandvers=''
intsize=4, longsize=8, ptrsize=8, doublesize=8, byteorder=12345678, doublekind=3
d_longlong=define, longlongsize=8, d_longdbl=define, longdblsize=16, longdblkind=3
ivtype='long', ivsize=8, nvtype='double', nvsize=8, Off_t='off_t', lseeksize=8
alignbytes=8, prototype=define
Linker and Libraries:
ld='gcc', ldflags =' -fstack-protector-strong -L/usr/local/lib'
libpth=/usr/local/lib /usr/lib /lib/../lib64 /usr/lib/../lib64 /lib /lib64 /usr/lib64 /usr/local/lib64
libs=-lpthread -lnsl -lgdbm -ldb -ldl -lm -lcrypt -lutil -lc -lgdbm_compat
perllibs=-lpthread -lnsl -ldl -lm -lcrypt -lutil -lc
libc=libc-2.22.so, so=so, useshrplib=false, libperl=libperl.a
gnulibc_version='2.22'
Dynamic Linking:
dlsrc=dl_dlopen.xs, dlext=so, d_dlsymun=undef, ccdlflags='-Wl,-E'
cccdlflags='-fPIC', lddlflags='-shared -O3 -L/usr/local/lib -fstack-protector-strong'
Characteristics of this binary (from libperl):
Compile-time options: HAS_TIMES PERLIO_LAYERS PERL_DONT_CREATE_GVSV
PERL_HASH_FUNC_ONE_AT_A_TIME_HARD PERL_MALLOC_WRAP
PERL_NEW_COPY_ON_WRITE PERL_PRESERVE_IVUV
PERL_USE_DEVEL USE_64_BIT_ALL USE_64_BIT_INT
USE_LARGE_FILES USE_LOCALE USE_LOCALE_COLLATE
USE_LOCALE_CTYPE USE_LOCALE_NUMERIC USE_LOCALE_TIME
USE_PERLIO USE_PERL_ATOF
Locally applied patches:
Devel::PatchPerl 1.38
Built under linux
Compiled at May 2 2016 08:21:43
%ENV:
PERL_CPANM_OPT="--prompt --no-man-pages --verify --mirror https://cpan.metacpan.org"
@INC:
/home/green.sophos/ioanrogers/.plenv/versions/5.22.2/lib/perl5/site_perl/5.22.2/x86_64-linux
/home/green.sophos/ioanrogers/.plenv/versions/5.22.2/lib/perl5/site_perl/5.22.2
/home/green.sophos/ioanrogers/.plenv/versions/5.22.2/lib/perl5/5.22.2/x86_64-linux
/home/green.sophos/ioanrogers/.plenv/versions/5.22.2/lib/perl5/5.22.2
.