Report for Fey-ORM-0.38

Back
From: metabase:user:320bfe00-2aae-11df-837a-5e0a49663a4f
Subject: FAIL Fey-ORM-0.38 v5.15.0 GNU/Linux
Date: 2011-06-21T06:50:47Z

This distribution has been tested as part of the CPAN Testers
project, supporting the Perl programming language.  See
http://wiki.cpantesters.org/ for more information or email
questions to cpan-testers-discuss@perl.org


--
Dear Dave Rolsky,

This is a computer-generated report for Fey-ORM-0.38
on perl 5.15.0, created by CPAN-Reporter-1.1902.

Thank you for uploading your work to CPAN.  However, there was a problem
testing your distribution.

If you think this report is invalid, please consult the CPAN Testers Wiki
for suggestions on how to avoid getting FAIL reports for missing library
or binary dependencies, unsupported operating systems, and so on:

http://wiki.cpantesters.org/wiki/CPANAuthorNotes

Sections of this report:

    * Tester comments
    * Program output
    * Prerequisites
    * Environment and other context

------------------------------
TESTER COMMENTS
------------------------------

Additional comments from tester:

none provided

------------------------------
PROGRAM OUTPUT
------------------------------

Output from '/usr/bin/make test':

make[1]: Entering directory `/home/sand/.cpan/build/Fey-ORM-0.38-0H4jTI'
PERL_DL_NONLAZY=1 /home/sand/src/perl/repoperls/installed-perls/perl/v5.14.0-576-g6693394/ba65/bin/perl "-MExtUtils::Command::MM" "-e" "test_harness(0, 'blib/lib', 'blib/arch')" t/*.t t/Class/*.t t/Object/*.t t/Object/Iterator/*.t t/Object/Iterator/FromSelect/*.t
Can't locate MooseX/StrictConstructor/Role/Meta/Method/Constructor.pm in @INC (@INC contains: t/lib /home/sand/.cpan/build/Fey-ORM-0.38-0H4jTI/blib/lib /home/sand/.cpan/build/Fey-ORM-0.38-0H4jTI/blib/arch /home/src/perl/repoperls/installed-perls/perl/v5.14.0-576-g6693394/ba65/lib/site_perl/5.15.0/x86_64-linux-thread-multi /home/src/perl/repoperls/installed-perls/perl/v5.14.0-576-g6693394/ba65/lib/site_perl/5.15.0 /home/src/perl/repoperls/installed-perls/perl/v5.14.0-576-g6693394/ba65/lib/5.15.0/x86_64-linux-thread-multi /home/src/perl/repoperls/installed-perls/perl/v5.14.0-576-g6693394/ba65/lib/5.15.0 .). at /home/src/perl/repoperls/installed-perls/perl/v5.14.0-576-g6693394/ba65/lib/site_perl/5.15.0/x86_64-linux-thread-multi/Class/MOP.pm line 135
	Class::MOP::load_first_existing_class('MooseX::StrictConstructor::Role::Meta::Method::Constructor') called at /home/src/perl/repoperls/installed-perls/perl/v5.14.0-576-g6693394/ba65/lib/site_perl/5.15.0/x86_64-linux-thread-multi/Class/MOP.pm line 140
	Class::MOP::load_class('MooseX::StrictConstructor::Role::Meta::Method::Constructor', undef) called at /home/src/perl/repoperls/installed-perls/perl/v5.14.0-576-g6693394/ba65/lib/site_perl/5.15.0/x86_64-linux-thread-multi/Moose/Util.pm line 126
	Moose::Util::_apply_all_roles('Moose::Meta::Class=HASH(0x4339078)', undef, 'MooseX::StrictConstructor::Role::Meta::Method::Constructor') called at /home/src/perl/repoperls/installed-perls/perl/v5.14.0-576-g6693394/ba65/lib/site_perl/5.15.0/x86_64-linux-thread-multi/Moose/Util.pm line 93
	Moose::Util::apply_all_roles('Moose::Meta::Class=HASH(0x4339078)', 'MooseX::StrictConstructor::Role::Meta::Method::Constructor') called at /home/src/perl/repoperls/installed-perls/perl/v5.14.0-576-g6693394/ba65/lib/site_perl/5.15.0/x86_64-linux-thread-multi/Moose.pm line 65
	Moose::with('Moose::Meta::Class=HASH(0x4339078)', 'MooseX::StrictConstructor::Role::Meta::Method::Constructor') called at /home/src/perl/repoperls/installed-perls/perl/v5.14.0-576-g6693394/ba65/lib/site_perl/5.15.0/x86_64-linux-thread-multi/Moose/Exporter.pm line 356
	Moose::with('MooseX::StrictConstructor::Role::Meta::Method::Constructor') called at /home/sand/.cpan/build/Fey-ORM-0.38-0H4jTI/blib/lib/Fey/Meta/Method/Constructor.pm line 14
	require Fey/Meta/Method/Constructor.pm called at /home/sand/.cpan/build/Fey-ORM-0.38-0H4jTI/blib/lib/Fey/Meta/Class/Table.pm line 21
	Fey::Meta::Class::Table::BEGIN() called at /home/sand/.cpan/build/Fey-ORM-0.38-0H4jTI/blib/lib/Fey/Meta/Method/Constructor.pm line 0
	eval {...} called at /home/sand/.cpan/build/Fey-ORM-0.38-0H4jTI/blib/lib/Fey/Meta/Method/Constructor.pm line 0
	require Fey/Meta/Class/Table.pm called at /home/sand/.cpan/build/Fey-ORM-0.38-0H4jTI/blib/lib/Fey/Object/Schema.pm line 10
	Fey::Object::Schema::BEGIN() called at /home/sand/.cpan/build/Fey-ORM-0.38-0H4jTI/blib/lib/Fey/Meta/Method/Constructor.pm line 0
	eval {...} called at /home/sand/.cpan/build/Fey-ORM-0.38-0H4jTI/blib/lib/Fey/Meta/Method/Constructor.pm line 0
	require Fey/Object/Schema.pm called at /home/sand/.cpan/build/Fey-ORM-0.38-0H4jTI/blib/lib/Fey/ORM/Schema.pm line 11
	Fey::ORM::Schema::BEGIN() called at /home/sand/.cpan/build/Fey-ORM-0.38-0H4jTI/blib/lib/Fey/Meta/Method/Constructor.pm line 0
	eval {...} called at /home/sand/.cpan/build/Fey-ORM-0.38-0H4jTI/blib/lib/Fey/Meta/Method/Constructor.pm line 0
	require Fey/ORM/Schema.pm called at t/Class/Policy.t line 105
	Schema::BEGIN() called at /home/sand/.cpan/build/Fey-ORM-0.38-0H4jTI/blib/lib/Fey/Meta/Method/Constructor.pm line 0
	eval {...} called at /home/sand/.cpan/build/Fey-ORM-0.38-0H4jTI/blib/lib/Fey/Meta/Method/Constructor.pm line 0
Compilation failed in require at /home/sand/.cpan/build/Fey-ORM-0.38-0H4jTI/blib/lib/Fey/Meta/Class/Table.pm line 21.
BEGIN failed--compilation aborted at /home/sand/.cpan/build/Fey-ORM-0.38-0H4jTI/blib/lib/Fey/Meta/Class/Table.pm line 21.
Compilation failed in require at /home/sand/.cpan/build/Fey-ORM-0.38-0H4jTI/blib/lib/Fey/Object/Schema.pm line 10.
BEGIN failed--compilation aborted at /home/sand/.cpan/build/Fey-ORM-0.38-0H4jTI/blib/lib/Fey/Object/Schema.pm line 10.
Compilation failed in require at /home/sand/.cpan/build/Fey-ORM-0.38-0H4jTI/blib/lib/Fey/ORM/Schema.pm line 11.
BEGIN failed--compilation aborted at /home/sand/.cpan/build/Fey-ORM-0.38-0H4jTI/blib/lib/Fey/ORM/Schema.pm line 11.
Compilation failed in require at t/Class/Policy.t line 105.
BEGIN failed--compilation aborted at t/Class/Policy.t line 105.
t/Class/Policy.t ........................ 
Dubious, test returned 2 (wstat 512, 0x200)
No subtests run 
Can't locate MooseX/StrictConstructor/Role/Meta/Method/Constructor.pm in @INC (@INC contains: t/lib /home/sand/.cpan/build/Fey-ORM-0.38-0H4jTI/blib/lib /home/sand/.cpan/build/Fey-ORM-0.38-0H4jTI/blib/arch /home/src/perl/repoperls/installed-perls/perl/v5.14.0-576-g6693394/ba65/lib/site_perl/5.15.0/x86_64-linux-thread-multi /home/src/perl/repoperls/installed-perls/perl/v5.14.0-576-g6693394/ba65/lib/site_perl/5.15.0 /home/src/perl/repoperls/installed-perls/perl/v5.14.0-576-g6693394/ba65/lib/5.15.0/x86_64-linux-thread-multi /home/src/perl/repoperls/installed-perls/perl/v5.14.0-576-g6693394/ba65/lib/5.15.0 .). at /home/src/perl/repoperls/installed-perls/perl/v5.14.0-576-g6693394/ba65/lib/site_perl/5.15.0/x86_64-linux-thread-multi/Class/MOP.pm line 135
	Class::MOP::load_first_existing_class('MooseX::StrictConstructor::Role::Meta::Method::Constructor') called at /home/src/perl/repoperls/installed-perls/perl/v5.14.0-576-g6693394/ba65/lib/site_perl/5.15.0/x86_64-linux-thread-multi/Class/MOP.pm line 140
	Class::MOP::load_class('MooseX::StrictConstructor::Role::Meta::Method::Constructor', undef) called at /home/src/perl/repoperls/installed-perls/perl/v5.14.0-576-g6693394/ba65/lib/site_perl/5.15.0/x86_64-linux-thread-multi/Moose/Util.pm line 126
	Moose::Util::_apply_all_roles('Moose::Meta::Class=HASH(0x3b1d4e0)', undef, 'MooseX::StrictConstructor::Role::Meta::Method::Constructor') called at /home/src/perl/repoperls/installed-perls/perl/v5.14.0-576-g6693394/ba65/lib/site_perl/5.15.0/x86_64-linux-thread-multi/Moose/Util.pm line 93
	Moose::Util::apply_all_roles('Moose::Meta::Class=HASH(0x3b1d4e0)', 'MooseX::StrictConstructor::Role::Meta::Method::Constructor') called at /home/src/perl/repoperls/installed-perls/perl/v5.14.0-576-g6693394/ba65/lib/site_perl/5.15.0/x86_64-linux-thread-multi/Moose.pm line 65
	Moose::with('Moose::Meta::Class=HASH(0x3b1d4e0)', 'MooseX::StrictConstructor::Role::Meta::Method::Constructor') called at /home/src/perl/repoperls/installed-perls/perl/v5.14.0-576-g6693394/ba65/lib/site_perl/5.15.0/x86_64-linux-thread-multi/Moose/Exporter.pm line 356
	Moose::with('MooseX::StrictConstructor::Role::Meta::Method::Constructor') called at /home/sand/.cpan/build/Fey-ORM-0.38-0H4jTI/blib/lib/Fey/Meta/Method/Constructor.pm line 14
	require Fey/Meta/Method/Constructor.pm called at /home/sand/.cpan/build/Fey-ORM-0.38-0H4jTI/blib/lib/Fey/Meta/Class/Table.pm line 21
	Fey::Meta::Class::Table::BEGIN() called at /home/sand/.cpan/build/Fey-ORM-0.38-0H4jTI/blib/lib/Fey/Meta/Method/Constructor.pm line 0
	eval {...} called at /home/sand/.cpan/build/Fey-ORM-0.38-0H4jTI/blib/lib/Fey/Meta/Method/Constructor.pm line 0
	require Fey/Meta/Class/Table.pm called at /home/sand/.cpan/build/Fey-ORM-0.38-0H4jTI/blib/lib/Fey/Object/Schema.pm line 10
	Fey::Object::Schema::BEGIN() called at /home/sand/.cpan/build/Fey-ORM-0.38-0H4jTI/blib/lib/Fey/Meta/Method/Constructor.pm line 0
	eval {...} called at /home/sand/.cpan/build/Fey-ORM-0.38-0H4jTI/blib/lib/Fey/Meta/Method/Constructor.pm line 0
	require Fey/Object/Schema.pm called at /home/sand/.cpan/build/Fey-ORM-0.38-0H4jTI/blib/lib/Fey/ORM/Schema.pm line 11
	Fey::ORM::Schema::BEGIN() called at /home/sand/.cpan/build/Fey-ORM-0.38-0H4jTI/blib/lib/Fey/Meta/Method/Constructor.pm line 0
	eval {...} called at /home/sand/.cpan/build/Fey-ORM-0.38-0H4jTI/blib/lib/Fey/Meta/Method/Constructor.pm line 0
	require Fey/ORM/Schema.pm called at t/Class/Schema.t line 16
	Schema::BEGIN() called at /home/sand/.cpan/build/Fey-ORM-0.38-0H4jTI/blib/lib/Fey/Meta/Method/Constructor.pm line 0
	eval {...} called at /home/sand/.cpan/build/Fey-ORM-0.38-0H4jTI/blib/lib/Fey/Meta/Method/Constructor.pm line 0
Compilation failed in require at /home/sand/.cpan/build/Fey-ORM-0.38-0H4jTI/blib/lib/Fey/Meta/Class/Table.pm line 21.
BEGIN failed--compilation aborted at /home/sand/.cpan/build/Fey-ORM-0.38-0H4jTI/blib/lib/Fey/Meta/Class/Table.pm line 21.
Compilation failed in require at /home/sand/.cpan/build/Fey-ORM-0.38-0H4jTI/blib/lib/Fey/Object/Schema.pm line 10.
BEGIN failed--compilation aborted at /home/sand/.cpan/build/Fey-ORM-0.38-0H4jTI/blib/lib/Fey/Object/Schema.pm line 10.
Compilation failed in require at /home/sand/.cpan/build/Fey-ORM-0.38-0H4jTI/blib/lib/Fey/ORM/Schema.pm line 11.
BEGIN failed--compilation aborted at /home/sand/.cpan/build/Fey-ORM-0.38-0H4jTI/blib/lib/Fey/ORM/Schema.pm line 11.
Compilation failed in require at t/Class/Schema.t line 16.
BEGIN failed--compilation aborted at t/Class/Schema.t line 16.
t/Class/Schema.t ........................ 
Dubious, test returned 2 (wstat 512, 0x200)
No subtests run 
Can't locate MooseX/StrictConstructor/Role/Meta/Method/Constructor.pm in @INC (@INC contains: t/lib /home/sand/.cpan/build/Fey-ORM-0.38-0H4jTI/blib/lib /home/sand/.cpan/build/Fey-ORM-0.38-0H4jTI/blib/arch /home/src/perl/repoperls/installed-perls/perl/v5.14.0-576-g6693394/ba65/lib/site_perl/5.15.0/x86_64-linux-thread-multi /home/src/perl/repoperls/installed-perls/perl/v5.14.0-576-g6693394/ba65/lib/site_perl/5.15.0 /home/src/perl/repoperls/installed-perls/perl/v5.14.0-576-g6693394/ba65/lib/5.15.0/x86_64-linux-thread-multi /home/src/perl/repoperls/installed-perls/perl/v5.14.0-576-g6693394/ba65/lib/5.15.0 .). at /home/src/perl/repoperls/installed-perls/perl/v5.14.0-576-g6693394/ba65/lib/site_perl/5.15.0/x86_64-linux-thread-multi/Class/MOP.pm line 135
	Class::MOP::load_first_existing_class('MooseX::StrictConstructor::Role::Meta::Method::Constructor') called at /home/src/perl/repoperls/installed-perls/perl/v5.14.0-576-g6693394/ba65/lib/site_perl/5.15.0/x86_64-linux-thread-multi/Class/MOP.pm line 140
	Class::MOP::load_class('MooseX::StrictConstructor::Role::Meta::Method::Constructor', undef) called at /home/src/perl/repoperls/installed-perls/perl/v5.14.0-576-g6693394/ba65/lib/site_perl/5.15.0/x86_64-linux-thread-multi/Moose/Util.pm line 126
	Moose::Util::_apply_all_roles('Moose::Meta::Class=HASH(0x3325e98)', undef, 'MooseX::StrictConstructor::Role::Meta::Method::Constructor') called at /home/src/perl/repoperls/installed-perls/perl/v5.14.0-576-g6693394/ba65/lib/site_perl/5.15.0/x86_64-linux-thread-multi/Moose/Util.pm line 93
	Moose::Util::apply_all_roles('Moose::Meta::Class=HASH(0x3325e98)', 'MooseX::StrictConstructor::Role::Meta::Method::Constructor') called at /home/src/perl/repoperls/installed-perls/perl/v5.14.0-576-g6693394/ba65/lib/site_perl/5.15.0/x86_64-linux-thread-multi/Moose.pm line 65
	Moose::with('Moose::Meta::Class=HASH(0x3325e98)', 'MooseX::StrictConstructor::Role::Meta::Method::Constructor') called at /home/src/perl/repoperls/installed-perls/perl/v5.14.0-576-g6693394/ba65/lib/site_perl/5.15.0/x86_64-linux-thread-multi/Moose/Exporter.pm line 356
	Moose::with('MooseX::StrictConstructor::Role::Meta::Method::Constructor') called at /home/sand/.cpan/build/Fey-ORM-0.38-0H4jTI/blib/lib/Fey/Meta/Method/Constructor.pm line 14
	require Fey/Meta/Method/Constructor.pm called at /home/sand/.cpan/build/Fey-ORM-0.38-0H4jTI/blib/lib/Fey/Meta/Class/Table.pm line 21
	Fey::Meta::Class::Table::BEGIN() called at /home/sand/.cpan/build/Fey-ORM-0.38-0H4jTI/blib/lib/Fey/Meta/Method/Constructor.pm line 0
	eval {...} called at /home/sand/.cpan/build/Fey-ORM-0.38-0H4jTI/blib/lib/Fey/Meta/Method/Constructor.pm line 0
	require Fey/Meta/Class/Table.pm called at /home/sand/.cpan/build/Fey-ORM-0.38-0H4jTI/blib/lib/Fey/Object/Schema.pm line 10
	Fey::Object::Schema::BEGIN() called at /home/sand/.cpan/build/Fey-ORM-0.38-0H4jTI/blib/lib/Fey/Meta/Method/Constructor.pm line 0
	eval {...} called at /home/sand/.cpan/build/Fey-ORM-0.38-0H4jTI/blib/lib/Fey/Meta/Method/Constructor.pm line 0
	require Fey/Object/Schema.pm called at /home/sand/.cpan/build/Fey-ORM-0.38-0H4jTI/blib/lib/Fey/ORM/Schema.pm line 11
	Fey::ORM::Schema::BEGIN() called at /home/sand/.cpan/build/Fey-ORM-0.38-0H4jTI/blib/lib/Fey/Meta/Method/Constructor.pm line 0
	eval {...} called at /home/sand/.cpan/build/Fey-ORM-0.38-0H4jTI/blib/lib/Fey/Meta/Method/Constructor.pm line 0
	require Fey/ORM/Schema.pm called at t/Class/Table-has_many.t line 17
	Schema::BEGIN() called at /home/sand/.cpan/build/Fey-ORM-0.38-0H4jTI/blib/lib/Fey/Meta/Method/Constructor.pm line 0
	eval {...} called at /home/sand/.cpan/build/Fey-ORM-0.38-0H4jTI/blib/lib/Fey/Meta/Method/Constructor.pm line 0
Compilation failed in require at /home/sand/.cpan/build/Fey-ORM-0.38-0H4jTI/blib/lib/Fey/Meta/Class/Table.pm line 21.
BEGIN failed--compilation aborted at /home/sand/.cpan/build/Fey-ORM-0.38-0H4jTI/blib/lib/Fey/Meta/Class/Table.pm line 21.
Compilation failed in require at /home/sand/.cpan/build/Fey-ORM-0.38-0H4jTI/blib/lib/Fey/Object/Schema.pm line 10.
BEGIN failed--compilation aborted at /home/sand/.cpan/build/Fey-ORM-0.38-0H4jTI/blib/lib/Fey/Object/Schema.pm line 10.
Compilation failed in require at /home/sand/.cpan/build/Fey-ORM-0.38-0H4jTI/blib/lib/Fey/ORM/Schema.pm line 11.
BEGIN failed--compilation aborted at /home/sand/.cpan/build/Fey-ORM-0.38-0H4jTI/blib/lib/Fey/ORM/Schema.pm line 11.
Compilation failed in require at t/Class/Table-has_many.t line 17.
BEGIN failed--compilation aborted at t/Class/Table-has_many.t line 17.
t/Class/Table-has_many.t ................ 
Dubious, test returned 2 (wstat 512, 0x200)
No subtests run 
Can't locate MooseX/StrictConstructor/Role/Meta/Method/Constructor.pm in @INC (@INC contains: t/lib /home/sand/.cpan/build/Fey-ORM-0.38-0H4jTI/blib/lib /home/sand/.cpan/build/Fey-ORM-0.38-0H4jTI/blib/arch /home/src/perl/repoperls/installed-perls/perl/v5.14.0-576-g6693394/ba65/lib/site_perl/5.15.0/x86_64-linux-thread-multi /home/src/perl/repoperls/installed-perls/perl/v5.14.0-576-g6693394/ba65/lib/site_perl/5.15.0 /home/src/perl/repoperls/installed-perls/perl/v5.14.0-576-g6693394/ba65/lib/5.15.0/x86_64-linux-thread-multi /home/src/perl/repoperls/installed-perls/perl/v5.14.0-576-g6693394/ba65/lib/5.15.0 .). at /home/src/perl/repoperls/installed-perls/perl/v5.14.0-576-g6693394/ba65/lib/site_perl/5.15.0/x86_64-linux-thread-multi/Class/MOP.pm line 135
	Class::MOP::load_first_existing_class('MooseX::StrictConstructor::Role::Meta::Method::Constructor') called at /home/src/perl/repoperls/installed-perls/perl/v5.14.0-576-g6693394/ba65/lib/site_perl/5.15.0/x86_64-linux-thread-multi/Class/MOP.pm line 140
	Class::MOP::load_class('MooseX::StrictConstructor::Role::Meta::Method::Constructor', undef) called at /home/src/perl/repoperls/installed-perls/perl/v5.14.0-576-g6693394/ba65/lib/site_perl/5.15.0/x86_64-linux-thread-multi/Moose/Util.pm line 126
	Moose::Util::_apply_all_roles('Moose::Meta::Class=HASH(0x4416a48)', undef, 'MooseX::StrictConstructor::Role::Meta::Method::Constructor') called at /home/src/perl/repoperls/installed-perls/perl/v5.14.0-576-g6693394/ba65/lib/site_perl/5.15.0/x86_64-linux-thread-multi/Moose/Util.pm line 93
	Moose::Util::apply_all_roles('Moose::Meta::Class=HASH(0x4416a48)', 'MooseX::StrictConstructor::Role::Meta::Method::Constructor') called at /home/src/perl/repoperls/installed-perls/perl/v5.14.0-576-g6693394/ba65/lib/site_perl/5.15.0/x86_64-linux-thread-multi/Moose.pm line 65
	Moose::with('Moose::Meta::Class=HASH(0x4416a48)', 'MooseX::StrictConstructor::Role::Meta::Method::Constructor') called at /home/src/perl/repoperls/installed-perls/perl/v5.14.0-576-g6693394/ba65/lib/site_perl/5.15.0/x86_64-linux-thread-multi/Moose/Exporter.pm line 356
	Moose::with('MooseX::StrictConstructor::Role::Meta::Method::Constructor') called at /home/sand/.cpan/build/Fey-ORM-0.38-0H4jTI/blib/lib/Fey/Meta/Method/Constructor.pm line 14
	require Fey/Meta/Method/Constructor.pm called at /home/sand/.cpan/build/Fey-ORM-0.38-0H4jTI/blib/lib/Fey/Meta/Class/Table.pm line 21
	Fey::Meta::Class::Table::BEGIN() called at /home/sand/.cpan/build/Fey-ORM-0.38-0H4jTI/blib/lib/Fey/Meta/Method/Constructor.pm line 0
	eval {...} called at /home/sand/.cpan/build/Fey-ORM-0.38-0H4jTI/blib/lib/Fey/Meta/Method/Constructor.pm line 0
	require Fey/Meta/Class/Table.pm called at /home/sand/.cpan/build/Fey-ORM-0.38-0H4jTI/blib/lib/Fey/Object/Schema.pm line 10
	Fey::Object::Schema::BEGIN() called at /home/sand/.cpan/build/Fey-ORM-0.38-0H4jTI/blib/lib/Fey/Meta/Method/Constructor.pm line 0
	eval {...} called at /home/sand/.cpan/build/Fey-ORM-0.38-0H4jTI/blib/lib/Fey/Meta/Method/Constructor.pm line 0
	require Fey/Object/Schema.pm called at /home/sand/.cpan/build/Fey-ORM-0.38-0H4jTI/blib/lib/Fey/ORM/Schema.pm line 11
	Fey::ORM::Schema::BEGIN() called at /home/sand/.cpan/build/Fey-ORM-0.38-0H4jTI/blib/lib/Fey/Meta/Method/Constructor.pm line 0
	eval {...} called at /home/sand/.cpan/build/Fey-ORM-0.38-0H4jTI/blib/lib/Fey/Meta/Method/Constructor.pm line 0
	require Fey/ORM/Schema.pm called at t/Class/Table-has_one.t line 17
	Schema::BEGIN() called at /home/sand/.cpan/build/Fey-ORM-0.38-0H4jTI/blib/lib/Fey/Meta/Method/Constructor.pm line 0
	eval {...} called at /home/sand/.cpan/build/Fey-ORM-0.38-0H4jTI/blib/lib/Fey/Meta/Method/Constructor.pm line 0
Compilation failed in require at /home/sand/.cpan/build/Fey-ORM-0.38-0H4jTI/blib/lib/Fey/Meta/Class/Table.pm line 21.
BEGIN failed--compilation aborted at /home/sand/.cpan/build/Fey-ORM-0.38-0H4jTI/blib/lib/Fey/Meta/Class/Table.pm line 21.
Compilation failed in require at /home/sand/.cpan/build/Fey-ORM-0.38-0H4jTI/blib/lib/Fey/Object/Schema.pm line 10.
BEGIN failed--compilation aborted at /home/sand/.cpan/build/Fey-ORM-0.38-0H4jTI/blib/lib/Fey/Object/Schema.pm line 10.
Compilation failed in require at /home/sand/.cpan/build/Fey-ORM-0.38-0H4jTI/blib/lib/Fey/ORM/Schema.pm line 11.
BEGIN failed--compilation aborted at /home/sand/.cpan/build/Fey-ORM-0.38-0H4jTI/blib/lib/Fey/ORM/Schema.pm line 11.
Compilation failed in require at t/Class/Table-has_one.t line 17.
BEGIN failed--compilation aborted at t/Class/Table-has_one.t line 17.
t/Class/Table-has_one.t ................. 
Dubious, test returned 2 (wstat 512, 0x200)
No subtests run 
Can't locate MooseX/StrictConstructor/Role/Meta/Method/Constructor.pm in @INC (@INC contains: t/lib /home/sand/.cpan/build/Fey-ORM-0.38-0H4jTI/blib/lib /home/sand/.cpan/build/Fey-ORM-0.38-0H4jTI/blib/arch /home/src/perl/repoperls/installed-perls/perl/v5.14.0-576-g6693394/ba65/lib/site_perl/5.15.0/x86_64-linux-thread-multi /home/src/perl/repoperls/installed-perls/perl/v5.14.0-576-g6693394/ba65/lib/site_perl/5.15.0 /home/src/perl/repoperls/installed-perls/perl/v5.14.0-576-g6693394/ba65/lib/5.15.0/x86_64-linux-thread-multi /home/src/perl/repoperls/installed-perls/perl/v5.14.0-576-g6693394/ba65/lib/5.15.0 .). at /home/src/perl/repoperls/installed-perls/perl/v5.14.0-576-g6693394/ba65/lib/site_perl/5.15.0/x86_64-linux-thread-multi/Class/MOP.pm line 135
	Class::MOP::load_first_existing_class('MooseX::StrictConstructor::Role::Meta::Method::Constructor') called at /home/src/perl/repoperls/installed-perls/perl/v5.14.0-576-g6693394/ba65/lib/site_perl/5.15.0/x86_64-linux-thread-multi/Class/MOP.pm line 140
	Class::MOP::load_class('MooseX::StrictConstructor::Role::Meta::Method::Constructor', undef) called at /home/src/perl/repoperls/installed-perls/perl/v5.14.0-576-g6693394/ba65/lib/site_perl/5.15.0/x86_64-linux-thread-multi/Moose/Util.pm line 126
	Moose::Util::_apply_all_roles('Moose::Meta::Class=HASH(0x36c0998)', undef, 'MooseX::StrictConstructor::Role::Meta::Method::Constructor') called at /home/src/perl/repoperls/installed-perls/perl/v5.14.0-576-g6693394/ba65/lib/site_perl/5.15.0/x86_64-linux-thread-multi/Moose/Util.pm line 93
	Moose::Util::apply_all_roles('Moose::Meta::Class=HASH(0x36c0998)', 'MooseX::StrictConstructor::Role::Meta::Method::Constructor') called at /home/src/perl/repoperls/installed-perls/perl/v5.14.0-576-g6693394/ba65/lib/site_perl/5.15.0/x86_64-linux-thread-multi/Moose.pm line 65
	Moose::with('Moose::Meta::Class=HASH(0x36c0998)', 'MooseX::StrictConstructor::Role::Meta::Method::Constructor') called at /home/src/perl/repoperls/installed-perls/perl/v5.14.0-576-g6693394/ba65/lib/site_perl/5.15.0/x86_64-linux-thread-multi/Moose/Exporter.pm line 356
	Moose::with('MooseX::StrictConstructor::Role::Meta::Method::Constructor') called at /home/sand/.cpan/build/Fey-ORM-0.38-0H4jTI/blib/lib/Fey/Meta/Method/Constructor.pm line 14
	require Fey/Meta/Method/Constructor.pm called at /home/sand/.cpan/build/Fey-ORM-0.38-0H4jTI/blib/lib/Fey/Meta/Class/Table.pm line 21
	Fey::Meta::Class::Table::BEGIN() called at /home/sand/.cpan/build/Fey-ORM-0.38-0H4jTI/blib/lib/Fey/Meta/Method/Constructor.pm line 0
	eval {...} called at /home/sand/.cpan/build/Fey-ORM-0.38-0H4jTI/blib/lib/Fey/Meta/Method/Constructor.pm line 0
	require Fey/Meta/Class/Table.pm called at /home/sand/.cpan/build/Fey-ORM-0.38-0H4jTI/blib/lib/Fey/ORM/Table.pm line 11
	Fey::ORM::Table::BEGIN() called at /home/sand/.cpan/build/Fey-ORM-0.38-0H4jTI/blib/lib/Fey/Meta/Method/Constructor.pm line 0
	eval {...} called at /home/sand/.cpan/build/Fey-ORM-0.38-0H4jTI/blib/lib/Fey/Meta/Method/Constructor.pm line 0
	require Fey/ORM/Table.pm called at t/Class/Table.t line 15
	Group::BEGIN() called at /home/sand/.cpan/build/Fey-ORM-0.38-0H4jTI/blib/lib/Fey/Meta/Method/Constructor.pm line 0
	eval {...} called at /home/sand/.cpan/build/Fey-ORM-0.38-0H4jTI/blib/lib/Fey/Meta/Method/Constructor.pm line 0
Compilation failed in require at /home/sand/.cpan/build/Fey-ORM-0.38-0H4jTI/blib/lib/Fey/Meta/Class/Table.pm line 21.
BEGIN failed--compilation aborted at /home/sand/.cpan/build/Fey-ORM-0.38-0H4jTI/blib/lib/Fey/Meta/Class/Table.pm line 21.
Compilation failed in require at /home/sand/.cpan/build/Fey-ORM-0.38-0H4jTI/blib/lib/Fey/ORM/Table.pm line 11.
BEGIN failed--compilation aborted at /home/sand/.cpan/build/Fey-ORM-0.38-0H4jTI/blib/lib/Fey/ORM/Table.pm line 11.
Compilation failed in require at t/Class/Table.t line 15.
BEGIN failed--compilation aborted at t/Class/Table.t line 15.
t/Class/Table.t ......................... 
Dubious, test returned 2 (wstat 512, 0x200)
No subtests run 
Can't locate MooseX/StrictConstructor/Role/Meta/Method/Constructor.pm in @INC (@INC contains: t/lib /home/sand/.cpan/build/Fey-ORM-0.38-0H4jTI/blib/lib /home/sand/.cpan/build/Fey-ORM-0.38-0H4jTI/blib/arch /home/src/perl/repoperls/installed-perls/perl/v5.14.0-576-g6693394/ba65/lib/site_perl/5.15.0/x86_64-linux-thread-multi /home/src/perl/repoperls/installed-perls/perl/v5.14.0-576-g6693394/ba65/lib/site_perl/5.15.0 /home/src/perl/repoperls/installed-perls/perl/v5.14.0-576-g6693394/ba65/lib/5.15.0/x86_64-linux-thread-multi /home/src/perl/repoperls/installed-perls/perl/v5.14.0-576-g6693394/ba65/lib/5.15.0 .). at /home/src/perl/repoperls/installed-perls/perl/v5.14.0-576-g6693394/ba65/lib/site_perl/5.15.0/x86_64-linux-thread-multi/Class/MOP.pm line 135
	Class::MOP::load_first_existing_class('MooseX::StrictConstructor::Role::Meta::Method::Constructor') called at /home/src/perl/repoperls/installed-perls/perl/v5.14.0-576-g6693394/ba65/lib/site_perl/5.15.0/x86_64-linux-thread-multi/Class/MOP.pm line 140
	Class::MOP::load_class('MooseX::StrictConstructor::Role::Meta::Method::Constructor', undef) called at /home/src/perl/repoperls/installed-perls/perl/v5.14.0-576-g6693394/ba65/lib/site_perl/5.15.0/x86_64-linux-thread-multi/Moose/Util.pm line 126
	Moose::Util::_apply_all_roles('Moose::Meta::Class=HASH(0x2d89958)', undef, 'MooseX::StrictConstructor::Role::Meta::Method::Constructor') called at /home/src/perl/repoperls/installed-perls/perl/v5.14.0-576-g6693394/ba65/lib/site_perl/5.15.0/x86_64-linux-thread-multi/Moose/Util.pm line 93
	Moose::Util::apply_all_roles('Moose::Meta::Class=HASH(0x2d89958)', 'MooseX::StrictConstructor::Role::Meta::Method::Constructor') called at /home/src/perl/repoperls/installed-perls/perl/v5.14.0-576-g6693394/ba65/lib/site_perl/5.15.0/x86_64-linux-thread-multi/Moose.pm line 65
	Moose::with('Moose::Meta::Class=HASH(0x2d89958)', 'MooseX::StrictConstructor::Role::Meta::Method::Constructor') called at /home/src/perl/repoperls/installed-perls/perl/v5.14.0-576-g6693394/ba65/lib/site_perl/5.15.0/x86_64-linux-thread-multi/Moose/Exporter.pm line 356
	Moose::with('MooseX::StrictConstructor::Role::Meta::Method::Constructor') called at /home/sand/.cpan/build/Fey-ORM-0.38-0H4jTI/blib/lib/Fey/Meta/Method/Constructor.pm line 14
	require Fey/Meta/Method/Constructor.pm called at /home/sand/.cpan/build/Fey-ORM-0.38-0H4jTI/blib/lib/Fey/Meta/Class/Table.pm line 21
	Fey::Meta::Class::Table::BEGIN() called at /home/sand/.cpan/build/Fey-ORM-0.38-0H4jTI/blib/lib/Fey/Meta/Method/Constructor.pm line 0
	eval {...} called at /home/sand/.cpan/build/Fey-ORM-0.38-0H4jTI/blib/lib/Fey/Meta/Method/Constructor.pm line 0
	require Fey/Meta/Class/Table.pm called at /home/sand/.cpan/build/Fey-ORM-0.38-0H4jTI/blib/lib/Fey/Object/Schema.pm line 10
	Fey::Object::Schema::BEGIN() called at /home/sand/.cpan/build/Fey-ORM-0.38-0H4jTI/blib/lib/Fey/Meta/Method/Constructor.pm line 0
	eval {...} called at /home/sand/.cpan/build/Fey-ORM-0.38-0H4jTI/blib/lib/Fey/Meta/Method/Constructor.pm line 0
	require Fey/Object/Schema.pm called at /home/sand/.cpan/build/Fey-ORM-0.38-0H4jTI/blib/lib/Fey/ORM/Schema.pm line 11
	Fey::ORM::Schema::BEGIN() called at /home/sand/.cpan/build/Fey-ORM-0.38-0H4jTI/blib/lib/Fey/Meta/Method/Constructor.pm line 0
	eval {...} called at /home/sand/.cpan/build/Fey-ORM-0.38-0H4jTI/blib/lib/Fey/Meta/Method/Constructor.pm line 0
	require Fey/ORM/Schema.pm called at (eval 486) line 4
	Schema::BEGIN() called at /home/sand/.cpan/build/Fey-ORM-0.38-0H4jTI/blib/lib/Fey/Meta/Method/Constructor.pm line 0
	eval {...} called at /home/sand/.cpan/build/Fey-ORM-0.38-0H4jTI/blib/lib/Fey/Meta/Method/Constructor.pm line 0
	eval '{
    package Schema;

    use Fey::ORM::Schema;

    has_schema $schema;

    package User;

    use Fey::ORM::Table;

    has_table $schema->table(\'User\');

    package Message;

    use Fey::ORM::Table;

    has_table $schema->table(\'Message\');

    package UserGroup;

    use Fey::ORM::Table;

    has_table $schema->table(\'UserGroup\');
}

;' called at t/lib/Fey/ORM/Test.pm line 63
	Fey::ORM::Test::define_basic_classes() called at t/lib/Fey/ORM/Test/Iterator.pm line 22
	Fey::ORM::Test::Iterator::run_shared_tests('Fey::Object::Iterator::FromArray') called at t/Object/Iterator/FromArray.t line 15
Compilation failed in require at /home/sand/.cpan/build/Fey-ORM-0.38-0H4jTI/blib/lib/Fey/Meta/Class/Table.pm line 21.
BEGIN failed--compilation aborted at /home/sand/.cpan/build/Fey-ORM-0.38-0H4jTI/blib/lib/Fey/Meta/Class/Table.pm line 21.
Compilation failed in require at /home/sand/.cpan/build/Fey-ORM-0.38-0H4jTI/blib/lib/Fey/Object/Schema.pm line 10.
BEGIN failed--compilation aborted at /home/sand/.cpan/build/Fey-ORM-0.38-0H4jTI/blib/lib/Fey/Object/Schema.pm line 10.
Compilation failed in require at /home/sand/.cpan/build/Fey-ORM-0.38-0H4jTI/blib/lib/Fey/ORM/Schema.pm line 11.
BEGIN failed--compilation aborted at /home/sand/.cpan/build/Fey-ORM-0.38-0H4jTI/blib/lib/Fey/ORM/Schema.pm line 11.
Compilation failed in require at (eval 486) line 4.
BEGIN failed--compilation aborted at (eval 486) line 4.
t/Object/Iterator/FromArray.t ........... 
Dubious, test returned 2 (wstat 512, 0x200)
No subtests run 
Can't locate MooseX/StrictConstructor/Role/Meta/Method/Constructor.pm in @INC (@INC contains: t/lib /home/sand/.cpan/build/Fey-ORM-0.38-0H4jTI/blib/lib /home/sand/.cpan/build/Fey-ORM-0.38-0H4jTI/blib/arch /home/src/perl/repoperls/installed-perls/perl/v5.14.0-576-g6693394/ba65/lib/site_perl/5.15.0/x86_64-linux-thread-multi /home/src/perl/repoperls/installed-perls/perl/v5.14.0-576-g6693394/ba65/lib/site_perl/5.15.0 /home/src/perl/repoperls/installed-perls/perl/v5.14.0-576-g6693394/ba65/lib/5.15.0/x86_64-linux-thread-multi /home/src/perl/repoperls/installed-perls/perl/v5.14.0-576-g6693394/ba65/lib/5.15.0 .). at /home/src/perl/repoperls/installed-perls/perl/v5.14.0-576-g6693394/ba65/lib/site_perl/5.15.0/x86_64-linux-thread-multi/Class/MOP.pm line 135
	Class::MOP::load_first_existing_class('MooseX::StrictConstructor::Role::Meta::Method::Constructor') called at /home/src/perl/repoperls/installed-perls/perl/v5.14.0-576-g6693394/ba65/lib/site_perl/5.15.0/x86_64-linux-thread-multi/Class/MOP.pm line 140
	Class::MOP::load_class('MooseX::StrictConstructor::Role::Meta::Method::Constructor', undef) called at /home/src/perl/repoperls/installed-perls/perl/v5.14.0-576-g6693394/ba65/lib/site_perl/5.15.0/x86_64-linux-thread-multi/Moose/Util.pm line 126
	Moose::Util::_apply_all_roles('Moose::Meta::Class=HASH(0x381a958)', undef, 'MooseX::StrictConstructor::Role::Meta::Method::Constructor') called at /home/src/perl/repoperls/installed-perls/perl/v5.14.0-576-g6693394/ba65/lib/site_perl/5.15.0/x86_64-linux-thread-multi/Moose/Util.pm line 93
	Moose::Util::apply_all_roles('Moose::Meta::Class=HASH(0x381a958)', 'MooseX::StrictConstructor::Role::Meta::Method::Constructor') called at /home/src/perl/repoperls/installed-perls/perl/v5.14.0-576-g6693394/ba65/lib/site_perl/5.15.0/x86_64-linux-thread-multi/Moose.pm line 65
	Moose::with('Moose::Meta::Class=HASH(0x381a958)', 'MooseX::StrictConstructor::Role::Meta::Method::Constructor') called at /home/src/perl/repoperls/installed-perls/perl/v5.14.0-576-g6693394/ba65/lib/site_perl/5.15.0/x86_64-linux-thread-multi/Moose/Exporter.pm line 356
	Moose::with('MooseX::StrictConstructor::Role::Meta::Method::Constructor') called at /home/sand/.cpan/build/Fey-ORM-0.38-0H4jTI/blib/lib/Fey/Meta/Method/Constructor.pm line 14
	require Fey/Meta/Method/Constructor.pm called at /home/sand/.cpan/build/Fey-ORM-0.38-0H4jTI/blib/lib/Fey/Meta/Class/Table.pm line 21
	Fey::Meta::Class::Table::BEGIN() called at /home/sand/.cpan/build/Fey-ORM-0.38-0H4jTI/blib/lib/Fey/Meta/Method/Constructor.pm line 0
	eval {...} called at /home/sand/.cpan/build/Fey-ORM-0.38-0H4jTI/blib/lib/Fey/Meta/Method/Constructor.pm line 0
	require Fey/Meta/Class/Table.pm called at /home/sand/.cpan/build/Fey-ORM-0.38-0H4jTI/blib/lib/Fey/Object/Schema.pm line 10
	Fey::Object::Schema::BEGIN() called at /home/sand/.cpan/build/Fey-ORM-0.38-0H4jTI/blib/lib/Fey/Meta/Method/Constructor.pm line 0
	eval {...} called at /home/sand/.cpan/build/Fey-ORM-0.38-0H4jTI/blib/lib/Fey/Meta/Method/Constructor.pm line 0
	require Fey/Object/Schema.pm called at /home/sand/.cpan/build/Fey-ORM-0.38-0H4jTI/blib/lib/Fey/ORM/Schema.pm line 11
	Fey::ORM::Schema::BEGIN() called at /home/sand/.cpan/build/Fey-ORM-0.38-0H4jTI/blib/lib/Fey/Meta/Method/Constructor.pm line 0
	eval {...} called at /home/sand/.cpan/build/Fey-ORM-0.38-0H4jTI/blib/lib/Fey/Meta/Method/Constructor.pm line 0
	require Fey/ORM/Schema.pm called at (eval 480) line 4
	Schema::BEGIN() called at /home/sand/.cpan/build/Fey-ORM-0.38-0H4jTI/blib/lib/Fey/Meta/Method/Constructor.pm line 0
	eval {...} called at /home/sand/.cpan/build/Fey-ORM-0.38-0H4jTI/blib/lib/Fey/Meta/Method/Constructor.pm line 0
	eval '{
    package Schema;

    use Fey::ORM::Schema;

    has_schema $schema;

    package User;

    use Fey::ORM::Table;

    has_table $schema->table(\'User\');

    package Message;

    use Fey::ORM::Table;

    has_table $schema->table(\'Message\');

    package UserGroup;

    use Fey::ORM::Table;

    has_table $schema->table(\'UserGroup\');
}

;' called at t/lib/Fey/ORM/Test.pm line 63
	Fey::ORM::Test::define_basic_classes() called at t/lib/Fey/ORM/Test/Iterator.pm line 22
	Fey::ORM::Test::Iterator::run_shared_tests('Fey::Object::Iterator::FromSelect') called at t/Object/Iterator/FromSelect.t line 15
Compilation failed in require at /home/sand/.cpan/build/Fey-ORM-0.38-0H4jTI/blib/lib/Fey/Meta/Class/Table.pm line 21.
BEGIN failed--compilation aborted at /home/sand/.cpan/build/Fey-ORM-0.38-0H4jTI/blib/lib/Fey/Meta/Class/Table.pm line 21.
Compilation failed in require at /home/sand/.cpan/build/Fey-ORM-0.38-0H4jTI/blib/lib/Fey/Object/Schema.pm line 10.
BEGIN failed--compilation aborted at /home/sand/.cpan/build/Fey-ORM-0.38-0H4jTI/blib/lib/Fey/Object/Schema.pm line 10.
Compilation failed in require at /home/sand/.cpan/build/Fey-ORM-0.38-0H4jTI/blib/lib/Fey/ORM/Schema.pm line 11.
BEGIN failed--compilation aborted at /home/sand/.cpan/build/Fey-ORM-0.38-0H4jTI/blib/lib/Fey/ORM/Schema.pm line 11.
Compilation failed in require at (eval 480) line 4.
BEGIN failed--compilation aborted at (eval 480) line 4.
t/Object/Iterator/FromSelect.t .......... 
Dubious, test returned 2 (wstat 512, 0x200)
No subtests run 
Can't locate MooseX/StrictConstructor/Role/Meta/Method/Constructor.pm in @INC (@INC contains: t/lib /home/sand/.cpan/build/Fey-ORM-0.38-0H4jTI/blib/lib /home/sand/.cpan/build/Fey-ORM-0.38-0H4jTI/blib/arch /home/src/perl/repoperls/installed-perls/perl/v5.14.0-576-g6693394/ba65/lib/site_perl/5.15.0/x86_64-linux-thread-multi /home/src/perl/repoperls/installed-perls/perl/v5.14.0-576-g6693394/ba65/lib/site_perl/5.15.0 /home/src/perl/repoperls/installed-perls/perl/v5.14.0-576-g6693394/ba65/lib/5.15.0/x86_64-linux-thread-multi /home/src/perl/repoperls/installed-perls/perl/v5.14.0-576-g6693394/ba65/lib/5.15.0 .). at /home/src/perl/repoperls/installed-perls/perl/v5.14.0-576-g6693394/ba65/lib/site_perl/5.15.0/x86_64-linux-thread-multi/Class/MOP.pm line 135
	Class::MOP::load_first_existing_class('MooseX::StrictConstructor::Role::Meta::Method::Constructor') called at /home/src/perl/repoperls/installed-perls/perl/v5.14.0-576-g6693394/ba65/lib/site_perl/5.15.0/x86_64-linux-thread-multi/Class/MOP.pm line 140
	Class::MOP::load_class('MooseX::StrictConstructor::Role::Meta::Method::Constructor', undef) called at /home/src/perl/repoperls/installed-perls/perl/v5.14.0-576-g6693394/ba65/lib/site_perl/5.15.0/x86_64-linux-thread-multi/Moose/Util.pm line 126
	Moose::Util::_apply_all_roles('Moose::Meta::Class=HASH(0x2ad35a0)', undef, 'MooseX::StrictConstructor::Role::Meta::Method::Constructor') called at /home/src/perl/repoperls/installed-perls/perl/v5.14.0-576-g6693394/ba65/lib/site_perl/5.15.0/x86_64-linux-thread-multi/Moose/Util.pm line 93
	Moose::Util::apply_all_roles('Moose::Meta::Class=HASH(0x2ad35a0)', 'MooseX::StrictConstructor::Role::Meta::Method::Constructor') called at /home/src/perl/repoperls/installed-perls/perl/v5.14.0-576-g6693394/ba65/lib/site_perl/5.15.0/x86_64-linux-thread-multi/Moose.pm line 65
	Moose::with('Moose::Meta::Class=HASH(0x2ad35a0)', 'MooseX::StrictConstructor::Role::Meta::Method::Constructor') called at /home/src/perl/repoperls/installed-perls/perl/v5.14.0-576-g6693394/ba65/lib/site_perl/5.15.0/x86_64-linux-thread-multi/Moose/Exporter.pm line 356
	Moose::with('MooseX::StrictConstructor::Role::Meta::Method::Constructor') called at /home/sand/.cpan/build/Fey-ORM-0.38-0H4jTI/blib/lib/Fey/Meta/Method/Constructor.pm line 14
	require Fey/Meta/Method/Constructor.pm called at /home/sand/.cpan/build/Fey-ORM-0.38-0H4jTI/blib/lib/Fey/Meta/Class/Table.pm line 21
	Fey::Meta::Class::Table::BEGIN() called at /home/sand/.cpan/build/Fey-ORM-0.38-0H4jTI/blib/lib/Fey/Meta/Method/Constructor.pm line 0
	eval {...} called at /home/sand/.cpan/build/Fey-ORM-0.38-0H4jTI/blib/lib/Fey/Meta/Method/Constructor.pm line 0
	require Fey/Meta/Class/Table.pm called at /home/sand/.cpan/build/Fey-ORM-0.38-0H4jTI/blib/lib/Fey/Object/Schema.pm line 10
	Fey::Object::Schema::BEGIN() called at /home/sand/.cpan/build/Fey-ORM-0.38-0H4jTI/blib/lib/Fey/Meta/Method/Constructor.pm line 0
	eval {...} called at /home/sand/.cpan/build/Fey-ORM-0.38-0H4jTI/blib/lib/Fey/Meta/Method/Constructor.pm line 0
	require Fey/Object/Schema.pm called at /home/sand/.cpan/build/Fey-ORM-0.38-0H4jTI/blib/lib/Fey/ORM/Schema.pm line 11
	Fey::ORM::Schema::BEGIN() called at /home/sand/.cpan/build/Fey-ORM-0.38-0H4jTI/blib/lib/Fey/Meta/Method/Constructor.pm line 0
	eval {...} called at /home/sand/.cpan/build/Fey-ORM-0.38-0H4jTI/blib/lib/Fey/Meta/Method/Constructor.pm line 0
	require Fey/ORM/Schema.pm called at (eval 488) line 4
	Schema::BEGIN() called at /home/sand/.cpan/build/Fey-ORM-0.38-0H4jTI/blib/lib/Fey/Meta/Method/Constructor.pm line 0
	eval {...} called at /home/sand/.cpan/build/Fey-ORM-0.38-0H4jTI/blib/lib/Fey/Meta/Method/Constructor.pm line 0
	eval '{
    package Schema;

    use Fey::ORM::Schema;

    has_schema $schema;

    package User;

    use Fey::ORM::Table;

    has_table $schema->table(\'User\');

    package Message;

    use Fey::ORM::Table;

    has_table $schema->table(\'Message\');

    package UserGroup;

    use Fey::ORM::Table;

    has_table $schema->table(\'UserGroup\');
}

;' called at t/lib/Fey/ORM/Test.pm line 63
	Fey::ORM::Test::define_basic_classes() called at t/lib/Fey/ORM/Test/Iterator.pm line 22
	Fey::ORM::Test::Iterator::run_shared_tests('Fey::Object::Iterator::FromSelect::Caching') called at t/Object/Iterator/FromSelect/Caching.t line 13
Compilation failed in require at /home/sand/.cpan/build/Fey-ORM-0.38-0H4jTI/blib/lib/Fey/Meta/Class/Table.pm line 21.
BEGIN failed--compilation aborted at /home/sand/.cpan/build/Fey-ORM-0.38-0H4jTI/blib/lib/Fey/Meta/Class/Table.pm line 21.
Compilation failed in require at /home/sand/.cpan/build/Fey-ORM-0.38-0H4jTI/blib/lib/Fey/Object/Schema.pm line 10.
BEGIN failed--compilation aborted at /home/sand/.cpan/build/Fey-ORM-0.38-0H4jTI/blib/lib/Fey/Object/Schema.pm line 10.
Compilation failed in require at /home/sand/.cpan/build/Fey-ORM-0.38-0H4jTI/blib/lib/Fey/ORM/Schema.pm line 11.
BEGIN failed--compilation aborted at /home/sand/.cpan/build/Fey-ORM-0.38-0H4jTI/blib/lib/Fey/ORM/Schema.pm line 11.
Compilation failed in require at (eval 488) line 4.
BEGIN failed--compilation aborted at (eval 488) line 4.
t/Object/Iterator/FromSelect/Caching.t .. 
Dubious, test returned 2 (wstat 512, 0x200)
No subtests run 
Can't locate MooseX/StrictConstructor/Role/Meta/Method/Constructor.pm in @INC (@INC contains: t/lib /home/sand/.cpan/build/Fey-ORM-0.38-0H4jTI/blib/lib /home/sand/.cpan/build/Fey-ORM-0.38-0H4jTI/blib/arch /home/src/perl/repoperls/installed-perls/perl/v5.14.0-576-g6693394/ba65/lib/site_perl/5.15.0/x86_64-linux-thread-multi /home/src/perl/repoperls/installed-perls/perl/v5.14.0-576-g6693394/ba65/lib/site_perl/5.15.0 /home/src/perl/repoperls/installed-perls/perl/v5.14.0-576-g6693394/ba65/lib/5.15.0/x86_64-linux-thread-multi /home/src/perl/repoperls/installed-perls/perl/v5.14.0-576-g6693394/ba65/lib/5.15.0 .). at /home/src/perl/repoperls/installed-perls/perl/v5.14.0-576-g6693394/ba65/lib/site_perl/5.15.0/x86_64-linux-thread-multi/Class/MOP.pm line 135
	Class::MOP::load_first_existing_class('MooseX::StrictConstructor::Role::Meta::Method::Constructor') called at /home/src/perl/repoperls/installed-perls/perl/v5.14.0-576-g6693394/ba65/lib/site_perl/5.15.0/x86_64-linux-thread-multi/Class/MOP.pm line 140
	Class::MOP::load_class('MooseX::StrictConstructor::Role::Meta::Method::Constructor', undef) called at /home/src/perl/repoperls/installed-perls/perl/v5.14.0-576-g6693394/ba65/lib/site_perl/5.15.0/x86_64-linux-thread-multi/Moose/Util.pm line 126
	Moose::Util::_apply_all_roles('Moose::Meta::Class=HASH(0x3301618)', undef, 'MooseX::StrictConstructor::Role::Meta::Method::Constructor') called at /home/src/perl/repoperls/installed-perls/perl/v5.14.0-576-g6693394/ba65/lib/site_perl/5.15.0/x86_64-linux-thread-multi/Moose/Util.pm line 93
	Moose::Util::apply_all_roles('Moose::Meta::Class=HASH(0x3301618)', 'MooseX::StrictConstructor::Role::Meta::Method::Constructor') called at /home/src/perl/repoperls/installed-perls/perl/v5.14.0-576-g6693394/ba65/lib/site_perl/5.15.0/x86_64-linux-thread-multi/Moose.pm line 65
	Moose::with('Moose::Meta::Class=HASH(0x3301618)', 'MooseX::StrictConstructor::Role::Meta::Method::Constructor') called at /home/src/perl/repoperls/installed-perls/perl/v5.14.0-576-g6693394/ba65/lib/site_perl/5.15.0/x86_64-linux-thread-multi/Moose/Exporter.pm line 356
	Moose::with('MooseX::StrictConstructor::Role::Meta::Method::Constructor') called at /home/sand/.cpan/build/Fey-ORM-0.38-0H4jTI/blib/lib/Fey/Meta/Method/Constructor.pm line 14
	require Fey/Meta/Method/Constructor.pm called at /home/sand/.cpan/build/Fey-ORM-0.38-0H4jTI/blib/lib/Fey/Meta/Class/Table.pm line 21
	Fey::Meta::Class::Table::BEGIN() called at /home/sand/.cpan/build/Fey-ORM-0.38-0H4jTI/blib/lib/Fey/Meta/Method/Constructor.pm line 0
	eval {...} called at /home/sand/.cpan/build/Fey-ORM-0.38-0H4jTI/blib/lib/Fey/Meta/Method/Constructor.pm line 0
	require Fey/Meta/Class/Table.pm called at /home/sand/.cpan/build/Fey-ORM-0.38-0H4jTI/blib/lib/Fey/Object/Schema.pm line 10
	Fey::Object::Schema::BEGIN() called at /home/sand/.cpan/build/Fey-ORM-0.38-0H4jTI/blib/lib/Fey/Meta/Method/Constructor.pm line 0
	eval {...} called at /home/sand/.cpan/build/Fey-ORM-0.38-0H4jTI/blib/lib/Fey/Meta/Method/Constructor.pm line 0
	require Fey/Object/Schema.pm called at /home/sand/.cpan/build/Fey-ORM-0.38-0H4jTI/blib/lib/Fey/ORM/Schema.pm line 11
	Fey::ORM::Schema::BEGIN() called at /home/sand/.cpan/build/Fey-ORM-0.38-0H4jTI/blib/lib/Fey/Meta/Method/Constructor.pm line 0
	eval {...} called at /home/sand/.cpan/build/Fey-ORM-0.38-0H4jTI/blib/lib/Fey/Meta/Method/Constructor.pm line 0
	require Fey/ORM/Schema.pm called at (eval 454) line 4
	Schema::BEGIN() called at /home/sand/.cpan/build/Fey-ORM-0.38-0H4jTI/blib/lib/Fey/Meta/Method/Constructor.pm line 0
	eval {...} called at /home/sand/.cpan/build/Fey-ORM-0.38-0H4jTI/blib/lib/Fey/Meta/Method/Constructor.pm line 0
	eval '{
    package Schema;

    use Fey::ORM::Schema;

    has_schema $schema;

    package User;

    use Fey::ORM::Table;

    has_table $schema->table(\'User\');

    package Message;

    use Fey::ORM::Table;

    has_table $schema->table(\'Message\');

    package UserGroup;

    use Fey::ORM::Table;

    has_table $schema->table(\'UserGroup\');
}

;' called at t/lib/Fey/ORM/Test.pm line 63
	Fey::ORM::Test::define_basic_classes() called at t/lib/Fey/ORM/Test.pm line 95
	Fey::ORM::Test::define_live_classes() called at t/Object/Schema.t line 15
Compilation failed in require at /home/sand/.cpan/build/Fey-ORM-0.38-0H4jTI/blib/lib/Fey/Meta/Class/Table.pm line 21.
BEGIN failed--compilation aborted at /home/sand/.cpan/build/Fey-ORM-0.38-0H4jTI/blib/lib/Fey/Meta/Class/Table.pm line 21.
Compilation failed in require at /home/sand/.cpan/build/Fey-ORM-0.38-0H4jTI/blib/lib/Fey/Object/Schema.pm line 10.
BEGIN failed--compilation aborted at /home/sand/.cpan/build/Fey-ORM-0.38-0H4jTI/blib/lib/Fey/Object/Schema.pm line 10.
Compilation failed in require at /home/sand/.cpan/build/Fey-ORM-0.38-0H4jTI/blib/lib/Fey/ORM/Schema.pm line 11.
BEGIN failed--compilation aborted at /home/sand/.cpan/build/Fey-ORM-0.38-0H4jTI/blib/lib/Fey/ORM/Schema.pm line 11.
Compilation failed in require at (eval 454) line 4.
BEGIN failed--compilation aborted at (eval 454) line 4.
t/Object/Schema.t ....................... 
Dubious, test returned 2 (wstat 512, 0x200)
No subtests run 
Can't locate MooseX/StrictConstructor/Role/Meta/Method/Constructor.pm in @INC (@INC contains: t/lib /home/sand/.cpan/build/Fey-ORM-0.38-0H4jTI/blib/lib /home/sand/.cpan/build/Fey-ORM-0.38-0H4jTI/blib/arch /home/src/perl/repoperls/installed-perls/perl/v5.14.0-576-g6693394/ba65/lib/site_perl/5.15.0/x86_64-linux-thread-multi /home/src/perl/repoperls/installed-perls/perl/v5.14.0-576-g6693394/ba65/lib/site_perl/5.15.0 /home/src/perl/repoperls/installed-perls/perl/v5.14.0-576-g6693394/ba65/lib/5.15.0/x86_64-linux-thread-multi /home/src/perl/repoperls/installed-perls/perl/v5.14.0-576-g6693394/ba65/lib/5.15.0 .). at /home/src/perl/repoperls/installed-perls/perl/v5.14.0-576-g6693394/ba65/lib/site_perl/5.15.0/x86_64-linux-thread-multi/Class/MOP.pm line 135
	Class::MOP::load_first_existing_class('MooseX::StrictConstructor::Role::Meta::Method::Constructor') called at /home/src/perl/repoperls/installed-perls/perl/v5.14.0-576-g6693394/ba65/lib/site_perl/5.15.0/x86_64-linux-thread-multi/Class/MOP.pm line 140
	Class::MOP::load_class('MooseX::StrictConstructor::Role::Meta::Method::Constructor', undef) called at /home/src/perl/repoperls/installed-perls/perl/v5.14.0-576-g6693394/ba65/lib/site_perl/5.15.0/x86_64-linux-thread-multi/Moose/Util.pm line 126
	Moose::Util::_apply_all_roles('Moose::Meta::Class=HASH(0x3ae5d60)', undef, 'MooseX::StrictConstructor::Role::Meta::Method::Constructor') called at /home/src/perl/repoperls/installed-perls/perl/v5.14.0-576-g6693394/ba65/lib/site_perl/5.15.0/x86_64-linux-thread-multi/Moose/Util.pm line 93
	Moose::Util::apply_all_roles('Moose::Meta::Class=HASH(0x3ae5d60)', 'MooseX::StrictConstructor::Role::Meta::Method::Constructor') called at /home/src/perl/repoperls/installed-perls/perl/v5.14.0-576-g6693394/ba65/lib/site_perl/5.15.0/x86_64-linux-thread-multi/Moose.pm line 65
	Moose::with('Moose::Meta::Class=HASH(0x3ae5d60)', 'MooseX::StrictConstructor::Role::Meta::Method::Constructor') called at /home/src/perl/repoperls/installed-perls/perl/v5.14.0-576-g6693394/ba65/lib/site_perl/5.15.0/x86_64-linux-thread-multi/Moose/Exporter.pm line 356
	Moose::with('MooseX::StrictConstructor::Role::Meta::Method::Constructor') called at /home/sand/.cpan/build/Fey-ORM-0.38-0H4jTI/blib/lib/Fey/Meta/Method/Constructor.pm line 14
	require Fey/Meta/Method/Constructor.pm called at /home/sand/.cpan/build/Fey-ORM-0.38-0H4jTI/blib/lib/Fey/Meta/Class/Table.pm line 21
	Fey::Meta::Class::Table::BEGIN() called at /home/sand/.cpan/build/Fey-ORM-0.38-0H4jTI/blib/lib/Fey/Meta/Method/Constructor.pm line 0
	eval {...} called at /home/sand/.cpan/build/Fey-ORM-0.38-0H4jTI/blib/lib/Fey/Meta/Method/Constructor.pm line 0
	require Fey/Meta/Class/Table.pm called at /home/sand/.cpan/build/Fey-ORM-0.38-0H4jTI/blib/lib/Fey/Object/Schema.pm line 10
	Fey::Object::Schema::BEGIN() called at /home/sand/.cpan/build/Fey-ORM-0.38-0H4jTI/blib/lib/Fey/Meta/Method/Constructor.pm line 0
	eval {...} called at /home/sand/.cpan/build/Fey-ORM-0.38-0H4jTI/blib/lib/Fey/Meta/Method/Constructor.pm line 0
	require Fey/Object/Schema.pm called at /home/sand/.cpan/build/Fey-ORM-0.38-0H4jTI/blib/lib/Fey/ORM/Schema.pm line 11
	Fey::ORM::Schema::BEGIN() called at /home/sand/.cpan/build/Fey-ORM-0.38-0H4jTI/blib/lib/Fey/Meta/Method/Constructor.pm line 0
	eval {...} called at /home/sand/.cpan/build/Fey-ORM-0.38-0H4jTI/blib/lib/Fey/Meta/Method/Constructor.pm line 0
	require Fey/ORM/Schema.pm called at (eval 453) line 4
	Schema::BEGIN() called at /home/sand/.cpan/build/Fey-ORM-0.38-0H4jTI/blib/lib/Fey/Meta/Method/Constructor.pm line 0
	eval {...} called at /home/sand/.cpan/build/Fey-ORM-0.38-0H4jTI/blib/lib/Fey/Meta/Method/Constructor.pm line 0
	eval '{
    package Schema;

    use Fey::ORM::Schema;

    has_schema $schema;

    package User;

    use Fey::ORM::Table;

    has_table $schema->table(\'User\');

    package Message;

    use Fey::ORM::Table;

    has_table $schema->table(\'Message\');

    package UserGroup;

    use Fey::ORM::Table;

    has_table $schema->table(\'UserGroup\');
}

;' called at t/lib/Fey/ORM/Test.pm line 63
	Fey::ORM::Test::define_basic_classes() called at t/lib/Fey/ORM/Test.pm line 95
	Fey::ORM::Test::define_live_classes() called at t/Object/Table-cache.t line 12
Compilation failed in require at /home/sand/.cpan/build/Fey-ORM-0.38-0H4jTI/blib/lib/Fey/Meta/Class/Table.pm line 21.
BEGIN failed--compilation aborted at /home/sand/.cpan/build/Fey-ORM-0.38-0H4jTI/blib/lib/Fey/Meta/Class/Table.pm line 21.
Compilation failed in require at /home/sand/.cpan/build/Fey-ORM-0.38-0H4jTI/blib/lib/Fey/Object/Schema.pm line 10.
BEGIN failed--compilation aborted at /home/sand/.cpan/build/Fey-ORM-0.38-0H4jTI/blib/lib/Fey/Object/Schema.pm line 10.
Compilation failed in require at /home/sand/.cpan/build/Fey-ORM-0.38-0H4jTI/blib/lib/Fey/ORM/Schema.pm line 11.
BEGIN failed--compilation aborted at /home/sand/.cpan/build/Fey-ORM-0.38-0H4jTI/blib/lib/Fey/ORM/Schema.pm line 11.
Compilation failed in require at (eval 453) line 4.
BEGIN failed--compilation aborted at (eval 453) line 4.
t/Object/Table-cache.t .................. 
Dubious, test returned 2 (wstat 512, 0x200)
No subtests run 
Can't locate MooseX/StrictConstructor/Role/Meta/Method/Constructor.pm in @INC (@INC contains: t/lib /home/sand/.cpan/build/Fey-ORM-0.38-0H4jTI/blib/lib /home/sand/.cpan/build/Fey-ORM-0.38-0H4jTI/blib/arch /home/src/perl/repoperls/installed-perls/perl/v5.14.0-576-g6693394/ba65/lib/site_perl/5.15.0/x86_64-linux-thread-multi /home/src/perl/repoperls/installed-perls/perl/v5.14.0-576-g6693394/ba65/lib/site_perl/5.15.0 /home/src/perl/repoperls/installed-perls/perl/v5.14.0-576-g6693394/ba65/lib/5.15.0/x86_64-linux-thread-multi /home/src/perl/repoperls/installed-perls/perl/v5.14.0-576-g6693394/ba65/lib/5.15.0 .). at /home/src/perl/repoperls/installed-perls/perl/v5.14.0-576-g6693394/ba65/lib/site_perl/5.15.0/x86_64-linux-thread-multi/Class/MOP.pm line 135
	Class::MOP::load_first_existing_class('MooseX::StrictConstructor::Role::Meta::Method::Constructor') called at /home/src/perl/repoperls/installed-perls/perl/v5.14.0-576-g6693394/ba65/lib/site_perl/5.15.0/x86_64-linux-thread-multi/Class/MOP.pm line 140
	Class::MOP::load_class('MooseX::StrictConstructor::Role::Meta::Method::Constructor', undef) called at /home/src/perl/repoperls/installed-perls/perl/v5.14.0-576-g6693394/ba65/lib/site_perl/5.15.0/x86_64-linux-thread-multi/Moose/Util.pm line 126
	Moose::Util::_apply_all_roles('Moose::Meta::Class=HASH(0x48020a0)', undef, 'MooseX::StrictConstructor::Role::Meta::Method::Constructor') called at /home/src/perl/repoperls/installed-perls/perl/v5.14.0-576-g6693394/ba65/lib/site_perl/5.15.0/x86_64-linux-thread-multi/Moose/Util.pm line 93
	Moose::Util::apply_all_roles('Moose::Meta::Class=HASH(0x48020a0)', 'MooseX::StrictConstructor::Role::Meta::Method::Constructor') called at /home/src/perl/repoperls/installed-perls/perl/v5.14.0-576-g6693394/ba65/lib/site_perl/5.15.0/x86_64-linux-thread-multi/Moose.pm line 65
	Moose::with('Moose::Meta::Class=HASH(0x48020a0)', 'MooseX::StrictConstructor::Role::Meta::Method::Constructor') called at /home/src/perl/repoperls/installed-perls/perl/v5.14.0-576-g6693394/ba65/lib/site_perl/5.15.0/x86_64-linux-thread-multi/Moose/Exporter.pm line 356
	Moose::with('MooseX::StrictConstructor::Role::Meta::Method::Constructor') called at /home/sand/.cpan/build/Fey-ORM-0.38-0H4jTI/blib/lib/Fey/Meta/Method/Constructor.pm line 14
	require Fey/Meta/Method/Constructor.pm called at /home/sand/.cpan/build/Fey-ORM-0.38-0H4jTI/blib/lib/Fey/Meta/Class/Table.pm line 21
	Fey::Meta::Class::Table::BEGIN() called at /home/sand/.cpan/build/Fey-ORM-0.38-0H4jTI/blib/lib/Fey/Meta/Method/Constructor.pm line 0
	eval {...} called at /home/sand/.cpan/build/Fey-ORM-0.38-0H4jTI/blib/lib/Fey/Meta/Method/Constructor.pm line 0
	require Fey/Meta/Class/Table.pm called at /home/sand/.cpan/build/Fey-ORM-0.38-0H4jTI/blib/lib/Fey/ORM/Table.pm line 11
	Fey::ORM::Table::BEGIN() called at /home/sand/.cpan/build/Fey-ORM-0.38-0H4jTI/blib/lib/Fey/Meta/Method/Constructor.pm line 0
	eval {...} called at /home/sand/.cpan/build/Fey-ORM-0.38-0H4jTI/blib/lib/Fey/Meta/Method/Constructor.pm line 0
	require Fey/ORM/Table.pm called at t/Object/Table-has_many.t line 19
	User::BEGIN() called at /home/sand/.cpan/build/Fey-ORM-0.38-0H4jTI/blib/lib/Fey/Meta/Method/Constructor.pm line 0
	eval {...} called at /home/sand/.cpan/build/Fey-ORM-0.38-0H4jTI/blib/lib/Fey/Meta/Method/Constructor.pm line 0
Compilation failed in require at /home/sand/.cpan/build/Fey-ORM-0.38-0H4jTI/blib/lib/Fey/Meta/Class/Table.pm line 21.
BEGIN failed--compilation aborted at /home/sand/.cpan/build/Fey-ORM-0.38-0H4jTI/blib/lib/Fey/Meta/Class/Table.pm line 21.
Compilation failed in require at /home/sand/.cpan/build/Fey-ORM-0.38-0H4jTI/blib/lib/Fey/ORM/Table.pm line 11.
BEGIN failed--compilation aborted at /home/sand/.cpan/build/Fey-ORM-0.38-0H4jTI/blib/lib/Fey/ORM/Table.pm line 11.
Compilation failed in require at t/Object/Table-has_many.t line 19.
BEGIN failed--compilation aborted at t/Object/Table-has_many.t line 19.
t/Object/Table-has_many.t ............... 
Dubious, test returned 2 (wstat 512, 0x200)
No subtests run 
Can't locate MooseX/StrictConstructor/Role/Meta/Method/Constructor.pm in @INC (@INC contains: t/lib /home/sand/.cpan/build/Fey-ORM-0.38-0H4jTI/blib/lib /home/sand/.cpan/build/Fey-ORM-0.38-0H4jTI/blib/arch /home/src/perl/repoperls/installed-perls/perl/v5.14.0-576-g6693394/ba65/lib/site_perl/5.15.0/x86_64-linux-thread-multi /home/src/perl/repoperls/installed-perls/perl/v5.14.0-576-g6693394/ba65/lib/site_perl/5.15.0 /home/src/perl/repoperls/installed-perls/perl/v5.14.0-576-g6693394/ba65/lib/5.15.0/x86_64-linux-thread-multi /home/src/perl/repoperls/installed-perls/perl/v5.14.0-576-g6693394/ba65/lib/5.15.0 .). at /home/src/perl/repoperls/installed-perls/perl/v5.14.0-576-g6693394/ba65/lib/site_perl/5.15.0/x86_64-linux-thread-multi/Class/MOP.pm line 135
	Class::MOP::load_first_existing_class('MooseX::StrictConstructor::Role::Meta::Method::Constructor') called at /home/src/perl/repoperls/installed-perls/perl/v5.14.0-576-g6693394/ba65/lib/site_perl/5.15.0/x86_64-linux-thread-multi/Class/MOP.pm line 140
	Class::MOP::load_class('MooseX::StrictConstructor::Role::Meta::Method::Constructor', undef) called at /home/src/perl/repoperls/installed-perls/perl/v5.14.0-576-g6693394/ba65/lib/site_perl/5.15.0/x86_64-linux-thread-multi/Moose/Util.pm line 126
	Moose::Util::_apply_all_roles('Moose::Meta::Class=HASH(0x340ffd0)', undef, 'MooseX::StrictConstructor::Role::Meta::Method::Constructor') called at /home/src/perl/repoperls/installed-perls/perl/v5.14.0-576-g6693394/ba65/lib/site_perl/5.15.0/x86_64-linux-thread-multi/Moose/Util.pm line 93
	Moose::Util::apply_all_roles('Moose::Meta::Class=HASH(0x340ffd0)', 'MooseX::StrictConstructor::Role::Meta::Method::Constructor') called at /home/src/perl/repoperls/installed-perls/perl/v5.14.0-576-g6693394/ba65/lib/site_perl/5.15.0/x86_64-linux-thread-multi/Moose.pm line 65
	Moose::with('Moose::Meta::Class=HASH(0x340ffd0)', 'MooseX::StrictConstructor::Role::Meta::Method::Constructor') called at /home/src/perl/repoperls/installed-perls/perl/v5.14.0-576-g6693394/ba65/lib/site_perl/5.15.0/x86_64-linux-thread-multi/Moose/Exporter.pm line 356
	Moose::with('MooseX::StrictConstructor::Role::Meta::Method::Constructor') called at /home/sand/.cpan/build/Fey-ORM-0.38-0H4jTI/blib/lib/Fey/Meta/Method/Constructor.pm line 14
	require Fey/Meta/Method/Constructor.pm called at /home/sand/.cpan/build/Fey-ORM-0.38-0H4jTI/blib/lib/Fey/Meta/Class/Table.pm line 21
	Fey::Meta::Class::Table::BEGIN() called at /home/sand/.cpan/build/Fey-ORM-0.38-0H4jTI/blib/lib/Fey/Meta/Method/Constructor.pm line 0
	eval {...} called at /home/sand/.cpan/build/Fey-ORM-0.38-0H4jTI/blib/lib/Fey/Meta/Method/Constructor.pm line 0
	require Fey/Meta/Class/Table.pm called at /home/sand/.cpan/build/Fey-ORM-0.38-0H4jTI/blib/lib/Fey/ORM/Table.pm line 11
	Fey::ORM::Table::BEGIN() called at /home/sand/.cpan/build/Fey-ORM-0.38-0H4jTI/blib/lib/Fey/Meta/Method/Constructor.pm line 0
	eval {...} called at /home/sand/.cpan/build/Fey-ORM-0.38-0H4jTI/blib/lib/Fey/Meta/Method/Constructor.pm line 0
	require Fey/ORM/Table.pm called at t/Object/Table-has_one.t line 19
	Message::BEGIN() called at /home/sand/.cpan/build/Fey-ORM-0.38-0H4jTI/blib/lib/Fey/Meta/Method/Constructor.pm line 0
	eval {...} called at /home/sand/.cpan/build/Fey-ORM-0.38-0H4jTI/blib/lib/Fey/Meta/Method/Constructor.pm line 0
Compilation failed in require at /home/sand/.cpan/build/Fey-ORM-0.38-0H4jTI/blib/lib/Fey/Meta/Class/Table.pm line 21.
BEGIN failed--compilation aborted at /home/sand/.cpan/build/Fey-ORM-0.38-0H4jTI/blib/lib/Fey/Meta/Class/Table.pm line 21.
Compilation failed in require at /home/sand/.cpan/build/Fey-ORM-0.38-0H4jTI/blib/lib/Fey/ORM/Table.pm line 11.
BEGIN failed--compilation aborted at /home/sand/.cpan/build/Fey-ORM-0.38-0H4jTI/blib/lib/Fey/ORM/Table.pm line 11.
Compilation failed in require at t/Object/Table-has_one.t line 19.
BEGIN failed--compilation aborted at t/Object/Table-has_one.t line 19.
t/Object/Table-has_one.t ................ 
Dubious, test returned 2 (wstat 512, 0x200)
No subtests run 
Can't locate MooseX/StrictConstructor/Role/Meta/Method/Constructor.pm in @INC (@INC contains: t/lib /home/sand/.cpan/build/Fey-ORM-0.38-0H4jTI/blib/lib /home/sand/.cpan/build/Fey-ORM-0.38-0H4jTI/blib/arch /home/src/perl/repoperls/installed-perls/perl/v5.14.0-576-g6693394/ba65/lib/site_perl/5.15.0/x86_64-linux-thread-multi /home/src/perl/repoperls/installed-perls/perl/v5.14.0-576-g6693394/ba65/lib/site_perl/5.15.0 /home/src/perl/repoperls/installed-perls/perl/v5.14.0-576-g6693394/ba65/lib/5.15.0/x86_64-linux-thread-multi /home/src/perl/repoperls/installed-perls/perl/v5.14.0-576-g6693394/ba65/lib/5.15.0 .). at /home/src/perl/repoperls/installed-perls/perl/v5.14.0-576-g6693394/ba65/lib/site_perl/5.15.0/x86_64-linux-thread-multi/Class/MOP.pm line 135
	Class::MOP::load_first_existing_class('MooseX::StrictConstructor::Role::Meta::Method::Constructor') called at /home/src/perl/repoperls/installed-perls/perl/v5.14.0-576-g6693394/ba65/lib/site_perl/5.15.0/x86_64-linux-thread-multi/Class/MOP.pm line 140
	Class::MOP::load_class('MooseX::StrictConstructor::Role::Meta::Method::Constructor', undef) called at /home/src/perl/repoperls/installed-perls/perl/v5.14.0-576-g6693394/ba65/lib/site_perl/5.15.0/x86_64-linux-thread-multi/Moose/Util.pm line 126
	Moose::Util::_apply_all_roles('Moose::Meta::Class=HASH(0x2b1fb90)', undef, 'MooseX::StrictConstructor::Role::Meta::Method::Constructor') called at /home/src/perl/repoperls/installed-perls/perl/v5.14.0-576-g6693394/ba65/lib/site_perl/5.15.0/x86_64-linux-thread-multi/Moose/Util.pm line 93
	Moose::Util::apply_all_roles('Moose::Meta::Class=HASH(0x2b1fb90)', 'MooseX::StrictConstructor::Role::Meta::Method::Constructor') called at /home/src/perl/repoperls/installed-perls/perl/v5.14.0-576-g6693394/ba65/lib/site_perl/5.15.0/x86_64-linux-thread-multi/Moose.pm line 65
	Moose::with('Moose::Meta::Class=HASH(0x2b1fb90)', 'MooseX::StrictConstructor::Role::Meta::Method::Constructor') called at /home/src/perl/repoperls/installed-perls/perl/v5.14.0-576-g6693394/ba65/lib/site_perl/5.15.0/x86_64-linux-thread-multi/Moose/Exporter.pm line 356
	Moose::with('MooseX::StrictConstructor::Role::Meta::Method::Constructor') called at /home/sand/.cpan/build/Fey-ORM-0.38-0H4jTI/blib/lib/Fey/Meta/Method/Constructor.pm line 14
	require Fey/Meta/Method/Constructor.pm called at /home/sand/.cpan/build/Fey-ORM-0.38-0H4jTI/blib/lib/Fey/Meta/Class/Table.pm line 21
	Fey::Meta::Class::Table::BEGIN() called at /home/sand/.cpan/build/Fey-ORM-0.38-0H4jTI/blib/lib/Fey/Meta/Method/Constructor.pm line 0
	eval {...} called at /home/sand/.cpan/build/Fey-ORM-0.38-0H4jTI/blib/lib/Fey/Meta/Method/Constructor.pm line 0
	require Fey/Meta/Class/Table.pm called at /home/sand/.cpan/build/Fey-ORM-0.38-0H4jTI/blib/lib/Fey/ORM/Table.pm line 11
	Fey::ORM::Table::BEGIN() called at /home/sand/.cpan/build/Fey-ORM-0.38-0H4jTI/blib/lib/Fey/Meta/Method/Constructor.pm line 0
	eval {...} called at /home/sand/.cpan/build/Fey-ORM-0.38-0H4jTI/blib/lib/Fey/Meta/Method/Constructor.pm line 0
	require Fey/ORM/Table.pm called at t/Object/Table-query-method.t line 18
	User::BEGIN() called at /home/sand/.cpan/build/Fey-ORM-0.38-0H4jTI/blib/lib/Fey/Meta/Method/Constructor.pm line 0
	eval {...} called at /home/sand/.cpan/build/Fey-ORM-0.38-0H4jTI/blib/lib/Fey/Meta/Method/Constructor.pm line 0
Compilation failed in require at /home/sand/.cpan/build/Fey-ORM-0.38-0H4jTI/blib/lib/Fey/Meta/Class/Table.pm line 21.
BEGIN failed--compilation aborted at /home/sand/.cpan/build/Fey-ORM-0.38-0H4jTI/blib/lib/Fey/Meta/Class/Table.pm line 21.
Compilation failed in require at /home/sand/.cpan/build/Fey-ORM-0.38-0H4jTI/blib/lib/Fey/ORM/Table.pm line 11.
BEGIN failed--compilation aborted at /home/sand/.cpan/build/Fey-ORM-0.38-0H4jTI/blib/lib/Fey/ORM/Table.pm line 11.
Compilation failed in require at t/Object/Table-query-method.t line 18.
BEGIN failed--compilation aborted at t/Object/Table-query-method.t line 18.
t/Object/Table-query-method.t ........... 
Dubious, test returned 2 (wstat 512, 0x200)
No subtests run 
Can't locate MooseX/StrictConstructor/Role/Meta/Method/Constructor.pm in @INC (@INC contains: t/lib /home/sand/.cpan/build/Fey-ORM-0.38-0H4jTI/blib/lib /home/sand/.cpan/build/Fey-ORM-0.38-0H4jTI/blib/arch /home/src/perl/repoperls/installed-perls/perl/v5.14.0-576-g6693394/ba65/lib/site_perl/5.15.0/x86_64-linux-thread-multi /home/src/perl/repoperls/installed-perls/perl/v5.14.0-576-g6693394/ba65/lib/site_perl/5.15.0 /home/src/perl/repoperls/installed-perls/perl/v5.14.0-576-g6693394/ba65/lib/5.15.0/x86_64-linux-thread-multi /home/src/perl/repoperls/installed-perls/perl/v5.14.0-576-g6693394/ba65/lib/5.15.0 .). at /home/src/perl/repoperls/installed-perls/perl/v5.14.0-576-g6693394/ba65/lib/site_perl/5.15.0/x86_64-linux-thread-multi/Class/MOP.pm line 135
	Class::MOP::load_first_existing_class('MooseX::StrictConstructor::Role::Meta::Method::Constructor') called at /home/src/perl/repoperls/installed-perls/perl/v5.14.0-576-g6693394/ba65/lib/site_perl/5.15.0/x86_64-linux-thread-multi/Class/MOP.pm line 140
	Class::MOP::load_class('MooseX::StrictConstructor::Role::Meta::Method::Constructor', undef) called at /home/src/perl/repoperls/installed-perls/perl/v5.14.0-576-g6693394/ba65/lib/site_perl/5.15.0/x86_64-linux-thread-multi/Moose/Util.pm line 126
	Moose::Util::_apply_all_roles('Moose::Meta::Class=HASH(0x4792ac0)', undef, 'MooseX::StrictConstructor::Role::Meta::Method::Constructor') called at /home/src/perl/repoperls/installed-perls/perl/v5.14.0-576-g6693394/ba65/lib/site_perl/5.15.0/x86_64-linux-thread-multi/Moose/Util.pm line 93
	Moose::Util::apply_all_roles('Moose::Meta::Class=HASH(0x4792ac0)', 'MooseX::StrictConstructor::Role::Meta::Method::Constructor') called at /home/src/perl/repoperls/installed-perls/perl/v5.14.0-576-g6693394/ba65/lib/site_perl/5.15.0/x86_64-linux-thread-multi/Moose.pm line 65
	Moose::with('Moose::Meta::Class=HASH(0x4792ac0)', 'MooseX::StrictConstructor::Role::Meta::Method::Constructor') called at /home/src/perl/repoperls/installed-perls/perl/v5.14.0-576-g6693394/ba65/lib/site_perl/5.15.0/x86_64-linux-thread-multi/Moose/Exporter.pm line 356
	Moose::with('MooseX::StrictConstructor::Role::Meta::Method::Constructor') called at /home/sand/.cpan/build/Fey-ORM-0.38-0H4jTI/blib/lib/Fey/Meta/Method/Constructor.pm line 14
	require Fey/Meta/Method/Constructor.pm called at /home/sand/.cpan/build/Fey-ORM-0.38-0H4jTI/blib/lib/Fey/Meta/Class/Table.pm line 21
	Fey::Meta::Class::Table::BEGIN() called at /home/sand/.cpan/build/Fey-ORM-0.38-0H4jTI/blib/lib/Fey/Meta/Method/Constructor.pm line 0
	eval {...} called at /home/sand/.cpan/build/Fey-ORM-0.38-0H4jTI/blib/lib/Fey/Meta/Method/Constructor.pm line 0
	require Fey/Meta/Class/Table.pm called at /home/sand/.cpan/build/Fey-ORM-0.38-0H4jTI/blib/lib/Fey/ORM/Table.pm line 11
	Fey::ORM::Table::BEGIN() called at /home/sand/.cpan/build/Fey-ORM-0.38-0H4jTI/blib/lib/Fey/Meta/Method/Constructor.pm line 0
	eval {...} called at /home/sand/.cpan/build/Fey-ORM-0.38-0H4jTI/blib/lib/Fey/Meta/Method/Constructor.pm line 0
	require Fey/ORM/Table.pm called at t/Object/Table-select-attr.t line 18
	User::BEGIN() called at /home/sand/.cpan/build/Fey-ORM-0.38-0H4jTI/blib/lib/Fey/Meta/Method/Constructor.pm line 0
	eval {...} called at /home/sand/.cpan/build/Fey-ORM-0.38-0H4jTI/blib/lib/Fey/Meta/Method/Constructor.pm line 0
Compilation failed in require at /home/sand/.cpan/build/Fey-ORM-0.38-0H4jTI/blib/lib/Fey/Meta/Class/Table.pm line 21.
BEGIN failed--compilation aborted at /home/sand/.cpan/build/Fey-ORM-0.38-0H4jTI/blib/lib/Fey/Meta/Class/Table.pm line 21.
Compilation failed in require at /home/sand/.cpan/build/Fey-ORM-0.38-0H4jTI/blib/lib/Fey/ORM/Table.pm line 11.
BEGIN failed--compilation aborted at /home/sand/.cpan/build/Fey-ORM-0.38-0H4jTI/blib/lib/Fey/ORM/Table.pm line 11.
Compilation failed in require at t/Object/Table-select-attr.t line 18.
BEGIN failed--compilation aborted at t/Object/Table-select-attr.t line 18.
t/Object/Table-select-attr.t ............ 
Dubious, test returned 2 (wstat 512, 0x200)
No subtests run 
Can't locate MooseX/StrictConstructor/Role/Meta/Method/Constructor.pm in @INC (@INC contains: t/lib /home/sand/.cpan/build/Fey-ORM-0.38-0H4jTI/blib/lib /home/sand/.cpan/build/Fey-ORM-0.38-0H4jTI/blib/arch /home/src/perl/repoperls/installed-perls/perl/v5.14.0-576-g6693394/ba65/lib/site_perl/5.15.0/x86_64-linux-thread-multi /home/src/perl/repoperls/installed-perls/perl/v5.14.0-576-g6693394/ba65/lib/site_perl/5.15.0 /home/src/perl/repoperls/installed-perls/perl/v5.14.0-576-g6693394/ba65/lib/5.15.0/x86_64-linux-thread-multi /home/src/perl/repoperls/installed-perls/perl/v5.14.0-576-g6693394/ba65/lib/5.15.0 .). at /home/src/perl/repoperls/installed-perls/perl/v5.14.0-576-g6693394/ba65/lib/site_perl/5.15.0/x86_64-linux-thread-multi/Class/MOP.pm line 135
	Class::MOP::load_first_existing_class('MooseX::StrictConstructor::Role::Meta::Method::Constructor') called at /home/src/perl/repoperls/installed-perls/perl/v5.14.0-576-g6693394/ba65/lib/site_perl/5.15.0/x86_64-linux-thread-multi/Class/MOP.pm line 140
	Class::MOP::load_class('MooseX::StrictConstructor::Role::Meta::Method::Constructor', undef) called at /home/src/perl/repoperls/installed-perls/perl/v5.14.0-576-g6693394/ba65/lib/site_perl/5.15.0/x86_64-linux-thread-multi/Moose/Util.pm line 126
	Moose::Util::_apply_all_roles('Moose::Meta::Class=HASH(0x3aeb1d8)', undef, 'MooseX::StrictConstructor::Role::Meta::Method::Constructor') called at /home/src/perl/repoperls/installed-perls/perl/v5.14.0-576-g6693394/ba65/lib/site_perl/5.15.0/x86_64-linux-thread-multi/Moose/Util.pm line 93
	Moose::Util::apply_all_roles('Moose::Meta::Class=HASH(0x3aeb1d8)', 'MooseX::StrictConstructor::Role::Meta::Method::Constructor') called at /home/src/perl/repoperls/installed-perls/perl/v5.14.0-576-g6693394/ba65/lib/site_perl/5.15.0/x86_64-linux-thread-multi/Moose.pm line 65
	Moose::with('Moose::Meta::Class=HASH(0x3aeb1d8)', 'MooseX::StrictConstructor::Role::Meta::Method::Constructor') called at /home/src/perl/repoperls/installed-perls/perl/v5.14.0-576-g6693394/ba65/lib/site_perl/5.15.0/x86_64-linux-thread-multi/Moose/Exporter.pm line 356
	Moose::with('MooseX::StrictConstructor::Role::Meta::Method::Constructor') called at /home/sand/.cpan/build/Fey-ORM-0.38-0H4jTI/blib/lib/Fey/Meta/Method/Constructor.pm line 14
	require Fey/Meta/Method/Constructor.pm called at /home/sand/.cpan/build/Fey-ORM-0.38-0H4jTI/blib/lib/Fey/Meta/Class/Table.pm line 21
	Fey::Meta::Class::Table::BEGIN() called at /home/sand/.cpan/build/Fey-ORM-0.38-0H4jTI/blib/lib/Fey/Meta/Method/Constructor.pm line 0
	eval {...} called at /home/sand/.cpan/build/Fey-ORM-0.38-0H4jTI/blib/lib/Fey/Meta/Method/Constructor.pm line 0
	require Fey/Meta/Class/Table.pm called at /home/sand/.cpan/build/Fey-ORM-0.38-0H4jTI/blib/lib/Fey/ORM/Table.pm line 11
	Fey::ORM::Table::BEGIN() called at /home/sand/.cpan/build/Fey-ORM-0.38-0H4jTI/blib/lib/Fey/Meta/Method/Constructor.pm line 0
	eval {...} called at /home/sand/.cpan/build/Fey-ORM-0.38-0H4jTI/blib/lib/Fey/Meta/Method/Constructor.pm line 0
	require Fey/ORM/Table.pm called at t/Object/Table.t line 392
	User::BEGIN() called at /home/sand/.cpan/build/Fey-ORM-0.38-0H4jTI/blib/lib/Fey/Meta/Method/Constructor.pm line 0
	eval {...} called at /home/sand/.cpan/build/Fey-ORM-0.38-0H4jTI/blib/lib/Fey/Meta/Method/Constructor.pm line 0
Compilation failed in require at /home/sand/.cpan/build/Fey-ORM-0.38-0H4jTI/blib/lib/Fey/Meta/Class/Table.pm line 21.
BEGIN failed--compilation aborted at /home/sand/.cpan/build/Fey-ORM-0.38-0H4jTI/blib/lib/Fey/Meta/Class/Table.pm line 21.
Compilation failed in require at /home/sand/.cpan/build/Fey-ORM-0.38-0H4jTI/blib/lib/Fey/ORM/Table.pm line 11.
BEGIN failed--compilation aborted at /home/sand/.cpan/build/Fey-ORM-0.38-0H4jTI/blib/lib/Fey/ORM/Table.pm line 11.
Compilation failed in require at t/Object/Table.t line 392.
BEGIN failed--compilation aborted at t/Object/Table.t line 392.
t/Object/Table.t ........................ 
Dubious, test returned 2 (wstat 512, 0x200)
No subtests run 
t/release-eol.t ......................... skipped: these tests are for release candidate testing
t/release-kwalitee.t .................... skipped: these tests are for release candidate testing
t/release-no-tabs.t ..................... skipped: these tests are for release candidate testing

Test Summary Report
-------------------
t/Class/Policy.t                      (Wstat: 512 Tests: 0 Failed: 0)
  Non-zero exit status: 2
  Parse errors: No plan found in TAP output
t/Class/Schema.t                      (Wstat: 512 Tests: 0 Failed: 0)
  Non-zero exit status: 2
  Parse errors: No plan found in TAP output
t/Class/Table-has_many.t              (Wstat: 512 Tests: 0 Failed: 0)
  Non-zero exit status: 2
  Parse errors: No plan found in TAP output
t/Class/Table-has_one.t               (Wstat: 512 Tests: 0 Failed: 0)
  Non-zero exit status: 2
  Parse errors: No plan found in TAP output
t/Class/Table.t                       (Wstat: 512 Tests: 0 Failed: 0)
  Non-zero exit status: 2
  Parse errors: No plan found in TAP output
t/Object/Iterator/FromArray.t         (Wstat: 512 Tests: 0 Failed: 0)
  Non-zero exit status: 2
  Parse errors: No plan found in TAP output
t/Object/Iterator/FromSelect.t        (Wstat: 512 Tests: 0 Failed: 0)
  Non-zero exit status: 2
  Parse errors: No plan found in TAP output
t/Object/Iterator/FromSelect/Caching.t (Wstat: 512 Tests: 0 Failed: 0)
  Non-zero exit status: 2
  Parse errors: No plan found in TAP output
t/Object/Schema.t                     (Wstat: 512 Tests: 0 Failed: 0)
  Non-zero exit status: 2
  Parse errors: No plan found in TAP output
t/Object/Table-cache.t                (Wstat: 512 Tests: 0 Failed: 0)
  Non-zero exit status: 2
  Parse errors: No plan found in TAP output
t/Object/Table-has_many.t             (Wstat: 512 Tests: 0 Failed: 0)
  Non-zero exit status: 2
  Parse errors: No plan found in TAP output
t/Object/Table-has_one.t              (Wstat: 512 Tests: 0 Failed: 0)
  Non-zero exit status: 2
  Parse errors: No plan found in TAP output
t/Object/Table-query-method.t         (Wstat: 512 Tests: 0 Failed: 0)
  Non-zero exit status: 2
  Parse errors: No plan found in TAP output
t/Object/Table-select-attr.t          (Wstat: 512 Tests: 0 Failed: 0)
  Non-zero exit status: 2
  Parse errors: No plan found in TAP output
t/Object/Table.t                      (Wstat: 512 Tests: 0 Failed: 0)
  Non-zero exit status: 2
  Parse errors: No plan found in TAP output
Files=18, Tests=0, 24 wallclock secs ( 0.06 usr  0.02 sys + 21.90 cusr  0.78 csys = 22.76 CPU)
Result: FAIL
Failed 15/18 test programs. 0/0 subtests failed.
make[1]: *** [test_dynamic] Error 255
make[1]: Leaving directory `/home/sand/.cpan/build/Fey-ORM-0.38-0H4jTI'

------------------------------
PREREQUISITES
------------------------------

Prerequisite modules loaded:

requires:

    Module                         Need Have   
    ------------------------------ ---- -------
    Devel::GlobalDestruction       0    0.03   
    Exception::Class               0    1.32   
    Fey                            0.39 0.40   
    Fey::DBIManager                0.07 0.16   
    List::AllUtils                 0    0.02   
    Moose                          1.15 2.0007 
    MooseX::ClassAttribute         0.17 0.26   
    MooseX::SemiAffordanceAccessor 0    0.09   
    MooseX::StrictConstructor      0.08 0.16   
    namespace::autoclean           0    0.12   
    Object::ID                     0    v0.1.1 
    Scalar::Util                   0    1.23   
    Sub::Exporter                  0    0.982  

build_requires:

    Module                         Need Have   
    ------------------------------ ---- -------
    Fey::Test                      0.05 0.09   
    Test::Exception                0    0.31   
    Test::More                     0.88 0.98   

configure_requires:

    Module                         Need Have   
    ------------------------------ ---- -------
    ExtUtils::MakeMaker            6.31 6.57_05


------------------------------
ENVIRONMENT AND OTHER CONTEXT
------------------------------

Environment variables:

    LANG = en_US.UTF-8
    LANGUAGE = en_US:en
    PATH = /usr/lib/ccache:/home/sand/bin:/usr/local/bin:/usr/bin:/bin:/usr/bin/X11:/usr/games:/usr/local/perl/bin:/usr/X11/bin:/sbin:/usr/sbin
    PERL5LIB = 
    PERL5OPT = 
    PERL5_CPANPLUS_IS_RUNNING = 29057
    PERL5_CPAN_IS_RUNNING = 29057
    SHELL = /usr/bin/zsh
    TERM = screen

Perl special variables (and OS-specific diagnostics, for MSWin32):

    $^X = /home/sand/src/perl/repoperls/installed-perls/perl/v5.14.0-576-g6693394/ba65/bin/perl
    $UID/$EUID = 1001 / 1001
    $GID = 1001 1001
    $EGID = 1001 1001

Perl module toolchain versions installed:

    Module              Have    
    ------------------- --------
    CPAN                1.9600  
    Cwd                 3.36    
    ExtUtils::CBuilder  0.280204
    ExtUtils::Command   1.17    
    ExtUtils::Install   1.56    
    ExtUtils::MakeMaker 6.57_05 
    ExtUtils::Manifest  1.58    
    ExtUtils::ParseXS   2.2210  
    File::Spec          3.33    
    Module::Build       0.3800  
    Module::Signature   0.68    
    Test::Harness       3.23    
    Test::More          0.98    
    YAML                0.73    
    YAML::Syck          1.17    
    version             0.91    


--

Summary of my perl5 (revision 5 version 15 subversion 0) configuration:
  Commit id: 6693394dc44f43f2a9c540e9e28782a02ea5fae9
  Platform:
    osname=linux, osvers=2.6.38-2-amd64, archname=x86_64-linux-thread-multi
    uname='linux k81 2.6.38-2-amd64 #1 smp sun may 8 13:51:57 utc 2011 x86_64 gnulinux '
    config_args='-Dprefix=/home/src/perl/repoperls/installed-perls/perl/v5.14.0-576-g6693394/ba65 -Dinstallusrbinperl=n -Uversiononly -Dusedevel -des -Ui_db -Duseithreads -Uuselongdouble -DDEBUGGING=-g'
    hint=recommended, useposix=true, d_sigaction=define
    useithreads=define, usemultiplicity=define
    useperlio=define, d_sfio=undef, uselargefiles=define, usesocks=undef
    use64bitint=define, use64bitall=define, uselongdouble=undef
    usemymalloc=n, bincompat5005=undef
  Compiler:
    cc='cc', ccflags ='-D_REENTRANT -D_GNU_SOURCE -fno-strict-aliasing -pipe -fstack-protector -I/usr/local/include -D_LARGEFILE_SOURCE -D_FILE_OFFSET_BITS=64',
    optimize='-O2 -g',
    cppflags='-D_REENTRANT -D_GNU_SOURCE -fno-strict-aliasing -pipe -fstack-protector -I/usr/local/include'
    ccversion='', gccversion='4.6.1 20110526 (prerelease)', gccosandvers=''
    intsize=4, longsize=8, ptrsize=8, doublesize=8, byteorder=12345678
    d_longlong=define, longlongsize=8, d_longdbl=define, longdblsize=16
    ivtype='long', ivsize=8, nvtype='double', nvsize=8, Off_t='off_t', lseeksize=8
    alignbytes=8, prototype=define
  Linker and Libraries:
    ld='cc', ldflags =' -fstack-protector -L/usr/local/lib'
    libpth=/usr/local/lib /lib/../lib /usr/lib/../lib /lib /usr/lib /usr/lib/x86_64-linux-gnu /lib64 /usr/lib64
    libs=-lnsl -ldb -ldl -lm -lcrypt -lutil -lpthread -lc
    perllibs=-lnsl -ldl -lm -lcrypt -lutil -lpthread -lc
    libc=/lib/libc-2.13.so, so=so, useshrplib=false, libperl=libperl.a
    gnulibc_version='2.13'
  Dynamic Linking:
    dlsrc=dl_dlopen.xs, dlext=so, d_dlsymun=undef, ccdlflags='-Wl,-E'
    cccdlflags='-fPIC', lddlflags='-shared -O2 -g -L/usr/local/lib -fstack-protector'


Characteristics of this binary (from libperl): 
  Compile-time options: MULTIPLICITY PERL_DONT_CREATE_GVSV
                        PERL_IMPLICIT_CONTEXT PERL_MALLOC_WRAP
                        PERL_PRESERVE_IVUV PERL_USE_DEVEL USE_64_BIT_ALL
                        USE_64_BIT_INT USE_ITHREADS USE_LARGE_FILES
                        USE_LOCALE USE_LOCALE_COLLATE USE_LOCALE_CTYPE
                        USE_LOCALE_NUMERIC USE_PERLIO USE_PERL_ATOF
                        USE_REENTRANT_API
  Built under linux
  Compiled at Jun 13 2011 06:04:47
  %ENV:
    PERL5LIB=""
    PERL5OPT=""
    PERL5_CPANPLUS_IS_RUNNING="29057"
    PERL5_CPAN_IS_RUNNING="29057"
  @INC:
    /home/src/perl/repoperls/installed-perls/perl/v5.14.0-576-g6693394/ba65/lib/site_perl/5.15.0/x86_64-linux-thread-multi
    /home/src/perl/repoperls/installed-perls/perl/v5.14.0-576-g6693394/ba65/lib/site_perl/5.15.0
    /home/src/perl/repoperls/installed-perls/perl/v5.14.0-576-g6693394/ba65/lib/5.15.0/x86_64-linux-thread-multi
    /home/src/perl/repoperls/installed-perls/perl/v5.14.0-576-g6693394/ba65/lib/5.15.0
    .