Net-RDAP v0.36 Perl 5 v5.22.0 amd64-freebsd
- Status
- Fail
- From
- Slaven Rezić
- Dist
-
Net-RDAP v0.36
- Platform
- Perl 5 v5.22.0 amd64-freebsd
- Date
- 2025-03-20 21:46:34
- ID
- caaf5302-05d4-11f0-a247-9e2c6e8775ea
This distribution has been tested as part of the CPAN Testers
project, supporting the Perl programming language. See
http://wiki.cpantesters.org/ for more information or email
questions to cpan-testers-discuss@perl.org
--
Dear Gavin Brown,
This is a computer-generated report for Net-RDAP-0.36
on perl 5.22.0, created by CPAN-Reporter-1.2019.
Thank you for uploading your work to CPAN. However, there was a problem
testing your distribution.
If you think this report is invalid, please consult the CPAN Testers Wiki
for suggestions on how to avoid getting FAIL reports for missing library
or binary dependencies, unsupported operating systems, and so on:
http://wiki.cpantesters.org/wiki/CPANAuthorNotes
Sections of this report:
* Tester comments
* Program output
* Prerequisites
* Environment and other context
------------------------------
TESTER COMMENTS
------------------------------
Additional comments from tester:
none provided
------------------------------
PROGRAM OUTPUT
------------------------------
Output from '/usr/bin/make test':
PERL_DL_NONLAZY=1 "/usr/perl5.22.0p/bin/perl" "-MExtUtils::Command::MM" "-MTest::Harness" "-e" "undef *Test::Harness::Switches; test_harness(0, 'blib/lib', 'blib/arch')" t/*.t
t/00.use.t .......... ok
t/chain.t ........... ok
t/document_url.t .... ok
t/implements.t ...... ok
Warning: Net::RDAP::JCard::nodes() has been deprecated and will be removed in a future release. at t/jcard.t line 36.
t/jcard.t ........... ok
t/json.t ............ ok
zone file representation not defined for DS at /usr/perl5.22.0p/lib/site_perl/5.22.0/amd64-freebsd/Net/DNS/RR.pm line 662.
in new Net::DNS::RR( icann.org. 1 IN DS 20149 13 2 cf066bceadb799a27b62 ... ) at /home/cpansand/.cpan/build/2025032016/Net-RDAP-0.36-0/blib/lib/Net/RDAP/Object/Domain.pm line 98.
# Tests were run but no plan was declared and done_testing() was not seen.
# Looks like your test exited with 255 just after 42.
t/objects.t .........
Dubious, test returned 255 (wstat 65280, 0xff00)
All 42 subtests passed
t/redaction.t ....... ok
t/reverse_search.t .. ok
t/search.t .......... ok
Test Summary Report
-------------------
t/objects.t (Wstat: 65280 (exited 255) Tests: 42 Failed: 0)
Non-zero exit status: 255
Parse errors: No plan found in TAP output
Files=10, Tests=396, 25 wallclock secs ( 0.06 usr 0.03 sys + 2.43 cusr 1.38 csys = 3.91 CPU)
Result: FAIL
Failed 1/10 test programs. 0/396 subtests failed.
*** Error code 255
Stop.
make: stopped in /home/cpansand/.cpan/build/2025032016/Net-RDAP-0.36-0
------------------------------
PREREQUISITES
------------------------------
Prerequisite modules loaded:
requires:
Module Need Have
--------------------- ---- --------
DateTime::Tiny 0 1.07
Digest::SHA 0 6.04
File::Basename 0 2.85
File::Slurp 0 9999.32
File::Spec 0 3.75
File::stat 0 1.07
HTTP::Date 0 6.05
HTTP::Request::Common 0 7.00
JSON 0 4.10
List::Util 0 1.68
LWP::Online 0 1.08
LWP::Protocol::https 0 6.14
LWP::UserAgent 0 6.78
MIME::Type 0 2.26
Mozilla::CA 0 20250202
Net::ASN 0 1.08
Net::DNS::Domain 0 1276
Net::DNS::RR::DNSKEY 0 2003
Net::DNS::RR::DS 0 2003
Net::IP 0 1.26
Test::More 0 1.302209
URI 0 5.30
XML::LibXML 0 2.0210
build_requires:
Module Need Have
--------------------- ---- --------
ExtUtils::MakeMaker 0 7.72
configure_requires:
Module Need Have
--------------------- ---- --------
ExtUtils::MakeMaker 0 7.72
------------------------------
ENVIRONMENT AND OTHER CONTEXT
------------------------------
Environment variables:
LC_ALL = de_DE.ISO8859-1
PATH = /usr/local/bin:/usr/bin:/bin:/usr/local/sbin:/usr/sbin:/sbin:/home/cpansand/bin/freebsd10.3:/home/cpansand/bin/sh:/home/cpansand/bin:/usr/games:/home/cpansand/devel:/home/eserte/src/srezic-misc/scripts
PERL5LIB =
PERL5OPT =
PERL5_CPANPLUS_IS_RUNNING = 55269
PERL5_CPAN_IS_RUNNING = 55269
PERL5_CPAN_IS_RUNNING_IN_RECURSION = 19202,55269
PERLDOC = -MPod::Perldoc::ToTextOverstrike
PERL_BATCH = yes
PERL_CANARY_STABILITY_NOPROMPT = 1
PERL_CPAN_REPORTER_CONFIG = /var/tmp/cpansmoker-1023/2025032006/cpanreporter_000_config.ini
PERL_EXTUTILS_AUTOINSTALL = --defaultdeps
PERL_USE_UNSAFE_INC = 1
SHELL = /usr/local/bin/zsh
TERM = screen
TMPDIR = /var/tmp/cpansmoker-1023/2025032006
Perl special variables (and OS-specific diagnostics, for MSWin32):
$^X = /usr/perl5.22.0p/bin/perl
$UID/$EUID = 1023 / 1023
$GID = 1023 1023
$EGID = 1023 1023
Perl module toolchain versions installed:
Module Have
------------------- --------
CPAN 2.37
CPAN::Meta 2.150010
Cwd 3.75
ExtUtils::CBuilder 0.280236
ExtUtils::Command 7.72
ExtUtils::Install 2.22
ExtUtils::MakeMaker 7.72
ExtUtils::Manifest 1.75
ExtUtils::ParseXS 3.51
File::Spec 3.75
JSON 4.10
JSON::PP 4.16
Module::Build 0.4234
Module::Signature 0.89
Parse::CPAN::Meta 2.150010
Test2 1.302209
Test::Harness 3.50
Test::More 1.302209
YAML 1.30
YAML::Syck 1.34
version 0.9933
--
Summary of my perl5 (revision 5 version 22 subversion 0) configuration:
Platform:
osname=freebsd, osvers=10.1-release, archname=amd64-freebsd
uname='freebsd cvrsnica-freebsd-101.herceg.de 10.1-release freebsd 10.1-release #0 r274401: tue nov 11 21:02:49 utc 2014 root@releng1.nyi.freebsd.org:usrobjusrsrcsysgeneric amd64 '
config_args='-ds -e -Dprefix=/usr/perl5.22.0p -Dcf_email=srezic@cpan.org'
hint=recommended, useposix=true, d_sigaction=define
useithreads=undef, usemultiplicity=undef
use64bitint=define, use64bitall=define, uselongdouble=undef
usemymalloc=n, bincompat5005=undef
Compiler:
cc='cc', ccflags ='-DHAS_FPSETMASK -DHAS_FLOATINGPOINT_H -fno-strict-aliasing -pipe -fstack-protector -I/usr/local/include -D_FORTIFY_SOURCE=2',
optimize='-O',
cppflags='-DHAS_FPSETMASK -DHAS_FLOATINGPOINT_H -fno-strict-aliasing -pipe -fstack-protector -I/usr/local/include'
ccversion='', gccversion='4.2.1 Compatible FreeBSD Clang 3.4.1 (tags/RELEASE_34/dot1-final 208032)', gccosandvers=''
intsize=4, longsize=8, ptrsize=8, doublesize=8, byteorder=12345678, doublekind=3
d_longlong=define, longlongsize=8, d_longdbl=define, longdblsize=16, longdblkind=3
ivtype='long', ivsize=8, nvtype='double', nvsize=8, Off_t='off_t', lseeksize=8
alignbytes=8, prototype=define
Linker and Libraries:
ld='cc', ldflags ='-pthread -Wl,-E -fstack-protector -L/usr/local/lib'
libpth=/usr/lib /usr/local/lib /usr/include/clang/3.4.1 /usr/lib
libs=-lpthread -lgdbm -lm -lcrypt -lutil -lc
perllibs=-lpthread -lm -lcrypt -lutil -lc
libc=, so=so, useshrplib=false, libperl=libperl.a
gnulibc_version=''
Dynamic Linking:
dlsrc=dl_dlopen.xs, dlext=so, d_dlsymun=undef, ccdlflags=' '
cccdlflags='-DPIC -fPIC', lddlflags='-shared -L/usr/local/lib -fstack-protector'
Characteristics of this binary (from libperl):
Compile-time options: HAS_TIMES PERLIO_LAYERS PERL_DONT_CREATE_GVSV
PERL_HASH_FUNC_ONE_AT_A_TIME_HARD PERL_MALLOC_WRAP
PERL_NEW_COPY_ON_WRITE PERL_PRESERVE_IVUV
USE_64_BIT_ALL USE_64_BIT_INT USE_LARGE_FILES
USE_LOCALE USE_LOCALE_COLLATE USE_LOCALE_CTYPE
USE_LOCALE_NUMERIC USE_LOCALE_TIME USE_PERLIO
USE_PERL_ATOF
Built under freebsd
Compiled at Jun 1 2015 20:19:01
%ENV:
PERL5LIB=""
PERL5OPT=""
PERL5_CPANPLUS_IS_RUNNING="55269"
PERL5_CPAN_IS_RUNNING="55269"
PERL5_CPAN_IS_RUNNING_IN_RECURSION="19202,55269"
PERLDOC="-MPod::Perldoc::ToTextOverstrike"
PERL_BATCH="yes"
PERL_CANARY_STABILITY_NOPROMPT="1"
PERL_CPAN_REPORTER_CONFIG="/var/tmp/cpansmoker-1023/2025032006/cpanreporter_000_config.ini"
PERL_EXTUTILS_AUTOINSTALL="--defaultdeps"
PERL_USE_UNSAFE_INC="1"
@INC:
/usr/perl5.22.0p/lib/site_perl/5.22.0/amd64-freebsd
/usr/perl5.22.0p/lib/site_perl/5.22.0
/usr/perl5.22.0p/lib/5.22.0/amd64-freebsd
/usr/perl5.22.0p/lib/5.22.0
.