Config-DB v0.2 Perl 5 v5.24.4 x86_64-linux
        
            - Status
 
            - Fail
 
            - From
 
            - Oleg Pronin (SYBER)
 
            - Dist
 
            - 
                Config-DB v0.2
            
 
            - Platform
 
            - Perl 5 v5.24.4 x86_64-linux
 
            - Date
 
            - 2019-08-12 00:04:44
 
            - ID
 
            - ca4a79f8-bc94-11e9-bf01-97f42958ff60
 
        
        This distribution has been tested as part of the CPAN Testers
project, supporting the Perl programming language.  See
http://wiki.cpantesters.org/ for more information or email
questions to cpan-testers-discuss@perl.org
--
Dear Daniele Ricci,
This is a computer-generated report for Config-DB-0.2
on perl 5.24.4, created by CPAN-Reporter-1.2018.
Thank you for uploading your work to CPAN.  However, there was a problem
testing your distribution.
If you think this report is invalid, please consult the CPAN Testers Wiki
for suggestions on how to avoid getting FAIL reports for missing library
or binary dependencies, unsupported operating systems, and so on:
http://wiki.cpantesters.org/wiki/CPANAuthorNotes
Sections of this report:
    * Tester comments
    * Program output
    * Prerequisites
    * Environment and other context
------------------------------
TESTER COMMENTS
------------------------------
Additional comments from tester:
this report is from an automated smoke testing program
and was not reviewed by a human for accuracy
------------------------------
PROGRAM OUTPUT
------------------------------
Output from '/usr/bin/make test':
PERL_DL_NONLAZY=1 "/home/syber/perl5/perlbrew/perls/5.24.4/bin/perl" "-MExtUtils::Command::MM" "-MTest::Harness" "-e" "undef *Test::Harness::Switches; test_harness(0, 'blib/lib', 'blib/arch')" t/*.t
#   Failed test 'wrong new call - no parameters'
#   at t/01_new.t line 9.
#                   'Config::DB::new: wrong call at t/01_new.t line 8.
# '
#     doesn't match '(?^:^Config::DB::new: wrong call at t/01_new.t line \d+\n$)'
#   Failed test 'wrong new call - hack try 1'
#   at t/01_new.t line 16.
#                   'Config::DB::new: wrong call at t/01_new.t line 15.
# '
#     doesn't match '(?^:^Config::DB::new: wrong call at t/01_new.t line \d+\n$)'
#   Failed test 'wrong new call - hack try 2'
#   at t/01_new.t line 23.
#                   'Config::DB::new: 'NoOk' does not hinerit 'Config::DB' at t/01_new.t line 22.
# '
#     doesn't match '(?^:^Config::DB::new: 'NoOk' does not hinerit 'Config::DB' at t/01_new.t line \d+\n$)'
#   Failed test 'wrong new call - wrong class'
#   at t/01_new.t line 30.
#                   'Config::DB::new: 'Wrong::Class' does not hinerit 'Config::DB' at t/01_new.t line 29.
# '
#     doesn't match '(?^:^Config::DB::new: 'Wrong::Class' does not hinerit 'Config::DB' at t/01_new.t line \d+\n$)'
#   Failed test 'wrong new call - missing connect paramenter'
#   at t/01_new.t line 37.
#                   'Config::DB::new: missing 'connect' paramenter at t/01_new.t line 36.
# '
#     doesn't match '(?^:^Config::DB::new: missing 'connect' paramenter at t/01_new.t line \d+\n$)'
#   Failed test 'wrong new call - connect paramenter not array ref'
#   at t/01_new.t line 44.
#                   'Config::DB::new: 'connect' paramenter is not a reference to ARRAY at t/01_new.t line 43.
# '
#     doesn't match '(?^:^Config::DB::new: 'connect' paramenter is not a reference to ARRAY at t/01_new.t line \d+\n$)'
#   Failed test 'wrong new call - missing tables paramenter'
#   at t/01_new.t line 51.
#                   'Config::DB::new: missing 'tables' paramenter at t/01_new.t line 50.
# '
#     doesn't match '(?^:^Config::DB::new: missing 'tables' paramenter at t/01_new.t line \d+\n$)'
#   Failed test 'wrong new call - tables paramenter not array ref'
#   at t/01_new.t line 58.
#                   'Config::DB::new: 'tables' paramenter is not a reference to HASH at t/01_new.t line 57.
# '
#     doesn't match '(?^:^Config::DB::new: 'tables' paramenter is not a reference to HASH at t/01_new.t line \d+\n$)'
#   Failed test 'wrong new call - missing tables'
#   at t/01_new.t line 65.
#                   'Config::DB::new: no tables defined at t/01_new.t line 64.
# '
#     doesn't match '(?^:^Config::DB::new: no tables defined at t/01_new.t line \d+\n$)'
# Looks like you failed 9 tests of 13.
t/01_new.t ..... 
Dubious, test returned 9 (wstat 2304, 0x900)
Failed 9/13 subtests 
DBD::DBM::db do failed: 
Execution ERROR: Cannot open /home/syber/.local/share/.cpan/build/Config-DB-0.2-0/notable.lck: No such file or directory (2) at /home/syber/perl5/perlbrew/perls/5.24.4/lib/site_perl/5.24.4/x86_64-linux/DBI/DBD/SqlEngine.pm line 1624.
 called from /home/syber/perl5/perlbrew/perls/5.24.4/lib/site_perl/5.24.4/x86_64-linux/DBI.pm at 1635.
 [for Statement "DROP TABLE notable"] at t/02_params.t line 5.
#   Failed test 'connection error'
#   at t/02_params.t line 18.
#                   'Can't connect to data source 'DBI:NotInstalled' because I can't work out what driver to use (it doesn't seem to contain a 'dbi:driver:' prefix and the DBI_DRIVER env var is not set) at /home/syber/.local/share/.cpan/build/Config-DB-0.2-0/blib/lib/Config/DB.pm line 100.Config::DB::read: can't connect at t/02_params.t line 15.'
#     doesn't match '(?^:^Can't connect to data source 'DBI:NotInstalled'.*Config::DB::read: can't connect at t/02_params.t line \d+$)'
#   Failed test 'missing table'
#   at t/02_params.t line 32.
#                   'DBD::DBM::db selectall_hashref failed: Execution ERROR: Cannot open /home/syber/.local/share/.cpan/build/Config-DB-0.2-0/notable.lck: No such file or directory (2) at /home/syber/perl5/perlbrew/perls/5.24.4/lib/site_perl/5.24.4/x86_64-linux/DBI/DBD/SqlEngine.pm line 1624. called from /home/syber/.local/share/.cpan/build/Config-DB-0.2-0/blib/lib/Config/DB.pm at 107. at /home/syber/perl5/perlbrew/perls/5.24.4/lib/site_perl/5.24.4/x86_64-linux/DBI/DBD/SqlEngine.pm line 1271. [for Statement "SELECT nofield AS dbcfg_key, notable.* FROM notable"] at /home/syber/.local/share/.cpan/build/Config-DB-0.2-0/blib/lib/Config/DB.pm line 107.Config::DB::read: reading 'notable' table at t/02_params.t line 29.'
#     doesn't match '(?^:^DBD::DBM::db selectall_hashref failed.*Config::DB::read: reading 'notable' table at t/02_params.t line \d+$)'
#   Failed test 'missing field'
#   at t/02_params.t line 43.
#                   'DBD::DBM::db selectall_hashref failed: Execution ERROR: No such column 'nofield' called from /home/syber/perl5/perlbrew/perls/5.24.4/lib/site_perl/5.24.4/x86_64-linux/DBI.pm at 1688. at /home/syber/perl5/perlbrew/perls/5.24.4/lib/site_perl/5.24.4/x86_64-linux/DBI/DBD/SqlEngine.pm line 1271. [for Statement "SELECT nofield AS dbcfg_key, notable.* FROM notable"] at /home/syber/.local/share/.cpan/build/Config-DB-0.2-0/blib/lib/Config/DB.pm line 107.Config::DB::read: reading 'notable' table at t/02_params.t line 40.'
#     doesn't match '(?^:^DBD::DBM::db selectall_hashref failed.*Config::DB::read: reading 'notable' table at t/02_params.t line \d+$)'
# Looks like you failed 3 tests of 6.
t/02_params.t .. 
Dubious, test returned 3 (wstat 768, 0x300)
Failed 3/6 subtests 
DBD::DBM::db do failed: 
Execution ERROR: Cannot open /home/syber/.local/share/.cpan/build/Config-DB-0.2-0/cfg.lck: No such file or directory (2) at /home/syber/perl5/perlbrew/perls/5.24.4/lib/site_perl/5.24.4/x86_64-linux/DBI/DBD/SqlEngine.pm line 1624.
 called from /home/syber/perl5/perlbrew/perls/5.24.4/lib/site_perl/5.24.4/x86_64-linux/DBI.pm at 1635.
 [for Statement "DROP TABLE cfg"] at t/03_get.t line 5.
#   Failed test 'missing table parameter'
#   at t/03_get.t line 23.
#                   'Config::DB::get: missing table parameter at t/03_get.t line 22.
# '
#     doesn't match '(?^:^Config::DB::get: missing table parameter at t/03_get.t line \d+$)'
#   Failed test 'missing table'
#   at t/03_get.t line 32.
#                   'Config::DB::get: unknown configuration table 'notable' at t/03_get.t line 31.
# '
#     doesn't match '(?^:^Config::DB::get: unknown configuration table 'notable' at t/03_get.t line \d+$)'
#   Failed test 'missing key'
#   at t/03_get.t line 39.
#                   'Config::DB::get: missing key '10' in configuration table 'cfg' at t/03_get.t line 38.
# '
#     doesn't match '(?^:^Config::DB::get: missing key '10' in configuration table 'cfg' at t/03_get.t line \d+$)'
#   Failed test 'missing field'
#   at t/03_get.t line 46.
#                   'Config::DB::get: unknown field 'nofield' for configuration table 'cfg' at t/03_get.t line 45.
# '
#     doesn't match '(?^:^Config::DB::get: unknown field 'nofield' for configuration table 'cfg' at t/03_get.t line \d+$)'
#   Failed test 'AUTOLOAD error'
#   at t/03_get.t line 67.
#                   'Can't locate object method "nomethod" via package "Config::DB" at t/03_get.t line 66.
# '
#     doesn't match '(?^:^Can't locate object method "nomethod" via package "Config::DB" at t/03_get.t line \d+$)'
#   Failed test 'AUTOLOAD missing table'
#   at t/03_get.t line 74.
#                   'Config::DB::get: unknown configuration table 'notable' at t/03_get.t line 73.
# '
#     doesn't match '(?^:^Config::DB::get: unknown configuration table 'notable' at t/03_get.t line \d+$)'
#   Failed test 'AUTOLOAD missing key'
#   at t/03_get.t line 81.
#                   'Config::DB::get: missing key '3000' in configuration table 'cfg' at t/03_get.t line 80.
# '
#     doesn't match '(?^:^Config::DB::get: missing key '3000' in configuration table 'cfg' at t/03_get.t line \d+$)'
# Looks like you failed 7 tests of 28.
t/03_get.t ..... 
Dubious, test returned 7 (wstat 1792, 0x700)
Failed 7/28 subtests 
Test Summary Report
-------------------
t/01_new.t   (Wstat: 2304 Tests: 13 Failed: 9)
  Failed tests:  3-11
  Non-zero exit status: 9
t/02_params.t (Wstat: 768 Tests: 6 Failed: 3)
  Failed tests:  3-5
  Non-zero exit status: 3
t/03_get.t   (Wstat: 1792 Tests: 28 Failed: 7)
  Failed tests:  4, 6-8, 14-16
  Non-zero exit status: 7
Files=3, Tests=47,  1 wallclock secs ( 0.01 usr  0.01 sys +  0.33 cusr  0.04 csys =  0.39 CPU)
Result: FAIL
Failed 3/3 test programs. 19/47 subtests failed.
Makefile:852: recipe for target 'test_dynamic' failed
make: *** [test_dynamic] Error 7
------------------------------
PREREQUISITES
------------------------------
Prerequisite modules loaded:
requires:
    Module              Need  Have   
    ------------------- ----- -------
    DBI                 1.616 1.642  
build_requires:
    Module              Need  Have   
    ------------------- ----- -------
    ExtUtils::MakeMaker 0     7.37_03
configure_requires:
    Module              Need  Have   
    ------------------- ----- -------
    ExtUtils::MakeMaker 0     7.37_03
------------------------------
ENVIRONMENT AND OTHER CONTEXT
------------------------------
Environment variables:
    AUTOMATED_TESTING = 1
    LC_COLLATE = ru_RU.utf8
    LC_CTYPE = ru_RU.utf8
    PATH = /home/syber/perl5/perlbrew/bin:/home/syber/perl5/perlbrew/perls/5.24.4/bin:/usr/local/bin:/usr/bin:/bin:/usr/local/games:/usr/games
    PERL5LIB = 
    PERL5OPT = 
    PERL5_CPANPLUS_IS_RUNNING = 39822
    PERL5_CPAN_IS_RUNNING = 39822
    PERL5_CPAN_IS_RUNNING_IN_RECURSION = 32167,39822
    PERLBREW_HOME = /home/syber/.perlbrew
    PERLBREW_MANPATH = /home/syber/perl5/perlbrew/perls/5.24.4/man
    PERLBREW_PATH = /home/syber/perl5/perlbrew/bin:/home/syber/perl5/perlbrew/perls/5.24.4/bin
    PERLBREW_PERL = 5.24.4
    PERLBREW_ROOT = /home/syber/perl5/perlbrew
    PERLBREW_SHELLRC_VERSION = 0.86
    PERLBREW_VERSION = 0.86
    PERL_CR_SMOKER_CURRENT = Config-DB-0.2
    PERL_EXTUTILS_AUTOINSTALL = --defaultdeps
    PERL_MM_USE_DEFAULT = 1
    PERL_USE_UNSAFE_INC = 1
    SHELL = /bin/bash
    TERM = screen
Perl special variables (and OS-specific diagnostics, for MSWin32):
    $^X = /home/syber/perl5/perlbrew/perls/5.24.4/bin/perl
    $UID/$EUID = 1003 / 1003
    $GID = 1003 11 1003
    $EGID = 1003 11 1003
Perl module toolchain versions installed:
    Module              Have     
    ------------------- ---------
    CPAN                2.27     
    CPAN::Meta          2.150010 
    Cwd                 3.75     
    ExtUtils::CBuilder  0.280231 
    ExtUtils::Command   7.37_03  
    ExtUtils::Install   2.14     
    ExtUtils::MakeMaker 7.37_03  
    ExtUtils::Manifest  1.72     
    ExtUtils::ParseXS   3.36_03  
    File::Spec          3.75     
    JSON                4.02     
    JSON::PP            4.04     
    Module::Build       0.42_30  
    Module::Signature   0.83     
    Parse::CPAN::Meta   2.150010 
    Test::Harness       3.42     
    Test::More          1.302164 
    YAML                1.29     
    YAML::Syck          1.31     
    version             0.9924_02
--
Summary of my perl5 (revision 5 version 24 subversion 4) configuration:
   
  Platform:
    osname=linux, osvers=4.9.0-8-amd64, archname=x86_64-linux
    uname='linux dexter.crazypanda.ru 4.9.0-8-amd64 #1 smp debian 4.9.110-3+deb9u6 (2018-10-08) x86_64 gnulinux '
    config_args='-de -Dprefix=/home/syber/perl5/perlbrew/perls/5.24.4 -Aeval:scriptdir=/home/syber/perl5/perlbrew/perls/5.24.4/bin'
    hint=recommended, useposix=true, d_sigaction=define
    useithreads=undef, usemultiplicity=undef
    use64bitint=define, use64bitall=define, uselongdouble=undef
    usemymalloc=n, bincompat5005=undef
  Compiler:
    cc='cc', ccflags ='-fwrapv -fno-strict-aliasing -pipe -fstack-protector-strong -I/usr/local/include -D_LARGEFILE_SOURCE -D_FILE_OFFSET_BITS=64 -D_FORTIFY_SOURCE=2',
    optimize='-O2',
    cppflags='-fwrapv -fno-strict-aliasing -pipe -fstack-protector-strong -I/usr/local/include'
    ccversion='', gccversion='6.3.0 20170516', gccosandvers=''
    intsize=4, longsize=8, ptrsize=8, doublesize=8, byteorder=12345678, doublekind=3
    d_longlong=define, longlongsize=8, d_longdbl=define, longdblsize=16, longdblkind=3
    ivtype='long', ivsize=8, nvtype='double', nvsize=8, Off_t='off_t', lseeksize=8
    alignbytes=8, prototype=define
  Linker and Libraries:
    ld='cc', ldflags =' -fstack-protector-strong -L/usr/local/lib'
    libpth=/usr/local/lib /usr/lib/gcc/x86_64-linux-gnu/6/include-fixed /usr/include/x86_64-linux-gnu /usr/lib /lib/x86_64-linux-gnu /lib/../lib /usr/lib/x86_64-linux-gnu /usr/lib/../lib /lib
    libs=-lpthread -lnsl -ldl -lm -lcrypt -lutil -lc
    perllibs=-lpthread -lnsl -ldl -lm -lcrypt -lutil -lc
    libc=libc-2.24.so, so=so, useshrplib=false, libperl=libperl.a
    gnulibc_version='2.24'
  Dynamic Linking:
    dlsrc=dl_dlopen.xs, dlext=so, d_dlsymun=undef, ccdlflags='-Wl,-E'
    cccdlflags='-fPIC', lddlflags='-shared -O2 -L/usr/local/lib -fstack-protector-strong'
Characteristics of this binary (from libperl): 
  Compile-time options: HAS_TIMES PERLIO_LAYERS PERL_COPY_ON_WRITE
                        PERL_DONT_CREATE_GVSV
                        PERL_HASH_FUNC_ONE_AT_A_TIME_HARD PERL_MALLOC_WRAP
                        PERL_PRESERVE_IVUV USE_64_BIT_ALL USE_64_BIT_INT
                        USE_LARGE_FILES USE_LOCALE USE_LOCALE_COLLATE
                        USE_LOCALE_CTYPE USE_LOCALE_NUMERIC USE_LOCALE_TIME
                        USE_PERLIO USE_PERL_ATOF
  Locally applied patches:
	Devel::PatchPerl 1.64
  Built under linux
  Compiled at Aug  5 2019 13:40:11
  %ENV:
    PERL5LIB=""
    PERL5OPT=""
    PERL5_CPANPLUS_IS_RUNNING="39822"
    PERL5_CPAN_IS_RUNNING="39822"
    PERL5_CPAN_IS_RUNNING_IN_RECURSION="32167,39822"
    PERLBREW_HOME="/home/syber/.perlbrew"
    PERLBREW_MANPATH="/home/syber/perl5/perlbrew/perls/5.24.4/man"
    PERLBREW_PATH="/home/syber/perl5/perlbrew/bin:/home/syber/perl5/perlbrew/perls/5.24.4/bin"
    PERLBREW_PERL="5.24.4"
    PERLBREW_ROOT="/home/syber/perl5/perlbrew"
    PERLBREW_SHELLRC_VERSION="0.86"
    PERLBREW_VERSION="0.86"
    PERL_CR_SMOKER_CURRENT="Config-DB-0.2"
    PERL_EXTUTILS_AUTOINSTALL="--defaultdeps"
    PERL_MM_USE_DEFAULT="1"
    PERL_USE_UNSAFE_INC="1"
  @INC:
    /home/syber/perl5/perlbrew/perls/5.24.4/lib/site_perl/5.24.4/x86_64-linux
    /home/syber/perl5/perlbrew/perls/5.24.4/lib/site_perl/5.24.4
    /home/syber/perl5/perlbrew/perls/5.24.4/lib/5.24.4/x86_64-linux
    /home/syber/perl5/perlbrew/perls/5.24.4/lib/5.24.4
    .