Bio-Roary v3.13.0 Perl 5 v5.14.0 amd64-netbsd-thread-multi

Status
Fail
From
Chris Williams (BINGOS)
Dist
Bio-Roary v3.13.0
Platform
Perl 5 v5.14.0 amd64-netbsd-thread-multi
Date
2019-11-12 16:30:48
ID
c8e5f38a-0569-11ea-99fe-b031dbec7dbf
This distribution has been tested as part of the CPAN Testers
project, supporting the Perl programming language.  See
http://wiki.cpantesters.org/ for more information or email
questions to cpan-testers-discuss@perl.org


--

Dear AJPAGE,

This is a computer-generated error report created automatically by
CPANPLUS, version 0.9178. Testers personal comments may appear
at the end of this report.


Thank you for uploading your work to CPAN.  However, it appears that
there were some problems testing your distribution.

TEST RESULTS:

Below is the error stack from stage 'make test':

PERL_DL_NONLAZY=1 "/home/cpan/pit/thr/perl-5.14.0/bin/perl" "-MExtUtils::Command::MM" "-MTest::Harness" "-e" "undef *Test::Harness::Switches; test_harness(0, 'blib/lib', 'blib/arch')" t/*.t t/Bio/Roary/*.t t/Bio/Roary/CommandLine/*.t t/Bio/Roary/External/*.t t/Bio/Roary/Output/*.t t/Bio/Roary/QC/*.t
# 
# Versions for all modules listed in MYMETA.json (including optional ones):
# 
# === Configure Requires ===
# 
#     Module              Want Have
#     ------------------- ---- ----
#     ExtUtils::MakeMaker  any 7.36
# 
# === Build Requires ===
# 
#     Module              Want Have
#     ------------------- ---- ----
#     ExtUtils::MakeMaker  any 7.36
# 
# === Test Requires ===
# 
#     Module              Want     Have
#     ------------------- ---- --------
#     Data::Dumper         any 2.130_02
#     Env::Path            any     0.19
#     ExtUtils::MakeMaker  any     7.36
#     File::Spec           any     3.75
#     Test::Files          any     0.14
#     Test::More           any 1.302164
#     Test::Most           any     0.35
#     Test::Output         any    1.031
# 
# === Test Recommends ===
# 
#     Module         Want     Have
#     ---------- -------- --------
#     CPAN::Meta 2.120900 2.150010
# 
# === Runtime Requires ===
# 
#     Module              Want   Have
#     ------------------- ---- ------
#     Array::Utils         any    0.5
#     Bio::Perl            any  undef
#     Bio::SeqIO           any  undef
#     Bio::Tools::GFF      any  undef
#     Bio::TreeIO          any  undef
#     Cwd                  any   3.75
#     Digest::MD5::File    any   0.08
#     Exception::Class     any   1.44
#     File::Basename       any   2.82
#     File::Copy           any   2.21
#     File::Find::Rule     any   0.34
#     File::Grep           any   0.02
#     File::Path           any   2.16
#     File::Slurper        any  0.012
#     File::Spec           any   3.75
#     File::Temp           any 0.2309
#     File::Which          any   1.23
#     FindBin              any   1.50
#     Getopt::Long         any   2.38
#     Graph                any 0.9704
#     Graph::Writer::Dot   any   2.09
#     List::Util           any   1.53
#     Log::Log4perl        any   1.49
#     Moose                any 2.2011
#     Moose::Role          any 2.2011
#     POSIX                any   1.24
#     PerlIO::utf8_strict  any  0.007
#     Text::CSV            any   2.00
#     strict               any   1.04
#     warnings             any   1.12
# 
t/00-report-prereqs.t ................................... ok

#   Failed test 'blastp in PATH'
#   at t/00_requires_external.t line 19.

#   Failed test 'makeblastdb in PATH'
#   at t/00_requires_external.t line 19.

#   Failed test 'mcl in PATH'
#   at t/00_requires_external.t line 19.

#   Failed test 'mcxdeblast in PATH'
#   at t/00_requires_external.t line 19.

#   Failed test 'bedtools in PATH'
#   at t/00_requires_external.t line 19.

#   Failed test 'prank in PATH'
#   at t/00_requires_external.t line 19.

#   Failed test 'parallel in PATH'
#   at t/00_requires_external.t line 19.

#   Failed test 'mafft in PATH'
#   at t/00_requires_external.t line 19.
# Looks like you failed 8 tests of 8.
t/00_requires_external.t ................................ 
Dubious, test returned 8 (wstat 2048, 0x800)
Failed 8/8 subtests 
t/author-00-compile.t ................................... skipped: these tests are for testing by the author
t/author-pod-syntax.t ................................... skipped: these tests are for testing by the author
t/Bio/Roary/AccessoryBinaryFasta.t ...................... ok
Cant open file: _accessory_clusters.clstr# Tests were run but no plan was declared and done_testing() was not seen.
# Looks like your test exited with 2 just after 2.
t/Bio/Roary/AccessoryClustering.t ....................... 
Dubious, test returned 2 (wstat 512, 0x200)
All 2 subtests passed 
t/Bio/Roary/AnalyseGroups.t ............................. ok
t/Bio/Roary/AnnotateGroups.t ............................ ok
t/Bio/Roary/AssemblyStatistics.t ........................ ok
t/Bio/Roary/ChunkFastaFile.t ............................ ok
t/Bio/Roary/CombinedProteome.t .......................... ok

#   Failed test 'Actual output file exists example_annotation.gff.proteome.faa  -t 1 t/data/example_annotation.gff'
#   at t/lib/TestHelper.pm line 139.

#   Failed test 'Actual and expected output match for '-t 1 t/data/example_annotation.gff''
#   at t/lib/TestHelper.pm line 148.
# example_annotation.gff.proteome.faa absent

#   Failed test 'Actual output file exists example_annotation.gff.proteome.faa  t/data/example_annotation.gff'
#   at t/lib/TestHelper.pm line 139.

#   Failed test 'Actual and expected output match for 't/data/example_annotation.gff''
#   at t/lib/TestHelper.pm line 148.
# example_annotation.gff.proteome.faa absent
# Looks like you failed 4 tests of 7.
t/Bio/Roary/CommandLine/ExtractProteomeFromGff.t ........ 
Dubious, test returned 4 (wstat 1024, 0x400)
Failed 4/7 subtests 
t/Bio/Roary/CommandLine/GeneAlignmentFromNucleotides.t .. ok
Can't load '/home/cpan/pit/jail/FK2YvTmRDv/lib/perl5/amd64-netbsd-thread-multi/auto/List/Util/Util.so' for module List::Util: /home/cpan/pit/jail/FK2YvTmRDv/lib/perl5/amd64-netbsd-thread-multi/auto/List/Util/Util.so: Undefined PLT symbol "Perl_xs_version_bootcheck" (symnum = 39) at /usr/pkg/lib/perl5/5.28.0/XSLoader.pm line 93.
 at /home/cpan/pit/jail/FK2YvTmRDv/lib/perl5/amd64-netbsd-thread-multi/List/Util.pm line 23.
Compilation failed in require at /home/cpan/pit/jail/FK2YvTmRDv/lib/perl5/amd64-netbsd-thread-multi/Scalar/Util.pm line 23.
Compilation failed in require at /home/cpan/pit/jail/FK2YvTmRDv/lib/perl5/amd64-netbsd-thread-multi/Moose.pm line 9.
BEGIN failed--compilation aborted at /home/cpan/pit/jail/FK2YvTmRDv/lib/perl5/amd64-netbsd-thread-multi/Moose.pm line 9.
Compilation failed in require at /home/cpan/pit/thr/conf/perl-5.14.0/.cpanplus/5.14.0/build/uKC9eO77O6/Bio-Roary-3.13.0/t/bin/dummy_makeblastdb line 2.
BEGIN failed--compilation aborted at /home/cpan/pit/thr/conf/perl-5.14.0/.cpanplus/5.14.0/build/uKC9eO77O6/Bio-Roary-3.13.0/t/bin/dummy_makeblastdb line 2.
Can't load '/home/cpan/pit/jail/FK2YvTmRDv/lib/perl5/amd64-netbsd-thread-multi/auto/List/Util/Util.so' for module List::Util: /home/cpan/pit/jail/FK2YvTmRDv/lib/perl5/amd64-netbsd-thread-multi/auto/List/Util/Util.so: Undefined PLT symbol "Perl_xs_version_bootcheck" (symnum = 39) at /usr/pkg/lib/perl5/5.28.0/XSLoader.pm line 93.
 at /home/cpan/pit/jail/FK2YvTmRDv/lib/perl5/amd64-netbsd-thread-multi/List/Util.pm line 23.
Compilation failed in require at /home/cpan/pit/jail/FK2YvTmRDv/lib/perl5/amd64-netbsd-thread-multi/Scalar/Util.pm line 23.
Compilation failed in require at /home/cpan/pit/jail/FK2YvTmRDv/lib/perl5/amd64-netbsd-thread-multi/Moose.pm line 9.
BEGIN failed--compilation aborted at /home/cpan/pit/jail/FK2YvTmRDv/lib/perl5/amd64-netbsd-thread-multi/Moose.pm line 9.
Compilation failed in require at /home/cpan/pit/thr/conf/perl-5.14.0/.cpanplus/5.14.0/build/uKC9eO77O6/Bio-Roary-3.13.0/t/bin/dummy_blastp line 2.
BEGIN failed--compilation aborted at /home/cpan/pit/thr/conf/perl-5.14.0/.cpanplus/5.14.0/build/uKC9eO77O6/Bio-Roary-3.13.0/t/bin/dummy_blastp line 2.
Can't load '/home/cpan/pit/jail/FK2YvTmRDv/lib/perl5/amd64-netbsd-thread-multi/auto/List/Util/Util.so' for module List::Util: /home/cpan/pit/jail/FK2YvTmRDv/lib/perl5/amd64-netbsd-thread-multi/auto/List/Util/Util.so: Undefined PLT symbol "Perl_xs_version_bootcheck" (symnum = 39) at /usr/pkg/lib/perl5/5.28.0/XSLoader.pm line 93.
 at /home/cpan/pit/jail/FK2YvTmRDv/lib/perl5/amd64-netbsd-thread-multi/List/Util.pm line 23.
Compilation failed in require at /home/cpan/pit/jail/FK2YvTmRDv/lib/perl5/amd64-netbsd-thread-multi/Scalar/Util.pm line 23.
Compilation failed in require at /home/cpan/pit/jail/FK2YvTmRDv/lib/perl5/amd64-netbsd-thread-multi/Moose.pm line 9.
BEGIN failed--compilation aborted at /home/cpan/pit/jail/FK2YvTmRDv/lib/perl5/amd64-netbsd-thread-multi/Moose.pm line 9.
Compilation failed in require at /home/cpan/pit/thr/conf/perl-5.14.0/.cpanplus/5.14.0/build/uKC9eO77O6/Bio-Roary-3.13.0/t/bin/dummy_makeblastdb line 2.
BEGIN failed--compilation aborted at /home/cpan/pit/thr/conf/perl-5.14.0/.cpanplus/5.14.0/build/uKC9eO77O6/Bio-Roary-3.13.0/t/bin/dummy_makeblastdb line 2.
Can't load '/home/cpan/pit/jail/FK2YvTmRDv/lib/perl5/amd64-netbsd-thread-multi/auto/List/Util/Util.so' for module List::Util: /home/cpan/pit/jail/FK2YvTmRDv/lib/perl5/amd64-netbsd-thread-multi/auto/List/Util/Util.so: Undefined PLT symbol "Perl_xs_version_bootcheck" (symnum = 39) at /usr/pkg/lib/perl5/5.28.0/XSLoader.pm line 93.
 at /home/cpan/pit/jail/FK2YvTmRDv/lib/perl5/amd64-netbsd-thread-multi/List/Util.pm line 23.
Compilation failed in require at /home/cpan/pit/jail/FK2YvTmRDv/lib/perl5/amd64-netbsd-thread-multi/Scalar/Util.pm line 23.
Compilation failed in require at /home/cpan/pit/jail/FK2YvTmRDv/lib/perl5/amd64-netbsd-thread-multi/Moose.pm line 9.
BEGIN failed--compilation aborted at /home/cpan/pit/jail/FK2YvTmRDv/lib/perl5/amd64-netbsd-thread-multi/Moose.pm line 9.
Compilation failed in require at /home/cpan/pit/thr/conf/perl-5.14.0/.cpanplus/5.14.0/build/uKC9eO77O6/Bio-Roary-3.13.0/t/bin/dummy_blastp line 2.
BEGIN failed--compilation aborted at /home/cpan/pit/thr/conf/perl-5.14.0/.cpanplus/5.14.0/build/uKC9eO77O6/Bio-Roary-3.13.0/t/bin/dummy_blastp line 2.
t/Bio/Roary/CommandLine/ParallelAllAgainstAllBlastp.t ... ok
Can't load '/home/cpan/pit/jail/FK2YvTmRDv/lib/perl5/amd64-netbsd-thread-multi/auto/List/Util/Util.so' for module List::Util: /home/cpan/pit/jail/FK2YvTmRDv/lib/perl5/amd64-netbsd-thread-multi/auto/List/Util/Util.so: Undefined PLT symbol "Perl_xs_version_bootcheck" (symnum = 39) at /usr/pkg/lib/perl5/5.28.0/XSLoader.pm line 93.
 at /home/cpan/pit/jail/FK2YvTmRDv/lib/perl5/amd64-netbsd-thread-multi/List/Util.pm line 23.
Compilation failed in require at /home/cpan/pit/jail/FK2YvTmRDv/lib/perl5/amd64-netbsd-thread-multi/Scalar/Util.pm line 23.
Compilation failed in require at /home/cpan/pit/jail/FK2YvTmRDv/lib/perl5/amd64-netbsd-thread-multi/Moose.pm line 9.
BEGIN failed--compilation aborted at /home/cpan/pit/jail/FK2YvTmRDv/lib/perl5/amd64-netbsd-thread-multi/Moose.pm line 9.
Compilation failed in require at /home/cpan/pit/thr/conf/perl-5.14.0/.cpanplus/5.14.0/build/uKC9eO77O6/Bio-Roary-3.13.0/lib/Bio/Roary/CommandLine/ExtractProteomeFromGff.pm line 7.
BEGIN failed--compilation aborted at /home/cpan/pit/thr/conf/perl-5.14.0/.cpanplus/5.14.0/build/uKC9eO77O6/Bio-Roary-3.13.0/lib/Bio/Roary/CommandLine/ExtractProteomeFromGff.pm line 7.
Compilation failed in require at /home/cpan/pit/thr/conf/perl-5.14.0/.cpanplus/5.14.0/build/uKC9eO77O6/Bio-Roary-3.13.0/blib/script/extract_proteome_from_gff line 12.
BEGIN failed--compilation aborted at /home/cpan/pit/thr/conf/perl-5.14.0/.cpanplus/5.14.0/build/uKC9eO77O6/Bio-Roary-3.13.0/blib/script/extract_proteome_from_gff line 12.
Can't load '/home/cpan/pit/jail/FK2YvTmRDv/lib/perl5/amd64-netbsd-thread-multi/auto/List/Util/Util.so' for module List::Util: /home/cpan/pit/jail/FK2YvTmRDv/lib/perl5/amd64-netbsd-thread-multi/auto/List/Util/Util.so: Undefined PLT symbol "Perl_xs_version_bootcheck" (symnum = 39) at /usr/pkg/lib/perl5/5.28.0/XSLoader.pm line 93.
 at /home/cpan/pit/jail/FK2YvTmRDv/lib/perl5/amd64-netbsd-thread-multi/List/Util.pm line 23.
Compilation failed in require at /home/cpan/pit/jail/FK2YvTmRDv/lib/perl5/amd64-netbsd-thread-multi/Scalar/Util.pm line 23.
Compilation failed in require at /home/cpan/pit/jail/FK2YvTmRDv/lib/perl5/amd64-netbsd-thread-multi/Moose.pm line 9.
BEGIN failed--compilation aborted at /home/cpan/pit/jail/FK2YvTmRDv/lib/perl5/amd64-netbsd-thread-multi/Moose.pm line 9.
Compilation failed in require at /home/cpan/pit/thr/conf/perl-5.14.0/.cpanplus/5.14.0/build/uKC9eO77O6/Bio-Roary-3.13.0/lib/Bio/Roary/CommandLine/ExtractProteomeFromGff.pm line 7.
BEGIN failed--compilation aborted at /home/cpan/pit/thr/conf/perl-5.14.0/.cpanplus/5.14.0/build/uKC9eO77O6/Bio-Roary-3.13.0/lib/Bio/Roary/CommandLine/ExtractProteomeFromGff.pm line 7.
Compilation failed in require at /home/cpan/pit/thr/conf/perl-5.14.0/.cpanplus/5.14.0/build/uKC9eO77O6/Bio-Roary-3.13.0/blib/script/extract_proteome_from_gff line 12.
BEGIN failed--compilation aborted at /home/cpan/pit/thr/conf/perl-5.14.0/.cpanplus/5.14.0/build/uKC9eO77O6/Bio-Roary-3.13.0/blib/script/extract_proteome_from_gff line 12.
Can't load '/home/cpan/pit/jail/FK2YvTmRDv/lib/perl5/amd64-netbsd-thread-multi/auto/List/Util/Util.so' for module List::Util: /home/cpan/pit/jail/FK2YvTmRDv/lib/perl5/amd64-netbsd-thread-multi/auto/List/Util/Util.so: Undefined PLT symbol "Perl_xs_version_bootcheck" (symnum = 39) at /usr/pkg/lib/perl5/5.28.0/XSLoader.pm line 93.
 at /home/cpan/pit/jail/FK2YvTmRDv/lib/perl5/amd64-netbsd-thread-multi/List/Util.pm line 23.
Compilation failed in require at /home/cpan/pit/jail/FK2YvTmRDv/lib/perl5/amd64-netbsd-thread-multi/Scalar/Util.pm line 23.
Compilation failed in require at /home/cpan/pit/jail/FK2YvTmRDv/lib/perl5/amd64-netbsd-thread-multi/Moose.pm line 9.
BEGIN failed--compilation aborted at /home/cpan/pit/jail/FK2YvTmRDv/lib/perl5/amd64-netbsd-thread-multi/Moose.pm line 9.
Compilation failed in require at /home/cpan/pit/thr/conf/perl-5.14.0/.cpanplus/5.14.0/build/uKC9eO77O6/Bio-Roary-3.13.0/lib/Bio/Roary/CommandLine/ExtractProteomeFromGff.pm line 7.
BEGIN failed--compilation aborted at /home/cpan/pit/thr/conf/perl-5.14.0/.cpanplus/5.14.0/build/uKC9eO77O6/Bio-Roary-3.13.0/lib/Bio/Roary/CommandLine/ExtractProteomeFromGff.pm line 7.
Compilation failed in require at /home/cpan/pit/thr/conf/perl-5.14.0/.cpanplus/5.14.0/build/uKC9eO77O6/Bio-Roary-3.13.0/blib/script/extract_proteome_from_gff line 12.
BEGIN failed--compilation aborted at /home/cpan/pit/thr/conf/perl-5.14.0/.cpanplus/5.14.0/build/uKC9eO77O6/Bio-Roary-3.13.0/blib/script/extract_proteome_from_gff line 12.
grep: /home/cpan/pit/thr/conf/perl-5.14.0/.cpanplus/5.14.0/build/uKC9eO77O6/Bio-Roary-3.13.0/QE7a3dx0_N/query_1.gff.proteome.faa: No such file or directory
grep: /home/cpan/pit/thr/conf/perl-5.14.0/.cpanplus/5.14.0/build/uKC9eO77O6/Bio-Roary-3.13.0/QE7a3dx0_N/query_2.gff.proteome.faa: No such file or directory
grep: /home/cpan/pit/thr/conf/perl-5.14.0/.cpanplus/5.14.0/build/uKC9eO77O6/Bio-Roary-3.13.0/QE7a3dx0_N/query_3.gff.proteome.faa: No such file or directory
grep: /home/cpan/pit/thr/conf/perl-5.14.0/.cpanplus/5.14.0/build/uKC9eO77O6/Bio-Roary-3.13.0/QE7a3dx0_N/query_1.gff.proteome.faa: No such file or directory
grep: /home/cpan/pit/thr/conf/perl-5.14.0/.cpanplus/5.14.0/build/uKC9eO77O6/Bio-Roary-3.13.0/QE7a3dx0_N/query_2.gff.proteome.faa: No such file or directory
grep: /home/cpan/pit/thr/conf/perl-5.14.0/.cpanplus/5.14.0/build/uKC9eO77O6/Bio-Roary-3.13.0/QE7a3dx0_N/query_3.gff.proteome.faa: No such file or directory
grep: /home/cpan/pit/thr/conf/perl-5.14.0/.cpanplus/5.14.0/build/uKC9eO77O6/Bio-Roary-3.13.0/QE7a3dx0_N/query_1.gff.proteome.faa: No such file or directory
grep: /home/cpan/pit/thr/conf/perl-5.14.0/.cpanplus/5.14.0/build/uKC9eO77O6/Bio-Roary-3.13.0/QE7a3dx0_N/query_2.gff.proteome.faa: No such file or directory
grep: /home/cpan/pit/thr/conf/perl-5.14.0/.cpanplus/5.14.0/build/uKC9eO77O6/Bio-Roary-3.13.0/QE7a3dx0_N/query_3.gff.proteome.faa: No such file or directory
grep: /home/cpan/pit/thr/conf/perl-5.14.0/.cpanplus/5.14.0/build/uKC9eO77O6/Bio-Roary-3.13.0/QE7a3dx0_N/query_1.gff.proteome.faa: No such file or directory
grep: /home/cpan/pit/thr/conf/perl-5.14.0/.cpanplus/5.14.0/build/uKC9eO77O6/Bio-Roary-3.13.0/QE7a3dx0_N/query_2.gff.proteome.faa: No such file or directory
grep: /home/cpan/pit/thr/conf/perl-5.14.0/.cpanplus/5.14.0/build/uKC9eO77O6/Bio-Roary-3.13.0/QE7a3dx0_N/query_3.gff.proteome.faa: No such file or directory

#   Failed test 'Actual and expected sorted output match for '-g t/data/query_groups -a difference   -i t/data/query_1.gff -t t/data/query_2.gff,t/data/query_3.gff''
#   at t/lib/TestHelper.pm line 38.
#     Structures begin differing at:
#          $got->[1] = Does not exist
#     $expected->[1] = ARRAY(0x73dc7db9a6d8)
# Looks like you failed 1 test of 37.
t/Bio/Roary/CommandLine/QueryRoary.t .................... 
Dubious, test returned 1 (wstat 256, 0x100)
Failed 1/37 subtests 
Can't load '/home/cpan/pit/jail/FK2YvTmRDv/lib/perl5/amd64-netbsd-thread-multi/auto/List/Util/Util.so' for module List::Util: /home/cpan/pit/jail/FK2YvTmRDv/lib/perl5/amd64-netbsd-thread-multi/auto/List/Util/Util.so: Undefined PLT symbol "Perl_xs_version_bootcheck" (symnum = 39) at /usr/pkg/lib/perl5/5.28.0/XSLoader.pm line 93.
 at /home/cpan/pit/jail/FK2YvTmRDv/lib/perl5/amd64-netbsd-thread-multi/List/Util.pm line 23.
Compilation failed in require at /home/cpan/pit/jail/FK2YvTmRDv/lib/perl5/amd64-netbsd-thread-multi/Scalar/Util.pm line 23.
Compilation failed in require at /home/cpan/pit/jail/FK2YvTmRDv/lib/perl5/amd64-netbsd-thread-multi/Moose.pm line 9.
BEGIN failed--compilation aborted at /home/cpan/pit/jail/FK2YvTmRDv/lib/perl5/amd64-netbsd-thread-multi/Moose.pm line 9.
Compilation failed in require at /home/cpan/pit/thr/conf/perl-5.14.0/.cpanplus/5.14.0/build/uKC9eO77O6/Bio-Roary-3.13.0/lib/Bio/Roary/CommandLine/ExtractProteomeFromGff.pm line 7.
BEGIN failed--compilation aborted at /home/cpan/pit/thr/conf/perl-5.14.0/.cpanplus/5.14.0/build/uKC9eO77O6/Bio-Roary-3.13.0/lib/Bio/Roary/CommandLine/ExtractProteomeFromGff.pm line 7.
Compilation failed in require at /home/cpan/pit/thr/conf/perl-5.14.0/.cpanplus/5.14.0/build/uKC9eO77O6/Bio-Roary-3.13.0/blib/script/extract_proteome_from_gff line 12.
BEGIN failed--compilation aborted at /home/cpan/pit/thr/conf/perl-5.14.0/.cpanplus/5.14.0/build/uKC9eO77O6/Bio-Roary-3.13.0/blib/script/extract_proteome_from_gff line 12.
Can't load '/home/cpan/pit/jail/FK2YvTmRDv/lib/perl5/amd64-netbsd-thread-multi/auto/List/Util/Util.so' for module List::Util: /home/cpan/pit/jail/FK2YvTmRDv/lib/perl5/amd64-netbsd-thread-multi/auto/List/Util/Util.so: Undefined PLT symbol "Perl_xs_version_bootcheck" (symnum = 39) at /usr/pkg/lib/perl5/5.28.0/XSLoader.pm line 93.
 at /home/cpan/pit/jail/FK2YvTmRDv/lib/perl5/amd64-netbsd-thread-multi/List/Util.pm line 23.
Compilation failed in require at /home/cpan/pit/jail/FK2YvTmRDv/lib/perl5/amd64-netbsd-thread-multi/Scalar/Util.pm line 23.
Compilation failed in require at /home/cpan/pit/jail/FK2YvTmRDv/lib/perl5/amd64-netbsd-thread-multi/Moose.pm line 9.
BEGIN failed--compilation aborted at /home/cpan/pit/jail/FK2YvTmRDv/lib/perl5/amd64-netbsd-thread-multi/Moose.pm line 9.
Compilation failed in require at /home/cpan/pit/thr/conf/perl-5.14.0/.cpanplus/5.14.0/build/uKC9eO77O6/Bio-Roary-3.13.0/lib/Bio/Roary/CommandLine/ExtractProteomeFromGff.pm line 7.
BEGIN failed--compilation aborted at /home/cpan/pit/thr/conf/perl-5.14.0/.cpanplus/5.14.0/build/uKC9eO77O6/Bio-Roary-3.13.0/lib/Bio/Roary/CommandLine/ExtractProteomeFromGff.pm line 7.
Compilation failed in require at /home/cpan/pit/thr/conf/perl-5.14.0/.cpanplus/5.14.0/build/uKC9eO77O6/Bio-Roary-3.13.0/blib/script/extract_proteome_from_gff line 12.
BEGIN failed--compilation aborted at /home/cpan/pit/thr/conf/perl-5.14.0/.cpanplus/5.14.0/build/uKC9eO77O6/Bio-Roary-3.13.0/blib/script/extract_proteome_from_gff line 12.
Can't load '/home/cpan/pit/jail/FK2YvTmRDv/lib/perl5/amd64-netbsd-thread-multi/auto/List/Util/Util.so' for module List::Util: /home/cpan/pit/jail/FK2YvTmRDv/lib/perl5/amd64-netbsd-thread-multi/auto/List/Util/Util.so: Undefined PLT symbol "Perl_xs_version_bootcheck" (symnum = 39) at /usr/pkg/lib/perl5/5.28.0/XSLoader.pm line 93.
 at /home/cpan/pit/jail/FK2YvTmRDv/lib/perl5/amd64-netbsd-thread-multi/List/Util.pm line 23.
Compilation failed in require at /home/cpan/pit/jail/FK2YvTmRDv/lib/perl5/amd64-netbsd-thread-multi/Scalar/Util.pm line 23.
Compilation failed in require at /home/cpan/pit/jail/FK2YvTmRDv/lib/perl5/amd64-netbsd-thread-multi/Moose.pm line 9.
BEGIN failed--compilation aborted at /home/cpan/pit/jail/FK2YvTmRDv/lib/perl5/amd64-netbsd-thread-multi/Moose.pm line 9.
Compilation failed in require at /home/cpan/pit/thr/conf/perl-5.14.0/.cpanplus/5.14.0/build/uKC9eO77O6/Bio-Roary-3.13.0/lib/Bio/Roary/CommandLine/ExtractProteomeFromGff.pm line 7.
BEGIN failed--compilation aborted at /home/cpan/pit/thr/conf/perl-5.14.0/.cpanplus/5.14.0/build/uKC9eO77O6/Bio-Roary-3.13.0/lib/Bio/Roary/CommandLine/ExtractProteomeFromGff.pm line 7.
Compilation failed in require at /home/cpan/pit/thr/conf/perl-5.14.0/.cpanplus/5.14.0/build/uKC9eO77O6/Bio-Roary-3.13.0/blib/script/extract_proteome_from_gff line 12.
BEGIN failed--compilation aborted at /home/cpan/pit/thr/conf/perl-5.14.0/.cpanplus/5.14.0/build/uKC9eO77O6/Bio-Roary-3.13.0/blib/script/extract_proteome_from_gff line 12.

#   Failed test 'Actual output file exists gene_presence_absence.csv   -j Local -t 1 --dont_split_groups t/data/genbank_gbff/genbank1.gff t/data/genbank_gbff/genbank2.gff t/data/genbank_gbff/genbank3.gff'
#   at /home/cpan/pit/thr/conf/perl-5.14.0/.cpanplus/5.14.0/build/uKC9eO77O6/Bio-Roary-3.13.0/t/lib/TestHelper.pm line 249.
# Tests were run but no plan was declared and done_testing() was not seen.
# Looks like your test exited with 2 just after 3.
t/Bio/Roary/CommandLine/Roary.t ......................... 
Dubious, test returned 2 (wstat 512, 0x200)
Failed 1/3 subtests 
t/Bio/Roary/CommandLine/RoaryCoreAlignment.t ............ ok
t/Bio/Roary/CommandLine/RoaryPostAnalysis.t ............. ok
t/Bio/Roary/CommandLine/RoaryReorderSpreadsheet.t ....... ok
t/Bio/Roary/CommandLine/TransferAnnotationToGroups.t .... ok
t/Bio/Roary/ContigsToGeneIDsFromGFF.t ................... ok
t/Bio/Roary/EmblGroups.t ................................ ok
Can't load '/home/cpan/pit/jail/FK2YvTmRDv/lib/perl5/amd64-netbsd-thread-multi/auto/List/Util/Util.so' for module List::Util: /home/cpan/pit/jail/FK2YvTmRDv/lib/perl5/amd64-netbsd-thread-multi/auto/List/Util/Util.so: Undefined PLT symbol "Perl_xs_version_bootcheck" (symnum = 39) at /usr/pkg/lib/perl5/5.28.0/XSLoader.pm line 93.
 at /home/cpan/pit/jail/FK2YvTmRDv/lib/perl5/amd64-netbsd-thread-multi/List/Util.pm line 23.
Compilation failed in require at /home/cpan/pit/jail/FK2YvTmRDv/lib/perl5/amd64-netbsd-thread-multi/Scalar/Util.pm line 23.
Compilation failed in require at /home/cpan/pit/jail/FK2YvTmRDv/lib/perl5/amd64-netbsd-thread-multi/Moose.pm line 9.
BEGIN failed--compilation aborted at /home/cpan/pit/jail/FK2YvTmRDv/lib/perl5/amd64-netbsd-thread-multi/Moose.pm line 9.
Compilation failed in require at /home/cpan/pit/thr/conf/perl-5.14.0/.cpanplus/5.14.0/build/uKC9eO77O6/Bio-Roary-3.13.0/t/bin/dummy_blastp line 2.
BEGIN failed--compilation aborted at /home/cpan/pit/thr/conf/perl-5.14.0/.cpanplus/5.14.0/build/uKC9eO77O6/Bio-Roary-3.13.0/t/bin/dummy_blastp line 2.
t/Bio/Roary/External/Blastp.t ........................... ok
t/Bio/Roary/External/Cdhit.t ............................ ok

#   Failed test 'Check for parallel'
#   at t/Bio/Roary/External/CheckTools.t line 17.
# STDERR:
# 2019/11/11 23:15:38 ERROR: Can't find required 'parallel' in your $PATH
# 
# doesn't match:
# (?^:Looking for 'parallel' - found )
# as expected

#   Failed test 'Check for blastp'
#   at t/Bio/Roary/External/CheckTools.t line 17.
# STDERR:
# 2019/11/11 23:15:38 ERROR: Can't find required 'blastp' in your $PATH
# 
# doesn't match:
# (?^:Looking for 'blastp' - found )
# as expected

#   Failed test 'Check for makeblastdb'
#   at t/Bio/Roary/External/CheckTools.t line 17.
# STDERR:
# 2019/11/11 23:15:38 ERROR: Can't find required 'makeblastdb' in your $PATH
# 
# doesn't match:
# (?^:Looking for 'makeblastdb' - found )
# as expected

#   Failed test 'Check for mcl'
#   at t/Bio/Roary/External/CheckTools.t line 17.
# STDERR:
# 2019/11/11 23:15:38 ERROR: Can't find required 'mcl' in your $PATH
# 
# doesn't match:
# (?^:Looking for 'mcl' - found )
# as expected

#   Failed test 'Check for bedtools'
#   at t/Bio/Roary/External/CheckTools.t line 17.
# STDERR:
# 2019/11/11 23:15:38 ERROR: Can't find required 'bedtools' in your $PATH
# 
# doesn't match:
# (?^:Looking for 'bedtools' - found )
# as expected

#   Failed test 'Check for prank'
#   at t/Bio/Roary/External/CheckTools.t line 17.
# STDERR:
# 2019/11/11 23:15:38 Optional tool 'prank' not found in your $PATH
# 
# doesn't match:
# (?^:Looking for 'prank' - found )
# as expected

#   Failed test 'Check for mafft'
#   at t/Bio/Roary/External/CheckTools.t line 17.
# STDERR:
# 2019/11/11 23:15:38 ERROR: Can't find required 'mafft' in your $PATH
# 
# doesn't match:
# (?^:Looking for 'mafft' - found )
# as expected
# Looks like you failed 7 tests of 13.
t/Bio/Roary/External/CheckTools.t ....................... 
Dubious, test returned 7 (wstat 1792, 0x700)
Failed 7/13 subtests 
sh: mafft: not found

#   Failed test 'output for mafft matches'
#   at t/Bio/Roary/External/Mafft.t line 39.
# +---+-----+---+-----------------------------------------------------------------------------+
# |   |Got  |   |Expected                                                                     |
# | Ln|     | Ln|                                                                             |
# +---+-----+---+-----------------------------------------------------------------------------+
# |   |     *  1|>1111#5_04506                                                                *
# |   |     *  2|------------------------------------------------------------                 *
# |   |     *  3|------------------------------------------------------------                 *
# |   |     *  4|------------------------------------------------------------                 *
# |   |     *  5|------------------------------------------------------------                 *
# |   |     *  6|------------------------------------------------------------                 *
# |   |     *  7|------------------------------------------------------------                 *
# |   |     *  8|------------------------------------------------------------                 *
# |   |     *  9|---------atggcaatcaccttacgggagctggatggcctgagctatgaagagatagcg                 *
# |   |     * 10|gctatcatggattgtccggtggggacggtgcgttcacgtatcttccgggcgcgggaagct                 *
# |   |     * 11|attgataataaagttcaaccgcttatcaggcgttga                                         *
# |   |     * 12|>1234_8#75_04759                                                             *
# |   |     * 13|atgagcgagcagttaacggaccaggtcctggttgaacgggtccagaagggagatcagaaa                 *
# |   |     * 14|gcctttaacttactggtagtgcgctaccagcataaagtggcgagtctggtttcccgctat                 *
# |   |     * 15|gtgccatcgggcgacgttcccgatgtcgtacaggaatcatttattaaggcctatcgcgcg                 *
# |   |     * 16|ctggattctttccggcgggatagtgctttttatacctggttgtatcgtattgcggtcaat                 *
# |   |     * 17|accgcgaagaactacctggttgcgcaggggcgtcgtccgccttccagtgatgtagacgcg                 *
# |   |     * 18|attgaagcagaaaactttgaaagcggcggcgcgctgaaagaaatttcgaaccctgagaac                 *
# |   |     * 19|ttaatgttgtcagaagaactgagacagatagttttccgaactattgagtccctcccggaa                 *
# |   |     * 20|gatttacgtatggcaatcaccttacgggagctggatggcctgagctatgaagagatagcg                 *
# |   |     * 21|gctatcatggattgtccggtggggacggtgcgttcacgtatcttccgggcgcgggaagct                 *
# |   |     * 22|attgataataaagttcaaccgcttatcaggcgttga                                         *
# |   |     * 23|>Salmonella_enterica_subsp_enterica_serovar_Typhimurium_DT104_v1_02853       *
# |   |     * 24|atgagcgagcagttaacggaccaggtcctggttgaacgggtccagaagggagatcagaaa                 *
# |   |     * 25|gcctttaacttactggtagtgcgctaccagcataaagtggcgagtctggtttcccgctat                 *
# |   |     * 26|gtgccatcgggcgacgttcccgatgtcgtacaggaatcatttattaaggcctatcgcgcg                 *
# |   |     * 27|ctggattctttccggggggatagtgctttttatacctggttgtatcgtattgcggtcaat                 *
# |   |     * 28|accgcgaagaactacctggttgcgcaggggcgtcgtccgccttccagtgatgtagacgcg                 *
# |   |     * 29|attgaagcagaaaactttgaaagcggcggcgcgctgaaagaaatttcgaaccctgagaac                 *
# |   |     * 30|ttaatgttttcagaagaactgagacagatagttttccgaactattgagtccctcccggaa                 *
# |   |     * 31|gatttacgtatggcaatcaccttacgggagctggatggcctgagctatgaagagatagcg                 *
# |   |     * 32|gctatcatggattgtccggtggggacggtgcgttcacgtatcttccgggcgcgggaagct                 *
# |   |     * 33|attgataataaagttcaaccgcttatcaggcgttga                                         *
# |   |     * 34|>Salmonella_enterica_subsp_enterica_serovar_Typhimurium_SL1344_v2_02736      *
# |   |     * 35|atgagcgagcagttaacggaccaggtcctggttgaacgggtccagaagggagatcagaaa                 *
# |   |     * 36|gcctttaacttactggtagtgcgctaccagcataaagtggcgagtctggtttcccgctat                 *
# |   |     * 37|gtgccatcgggcgacgttcccgatgtcgtacaggaatcatttattaaggcctatcgcgcg                 *
# |   |     * 38|ctggattctttccggggggatagtgctttttatacctggttgtatcgtattgcggtcaat                 *
# |   |     * 39|accgcgaagaactacctggttgcgcaggggcgtcgtccgccttccagtgatgtagacgcg                 *
# |   |     * 40|attgaagcagaaaactttgaaagcggcggcgcgctgaaagaaatttcgaaccctgagaac                 *
# |   |     * 41|ttaatgttgtcagaagaactgagacagatagttttccgaactattgagtccctcccggaa                 *
# |   |     * 42|gatttacgtatggcaatcaccttacgggagctggatggcctgagctgtgaagagatagcg                 *
# |   |     * 43|gctatcatggattgtccggtggggacggtgcgttcacgtatcttccgggcgcgggaagct                 *
# |   |     * 44|attgataataaagttcaaccgcttatcaggcgttga                                         *
# |   |     * 45|>Salmonella_enterica_subsp_enterica_serovar_Typhimurium_str_D23580_v1_02783  *
# |   |     * 46|atgagcgagcagttaacggaccaggtcctggttgaacgggtccagaagggagatcagaaa                 *
# |   |     * 47|gcctttaacttactggtagtgcgctaccagcataaagtggcgagtctggtttcccgctat                 *
# |   |     * 48|gtgccatcgggcgacgttcccgatgtcgtacaggaatcatttattaaggcctatcgcgcg                 *
# |   |     * 49|ctggattctttccggggggatagtgctttttatacctggttgtatcgtattgcggtcaat                 *
# |   |     * 50|accgcgaagaactacctggttgcgcaggggcgtcgtccgccttccagtgatgtagacgcg                 *
# |   |     * 51|attgaagcagaaaactttgaaagcggcggcgcgctgaaagaaatttcgaaccctgagaac                 *
# |   |     * 52|ttaatgttgtcagaagaactgagacagatagttttccgaactattgagtccctcccggaa                 *
# |   |     * 53|gatttacgtatggcaatcaccttacgggagctggatggcctgagctatgaagagatagcg                 *
# |   |     * 54|gctatcatggattgtccggtggggacggtgcgttcacgtatcttccgggcgcgggaagct                 *
# |   |     * 55|attgataataaagttcaaccgcttatcaggcgttga                                         *
# |   |     * 56|>Salmonella_enterica_subsp_enterica_serovar_Typhimurium_str_DT2_v1_02741     *
# |   |     * 57|atgagcgagcagttaacggac---gtcctggttgaacgggtccagaagggagatcagaaa                 *
# |   |     * 58|gcctttaacttactggtagtgcgctaccagcataaagtggcgagtctggtttcccgctat                 *
# |   |     * 59|gtgccatcgggcgacgttcccgatgtcgtacaggaatcatttattaaggcctatcgcgcg                 *
# |   |     * 60|ctggattctttccggggggatagtgctttttatacctggttgtatcgtattgcggtcaat                 *
# |   |     * 61|accgcgaagaactacctggttgcgcaggggcgtcgtccgccttccagtgatgtagacgcg                 *
# |   |     * 62|attgaagcagaaaactttgaaagcggcggcgcgctgaaagaaatttcgaaccctgagaac                 *
# |   |     * 63|ttaatgttgtcagaagaactgagacagatagttttccgaactattgagtccctcccggaa                 *
# |   |     * 64|gatttacgtatggcaatcaccttacgggagctggatggcctgagctatgaagagatagcg                 *
# |   |     * 65|gctatcatggattgtccggtggggacggtgcgttcacgtatcttccgggcgcgggaagct                 *
# |   |     * 66|attgataataaagttcaaccgcttatcaggcgttga                                         *
# +---+-----+---+-----------------------------------------------------------------------------+
# Looks like you failed 1 test of 6.
t/Bio/Roary/External/Mafft.t ............................ 
Dubious, test returned 1 (wstat 256, 0x100)
Failed 1/6 subtests 
Can't load '/home/cpan/pit/jail/FK2YvTmRDv/lib/perl5/amd64-netbsd-thread-multi/auto/List/Util/Util.so' for module List::Util: /home/cpan/pit/jail/FK2YvTmRDv/lib/perl5/amd64-netbsd-thread-multi/auto/List/Util/Util.so: Undefined PLT symbol "Perl_xs_version_bootcheck" (symnum = 39) at /usr/pkg/lib/perl5/5.28.0/XSLoader.pm line 93.
 at /home/cpan/pit/jail/FK2YvTmRDv/lib/perl5/amd64-netbsd-thread-multi/List/Util.pm line 23.
Compilation failed in require at /home/cpan/pit/jail/FK2YvTmRDv/lib/perl5/amd64-netbsd-thread-multi/Scalar/Util.pm line 23.
Compilation failed in require at /home/cpan/pit/jail/FK2YvTmRDv/lib/perl5/amd64-netbsd-thread-multi/Moose.pm line 9.
BEGIN failed--compilation aborted at /home/cpan/pit/jail/FK2YvTmRDv/lib/perl5/amd64-netbsd-thread-multi/Moose.pm line 9.
Compilation failed in require at /home/cpan/pit/thr/conf/perl-5.14.0/.cpanplus/5.14.0/build/uKC9eO77O6/Bio-Roary-3.13.0/t/bin/dummy_makeblastdb line 2.
BEGIN failed--compilation aborted at /home/cpan/pit/thr/conf/perl-5.14.0/.cpanplus/5.14.0/build/uKC9eO77O6/Bio-Roary-3.13.0/t/bin/dummy_makeblastdb line 2.
t/Bio/Roary/External/Makeblastdb.t ...................... ok
2019/11/11 23:15:40 Cannot find the mcxdeblast executable, please ensure its in your PATH
# Tests were run but no plan was declared and done_testing() was not seen.
t/Bio/Roary/External/Mcl.t .............................. 
Dubious, test returned 254 (wstat 65024, 0xfe00)
All 5 subtests passed 

#   Failed test 'output file exists'
#   at t/Bio/Roary/External/Prank.t line 33.

------------- EXCEPTION -------------
MSG: Could not read file 't/data/prank_input.fa.aln': No such file or directory
STACK Bio::Root::IO::_initialize_io /home/cpan/pit/jail/FK2YvTmRDv/lib/perl5/Bio/Root/IO.pm:268
STACK Bio::SeqIO::_initialize /home/cpan/pit/jail/FK2YvTmRDv/lib/perl5/Bio/SeqIO.pm:513
STACK Bio::SeqIO::fasta::_initialize /home/cpan/pit/jail/FK2YvTmRDv/lib/perl5/Bio/SeqIO/fasta.pm:87
STACK Bio::SeqIO::new /home/cpan/pit/jail/FK2YvTmRDv/lib/perl5/Bio/SeqIO.pm:389
STACK Bio::SeqIO::new /home/cpan/pit/jail/FK2YvTmRDv/lib/perl5/Bio/SeqIO.pm:435
STACK Bio::Roary::SortFasta::_build__input_seqio /home/cpan/pit/thr/conf/perl-5.14.0/.cpanplus/5.14.0/build/uKC9eO77O6/Bio-Roary-3.13.0/blib/lib/Bio/Roary/SortFasta.pm:27
STACK Bio::Roary::SortFasta::_input_seqio reader Bio::Roary::SortFasta::_input_seqio (defined at /home/cpan/pit/thr/conf/perl-5.14.0/.cpanplus/5.14.0/build/uKC9eO77O6/Bio-Roary-3.13.0/blib/lib/Bio/Roary/SortFasta.pm line 17):7
STACK Bio::Roary::SortFasta::sort_fasta /home/cpan/pit/thr/conf/perl-5.14.0/.cpanplus/5.14.0/build/uKC9eO77O6/Bio-Roary-3.13.0/blib/lib/Bio/Roary/SortFasta.pm:68
STACK toplevel t/Bio/Roary/External/Prank.t:38
-------------------------------------

# Tests were run but no plan was declared and done_testing() was not seen.
# Looks like your test exited with 2 just after 5.
t/Bio/Roary/External/Prank.t ............................ 
Dubious, test returned 2 (wstat 512, 0x200)
Failed 1/5 subtests 
t/Bio/Roary/ExtractCoreGenesFromSpreadsheet.t ........... ok
Can't load '/home/cpan/pit/jail/FK2YvTmRDv/lib/perl5/amd64-netbsd-thread-multi/auto/List/Util/Util.so' for module List::Util: /home/cpan/pit/jail/FK2YvTmRDv/lib/perl5/amd64-netbsd-thread-multi/auto/List/Util/Util.so: Undefined PLT symbol "Perl_xs_version_bootcheck" (symnum = 39) at /usr/pkg/lib/perl5/5.28.0/XSLoader.pm line 93.
 at /home/cpan/pit/jail/FK2YvTmRDv/lib/perl5/amd64-netbsd-thread-multi/List/Util.pm line 23.
Compilation failed in require at /home/cpan/pit/jail/FK2YvTmRDv/lib/perl5/amd64-netbsd-thread-multi/Scalar/Util.pm line 23.
Compilation failed in require at /home/cpan/pit/jail/FK2YvTmRDv/lib/perl5/amd64-netbsd-thread-multi/Moose.pm line 9.
BEGIN failed--compilation aborted at /home/cpan/pit/jail/FK2YvTmRDv/lib/perl5/amd64-netbsd-thread-multi/Moose.pm line 9.
Compilation failed in require at /home/cpan/pit/thr/conf/perl-5.14.0/.cpanplus/5.14.0/build/uKC9eO77O6/Bio-Roary-3.13.0/lib/Bio/Roary/CommandLine/ExtractProteomeFromGff.pm line 7.
BEGIN failed--compilation aborted at /home/cpan/pit/thr/conf/perl-5.14.0/.cpanplus/5.14.0/build/uKC9eO77O6/Bio-Roary-3.13.0/lib/Bio/Roary/CommandLine/ExtractProteomeFromGff.pm line 7.
Compilation failed in require at /home/cpan/pit/thr/conf/perl-5.14.0/.cpanplus/5.14.0/build/uKC9eO77O6/Bio-Roary-3.13.0/blib/script/extract_proteome_from_gff line 12.
BEGIN failed--compilation aborted at /home/cpan/pit/thr/conf/perl-5.14.0/.cpanplus/5.14.0/build/uKC9eO77O6/Bio-Roary-3.13.0/blib/script/extract_proteome_from_gff line 12.
Can't load '/home/cpan/pit/jail/FK2YvTmRDv/lib/perl5/amd64-netbsd-thread-multi/auto/List/Util/Util.so' for module List::Util: /home/cpan/pit/jail/FK2YvTmRDv/lib/perl5/amd64-netbsd-thread-multi/auto/List/Util/Util.so: Undefined PLT symbol "Perl_xs_version_bootcheck" (symnum = 39) at /usr/pkg/lib/perl5/5.28.0/XSLoader.pm line 93.
 at /home/cpan/pit/jail/FK2YvTmRDv/lib/perl5/amd64-netbsd-thread-multi/List/Util.pm line 23.
Compilation failed in require at /home/cpan/pit/jail/FK2YvTmRDv/lib/perl5/amd64-netbsd-thread-multi/Scalar/Util.pm line 23.
Compilation failed in require at /home/cpan/pit/jail/FK2YvTmRDv/lib/perl5/amd64-netbsd-thread-multi/Moose.pm line 9.
BEGIN failed--compilation aborted at /home/cpan/pit/jail/FK2YvTmRDv/lib/perl5/amd64-netbsd-thread-multi/Moose.pm line 9.
Compilation failed in require at /home/cpan/pit/thr/conf/perl-5.14.0/.cpanplus/5.14.0/build/uKC9eO77O6/Bio-Roary-3.13.0/lib/Bio/Roary/CommandLine/ExtractProteomeFromGff.pm line 7.
BEGIN failed--compilation aborted at /home/cpan/pit/thr/conf/perl-5.14.0/.cpanplus/5.14.0/build/uKC9eO77O6/Bio-Roary-3.13.0/lib/Bio/Roary/CommandLine/ExtractProteomeFromGff.pm line 7.
Compilation failed in require at /home/cpan/pit/thr/conf/perl-5.14.0/.cpanplus/5.14.0/build/uKC9eO77O6/Bio-Roary-3.13.0/blib/script/extract_proteome_from_gff line 12.
BEGIN failed--compilation aborted at /home/cpan/pit/thr/conf/perl-5.14.0/.cpanplus/5.14.0/build/uKC9eO77O6/Bio-Roary-3.13.0/blib/script/extract_proteome_from_gff line 12.

#   Failed test 'content of proteome 1 as expected'
#   at t/Bio/Roary/ExtractProteomeFromGFFs.t line 30.
# /home/cpan/pit/thr/conf/perl-5.14.0/.cpanplus/5.14.0/build/uKC9eO77O6/Bio-Roary-3.13.0/XAvMEYFLFa/example_annotation.gff.proteome.faa absent
Can't load '/home/cpan/pit/jail/FK2YvTmRDv/lib/perl5/amd64-netbsd-thread-multi/auto/List/Util/Util.so' for module List::Util: /home/cpan/pit/jail/FK2YvTmRDv/lib/perl5/amd64-netbsd-thread-multi/auto/List/Util/Util.so: Undefined PLT symbol "Perl_xs_version_bootcheck" (symnum = 39) at /usr/pkg/lib/perl5/5.28.0/XSLoader.pm line 93.
 at /home/cpan/pit/jail/FK2YvTmRDv/lib/perl5/amd64-netbsd-thread-multi/List/Util.pm line 23.
Compilation failed in require at /home/cpan/pit/jail/FK2YvTmRDv/lib/perl5/amd64-netbsd-thread-multi/Scalar/Util.pm line 23.
Compilation failed in require at /home/cpan/pit/jail/FK2YvTmRDv/lib/perl5/amd64-netbsd-thread-multi/Moose.pm line 9.
BEGIN failed--compilation aborted at /home/cpan/pit/jail/FK2YvTmRDv/lib/perl5/amd64-netbsd-thread-multi/Moose.pm line 9.
Compilation failed in require at /home/cpan/pit/thr/conf/perl-5.14.0/.cpanplus/5.14.0/build/uKC9eO77O6/Bio-Roary-3.13.0/lib/Bio/Roary/CommandLine/ExtractProteomeFromGff.pm line 7.
BEGIN failed--compilation aborted at /home/cpan/pit/thr/conf/perl-5.14.0/.cpanplus/5.14.0/build/uKC9eO77O6/Bio-Roary-3.13.0/lib/Bio/Roary/CommandLine/ExtractProteomeFromGff.pm line 7.
Compilation failed in require at /home/cpan/pit/thr/conf/perl-5.14.0/.cpanplus/5.14.0/build/uKC9eO77O6/Bio-Roary-3.13.0/blib/script/extract_proteome_from_gff line 12.
BEGIN failed--compilation aborted at /home/cpan/pit/thr/conf/perl-5.14.0/.cpanplus/5.14.0/build/uKC9eO77O6/Bio-Roary-3.13.0/blib/script/extract_proteome_from_gff line 12.
Can't load '/home/cpan/pit/jail/FK2YvTmRDv/lib/perl5/amd64-netbsd-thread-multi/auto/List/Util/Util.so' for module List::Util: /home/cpan/pit/jail/FK2YvTmRDv/lib/perl5/amd64-netbsd-thread-multi/auto/List/Util/Util.so: Undefined PLT symbol "Perl_xs_version_bootcheck" (symnum = 39) at /usr/pkg/lib/perl5/5.28.0/XSLoader.pm line 93.
 at /home/cpan/pit/jail/FK2YvTmRDv/lib/perl5/amd64-netbsd-thread-multi/List/Util.pm line 23.
Compilation failed in require at /home/cpan/pit/jail/FK2YvTmRDv/lib/perl5/amd64-netbsd-thread-multi/Scalar/Util.pm line 23.
Compilation failed in require at /home/cpan/pit/jail/FK2YvTmRDv/lib/perl5/amd64-netbsd-thread-multi/Moose.pm line 9.
BEGIN failed--compilation aborted at /home/cpan/pit/jail/FK2YvTmRDv/lib/perl5/amd64-netbsd-thread-multi/Moose.pm line 9.
Compilation failed in require at /home/cpan/pit/thr/conf/perl-5.14.0/.cpanplus/5.14.0/build/uKC9eO77O6/Bio-Roary-3.13.0/lib/Bio/Roary/CommandLine/ExtractProteomeFromGff.pm line 7.
BEGIN failed--compilation aborted at /home/cpan/pit/thr/conf/perl-5.14.0/.cpanplus/5.14.0/build/uKC9eO77O6/Bio-Roary-3.13.0/lib/Bio/Roary/CommandLine/ExtractProteomeFromGff.pm line 7.
Compilation failed in require at /home/cpan/pit/thr/conf/perl-5.14.0/.cpanplus/5.14.0/build/uKC9eO77O6/Bio-Roary-3.13.0/blib/script/extract_proteome_from_gff line 12.
BEGIN failed--compilation aborted at /home/cpan/pit/thr/conf/perl-5.14.0/.cpanplus/5.14.0/build/uKC9eO77O6/Bio-Roary-3.13.0/blib/script/extract_proteome_from_gff line 12.

#   Failed test 'content of proteome 1 as expected'
#   at t/Bio/Roary/ExtractProteomeFromGFFs.t line 44.
# /home/cpan/pit/thr/conf/perl-5.14.0/.cpanplus/5.14.0/build/uKC9eO77O6/Bio-Roary-3.13.0/5JSvIOlpPh/example_annotation_2.gff.proteome.faa absent
Can't load '/home/cpan/pit/jail/FK2YvTmRDv/lib/perl5/amd64-netbsd-thread-multi/auto/List/Util/Util.so' for module List::Util: /home/cpan/pit/jail/FK2YvTmRDv/lib/perl5/amd64-netbsd-thread-multi/auto/List/Util/Util.so: Undefined PLT symbol "Perl_xs_version_bootcheck" (symnum = 39) at /usr/pkg/lib/perl5/5.28.0/XSLoader.pm line 93.
 at /home/cpan/pit/jail/FK2YvTmRDv/lib/perl5/amd64-netbsd-thread-multi/List/Util.pm line 23.
Compilation failed in require at /home/cpan/pit/jail/FK2YvTmRDv/lib/perl5/amd64-netbsd-thread-multi/Scalar/Util.pm line 23.
Compilation failed in require at /home/cpan/pit/jail/FK2YvTmRDv/lib/perl5/amd64-netbsd-thread-multi/Moose.pm line 9.
BEGIN failed--compilation aborted at /home/cpan/pit/jail/FK2YvTmRDv/lib/perl5/amd64-netbsd-thread-multi/Moose.pm line 9.
Compilation failed in require at /home/cpan/pit/thr/conf/perl-5.14.0/.cpanplus/5.14.0/build/uKC9eO77O6/Bio-Roary-3.13.0/lib/Bio/Roary/CommandLine/ExtractProteomeFromGff.pm line 7.
BEGIN failed--compilation aborted at /home/cpan/pit/thr/conf/perl-5.14.0/.cpanplus/5.14.0/build/uKC9eO77O6/Bio-Roary-3.13.0/lib/Bio/Roary/CommandLine/ExtractProteomeFromGff.pm line 7.
Compilation failed in require at /home/cpan/pit/thr/conf/perl-5.14.0/.cpanplus/5.14.0/build/uKC9eO77O6/Bio-Roary-3.13.0/blib/script/extract_proteome_from_gff line 12.
BEGIN failed--compilation aborted at /home/cpan/pit/thr/conf/perl-5.14.0/.cpanplus/5.14.0/build/uKC9eO77O6/Bio-Roary-3.13.0/blib/script/extract_proteome_from_gff line 12.
Can't load '/home/cpan/pit/jail/FK2YvTmRDv/lib/perl5/amd64-netbsd-thread-multi/auto/List/Util/Util.so' for module List::Util: /home/cpan/pit/jail/FK2YvTmRDv/lib/perl5/amd64-netbsd-thread-multi/auto/List/Util/Util.so: Undefined PLT symbol "Perl_xs_version_bootcheck" (symnum = 39) at /usr/pkg/lib/perl5/5.28.0/XSLoader.pm line 93.
 at /home/cpan/pit/jail/FK2YvTmRDv/lib/perl5/amd64-netbsd-thread-multi/List/Util.pm line 23.
Compilation failed in require at /home/cpan/pit/jail/FK2YvTmRDv/lib/perl5/amd64-netbsd-thread-multi/Scalar/Util.pm line 23.
Compilation failed in require at /home/cpan/pit/jail/FK2YvTmRDv/lib/perl5/amd64-netbsd-thread-multi/Moose.pm line 9.
BEGIN failed--compilation aborted at /home/cpan/pit/jail/FK2YvTmRDv/lib/perl5/amd64-netbsd-thread-multi/Moose.pm line 9.
Compilation failed in require at /home/cpan/pit/thr/conf/perl-5.14.0/.cpanplus/5.14.0/build/uKC9eO77O6/Bio-Roary-3.13.0/lib/Bio/Roary/CommandLine/ExtractProteomeFromGff.pm line 7.
BEGIN failed--compilation aborted at /home/cpan/pit/thr/conf/perl-5.14.0/.cpanplus/5.14.0/build/uKC9eO77O6/Bio-Roary-3.13.0/lib/Bio/Roary/CommandLine/ExtractProteomeFromGff.pm line 7.
Compilation failed in require at /home/cpan/pit/thr/conf/perl-5.14.0/.cpanplus/5.14.0/build/uKC9eO77O6/Bio-Roary-3.13.0/blib/script/extract_proteome_from_gff line 12.
BEGIN failed--compilation aborted at /home/cpan/pit/thr/conf/perl-5.14.0/.cpanplus/5.14.0/build/uKC9eO77O6/Bio-Roary-3.13.0/blib/script/extract_proteome_from_gff line 12.
Can't load '/home/cpan/pit/jail/FK2YvTmRDv/lib/perl5/amd64-netbsd-thread-multi/auto/List/Util/Util.so' for module List::Util: /home/cpan/pit/jail/FK2YvTmRDv/lib/perl5/amd64-netbsd-thread-multi/auto/List/Util/Util.so: Undefined PLT symbol "Perl_xs_version_bootcheck" (symnum = 39) at /usr/pkg/lib/perl5/5.28.0/XSLoader.pm line 93.
 at /home/cpan/pit/jail/FK2YvTmRDv/lib/perl5/amd64-netbsd-thread-multi/List/Util.pm line 23.
Compilation failed in require at /home/cpan/pit/jail/FK2YvTmRDv/lib/perl5/amd64-netbsd-thread-multi/Scalar/Util.pm line 23.
Compilation failed in require at /home/cpan/pit/jail/FK2YvTmRDv/lib/perl5/amd64-netbsd-thread-multi/Moose.pm line 9.
BEGIN failed--compilation aborted at /home/cpan/pit/jail/FK2YvTmRDv/lib/perl5/amd64-netbsd-thread-multi/Moose.pm line 9.
Compilation failed in require at /home/cpan/pit/thr/conf/perl-5.14.0/.cpanplus/5.14.0/build/uKC9eO77O6/Bio-Roary-3.13.0/lib/Bio/Roary/CommandLine/ExtractProteomeFromGff.pm line 7.
BEGIN failed--compilation aborted at /home/cpan/pit/thr/conf/perl-5.14.0/.cpanplus/5.14.0/build/uKC9eO77O6/Bio-Roary-3.13.0/lib/Bio/Roary/CommandLine/ExtractProteomeFromGff.pm line 7.
Compilation failed in require at /home/cpan/pit/thr/conf/perl-5.14.0/.cpanplus/5.14.0/build/uKC9eO77O6/Bio-Roary-3.13.0/blib/script/extract_proteome_from_gff line 12.
BEGIN failed--compilation aborted at /home/cpan/pit/thr/conf/perl-5.14.0/.cpanplus/5.14.0/build/uKC9eO77O6/Bio-Roary-3.13.0/blib/script/extract_proteome_from_gff line 12.

#   Failed test 'content of proteome /home/cpan/pit/thr/conf/perl-5.14.0/.cpanplus/5.14.0/build/uKC9eO77O6/Bio-Roary-3.13.0/_ZL_XyefF4/genbank1.gff.proteome.faa as expected'
#   at t/Bio/Roary/ExtractProteomeFromGFFs.t line 64.
# /home/cpan/pit/thr/conf/perl-5.14.0/.cpanplus/5.14.0/build/uKC9eO77O6/Bio-Roary-3.13.0/_ZL_XyefF4/genbank1.gff.proteome.faa absent

#   Failed test 'content of proteome /home/cpan/pit/thr/conf/perl-5.14.0/.cpanplus/5.14.0/build/uKC9eO77O6/Bio-Roary-3.13.0/_ZL_XyefF4/genbank2.gff.proteome.faa as expected'
#   at t/Bio/Roary/ExtractProteomeFromGFFs.t line 64.
# /home/cpan/pit/thr/conf/perl-5.14.0/.cpanplus/5.14.0/build/uKC9eO77O6/Bio-Roary-3.13.0/_ZL_XyefF4/genbank2.gff.proteome.faa absent

#   Failed test 'content of proteome /home/cpan/pit/thr/conf/perl-5.14.0/.cpanplus/5.14.0/build/uKC9eO77O6/Bio-Roary-3.13.0/_ZL_XyefF4/genbank3.gff.proteome.faa as expected'
#   at t/Bio/Roary/ExtractProteomeFromGFFs.t line 64.
# /home/cpan/pit/thr/conf/perl-5.14.0/.cpanplus/5.14.0/build/uKC9eO77O6/Bio-Roary-3.13.0/_ZL_XyefF4/genbank3.gff.proteome.faa absent
Can't load '/home/cpan/pit/jail/FK2YvTmRDv/lib/perl5/amd64-netbsd-thread-multi/auto/List/Util/Util.so' for module List::Util: /home/cpan/pit/jail/FK2YvTmRDv/lib/perl5/amd64-netbsd-thread-multi/auto/List/Util/Util.so: Undefined PLT symbol "Perl_xs_version_bootcheck" (symnum = 39) at /usr/pkg/lib/perl5/5.28.0/XSLoader.pm line 93.
 at /home/cpan/pit/jail/FK2YvTmRDv/lib/perl5/amd64-netbsd-thread-multi/List/Util.pm line 23.
Compilation failed in require at /home/cpan/pit/jail/FK2YvTmRDv/lib/perl5/amd64-netbsd-thread-multi/Scalar/Util.pm line 23.
Compilation failed in require at /home/cpan/pit/jail/FK2YvTmRDv/lib/perl5/amd64-netbsd-thread-multi/Moose.pm line 9.
BEGIN failed--compilation aborted at /home/cpan/pit/jail/FK2YvTmRDv/lib/perl5/amd64-netbsd-thread-multi/Moose.pm line 9.
Compilation failed in require at /home/cpan/pit/thr/conf/perl-5.14.0/.cpanplus/5.14.0/build/uKC9eO77O6/Bio-Roary-3.13.0/lib/Bio/Roary/CommandLine/ExtractProteomeFromGff.pm line 7.
BEGIN failed--compilation aborted at /home/cpan/pit/thr/conf/perl-5.14.0/.cpanplus/5.14.0/build/uKC9eO77O6/Bio-Roary-3.13.0/lib/Bio/Roary/CommandLine/ExtractProteomeFromGff.pm line 7.
Compilation failed in require at /home/cpan/pit/thr/conf/perl-5.14.0/.cpanplus/5.14.0/build/uKC9eO77O6/Bio-Roary-3.13.0/blib/script/extract_proteome_from_gff line 12.
BEGIN failed--compilation aborted at /home/cpan/pit/thr/conf/perl-5.14.0/.cpanplus/5.14.0/build/uKC9eO77O6/Bio-Roary-3.13.0/blib/script/extract_proteome_from_gff line 12.
Can't load '/home/cpan/pit/jail/FK2YvTmRDv/lib/perl5/amd64-netbsd-thread-multi/auto/List/Util/Util.so' for module List::Util: /home/cpan/pit/jail/FK2YvTmRDv/lib/perl5/amd64-netbsd-thread-multi/auto/List/Util/Util.so: Undefined PLT symbol "Perl_xs_version_bootcheck" (symnum = 39) at /usr/pkg/lib/perl5/5.28.0/XSLoader.pm line 93.
 at /home/cpan/pit/jail/FK2YvTmRDv/lib/perl5/amd64-netbsd-thread-multi/List/Util.pm line 23.
Compilation failed in require at /home/cpan/pit/jail/FK2YvTmRDv/lib/perl5/amd64-netbsd-thread-multi/Scalar/Util.pm line 23.
Compilation failed in require at /home/cpan/pit/jail/FK2YvTmRDv/lib/perl5/amd64-netbsd-thread-multi/Moose.pm line 9.
BEGIN failed--compilation aborted at /home/cpan/pit/jail/FK2YvTmRDv/lib/perl5/amd64-netbsd-thread-multi/Moose.pm line 9.
Compilation failed in require at /home/cpan/pit/thr/conf/perl-5.14.0/.cpanplus/5.14.0/build/uKC9eO77O6/Bio-Roary-3.13.0/lib/Bio/Roary/CommandLine/ExtractProteomeFromGff.pm line 7.
BEGIN failed--compilation aborted at /home/cpan/pit/thr/conf/perl-5.14.0/.cpanplus/5.14.0/build/uKC9eO77O6/Bio-Roary-3.13.0/lib/Bio/Roary/CommandLine/ExtractProteomeFromGff.pm line 7.
Compilation failed in require at /home/cpan/pit/thr/conf/perl-5.14.0/.cpanplus/5.14.0/build/uKC9eO77O6/Bio-Roary-3.13.0/blib/script/extract_proteome_from_gff line 12.
BEGIN failed--compilation aborted at /home/cpan/pit/thr/conf/perl-5.14.0/.cpanplus/5.14.0/build/uKC9eO77O6/Bio-Roary-3.13.0/blib/script/extract_proteome_from_gff line 12.
Can't load '/home/cpan/pit/jail/FK2YvTmRDv/lib/perl5/amd64-netbsd-thread-multi/auto/List/Util/Util.so' for module List::Util: /home/cpan/pit/jail/FK2YvTmRDv/lib/perl5/amd64-netbsd-thread-multi/auto/List/Util/Util.so: Undefined PLT symbol "Perl_xs_version_bootcheck" (symnum = 39) at /usr/pkg/lib/perl5/5.28.0/XSLoader.pm line 93.
 at /home/cpan/pit/jail/FK2YvTmRDv/lib/perl5/amd64-netbsd-thread-multi/List/Util.pm line 23.
Compilation failed in require at /home/cpan/pit/jail/FK2YvTmRDv/lib/perl5/amd64-netbsd-thread-multi/Scalar/Util.pm line 23.
Compilation failed in require at /home/cpan/pit/jail/FK2YvTmRDv/lib/perl5/amd64-netbsd-thread-multi/Moose.pm line 9.
BEGIN failed--compilation aborted at /home/cpan/pit/jail/FK2YvTmRDv/lib/perl5/amd64-netbsd-thread-multi/Moose.pm line 9.
Compilation failed in require at /home/cpan/pit/thr/conf/perl-5.14.0/.cpanplus/5.14.0/build/uKC9eO77O6/Bio-Roary-3.13.0/lib/Bio/Roary/CommandLine/ExtractProteomeFromGff.pm line 7.
BEGIN failed--compilation aborted at /home/cpan/pit/thr/conf/perl-5.14.0/.cpanplus/5.14.0/build/uKC9eO77O6/Bio-Roary-3.13.0/lib/Bio/Roary/CommandLine/ExtractProteomeFromGff.pm line 7.
Compilation failed in require at /home/cpan/pit/thr/conf/perl-5.14.0/.cpanplus/5.14.0/build/uKC9eO77O6/Bio-Roary-3.13.0/blib/script/extract_proteome_from_gff line 12.
BEGIN failed--compilation aborted at /home/cpan/pit/thr/conf/perl-5.14.0/.cpanplus/5.14.0/build/uKC9eO77O6/Bio-Roary-3.13.0/blib/script/extract_proteome_from_gff line 12.

#   Failed test 'content of proteome /home/cpan/pit/thr/conf/perl-5.14.0/.cpanplus/5.14.0/build/uKC9eO77O6/Bio-Roary-3.13.0/o9f7NlCYoT/query_1.gff.proteome.faa as expected'
#   at t/Bio/Roary/ExtractProteomeFromGFFs.t line 87.
# /home/cpan/pit/thr/conf/perl-5.14.0/.cpanplus/5.14.0/build/uKC9eO77O6/Bio-Roary-3.13.0/o9f7NlCYoT/query_1.gff.proteome.faa absent

#   Failed test 'content of proteome /home/cpan/pit/thr/conf/perl-5.14.0/.cpanplus/5.14.0/build/uKC9eO77O6/Bio-Roary-3.13.0/o9f7NlCYoT/query_2.gff.proteome.faa as expected'
#   at t/Bio/Roary/ExtractProteomeFromGFFs.t line 87.
# /home/cpan/pit/thr/conf/perl-5.14.0/.cpanplus/5.14.0/build/uKC9eO77O6/Bio-Roary-3.13.0/o9f7NlCYoT/query_2.gff.proteome.faa absent

#   Failed test 'content of proteome /home/cpan/pit/thr/conf/perl-5.14.0/.cpanplus/5.14.0/build/uKC9eO77O6/Bio-Roary-3.13.0/o9f7NlCYoT/query_3.gff.proteome.faa as expected'
#   at t/Bio/Roary/ExtractProteomeFromGFFs.t line 87.
# /home/cpan/pit/thr/conf/perl-5.14.0/.cpanplus/5.14.0/build/uKC9eO77O6/Bio-Roary-3.13.0/o9f7NlCYoT/query_3.gff.proteome.faa absent
Can't load '/home/cpan/pit/jail/FK2YvTmRDv/lib/perl5/amd64-netbsd-thread-multi/auto/List/Util/Util.so' for module List::Util: /home/cpan/pit/jail/FK2YvTmRDv/lib/perl5/amd64-netbsd-thread-multi/auto/List/Util/Util.so: Undefined PLT symbol "Perl_xs_version_bootcheck" (symnum = 39) at /usr/pkg/lib/perl5/5.28.0/XSLoader.pm line 93.
 at /home/cpan/pit/jail/FK2YvTmRDv/lib/perl5/amd64-netbsd-thread-multi/List/Util.pm line 23.
Compilation failed in require at /home/cpan/pit/jail/FK2YvTmRDv/lib/perl5/amd64-netbsd-thread-multi/Scalar/Util.pm line 23.
Compilation failed in require at /home/cpan/pit/jail/FK2YvTmRDv/lib/perl5/amd64-netbsd-thread-multi/Moose.pm line 9.
BEGIN failed--compilation aborted at /home/cpan/pit/jail/FK2YvTmRDv/lib/perl5/amd64-netbsd-thread-multi/Moose.pm line 9.
Compilation failed in require at /home/cpan/pit/thr/conf/perl-5.14.0/.cpanplus/5.14.0/build/uKC9eO77O6/Bio-Roary-3.13.0/lib/Bio/Roary/CommandLine/ExtractProteomeFromGff.pm line 7.
BEGIN failed--compilation aborted at /home/cpan/pit/thr/conf/perl-5.14.0/.cpanplus/5.14.0/build/uKC9eO77O6/Bio-Roary-3.13.0/lib/Bio/Roary/CommandLine/ExtractProteomeFromGff.pm line 7.
Compilation failed in require at /home/cpan/pit/thr/conf/perl-5.14.0/.cpanplus/5.14.0/build/uKC9eO77O6/Bio-Roary-3.13.0/blib/script/extract_proteome_from_gff line 12.
BEGIN failed--compilation aborted at /home/cpan/pit/thr/conf/perl-5.14.0/.cpanplus/5.14.0/build/uKC9eO77O6/Bio-Roary-3.13.0/blib/script/extract_proteome_from_gff line 12.
Can't load '/home/cpan/pit/jail/FK2YvTmRDv/lib/perl5/amd64-netbsd-thread-multi/auto/List/Util/Util.so' for module List::Util: /home/cpan/pit/jail/FK2YvTmRDv/lib/perl5/amd64-netbsd-thread-multi/auto/List/Util/Util.so: Undefined PLT symbol "Perl_xs_version_bootcheck" (symnum = 39) at /usr/pkg/lib/perl5/5.28.0/XSLoader.pm line 93.
 at /home/cpan/pit/jail/FK2YvTmRDv/lib/perl5/amd64-netbsd-thread-multi/List/Util.pm line 23.
Compilation failed in require at /home/cpan/pit/jail/FK2YvTmRDv/lib/perl5/amd64-netbsd-thread-multi/Scalar/Util.pm line 23.
Compilation failed in require at /home/cpan/pit/jail/FK2YvTmRDv/lib/perl5/amd64-netbsd-thread-multi/Moose.pm line 9.
BEGIN failed--compilation aborted at /home/cpan/pit/jail/FK2YvTmRDv/lib/perl5/amd64-netbsd-thread-multi/Moose.pm line 9.
Compilation failed in require at /home/cpan/pit/thr/conf/perl-5.14.0/.cpanplus/5.14.0/build/uKC9eO77O6/Bio-Roary-3.13.0/lib/Bio/Roary/CommandLine/ExtractProteomeFromGff.pm line 7.
BEGIN failed--compilation aborted at /home/cpan/pit/thr/conf/perl-5.14.0/.cpanplus/5.14.0/build/uKC9eO77O6/Bio-Roary-3.13.0/lib/Bio/Roary/CommandLine/ExtractProteomeFromGff.pm line 7.
Compilation failed in require at /home/cpan/pit/thr/conf/perl-5.14.0/.cpanplus/5.14.0/build/uKC9eO77O6/Bio-Roary-3.13.0/blib/script/extract_proteome_from_gff line 12.
BEGIN failed--compilation aborted at /home/cpan/pit/thr/conf/perl-5.14.0/.cpanplus/5.14.0/build/uKC9eO77O6/Bio-Roary-3.13.0/blib/script/extract_proteome_from_gff line 12.

#   Failed test 'content of proteome /home/cpan/pit/thr/conf/perl-5.14.0/.cpanplus/5.14.0/build/uKC9eO77O6/Bio-Roary-3.13.0/GoDCDT_9_X/annotation_1.gff.proteome.faa as expected'
#   at t/Bio/Roary/ExtractProteomeFromGFFs.t line 112.
# /home/cpan/pit/thr/conf/perl-5.14.0/.cpanplus/5.14.0/build/uKC9eO77O6/Bio-Roary-3.13.0/GoDCDT_9_X/annotation_1.gff.proteome.faa absent

#   Failed test 'content of proteome /home/cpan/pit/thr/conf/perl-5.14.0/.cpanplus/5.14.0/build/uKC9eO77O6/Bio-Roary-3.13.0/GoDCDT_9_X/annotation_2.gff.proteome.faa as expected'
#   at t/Bio/Roary/ExtractProteomeFromGFFs.t line 112.
# /home/cpan/pit/thr/conf/perl-5.14.0/.cpanplus/5.14.0/build/uKC9eO77O6/Bio-Roary-3.13.0/GoDCDT_9_X/annotation_2.gff.proteome.faa absent
# Looks like you failed 10 tests of 20.
t/Bio/Roary/ExtractProteomeFromGFFs.t ................... 
Dubious, test returned 10 (wstat 2560, 0xa00)
Failed 10/20 subtests 
t/Bio/Roary/FilterFullClusters.t ........................ ok
t/Bio/Roary/GeneNamesFromGFF.t .......................... ok
t/Bio/Roary/GroupLabels.t ............................... ok
t/Bio/Roary/GroupStatistics.t ........................... ok
t/Bio/Roary/InflateClusters.t ........................... ok
t/Bio/Roary/OrderGenes.t ................................ ok
t/Bio/Roary/Output/CoreGeneAlignmentCoorindatesEMBL.t ... ok
t/Bio/Roary/Output/DifferenceBetweenSets.t .............. ok
t/Bio/Roary/Output/GroupsMultifastaProtein.t ............ ok
t/Bio/Roary/Output/GroupsMultifastas.t .................. ok
Attribute (fasta_file) does not pass the type constraint because: Validation failed for 'Str' with value undef at reader Bio::Roary::Output::GroupsMultifastaNucleotide::fasta_file (defined at lib/Bio/Roary/Output/GroupsMultifastaNucleotide.pm line 29) line 15
	Bio::Roary::Output::GroupsMultifastaNucleotide::fasta_file('Bio::Roary::Output::GroupsMultifastaNucleotide=HASH(0x7b6c55510558)') called at lib/Bio/Roary/Output/GroupsMultifastaNucleotide.pm line 43
	Bio::Roary::Output::GroupsMultifastaNucleotide::_build__input_seqio('Bio::Roary::Output::GroupsMultifastaNucleotide=HASH(0x7b6c55510558)') called at reader Bio::Roary::Output::GroupsMultifastaNucleotide::_input_seqio (defined at lib/Bio/Roary/Output/GroupsMultifastaNucleotide.pm line 30) line 7
	Bio::Roary::Output::GroupsMultifastaNucleotide::_input_seqio('Bio::Roary::Output::GroupsMultifastaNucleotide=HASH(0x7b6c55510558)') called at lib/Bio/Roary/Output/GroupsMultifastaNucleotide.pm line 53
	Bio::Roary::Output::GroupsMultifastaNucleotide::populate_files('Bio::Roary::Output::GroupsMultifastaNucleotide=HASH(0x7b6c55510558)') called at lib/Bio/Roary/Output/GroupsMultifastasNucleotide.pm line 65
	Bio::Roary::Output::GroupsMultifastasNucleotide::create_files('Bio::Roary::Output::GroupsMultifastasNucleotide=HASH(0x7b6c5569b780)') called at t/Bio/Roary/Output/GroupsMultifastasNucleotide.t line 40
# Tests were run but no plan was declared and done_testing() was not seen.
# Looks like your test exited with 127 just after 3.
t/Bio/Roary/Output/GroupsMultifastasNucleotide.t ........ 
Dubious, test returned 127 (wstat 32512, 0x7f00)
All 3 subtests passed 
t/Bio/Roary/Output/NumberOfGroups.t ..................... ok
t/Bio/Roary/Output/QueryGroups.t ........................ ok
Can't load '/home/cpan/pit/jail/FK2YvTmRDv/lib/perl5/amd64-netbsd-thread-multi/auto/List/Util/Util.so' for module List::Util: /home/cpan/pit/jail/FK2YvTmRDv/lib/perl5/amd64-netbsd-thread-multi/auto/List/Util/Util.so: Undefined PLT symbol "Perl_xs_version_bootcheck" (symnum = 39) at /usr/pkg/lib/perl5/5.28.0/XSLoader.pm line 93.
 at /home/cpan/pit/jail/FK2YvTmRDv/lib/perl5/amd64-netbsd-thread-multi/List/Util.pm line 23.
Compilation failed in require at /home/cpan/pit/jail/FK2YvTmRDv/lib/perl5/amd64-netbsd-thread-multi/Scalar/Util.pm line 23.
Compilation failed in require at /home/cpan/pit/jail/FK2YvTmRDv/lib/perl5/amd64-netbsd-thread-multi/Moose.pm line 9.
BEGIN failed--compilation aborted at /home/cpan/pit/jail/FK2YvTmRDv/lib/perl5/amd64-netbsd-thread-multi/Moose.pm line 9.
Compilation failed in require at /home/cpan/pit/thr/conf/perl-5.14.0/.cpanplus/5.14.0/build/uKC9eO77O6/Bio-Roary-3.13.0/t/bin/dummy_makeblastdb line 2.
BEGIN failed--compilation aborted at /home/cpan/pit/thr/conf/perl-5.14.0/.cpanplus/5.14.0/build/uKC9eO77O6/Bio-Roary-3.13.0/t/bin/dummy_makeblastdb line 2.
Can't load '/home/cpan/pit/jail/FK2YvTmRDv/lib/perl5/amd64-netbsd-thread-multi/auto/List/Util/Util.so' for module List::Util: /home/cpan/pit/jail/FK2YvTmRDv/lib/perl5/amd64-netbsd-thread-multi/auto/List/Util/Util.so: Undefined PLT symbol "Perl_xs_version_bootcheck" (symnum = 39) at /usr/pkg/lib/perl5/5.28.0/XSLoader.pm line 93.
 at /home/cpan/pit/jail/FK2YvTmRDv/lib/perl5/amd64-netbsd-thread-multi/List/Util.pm line 23.
Compilation failed in require at /home/cpan/pit/jail/FK2YvTmRDv/lib/perl5/amd64-netbsd-thread-multi/Scalar/Util.pm line 23.
Compilation failed in require at /home/cpan/pit/jail/FK2YvTmRDv/lib/perl5/amd64-netbsd-thread-multi/Moose.pm line 9.
BEGIN failed--compilation aborted at /home/cpan/pit/jail/FK2YvTmRDv/lib/perl5/amd64-netbsd-thread-multi/Moose.pm line 9.
Compilation failed in require at /home/cpan/pit/thr/conf/perl-5.14.0/.cpanplus/5.14.0/build/uKC9eO77O6/Bio-Roary-3.13.0/t/bin/dummy_blastp line 2.
BEGIN failed--compilation aborted at /home/cpan/pit/thr/conf/perl-5.14.0/.cpanplus/5.14.0/build/uKC9eO77O6/Bio-Roary-3.13.0/t/bin/dummy_blastp line 2.
t/Bio/Roary/ParallelAllAgainstAllBlast.t ................ ok
Can't load '/home/cpan/pit/jail/FK2YvTmRDv/lib/perl5/amd64-netbsd-thread-multi/auto/List/Util/Util.so' for module List::Util: /home/cpan/pit/jail/FK2YvTmRDv/lib/perl5/amd64-netbsd-thread-multi/auto/List/Util/Util.so: Undefined PLT symbol "Perl_xs_version_bootcheck" (symnum = 39) at /usr/pkg/lib/perl5/5.28.0/XSLoader.pm line 93.
 at /home/cpan/pit/jail/FK2YvTmRDv/lib/perl5/amd64-netbsd-thread-multi/List/Util.pm line 23.
Compilation failed in require at /home/cpan/pit/jail/FK2YvTmRDv/lib/perl5/amd64-netbsd-thread-multi/Scalar/Util.pm line 23.
Compilation failed in require at /home/cpan/pit/jail/FK2YvTmRDv/lib/perl5/amd64-netbsd-thread-multi/Moose.pm line 9.
BEGIN failed--compilation aborted at /home/cpan/pit/jail/FK2YvTmRDv/lib/perl5/amd64-netbsd-thread-multi/Moose.pm line 9.
Compilation failed in require at /home/cpan/pit/thr/conf/perl-5.14.0/.cpanplus/5.14.0/build/uKC9eO77O6/Bio-Roary-3.13.0/lib/Bio/Roary/CommandLine/ExtractProteomeFromGff.pm line 7.
BEGIN failed--compilation aborted at /home/cpan/pit/thr/conf/perl-5.14.0/.cpanplus/5.14.0/build/uKC9eO77O6/Bio-Roary-3.13.0/lib/Bio/Roary/CommandLine/ExtractProteomeFromGff.pm line 7.
Compilation failed in require at /home/cpan/pit/thr/conf/perl-5.14.0/.cpanplus/5.14.0/build/uKC9eO77O6/Bio-Roary-3.13.0/blib/script/extract_proteome_from_gff line 12.
BEGIN failed--compilation aborted at /home/cpan/pit/thr/conf/perl-5.14.0/.cpanplus/5.14.0/build/uKC9eO77O6/Bio-Roary-3.13.0/blib/script/extract_proteome_from_gff line 12.
Can't load '/home/cpan/pit/jail/FK2YvTmRDv/lib/perl5/amd64-netbsd-thread-multi/auto/List/Util/Util.so' for module List::Util: /home/cpan/pit/jail/FK2YvTmRDv/lib/perl5/amd64-netbsd-thread-multi/auto/List/Util/Util.so: Undefined PLT symbol "Perl_xs_version_bootcheck" (symnum = 39) at /usr/pkg/lib/perl5/5.28.0/XSLoader.pm line 93.
 at /home/cpan/pit/jail/FK2YvTmRDv/lib/perl5/amd64-netbsd-thread-multi/List/Util.pm line 23.
Compilation failed in require at /home/cpan/pit/jail/FK2YvTmRDv/lib/perl5/amd64-netbsd-thread-multi/Scalar/Util.pm line 23.
Compilation failed in require at /home/cpan/pit/jail/FK2YvTmRDv/lib/perl5/amd64-netbsd-thread-multi/Moose.pm line 9.
BEGIN failed--compilation aborted at /home/cpan/pit/jail/FK2YvTmRDv/lib/perl5/amd64-netbsd-thread-multi/Moose.pm line 9.
Compilation failed in require at /home/cpan/pit/thr/conf/perl-5.14.0/.cpanplus/5.14.0/build/uKC9eO77O6/Bio-Roary-3.13.0/lib/Bio/Roary/CommandLine/ExtractProteomeFromGff.pm line 7.
BEGIN failed--compilation aborted at /home/cpan/pit/thr/conf/perl-5.14.0/.cpanplus/5.14.0/build/uKC9eO77O6/Bio-Roary-3.13.0/lib/Bio/Roary/CommandLine/ExtractProteomeFromGff.pm line 7.
Compilation failed in require at /home/cpan/pit/thr/conf/perl-5.14.0/.cpanplus/5.14.0/build/uKC9eO77O6/Bio-Roary-3.13.0/blib/script/extract_proteome_from_gff line 12.
BEGIN failed--compilation aborted at /home/cpan/pit/thr/conf/perl-5.14.0/.cpanplus/5.14.0/build/uKC9eO77O6/Bio-Roary-3.13.0/blib/script/extract_proteome_from_gff line 12.
t/Bio/Roary/PrepareInputFiles.t ......................... ok
t/Bio/Roary/PresenceAbsenceMatrix.t ..................... ok
t/Bio/Roary/QC/Report.t ................................. ok
2019/11/11 23:15:57 Input file contains duplicate gene IDs, attempting to fix by adding a unique suffix, new GFF in the fixed_input_files directory: t/data/reformat_input_gffs/query_2.gff 
2019/11/11 23:15:57 Input file contains duplicate gene IDs, attempting to fix by adding a unique suffix, new GFF in the fixed_input_files directory: t/data/reformat_input_gffs/query_2.gff 
t/Bio/Roary/ReformatInputGFFs.t ......................... ok
t/Bio/Roary/ReorderSpreadsheet.t ........................ ok
t/Bio/Roary/SampleOrder.t ............................... ok
t/Bio/Roary/SequenceLengths.t ........................... ok
t/Bio/Roary/SortFasta.t ................................. ok
t/Bio/Roary/SplitGroups.t ............................... ok
t/Bio/Roary/UniqueGenesPerSample.t ...................... ok

Test Summary Report
-------------------
t/00_requires_external.t                              (Wstat: 2048 Tests: 8 Failed: 8)
  Failed tests:  1-8
  Non-zero exit status: 8
t/Bio/Roary/AccessoryClustering.t                     (Wstat: 512 Tests: 2 Failed: 0)
  Non-zero exit status: 2
  Parse errors: No plan found in TAP output
t/Bio/Roary/CommandLine/ExtractProteomeFromGff.t      (Wstat: 1024 Tests: 7 Failed: 4)
  Failed tests:  4-7
  Non-zero exit status: 4
t/Bio/Roary/CommandLine/QueryRoary.t                  (Wstat: 256 Tests: 37 Failed: 1)
  Failed test:  27
  Non-zero exit status: 1
t/Bio/Roary/CommandLine/Roary.t                       (Wstat: 512 Tests: 3 Failed: 1)
  Failed test:  3
  Non-zero exit status: 2
  Parse errors: No plan found in TAP output
t/Bio/Roary/External/CheckTools.t                     (Wstat: 1792 Tests: 13 Failed: 7)
  Failed tests:  3-9
  Non-zero exit status: 7
t/Bio/Roary/External/Mafft.t                          (Wstat: 256 Tests: 6 Failed: 1)
  Failed test:  6
  Non-zero exit status: 1
t/Bio/Roary/External/Mcl.t                            (Wstat: 65024 Tests: 5 Failed: 0)
  Non-zero exit status: 254
  Parse errors: No plan found in TAP output
t/Bio/Roary/External/Prank.t                          (Wstat: 512 Tests: 5 Failed: 1)
  Failed test:  5
  Non-zero exit status: 2
  Parse errors: No plan found in TAP output
t/Bio/Roary/ExtractProteomeFromGFFs.t                 (Wstat: 2560 Tests: 20 Failed: 10)
  Failed tests:  4, 6, 9-11, 14-16, 19-20
  Non-zero exit status: 10
t/Bio/Roary/Output/GroupsMultifastasNucleotide.t      (Wstat: 32512 Tests: 3 Failed: 0)
  Non-zero exit status: 127
  Parse errors: No plan found in TAP output
Files=55, Tests=676, 46 wallclock secs ( 0.09 usr  0.40 sys + 26.64 cusr 16.90 csys = 44.03 CPU)
Result: FAIL
Failed 11/55 test programs. 33/676 subtests failed.
*** Error code 255

Stop.
make: stopped in /home/cpan/pit/thr/conf/perl-5.14.0/.cpanplus/5.14.0/build/uKC9eO77O6/Bio-Roary-3.13.0


PREREQUISITES:

Here is a list of prerequisites you specified and versions we
managed to load:

	  Module Name                        Have     Want
	  Array::Utils                        0.5        0
	  Bio::Perl                             0        0
	  Bio::SeqIO                            0        0
	  Bio::Tools::GFF                       0        0
	  Bio::TreeIO                           0        0
	  Cwd                                3.75        0
	  Data::Dumper                   2.130_02        0
	  Digest::MD5::File                  0.08        0
	  Env::Path                          0.19        0
	  Exception::Class                   1.44        0
	  ExtUtils::MakeMaker                7.36        0
	  File::Basename                     2.82        0
	  File::Copy                         2.21        0
	  File::Find::Rule                   0.34        0
	  File::Grep                         0.02        0
	  File::Path                         2.16        0
	  File::Slurper                     0.012        0
	  File::Spec                         3.75        0
	  File::Temp                       0.2309        0
	  File::Which                        1.23        0
	  FindBin                            1.50        0
	  Getopt::Long                       2.38        0
	  Graph                            0.9704        0
	  Graph::Writer::Dot                 2.09        0
	  List::Util                         1.53        0
	  Log::Log4perl                      1.49        0
	  Moose                            2.2011        0
	  Moose::Role                      2.2011        0
	  POSIX                              1.24        0
	  PerlIO::utf8_strict               0.007        0
	  Test::Files                        0.14        0
	  Test::More                     1.302164        0
	  Test::Most                         0.35        0
	  Test::Output                      1.031        0
	  Text::CSV                          2.00        0
	  strict                             1.04        0
	  warnings                           1.12        0

Perl module toolchain versions installed:
	Module Name                        Have
	CPANPLUS                         0.9178
	CPANPLUS::Dist::Build              0.90
	Cwd                                3.75
	ExtUtils::CBuilder             0.280231
	ExtUtils::Command                  7.36
	ExtUtils::Install                  2.14
	ExtUtils::MakeMaker                7.36
	ExtUtils::Manifest                 1.72
	ExtUtils::ParseXS                  3.35
	File::Spec                         3.75
	Module::Build                    0.4229
	Pod::Parser                        1.37
	Pod::Simple                        3.16
	Test2                          1.302164
	Test::Harness                      3.42
	Test::More                     1.302164
	version                          0.9924

******************************** NOTE ********************************
The comments above are created mechanically, possibly without manual
checking by the sender.  As there are many people performing automatic
tests on each upload to CPAN, it is likely that you will receive
identical messages about the same problem.

If you believe that the message is mistaken, please reply to the first
one with correction and/or additional informations, and do not take
it personally.  We appreciate your patience. :)
**********************************************************************

Additional comments:


This report was machine-generated by CPANPLUS::Dist::YACSmoke 1.08.
Powered by minismokebox version 0.68

CPANPLUS is prefering Build.PL

------------------------------
ENVIRONMENT AND OTHER CONTEXT
------------------------------

Environment variables:

    AUTOMATED_TESTING = 1
    NONINTERACTIVE_TESTING = 1
    PATH = /home/cpan/pit/thr/conf/perl-5.14.0/.cpanplus/5.14.0/build/uKC9eO77O6/Bio-Roary-3.13.0/blib/script:/home/cpan/bin:/bin:/sbin:/usr/bin:/usr/sbin:/usr/X11R7/bin:/usr/pkg/bin:/usr/pkg/sbin:/usr/games:/usr/local/bin:/usr/local/sbin
    PERL5LIB = /home/cpan/pit/jail/FK2YvTmRDv/lib/perl5:/home/cpan/pit/thr/conf/perl-5.14.0/.cpanplus/5.14.0/build/uKC9eO77O6/Bio-Roary-3.13.0/blib/lib:/home/cpan/pit/thr/conf/perl-5.14.0/.cpanplus/5.14.0/build/uKC9eO77O6/Bio-Roary-3.13.0/blib/arch
    PERL5_CPANPLUS_IS_RUNNING = 15911
    PERL5_CPANPLUS_IS_VERSION = 0.9178
    PERL5_MINISMOKEBOX = 0.68
    PERL5_YACSMOKE_BASE = /home/cpan/pit/thr/conf/perl-5.14.0
    PERL_EXTUTILS_AUTOINSTALL = --defaultdeps
    PERL_LOCAL_LIB_ROOT = /home/cpan/pit/jail/FK2YvTmRDv
    PERL_MB_OPT = --install_base "/home/cpan/pit/jail/FK2YvTmRDv"
    PERL_MM_OPT = INSTALL_BASE=/home/cpan/pit/jail/FK2YvTmRDv
    PERL_MM_USE_DEFAULT = 1
    SHELL = /usr/pkg/bin/bash
    TERM = screen

Perl special variables (and OS-specific diagnostics, for MSWin32):

    Perl: $^X = /home/cpan/pit/thr/perl-5.14.0/bin/perl
    UID:  $<  = 1001
    EUID: $>  = 1001
    GID:  $(  = 100 100
    EGID: $)  = 100 100


-------------------------------


--

Summary of my perl5 (revision 5 version 14 subversion 0) configuration:
   
  Platform:
    osname=netbsd, osvers=8.1, archname=amd64-netbsd-thread-multi
    uname='netbsd nephilim.bingosnet.co.uk 8.1 netbsd 8.1 (generic) #0: fri may 31 08:43:59 utc 2019 mkrepro@mkrepro.netbsd.org:usrsrcsysarchamd64compilegeneric amd64 '
    config_args='-des -Dprefix=/home/cpan/pit/thr/perl-5.14.0 -Dusethreads'
    hint=recommended, useposix=true, d_sigaction=define
    useithreads=define, usemultiplicity=define
    useperlio=define, d_sfio=undef, uselargefiles=define, usesocks=undef
    use64bitint=define, use64bitall=define, uselongdouble=undef
    usemymalloc=n, bincompat5005=undef
  Compiler:
    cc='cc', ccflags ='-fwrapv -fno-strict-aliasing -pipe -fstack-protector -I/usr/pkg/include',
    optimize='-O',
    cppflags='-fwrapv -fno-strict-aliasing -pipe -fstack-protector -I/usr/pkg/include'
    ccversion='', gccversion='5.5.0', gccosandvers=''
    intsize=4, longsize=8, ptrsize=8, doublesize=8, byteorder=12345678
    d_longlong=define, longlongsize=8, d_longdbl=define, longdblsize=16
    ivtype='long', ivsize=8, nvtype='double', nvsize=8, Off_t='off_t', lseeksize=8
    alignbytes=8, prototype=define
  Linker and Libraries:
    ld='cc', ldflags =' -Wl,-rpath,/usr/pkg/lib -Wl,-rpath,/usr/local/lib -fstack-protector -L/usr/pkg/lib'
    libpth=/usr/pkg/lib /lib /usr/lib
    libs=-lgdbm -lm -lcrypt -lutil -lc -lposix -lpthread
    perllibs=-lm -lcrypt -lutil -lc -lposix -lpthread
    libc=/lib/libc.so, so=so, useshrplib=false, libperl=libperl.a
    gnulibc_version=''
  Dynamic Linking:
    dlsrc=dl_dlopen.xs, dlext=so, d_dlsymun=undef, ccdlflags='-Wl,-E '
    cccdlflags='-DPIC -fPIC ', lddlflags='-shared  -L/usr/pkg/lib -fstack-protector'


Characteristics of this binary (from libperl): 
  Compile-time options: MULTIPLICITY PERL_DONT_CREATE_GVSV
                        PERL_IMPLICIT_CONTEXT PERL_MALLOC_WRAP
                        PERL_PRESERVE_IVUV USE_64_BIT_ALL USE_64_BIT_INT
                        USE_ITHREADS USE_LARGE_FILES USE_PERLIO USE_PERL_ATOF
                        USE_REENTRANT_API
  Locally applied patches:
	Devel::PatchPerl 1.64
  Built under netbsd
  Compiled at Jul 24 2019 21:53:10
  %ENV:
    PERL5LIB="/home/cpan/pit/jail/FK2YvTmRDv/lib/perl5:/home/cpan/pit/thr/conf/perl-5.14.0/.cpanplus/5.14.0/build/uKC9eO77O6/Bio-Roary-3.13.0/blib/lib:/home/cpan/pit/thr/conf/perl-5.14.0/.cpanplus/5.14.0/build/uKC9eO77O6/Bio-Roary-3.13.0/blib/arch"
    PERL5_CPANPLUS_IS_RUNNING="15911"
    PERL5_CPANPLUS_IS_VERSION="0.9178"
    PERL5_MINISMOKEBOX="0.68"
    PERL5_YACSMOKE_BASE="/home/cpan/pit/thr/conf/perl-5.14.0"
    PERL_EXTUTILS_AUTOINSTALL="--defaultdeps"
    PERL_LOCAL_LIB_ROOT="/home/cpan/pit/jail/FK2YvTmRDv"
    PERL_MB_OPT="--install_base "/home/cpan/pit/jail/FK2YvTmRDv""
    PERL_MM_OPT="INSTALL_BASE=/home/cpan/pit/jail/FK2YvTmRDv"
    PERL_MM_USE_DEFAULT="1"
  @INC:
    /home/cpan/pit/jail/FK2YvTmRDv/lib/perl5/5.14.0/amd64-netbsd-thread-multi
    /home/cpan/pit/jail/FK2YvTmRDv/lib/perl5/5.14.0
    /home/cpan/pit/jail/FK2YvTmRDv/lib/perl5/amd64-netbsd-thread-multi
    /home/cpan/pit/jail/FK2YvTmRDv/lib/perl5
    /home/cpan/pit/thr/conf/perl-5.14.0/.cpanplus/5.14.0/build/uKC9eO77O6/Bio-Roary-3.13.0/blib/lib
    /home/cpan/pit/thr/conf/perl-5.14.0/.cpanplus/5.14.0/build/uKC9eO77O6/Bio-Roary-3.13.0/blib/arch
    /home/cpan/pit/thr/perl-5.14.0/lib/site_perl/5.14.0/amd64-netbsd-thread-multi
    /home/cpan/pit/thr/perl-5.14.0/lib/site_perl/5.14.0
    /home/cpan/pit/thr/perl-5.14.0/lib/5.14.0/amd64-netbsd-thread-multi
    /home/cpan/pit/thr/perl-5.14.0/lib/5.14.0
    .