Genezzo v0.72 Perl 5 v5.30.2 amd64-freebsd
- Status
- Fail
- From
- Slaven Rezić (SREZIC)
- Dist
-
Genezzo v0.72
- Platform
- Perl 5 v5.30.2 amd64-freebsd
- Date
- 2020-03-28 21:04:58
- ID
- c88a3d1c-7137-11ea-824e-957d1f24ea8f
This distribution has been tested as part of the CPAN Testers
project, supporting the Perl programming language. See
http://wiki.cpantesters.org/ for more information or email
questions to cpan-testers-discuss@perl.org
--
Dear Jeffrey Cohen,
This is a computer-generated report for Genezzo-0.72
on perl 5.30.2, created by CPAN-Reporter-1.2018.
Thank you for uploading your work to CPAN. However, there was a problem
testing your distribution.
If you think this report is invalid, please consult the CPAN Testers Wiki
for suggestions on how to avoid getting FAIL reports for missing library
or binary dependencies, unsupported operating systems, and so on:
http://wiki.cpantesters.org/wiki/CPANAuthorNotes
Sections of this report:
* Tester comments
* Program output
* Prerequisites
* Environment and other context
------------------------------
TESTER COMMENTS
------------------------------
Additional comments from tester:
none provided
------------------------------
PROGRAM OUTPUT
------------------------------
Output from '/usr/bin/make test':
PERL_DL_NONLAZY=1 "/usr/perl5.30.2p/bin/perl" "-MExtUtils::Command::MM" "-MTest::Harness" "-e" "undef *Test::Harness::Switches; test_harness(0, 'blib/lib', 'blib/arch')" t/*.t
syntax error at /usr/home/cpansand/.cpan/build/2020032820/Genezzo-0.72-0/blib/lib/Genezzo/Tablespace.pm line 603, near "$tname qw(_tspace _tsfiles _tab1 _col1 allfileused)"
Global symbol "$tname" requires explicit package name (did you forget to declare "my $tname"?) at /usr/home/cpansand/.cpan/build/2020032820/Genezzo-0.72-0/blib/lib/Genezzo/Tablespace.pm line 605.
Global symbol "$self" requires explicit package name (did you forget to declare "my $self"?) at /usr/home/cpansand/.cpan/build/2020032820/Genezzo-0.72-0/blib/lib/Genezzo/Tablespace.pm line 608.
Global symbol "$tname" requires explicit package name (did you forget to declare "my $tname"?) at /usr/home/cpansand/.cpan/build/2020032820/Genezzo-0.72-0/blib/lib/Genezzo/Tablespace.pm line 608.
Global symbol "$preload" requires explicit package name (did you forget to declare "my $preload"?) at /usr/home/cpansand/.cpan/build/2020032820/Genezzo-0.72-0/blib/lib/Genezzo/Tablespace.pm line 614.
Global symbol "$self" requires explicit package name (did you forget to declare "my $self"?) at /usr/home/cpansand/.cpan/build/2020032820/Genezzo-0.72-0/blib/lib/Genezzo/Tablespace.pm line 616.
Global symbol "$tname" requires explicit package name (did you forget to declare "my $tname"?) at /usr/home/cpansand/.cpan/build/2020032820/Genezzo-0.72-0/blib/lib/Genezzo/Tablespace.pm line 616.
Global symbol "$self" requires explicit package name (did you forget to declare "my $self"?) at /usr/home/cpansand/.cpan/build/2020032820/Genezzo-0.72-0/blib/lib/Genezzo/Tablespace.pm line 617.
Global symbol "$tname" requires explicit package name (did you forget to declare "my $tname"?) at /usr/home/cpansand/.cpan/build/2020032820/Genezzo-0.72-0/blib/lib/Genezzo/Tablespace.pm line 617.
syntax error at /usr/home/cpansand/.cpan/build/2020032820/Genezzo-0.72-0/blib/lib/Genezzo/Tablespace.pm line 620, near "}"
/usr/home/cpansand/.cpan/build/2020032820/Genezzo-0.72-0/blib/lib/Genezzo/Tablespace.pm has too many errors.
Compilation failed in require at /usr/home/cpansand/.cpan/build/2020032820/Genezzo-0.72-0/blib/lib/Genezzo/Dict.pm line 15.
BEGIN failed--compilation aborted at /usr/home/cpansand/.cpan/build/2020032820/Genezzo-0.72-0/blib/lib/Genezzo/Dict.pm line 15.
Compilation failed in require at /usr/home/cpansand/.cpan/build/2020032820/Genezzo-0.72-0/blib/lib/Genezzo/GenDBI.pm line 21.
BEGIN failed--compilation aborted at /usr/home/cpansand/.cpan/build/2020032820/Genezzo-0.72-0/blib/lib/Genezzo/GenDBI.pm line 21.
Compilation failed in require at t/AAASetup1.t line 13.
BEGIN failed--compilation aborted at t/AAASetup1.t line 13.
t/AAASetup1.t ..
Dubious, test returned 255 (wstat 65280, 0xff00)
Failed 2/2 subtests
t/Block1.t ..... ok
t/Block2.t ..... ok
t/Block3.t ..... ok
t/Block4.t ..... ok
t/BufCa1.t ..... ok
syntax error at /usr/home/cpansand/.cpan/build/2020032820/Genezzo-0.72-0/blib/lib/Genezzo/Tablespace.pm line 603, near "$tname qw(_tspace _tsfiles _tab1 _col1 allfileused)"
Global symbol "$tname" requires explicit package name (did you forget to declare "my $tname"?) at /usr/home/cpansand/.cpan/build/2020032820/Genezzo-0.72-0/blib/lib/Genezzo/Tablespace.pm line 605.
Global symbol "$self" requires explicit package name (did you forget to declare "my $self"?) at /usr/home/cpansand/.cpan/build/2020032820/Genezzo-0.72-0/blib/lib/Genezzo/Tablespace.pm line 608.
Global symbol "$tname" requires explicit package name (did you forget to declare "my $tname"?) at /usr/home/cpansand/.cpan/build/2020032820/Genezzo-0.72-0/blib/lib/Genezzo/Tablespace.pm line 608.
Global symbol "$preload" requires explicit package name (did you forget to declare "my $preload"?) at /usr/home/cpansand/.cpan/build/2020032820/Genezzo-0.72-0/blib/lib/Genezzo/Tablespace.pm line 614.
Global symbol "$self" requires explicit package name (did you forget to declare "my $self"?) at /usr/home/cpansand/.cpan/build/2020032820/Genezzo-0.72-0/blib/lib/Genezzo/Tablespace.pm line 616.
Global symbol "$tname" requires explicit package name (did you forget to declare "my $tname"?) at /usr/home/cpansand/.cpan/build/2020032820/Genezzo-0.72-0/blib/lib/Genezzo/Tablespace.pm line 616.
Global symbol "$self" requires explicit package name (did you forget to declare "my $self"?) at /usr/home/cpansand/.cpan/build/2020032820/Genezzo-0.72-0/blib/lib/Genezzo/Tablespace.pm line 617.
Global symbol "$tname" requires explicit package name (did you forget to declare "my $tname"?) at /usr/home/cpansand/.cpan/build/2020032820/Genezzo-0.72-0/blib/lib/Genezzo/Tablespace.pm line 617.
syntax error at /usr/home/cpansand/.cpan/build/2020032820/Genezzo-0.72-0/blib/lib/Genezzo/Tablespace.pm line 620, near "}"
/usr/home/cpansand/.cpan/build/2020032820/Genezzo-0.72-0/blib/lib/Genezzo/Tablespace.pm has too many errors.
Compilation failed in require at /usr/home/cpansand/.cpan/build/2020032820/Genezzo-0.72-0/blib/lib/Genezzo/Dict.pm line 15.
BEGIN failed--compilation aborted at /usr/home/cpansand/.cpan/build/2020032820/Genezzo-0.72-0/blib/lib/Genezzo/Dict.pm line 15.
Compilation failed in require at /usr/home/cpansand/.cpan/build/2020032820/Genezzo-0.72-0/blib/lib/Genezzo/GenDBI.pm line 21.
BEGIN failed--compilation aborted at /usr/home/cpansand/.cpan/build/2020032820/Genezzo-0.72-0/blib/lib/Genezzo/GenDBI.pm line 21.
Compilation failed in require at t/Cons1.t line 13.
BEGIN failed--compilation aborted at t/Cons1.t line 13.
t/Cons1.t ......
Dubious, test returned 255 (wstat 65280, 0xff00)
Failed 21/21 subtests
syntax error at /usr/home/cpansand/.cpan/build/2020032820/Genezzo-0.72-0/blib/lib/Genezzo/Tablespace.pm line 603, near "$tname qw(_tspace _tsfiles _tab1 _col1 allfileused)"
Global symbol "$tname" requires explicit package name (did you forget to declare "my $tname"?) at /usr/home/cpansand/.cpan/build/2020032820/Genezzo-0.72-0/blib/lib/Genezzo/Tablespace.pm line 605.
Global symbol "$self" requires explicit package name (did you forget to declare "my $self"?) at /usr/home/cpansand/.cpan/build/2020032820/Genezzo-0.72-0/blib/lib/Genezzo/Tablespace.pm line 608.
Global symbol "$tname" requires explicit package name (did you forget to declare "my $tname"?) at /usr/home/cpansand/.cpan/build/2020032820/Genezzo-0.72-0/blib/lib/Genezzo/Tablespace.pm line 608.
Global symbol "$preload" requires explicit package name (did you forget to declare "my $preload"?) at /usr/home/cpansand/.cpan/build/2020032820/Genezzo-0.72-0/blib/lib/Genezzo/Tablespace.pm line 614.
Global symbol "$self" requires explicit package name (did you forget to declare "my $self"?) at /usr/home/cpansand/.cpan/build/2020032820/Genezzo-0.72-0/blib/lib/Genezzo/Tablespace.pm line 616.
Global symbol "$tname" requires explicit package name (did you forget to declare "my $tname"?) at /usr/home/cpansand/.cpan/build/2020032820/Genezzo-0.72-0/blib/lib/Genezzo/Tablespace.pm line 616.
Global symbol "$self" requires explicit package name (did you forget to declare "my $self"?) at /usr/home/cpansand/.cpan/build/2020032820/Genezzo-0.72-0/blib/lib/Genezzo/Tablespace.pm line 617.
Global symbol "$tname" requires explicit package name (did you forget to declare "my $tname"?) at /usr/home/cpansand/.cpan/build/2020032820/Genezzo-0.72-0/blib/lib/Genezzo/Tablespace.pm line 617.
syntax error at /usr/home/cpansand/.cpan/build/2020032820/Genezzo-0.72-0/blib/lib/Genezzo/Tablespace.pm line 620, near "}"
/usr/home/cpansand/.cpan/build/2020032820/Genezzo-0.72-0/blib/lib/Genezzo/Tablespace.pm has too many errors.
Compilation failed in require at /usr/home/cpansand/.cpan/build/2020032820/Genezzo-0.72-0/blib/lib/Genezzo/Dict.pm line 15.
BEGIN failed--compilation aborted at /usr/home/cpansand/.cpan/build/2020032820/Genezzo-0.72-0/blib/lib/Genezzo/Dict.pm line 15.
Compilation failed in require at /usr/home/cpansand/.cpan/build/2020032820/Genezzo-0.72-0/blib/lib/Genezzo/GenDBI.pm line 21.
BEGIN failed--compilation aborted at /usr/home/cpansand/.cpan/build/2020032820/Genezzo-0.72-0/blib/lib/Genezzo/GenDBI.pm line 21.
Compilation failed in require at t/DBI1.t line 13.
BEGIN failed--compilation aborted at t/DBI1.t line 13.
t/DBI1.t .......
Dubious, test returned 255 (wstat 65280, 0xff00)
Failed 48/48 subtests
syntax error at /usr/home/cpansand/.cpan/build/2020032820/Genezzo-0.72-0/blib/lib/Genezzo/Tablespace.pm line 603, near "$tname qw(_tspace _tsfiles _tab1 _col1 allfileused)"
Global symbol "$tname" requires explicit package name (did you forget to declare "my $tname"?) at /usr/home/cpansand/.cpan/build/2020032820/Genezzo-0.72-0/blib/lib/Genezzo/Tablespace.pm line 605.
Global symbol "$self" requires explicit package name (did you forget to declare "my $self"?) at /usr/home/cpansand/.cpan/build/2020032820/Genezzo-0.72-0/blib/lib/Genezzo/Tablespace.pm line 608.
Global symbol "$tname" requires explicit package name (did you forget to declare "my $tname"?) at /usr/home/cpansand/.cpan/build/2020032820/Genezzo-0.72-0/blib/lib/Genezzo/Tablespace.pm line 608.
Global symbol "$preload" requires explicit package name (did you forget to declare "my $preload"?) at /usr/home/cpansand/.cpan/build/2020032820/Genezzo-0.72-0/blib/lib/Genezzo/Tablespace.pm line 614.
Global symbol "$self" requires explicit package name (did you forget to declare "my $self"?) at /usr/home/cpansand/.cpan/build/2020032820/Genezzo-0.72-0/blib/lib/Genezzo/Tablespace.pm line 616.
Global symbol "$tname" requires explicit package name (did you forget to declare "my $tname"?) at /usr/home/cpansand/.cpan/build/2020032820/Genezzo-0.72-0/blib/lib/Genezzo/Tablespace.pm line 616.
Global symbol "$self" requires explicit package name (did you forget to declare "my $self"?) at /usr/home/cpansand/.cpan/build/2020032820/Genezzo-0.72-0/blib/lib/Genezzo/Tablespace.pm line 617.
Global symbol "$tname" requires explicit package name (did you forget to declare "my $tname"?) at /usr/home/cpansand/.cpan/build/2020032820/Genezzo-0.72-0/blib/lib/Genezzo/Tablespace.pm line 617.
syntax error at /usr/home/cpansand/.cpan/build/2020032820/Genezzo-0.72-0/blib/lib/Genezzo/Tablespace.pm line 620, near "}"
/usr/home/cpansand/.cpan/build/2020032820/Genezzo-0.72-0/blib/lib/Genezzo/Tablespace.pm has too many errors.
Compilation failed in require at /usr/home/cpansand/.cpan/build/2020032820/Genezzo-0.72-0/blib/lib/Genezzo/Dict.pm line 15.
BEGIN failed--compilation aborted at /usr/home/cpansand/.cpan/build/2020032820/Genezzo-0.72-0/blib/lib/Genezzo/Dict.pm line 15.
Compilation failed in require at /usr/home/cpansand/.cpan/build/2020032820/Genezzo-0.72-0/blib/lib/Genezzo/GenDBI.pm line 21.
BEGIN failed--compilation aborted at /usr/home/cpansand/.cpan/build/2020032820/Genezzo-0.72-0/blib/lib/Genezzo/GenDBI.pm line 21.
Compilation failed in require at t/Feeble1.t line 13.
BEGIN failed--compilation aborted at t/Feeble1.t line 13.
t/Feeble1.t ....
Dubious, test returned 255 (wstat 65280, 0xff00)
Failed 18/18 subtests
syntax error at /usr/home/cpansand/.cpan/build/2020032820/Genezzo-0.72-0/blib/lib/Genezzo/Tablespace.pm line 603, near "$tname qw(_tspace _tsfiles _tab1 _col1 allfileused)"
Global symbol "$tname" requires explicit package name (did you forget to declare "my $tname"?) at /usr/home/cpansand/.cpan/build/2020032820/Genezzo-0.72-0/blib/lib/Genezzo/Tablespace.pm line 605.
Global symbol "$self" requires explicit package name (did you forget to declare "my $self"?) at /usr/home/cpansand/.cpan/build/2020032820/Genezzo-0.72-0/blib/lib/Genezzo/Tablespace.pm line 608.
Global symbol "$tname" requires explicit package name (did you forget to declare "my $tname"?) at /usr/home/cpansand/.cpan/build/2020032820/Genezzo-0.72-0/blib/lib/Genezzo/Tablespace.pm line 608.
Global symbol "$preload" requires explicit package name (did you forget to declare "my $preload"?) at /usr/home/cpansand/.cpan/build/2020032820/Genezzo-0.72-0/blib/lib/Genezzo/Tablespace.pm line 614.
Global symbol "$self" requires explicit package name (did you forget to declare "my $self"?) at /usr/home/cpansand/.cpan/build/2020032820/Genezzo-0.72-0/blib/lib/Genezzo/Tablespace.pm line 616.
Global symbol "$tname" requires explicit package name (did you forget to declare "my $tname"?) at /usr/home/cpansand/.cpan/build/2020032820/Genezzo-0.72-0/blib/lib/Genezzo/Tablespace.pm line 616.
Global symbol "$self" requires explicit package name (did you forget to declare "my $self"?) at /usr/home/cpansand/.cpan/build/2020032820/Genezzo-0.72-0/blib/lib/Genezzo/Tablespace.pm line 617.
Global symbol "$tname" requires explicit package name (did you forget to declare "my $tname"?) at /usr/home/cpansand/.cpan/build/2020032820/Genezzo-0.72-0/blib/lib/Genezzo/Tablespace.pm line 617.
syntax error at /usr/home/cpansand/.cpan/build/2020032820/Genezzo-0.72-0/blib/lib/Genezzo/Tablespace.pm line 620, near "}"
/usr/home/cpansand/.cpan/build/2020032820/Genezzo-0.72-0/blib/lib/Genezzo/Tablespace.pm has too many errors.
Compilation failed in require at /usr/home/cpansand/.cpan/build/2020032820/Genezzo-0.72-0/blib/lib/Genezzo/Dict.pm line 15.
BEGIN failed--compilation aborted at /usr/home/cpansand/.cpan/build/2020032820/Genezzo-0.72-0/blib/lib/Genezzo/Dict.pm line 15.
Compilation failed in require at /usr/home/cpansand/.cpan/build/2020032820/Genezzo-0.72-0/blib/lib/Genezzo/GenDBI.pm line 21.
BEGIN failed--compilation aborted at /usr/home/cpansand/.cpan/build/2020032820/Genezzo-0.72-0/blib/lib/Genezzo/GenDBI.pm line 21.
Compilation failed in require at t/Gnzo1.t line 13.
BEGIN failed--compilation aborted at t/Gnzo1.t line 13.
t/Gnzo1.t ......
Dubious, test returned 255 (wstat 65280, 0xff00)
Failed 14/14 subtests
syntax error at /usr/home/cpansand/.cpan/build/2020032820/Genezzo-0.72-0/blib/lib/Genezzo/Tablespace.pm line 603, near "$tname qw(_tspace _tsfiles _tab1 _col1 allfileused)"
Global symbol "$tname" requires explicit package name (did you forget to declare "my $tname"?) at /usr/home/cpansand/.cpan/build/2020032820/Genezzo-0.72-0/blib/lib/Genezzo/Tablespace.pm line 605.
Global symbol "$self" requires explicit package name (did you forget to declare "my $self"?) at /usr/home/cpansand/.cpan/build/2020032820/Genezzo-0.72-0/blib/lib/Genezzo/Tablespace.pm line 608.
Global symbol "$tname" requires explicit package name (did you forget to declare "my $tname"?) at /usr/home/cpansand/.cpan/build/2020032820/Genezzo-0.72-0/blib/lib/Genezzo/Tablespace.pm line 608.
Global symbol "$preload" requires explicit package name (did you forget to declare "my $preload"?) at /usr/home/cpansand/.cpan/build/2020032820/Genezzo-0.72-0/blib/lib/Genezzo/Tablespace.pm line 614.
Global symbol "$self" requires explicit package name (did you forget to declare "my $self"?) at /usr/home/cpansand/.cpan/build/2020032820/Genezzo-0.72-0/blib/lib/Genezzo/Tablespace.pm line 616.
Global symbol "$tname" requires explicit package name (did you forget to declare "my $tname"?) at /usr/home/cpansand/.cpan/build/2020032820/Genezzo-0.72-0/blib/lib/Genezzo/Tablespace.pm line 616.
Global symbol "$self" requires explicit package name (did you forget to declare "my $self"?) at /usr/home/cpansand/.cpan/build/2020032820/Genezzo-0.72-0/blib/lib/Genezzo/Tablespace.pm line 617.
Global symbol "$tname" requires explicit package name (did you forget to declare "my $tname"?) at /usr/home/cpansand/.cpan/build/2020032820/Genezzo-0.72-0/blib/lib/Genezzo/Tablespace.pm line 617.
syntax error at /usr/home/cpansand/.cpan/build/2020032820/Genezzo-0.72-0/blib/lib/Genezzo/Tablespace.pm line 620, near "}"
/usr/home/cpansand/.cpan/build/2020032820/Genezzo-0.72-0/blib/lib/Genezzo/Tablespace.pm has too many errors.
Compilation failed in require at /usr/home/cpansand/.cpan/build/2020032820/Genezzo-0.72-0/blib/lib/Genezzo/Dict.pm line 15.
BEGIN failed--compilation aborted at /usr/home/cpansand/.cpan/build/2020032820/Genezzo-0.72-0/blib/lib/Genezzo/Dict.pm line 15.
Compilation failed in require at /usr/home/cpansand/.cpan/build/2020032820/Genezzo-0.72-0/blib/lib/Genezzo/GenDBI.pm line 21.
BEGIN failed--compilation aborted at /usr/home/cpansand/.cpan/build/2020032820/Genezzo-0.72-0/blib/lib/Genezzo/GenDBI.pm line 21.
Compilation failed in require at t/Gnzo2.t line 13.
BEGIN failed--compilation aborted at t/Gnzo2.t line 13.
t/Gnzo2.t ......
Dubious, test returned 255 (wstat 65280, 0xff00)
Failed 31/31 subtests
syntax error at /usr/home/cpansand/.cpan/build/2020032820/Genezzo-0.72-0/blib/lib/Genezzo/Tablespace.pm line 603, near "$tname qw(_tspace _tsfiles _tab1 _col1 allfileused)"
Global symbol "$tname" requires explicit package name (did you forget to declare "my $tname"?) at /usr/home/cpansand/.cpan/build/2020032820/Genezzo-0.72-0/blib/lib/Genezzo/Tablespace.pm line 605.
Global symbol "$self" requires explicit package name (did you forget to declare "my $self"?) at /usr/home/cpansand/.cpan/build/2020032820/Genezzo-0.72-0/blib/lib/Genezzo/Tablespace.pm line 608.
Global symbol "$tname" requires explicit package name (did you forget to declare "my $tname"?) at /usr/home/cpansand/.cpan/build/2020032820/Genezzo-0.72-0/blib/lib/Genezzo/Tablespace.pm line 608.
Global symbol "$preload" requires explicit package name (did you forget to declare "my $preload"?) at /usr/home/cpansand/.cpan/build/2020032820/Genezzo-0.72-0/blib/lib/Genezzo/Tablespace.pm line 614.
Global symbol "$self" requires explicit package name (did you forget to declare "my $self"?) at /usr/home/cpansand/.cpan/build/2020032820/Genezzo-0.72-0/blib/lib/Genezzo/Tablespace.pm line 616.
Global symbol "$tname" requires explicit package name (did you forget to declare "my $tname"?) at /usr/home/cpansand/.cpan/build/2020032820/Genezzo-0.72-0/blib/lib/Genezzo/Tablespace.pm line 616.
Global symbol "$self" requires explicit package name (did you forget to declare "my $self"?) at /usr/home/cpansand/.cpan/build/2020032820/Genezzo-0.72-0/blib/lib/Genezzo/Tablespace.pm line 617.
Global symbol "$tname" requires explicit package name (did you forget to declare "my $tname"?) at /usr/home/cpansand/.cpan/build/2020032820/Genezzo-0.72-0/blib/lib/Genezzo/Tablespace.pm line 617.
syntax error at /usr/home/cpansand/.cpan/build/2020032820/Genezzo-0.72-0/blib/lib/Genezzo/Tablespace.pm line 620, near "}"
/usr/home/cpansand/.cpan/build/2020032820/Genezzo-0.72-0/blib/lib/Genezzo/Tablespace.pm has too many errors.
Compilation failed in require at /usr/home/cpansand/.cpan/build/2020032820/Genezzo-0.72-0/blib/lib/Genezzo/Dict.pm line 15.
BEGIN failed--compilation aborted at /usr/home/cpansand/.cpan/build/2020032820/Genezzo-0.72-0/blib/lib/Genezzo/Dict.pm line 15.
Compilation failed in require at /usr/home/cpansand/.cpan/build/2020032820/Genezzo-0.72-0/blib/lib/Genezzo/GenDBI.pm line 21.
BEGIN failed--compilation aborted at /usr/home/cpansand/.cpan/build/2020032820/Genezzo-0.72-0/blib/lib/Genezzo/GenDBI.pm line 21.
Compilation failed in require at t/Gnzo3.t line 13.
BEGIN failed--compilation aborted at t/Gnzo3.t line 13.
t/Gnzo3.t ......
Dubious, test returned 255 (wstat 65280, 0xff00)
Failed 15/15 subtests
# Failed test 'use Genezzo::GenDBI;'
# at t/GSysHook1.t line 14.
# Tried to use 'Genezzo::GenDBI'.
# Error: syntax error at /usr/home/cpansand/.cpan/build/2020032820/Genezzo-0.72-0/blib/lib/Genezzo/Tablespace.pm line 603, near "$tname qw(_tspace _tsfiles _tab1 _col1 allfileused)"
# Global symbol "$tname" requires explicit package name (did you forget to declare "my $tname"?) at /usr/home/cpansand/.cpan/build/2020032820/Genezzo-0.72-0/blib/lib/Genezzo/Tablespace.pm line 605.
# Global symbol "$self" requires explicit package name (did you forget to declare "my $self"?) at /usr/home/cpansand/.cpan/build/2020032820/Genezzo-0.72-0/blib/lib/Genezzo/Tablespace.pm line 608.
# Global symbol "$tname" requires explicit package name (did you forget to declare "my $tname"?) at /usr/home/cpansand/.cpan/build/2020032820/Genezzo-0.72-0/blib/lib/Genezzo/Tablespace.pm line 608.
# Global symbol "$preload" requires explicit package name (did you forget to declare "my $preload"?) at /usr/home/cpansand/.cpan/build/2020032820/Genezzo-0.72-0/blib/lib/Genezzo/Tablespace.pm line 614.
# Global symbol "$self" requires explicit package name (did you forget to declare "my $self"?) at /usr/home/cpansand/.cpan/build/2020032820/Genezzo-0.72-0/blib/lib/Genezzo/Tablespace.pm line 616.
# Global symbol "$tname" requires explicit package name (did you forget to declare "my $tname"?) at /usr/home/cpansand/.cpan/build/2020032820/Genezzo-0.72-0/blib/lib/Genezzo/Tablespace.pm line 616.
# Global symbol "$self" requires explicit package name (did you forget to declare "my $self"?) at /usr/home/cpansand/.cpan/build/2020032820/Genezzo-0.72-0/blib/lib/Genezzo/Tablespace.pm line 617.
# Global symbol "$tname" requires explicit package name (did you forget to declare "my $tname"?) at /usr/home/cpansand/.cpan/build/2020032820/Genezzo-0.72-0/blib/lib/Genezzo/Tablespace.pm line 617.
# syntax error at /usr/home/cpansand/.cpan/build/2020032820/Genezzo-0.72-0/blib/lib/Genezzo/Tablespace.pm line 620, near "}"
# /usr/home/cpansand/.cpan/build/2020032820/Genezzo-0.72-0/blib/lib/Genezzo/Tablespace.pm has too many errors.
# Compilation failed in require at /usr/home/cpansand/.cpan/build/2020032820/Genezzo-0.72-0/blib/lib/Genezzo/Dict.pm line 15.
# BEGIN failed--compilation aborted at /usr/home/cpansand/.cpan/build/2020032820/Genezzo-0.72-0/blib/lib/Genezzo/Dict.pm line 15.
# Compilation failed in require at /usr/home/cpansand/.cpan/build/2020032820/Genezzo-0.72-0/blib/lib/Genezzo/GenDBI.pm line 21.
# BEGIN failed--compilation aborted at /usr/home/cpansand/.cpan/build/2020032820/Genezzo-0.72-0/blib/lib/Genezzo/GenDBI.pm line 21.
# Compilation failed in require at t/GSysHook1.t line 14.
# BEGIN failed--compilation aborted at t/GSysHook1.t line 14.
Attempt to reload Genezzo/Dict.pm aborted.
Compilation failed in require at /usr/home/cpansand/.cpan/build/2020032820/Genezzo-0.72-0/blib/lib/Genezzo/Havok.pm line 10.
BEGIN failed--compilation aborted at /usr/home/cpansand/.cpan/build/2020032820/Genezzo-0.72-0/blib/lib/Genezzo/Havok.pm line 10.
Compilation failed in require at t/GSysHook1.t line 74.
BEGIN failed--compilation aborted at t/GSysHook1.t line 74.
# Looks like your test exited with 255 just after 1.
t/GSysHook1.t ..
Dubious, test returned 255 (wstat 65280, 0xff00)
Failed 14/14 subtests
# Failed test 'use Genezzo::GenDBI;'
# at t/GSysHook2.t line 18.
# Tried to use 'Genezzo::GenDBI'.
# Error: syntax error at /usr/home/cpansand/.cpan/build/2020032820/Genezzo-0.72-0/blib/lib/Genezzo/Tablespace.pm line 603, near "$tname qw(_tspace _tsfiles _tab1 _col1 allfileused)"
# Global symbol "$tname" requires explicit package name (did you forget to declare "my $tname"?) at /usr/home/cpansand/.cpan/build/2020032820/Genezzo-0.72-0/blib/lib/Genezzo/Tablespace.pm line 605.
# Global symbol "$self" requires explicit package name (did you forget to declare "my $self"?) at /usr/home/cpansand/.cpan/build/2020032820/Genezzo-0.72-0/blib/lib/Genezzo/Tablespace.pm line 608.
# Global symbol "$tname" requires explicit package name (did you forget to declare "my $tname"?) at /usr/home/cpansand/.cpan/build/2020032820/Genezzo-0.72-0/blib/lib/Genezzo/Tablespace.pm line 608.
# Global symbol "$preload" requires explicit package name (did you forget to declare "my $preload"?) at /usr/home/cpansand/.cpan/build/2020032820/Genezzo-0.72-0/blib/lib/Genezzo/Tablespace.pm line 614.
# Global symbol "$self" requires explicit package name (did you forget to declare "my $self"?) at /usr/home/cpansand/.cpan/build/2020032820/Genezzo-0.72-0/blib/lib/Genezzo/Tablespace.pm line 616.
# Global symbol "$tname" requires explicit package name (did you forget to declare "my $tname"?) at /usr/home/cpansand/.cpan/build/2020032820/Genezzo-0.72-0/blib/lib/Genezzo/Tablespace.pm line 616.
# Global symbol "$self" requires explicit package name (did you forget to declare "my $self"?) at /usr/home/cpansand/.cpan/build/2020032820/Genezzo-0.72-0/blib/lib/Genezzo/Tablespace.pm line 617.
# Global symbol "$tname" requires explicit package name (did you forget to declare "my $tname"?) at /usr/home/cpansand/.cpan/build/2020032820/Genezzo-0.72-0/blib/lib/Genezzo/Tablespace.pm line 617.
# syntax error at /usr/home/cpansand/.cpan/build/2020032820/Genezzo-0.72-0/blib/lib/Genezzo/Tablespace.pm line 620, near "}"
# /usr/home/cpansand/.cpan/build/2020032820/Genezzo-0.72-0/blib/lib/Genezzo/Tablespace.pm has too many errors.
# Compilation failed in require at /usr/home/cpansand/.cpan/build/2020032820/Genezzo-0.72-0/blib/lib/Genezzo/Dict.pm line 15.
# BEGIN failed--compilation aborted at /usr/home/cpansand/.cpan/build/2020032820/Genezzo-0.72-0/blib/lib/Genezzo/Dict.pm line 15.
# Compilation failed in require at /usr/home/cpansand/.cpan/build/2020032820/Genezzo-0.72-0/blib/lib/Genezzo/GenDBI.pm line 21.
# BEGIN failed--compilation aborted at /usr/home/cpansand/.cpan/build/2020032820/Genezzo-0.72-0/blib/lib/Genezzo/GenDBI.pm line 21.
# Compilation failed in require at t/GSysHook2.t line 18.
# BEGIN failed--compilation aborted at t/GSysHook2.t line 18.
Attempt to reload Genezzo/Dict.pm aborted.
Compilation failed in require at /usr/home/cpansand/.cpan/build/2020032820/Genezzo-0.72-0/blib/lib/Genezzo/Havok.pm line 10.
BEGIN failed--compilation aborted at /usr/home/cpansand/.cpan/build/2020032820/Genezzo-0.72-0/blib/lib/Genezzo/Havok.pm line 10.
Compilation failed in require at t/GSysHook2.t line 51.
BEGIN failed--compilation aborted at t/GSysHook2.t line 51.
# Looks like your test exited with 255 just after 1.
t/GSysHook2.t ..
Dubious, test returned 255 (wstat 65280, 0xff00)
Failed 4/4 subtests
syntax error at /usr/home/cpansand/.cpan/build/2020032820/Genezzo-0.72-0/blib/lib/Genezzo/Tablespace.pm line 603, near "$tname qw(_tspace _tsfiles _tab1 _col1 allfileused)"
Global symbol "$tname" requires explicit package name (did you forget to declare "my $tname"?) at /usr/home/cpansand/.cpan/build/2020032820/Genezzo-0.72-0/blib/lib/Genezzo/Tablespace.pm line 605.
Global symbol "$self" requires explicit package name (did you forget to declare "my $self"?) at /usr/home/cpansand/.cpan/build/2020032820/Genezzo-0.72-0/blib/lib/Genezzo/Tablespace.pm line 608.
Global symbol "$tname" requires explicit package name (did you forget to declare "my $tname"?) at /usr/home/cpansand/.cpan/build/2020032820/Genezzo-0.72-0/blib/lib/Genezzo/Tablespace.pm line 608.
Global symbol "$preload" requires explicit package name (did you forget to declare "my $preload"?) at /usr/home/cpansand/.cpan/build/2020032820/Genezzo-0.72-0/blib/lib/Genezzo/Tablespace.pm line 614.
Global symbol "$self" requires explicit package name (did you forget to declare "my $self"?) at /usr/home/cpansand/.cpan/build/2020032820/Genezzo-0.72-0/blib/lib/Genezzo/Tablespace.pm line 616.
Global symbol "$tname" requires explicit package name (did you forget to declare "my $tname"?) at /usr/home/cpansand/.cpan/build/2020032820/Genezzo-0.72-0/blib/lib/Genezzo/Tablespace.pm line 616.
Global symbol "$self" requires explicit package name (did you forget to declare "my $self"?) at /usr/home/cpansand/.cpan/build/2020032820/Genezzo-0.72-0/blib/lib/Genezzo/Tablespace.pm line 617.
Global symbol "$tname" requires explicit package name (did you forget to declare "my $tname"?) at /usr/home/cpansand/.cpan/build/2020032820/Genezzo-0.72-0/blib/lib/Genezzo/Tablespace.pm line 617.
syntax error at /usr/home/cpansand/.cpan/build/2020032820/Genezzo-0.72-0/blib/lib/Genezzo/Tablespace.pm line 620, near "}"
/usr/home/cpansand/.cpan/build/2020032820/Genezzo-0.72-0/blib/lib/Genezzo/Tablespace.pm has too many errors.
Compilation failed in require at /usr/home/cpansand/.cpan/build/2020032820/Genezzo-0.72-0/blib/lib/Genezzo/Dict.pm line 15.
BEGIN failed--compilation aborted at /usr/home/cpansand/.cpan/build/2020032820/Genezzo-0.72-0/blib/lib/Genezzo/Dict.pm line 15.
Compilation failed in require at /usr/home/cpansand/.cpan/build/2020032820/Genezzo-0.72-0/blib/lib/Genezzo/GenDBI.pm line 21.
BEGIN failed--compilation aborted at /usr/home/cpansand/.cpan/build/2020032820/Genezzo-0.72-0/blib/lib/Genezzo/GenDBI.pm line 21.
Compilation failed in require at t/Havok1.t line 13.
BEGIN failed--compilation aborted at t/Havok1.t line 13.
t/Havok1.t .....
Dubious, test returned 255 (wstat 65280, 0xff00)
Failed 26/26 subtests
syntax error at /usr/home/cpansand/.cpan/build/2020032820/Genezzo-0.72-0/blib/lib/Genezzo/Tablespace.pm line 603, near "$tname qw(_tspace _tsfiles _tab1 _col1 allfileused)"
Global symbol "$tname" requires explicit package name (did you forget to declare "my $tname"?) at /usr/home/cpansand/.cpan/build/2020032820/Genezzo-0.72-0/blib/lib/Genezzo/Tablespace.pm line 605.
Global symbol "$self" requires explicit package name (did you forget to declare "my $self"?) at /usr/home/cpansand/.cpan/build/2020032820/Genezzo-0.72-0/blib/lib/Genezzo/Tablespace.pm line 608.
Global symbol "$tname" requires explicit package name (did you forget to declare "my $tname"?) at /usr/home/cpansand/.cpan/build/2020032820/Genezzo-0.72-0/blib/lib/Genezzo/Tablespace.pm line 608.
Global symbol "$preload" requires explicit package name (did you forget to declare "my $preload"?) at /usr/home/cpansand/.cpan/build/2020032820/Genezzo-0.72-0/blib/lib/Genezzo/Tablespace.pm line 614.
Global symbol "$self" requires explicit package name (did you forget to declare "my $self"?) at /usr/home/cpansand/.cpan/build/2020032820/Genezzo-0.72-0/blib/lib/Genezzo/Tablespace.pm line 616.
Global symbol "$tname" requires explicit package name (did you forget to declare "my $tname"?) at /usr/home/cpansand/.cpan/build/2020032820/Genezzo-0.72-0/blib/lib/Genezzo/Tablespace.pm line 616.
Global symbol "$self" requires explicit package name (did you forget to declare "my $self"?) at /usr/home/cpansand/.cpan/build/2020032820/Genezzo-0.72-0/blib/lib/Genezzo/Tablespace.pm line 617.
Global symbol "$tname" requires explicit package name (did you forget to declare "my $tname"?) at /usr/home/cpansand/.cpan/build/2020032820/Genezzo-0.72-0/blib/lib/Genezzo/Tablespace.pm line 617.
syntax error at /usr/home/cpansand/.cpan/build/2020032820/Genezzo-0.72-0/blib/lib/Genezzo/Tablespace.pm line 620, near "}"
/usr/home/cpansand/.cpan/build/2020032820/Genezzo-0.72-0/blib/lib/Genezzo/Tablespace.pm has too many errors.
Compilation failed in require at /usr/home/cpansand/.cpan/build/2020032820/Genezzo-0.72-0/blib/lib/Genezzo/Dict.pm line 15.
BEGIN failed--compilation aborted at /usr/home/cpansand/.cpan/build/2020032820/Genezzo-0.72-0/blib/lib/Genezzo/Dict.pm line 15.
Compilation failed in require at /usr/home/cpansand/.cpan/build/2020032820/Genezzo-0.72-0/blib/lib/Genezzo/GenDBI.pm line 21.
BEGIN failed--compilation aborted at /usr/home/cpansand/.cpan/build/2020032820/Genezzo-0.72-0/blib/lib/Genezzo/GenDBI.pm line 21.
Compilation failed in require at t/Index1.t line 13.
BEGIN failed--compilation aborted at t/Index1.t line 13.
t/Index1.t .....
Dubious, test returned 255 (wstat 65280, 0xff00)
Failed 20/20 subtests
syntax error at /usr/home/cpansand/.cpan/build/2020032820/Genezzo-0.72-0/blib/lib/Genezzo/Tablespace.pm line 603, near "$tname qw(_tspace _tsfiles _tab1 _col1 allfileused)"
Global symbol "$tname" requires explicit package name (did you forget to declare "my $tname"?) at /usr/home/cpansand/.cpan/build/2020032820/Genezzo-0.72-0/blib/lib/Genezzo/Tablespace.pm line 605.
Global symbol "$self" requires explicit package name (did you forget to declare "my $self"?) at /usr/home/cpansand/.cpan/build/2020032820/Genezzo-0.72-0/blib/lib/Genezzo/Tablespace.pm line 608.
Global symbol "$tname" requires explicit package name (did you forget to declare "my $tname"?) at /usr/home/cpansand/.cpan/build/2020032820/Genezzo-0.72-0/blib/lib/Genezzo/Tablespace.pm line 608.
Global symbol "$preload" requires explicit package name (did you forget to declare "my $preload"?) at /usr/home/cpansand/.cpan/build/2020032820/Genezzo-0.72-0/blib/lib/Genezzo/Tablespace.pm line 614.
Global symbol "$self" requires explicit package name (did you forget to declare "my $self"?) at /usr/home/cpansand/.cpan/build/2020032820/Genezzo-0.72-0/blib/lib/Genezzo/Tablespace.pm line 616.
Global symbol "$tname" requires explicit package name (did you forget to declare "my $tname"?) at /usr/home/cpansand/.cpan/build/2020032820/Genezzo-0.72-0/blib/lib/Genezzo/Tablespace.pm line 616.
Global symbol "$self" requires explicit package name (did you forget to declare "my $self"?) at /usr/home/cpansand/.cpan/build/2020032820/Genezzo-0.72-0/blib/lib/Genezzo/Tablespace.pm line 617.
Global symbol "$tname" requires explicit package name (did you forget to declare "my $tname"?) at /usr/home/cpansand/.cpan/build/2020032820/Genezzo-0.72-0/blib/lib/Genezzo/Tablespace.pm line 617.
syntax error at /usr/home/cpansand/.cpan/build/2020032820/Genezzo-0.72-0/blib/lib/Genezzo/Tablespace.pm line 620, near "}"
/usr/home/cpansand/.cpan/build/2020032820/Genezzo-0.72-0/blib/lib/Genezzo/Tablespace.pm has too many errors.
Compilation failed in require at /usr/home/cpansand/.cpan/build/2020032820/Genezzo-0.72-0/blib/lib/Genezzo/Dict.pm line 15.
BEGIN failed--compilation aborted at /usr/home/cpansand/.cpan/build/2020032820/Genezzo-0.72-0/blib/lib/Genezzo/Dict.pm line 15.
Compilation failed in require at /usr/home/cpansand/.cpan/build/2020032820/Genezzo-0.72-0/blib/lib/Genezzo/GenDBI.pm line 21.
BEGIN failed--compilation aborted at /usr/home/cpansand/.cpan/build/2020032820/Genezzo-0.72-0/blib/lib/Genezzo/GenDBI.pm line 21.
Compilation failed in require at t/Index2.t line 13.
BEGIN failed--compilation aborted at t/Index2.t line 13.
t/Index2.t .....
Dubious, test returned 255 (wstat 65280, 0xff00)
Failed 10/10 subtests
syntax error at /usr/home/cpansand/.cpan/build/2020032820/Genezzo-0.72-0/blib/lib/Genezzo/Tablespace.pm line 603, near "$tname qw(_tspace _tsfiles _tab1 _col1 allfileused)"
Global symbol "$tname" requires explicit package name (did you forget to declare "my $tname"?) at /usr/home/cpansand/.cpan/build/2020032820/Genezzo-0.72-0/blib/lib/Genezzo/Tablespace.pm line 605.
Global symbol "$self" requires explicit package name (did you forget to declare "my $self"?) at /usr/home/cpansand/.cpan/build/2020032820/Genezzo-0.72-0/blib/lib/Genezzo/Tablespace.pm line 608.
Global symbol "$tname" requires explicit package name (did you forget to declare "my $tname"?) at /usr/home/cpansand/.cpan/build/2020032820/Genezzo-0.72-0/blib/lib/Genezzo/Tablespace.pm line 608.
Global symbol "$preload" requires explicit package name (did you forget to declare "my $preload"?) at /usr/home/cpansand/.cpan/build/2020032820/Genezzo-0.72-0/blib/lib/Genezzo/Tablespace.pm line 614.
Global symbol "$self" requires explicit package name (did you forget to declare "my $self"?) at /usr/home/cpansand/.cpan/build/2020032820/Genezzo-0.72-0/blib/lib/Genezzo/Tablespace.pm line 616.
Global symbol "$tname" requires explicit package name (did you forget to declare "my $tname"?) at /usr/home/cpansand/.cpan/build/2020032820/Genezzo-0.72-0/blib/lib/Genezzo/Tablespace.pm line 616.
Global symbol "$self" requires explicit package name (did you forget to declare "my $self"?) at /usr/home/cpansand/.cpan/build/2020032820/Genezzo-0.72-0/blib/lib/Genezzo/Tablespace.pm line 617.
Global symbol "$tname" requires explicit package name (did you forget to declare "my $tname"?) at /usr/home/cpansand/.cpan/build/2020032820/Genezzo-0.72-0/blib/lib/Genezzo/Tablespace.pm line 617.
syntax error at /usr/home/cpansand/.cpan/build/2020032820/Genezzo-0.72-0/blib/lib/Genezzo/Tablespace.pm line 620, near "}"
/usr/home/cpansand/.cpan/build/2020032820/Genezzo-0.72-0/blib/lib/Genezzo/Tablespace.pm has too many errors.
Compilation failed in require at /usr/home/cpansand/.cpan/build/2020032820/Genezzo-0.72-0/blib/lib/Genezzo/Dict.pm line 15.
BEGIN failed--compilation aborted at /usr/home/cpansand/.cpan/build/2020032820/Genezzo-0.72-0/blib/lib/Genezzo/Dict.pm line 15.
Compilation failed in require at /usr/home/cpansand/.cpan/build/2020032820/Genezzo-0.72-0/blib/lib/Genezzo/GenDBI.pm line 21.
BEGIN failed--compilation aborted at /usr/home/cpansand/.cpan/build/2020032820/Genezzo-0.72-0/blib/lib/Genezzo/GenDBI.pm line 21.
Compilation failed in require at t/Index3.t line 13.
BEGIN failed--compilation aborted at t/Index3.t line 13.
t/Index3.t .....
Dubious, test returned 255 (wstat 65280, 0xff00)
Failed 23/23 subtests
syntax error at /usr/home/cpansand/.cpan/build/2020032820/Genezzo-0.72-0/blib/lib/Genezzo/Tablespace.pm line 603, near "$tname qw(_tspace _tsfiles _tab1 _col1 allfileused)"
Global symbol "$tname" requires explicit package name (did you forget to declare "my $tname"?) at /usr/home/cpansand/.cpan/build/2020032820/Genezzo-0.72-0/blib/lib/Genezzo/Tablespace.pm line 605.
Global symbol "$self" requires explicit package name (did you forget to declare "my $self"?) at /usr/home/cpansand/.cpan/build/2020032820/Genezzo-0.72-0/blib/lib/Genezzo/Tablespace.pm line 608.
Global symbol "$tname" requires explicit package name (did you forget to declare "my $tname"?) at /usr/home/cpansand/.cpan/build/2020032820/Genezzo-0.72-0/blib/lib/Genezzo/Tablespace.pm line 608.
Global symbol "$preload" requires explicit package name (did you forget to declare "my $preload"?) at /usr/home/cpansand/.cpan/build/2020032820/Genezzo-0.72-0/blib/lib/Genezzo/Tablespace.pm line 614.
Global symbol "$self" requires explicit package name (did you forget to declare "my $self"?) at /usr/home/cpansand/.cpan/build/2020032820/Genezzo-0.72-0/blib/lib/Genezzo/Tablespace.pm line 616.
Global symbol "$tname" requires explicit package name (did you forget to declare "my $tname"?) at /usr/home/cpansand/.cpan/build/2020032820/Genezzo-0.72-0/blib/lib/Genezzo/Tablespace.pm line 616.
Global symbol "$self" requires explicit package name (did you forget to declare "my $self"?) at /usr/home/cpansand/.cpan/build/2020032820/Genezzo-0.72-0/blib/lib/Genezzo/Tablespace.pm line 617.
Global symbol "$tname" requires explicit package name (did you forget to declare "my $tname"?) at /usr/home/cpansand/.cpan/build/2020032820/Genezzo-0.72-0/blib/lib/Genezzo/Tablespace.pm line 617.
syntax error at /usr/home/cpansand/.cpan/build/2020032820/Genezzo-0.72-0/blib/lib/Genezzo/Tablespace.pm line 620, near "}"
/usr/home/cpansand/.cpan/build/2020032820/Genezzo-0.72-0/blib/lib/Genezzo/Tablespace.pm has too many errors.
Compilation failed in require at /usr/home/cpansand/.cpan/build/2020032820/Genezzo-0.72-0/blib/lib/Genezzo/Dict.pm line 15.
BEGIN failed--compilation aborted at /usr/home/cpansand/.cpan/build/2020032820/Genezzo-0.72-0/blib/lib/Genezzo/Dict.pm line 15.
Compilation failed in require at /usr/home/cpansand/.cpan/build/2020032820/Genezzo-0.72-0/blib/lib/Genezzo/GenDBI.pm line 21.
BEGIN failed--compilation aborted at /usr/home/cpansand/.cpan/build/2020032820/Genezzo-0.72-0/blib/lib/Genezzo/GenDBI.pm line 21.
Compilation failed in require at t/Join1.t line 13.
BEGIN failed--compilation aborted at t/Join1.t line 13.
t/Join1.t ......
Dubious, test returned 255 (wstat 65280, 0xff00)
Failed 10/10 subtests
syntax error at /usr/home/cpansand/.cpan/build/2020032820/Genezzo-0.72-0/blib/lib/Genezzo/Tablespace.pm line 603, near "$tname qw(_tspace _tsfiles _tab1 _col1 allfileused)"
Global symbol "$tname" requires explicit package name (did you forget to declare "my $tname"?) at /usr/home/cpansand/.cpan/build/2020032820/Genezzo-0.72-0/blib/lib/Genezzo/Tablespace.pm line 605.
Global symbol "$self" requires explicit package name (did you forget to declare "my $self"?) at /usr/home/cpansand/.cpan/build/2020032820/Genezzo-0.72-0/blib/lib/Genezzo/Tablespace.pm line 608.
Global symbol "$tname" requires explicit package name (did you forget to declare "my $tname"?) at /usr/home/cpansand/.cpan/build/2020032820/Genezzo-0.72-0/blib/lib/Genezzo/Tablespace.pm line 608.
Global symbol "$preload" requires explicit package name (did you forget to declare "my $preload"?) at /usr/home/cpansand/.cpan/build/2020032820/Genezzo-0.72-0/blib/lib/Genezzo/Tablespace.pm line 614.
Global symbol "$self" requires explicit package name (did you forget to declare "my $self"?) at /usr/home/cpansand/.cpan/build/2020032820/Genezzo-0.72-0/blib/lib/Genezzo/Tablespace.pm line 616.
Global symbol "$tname" requires explicit package name (did you forget to declare "my $tname"?) at /usr/home/cpansand/.cpan/build/2020032820/Genezzo-0.72-0/blib/lib/Genezzo/Tablespace.pm line 616.
Global symbol "$self" requires explicit package name (did you forget to declare "my $self"?) at /usr/home/cpansand/.cpan/build/2020032820/Genezzo-0.72-0/blib/lib/Genezzo/Tablespace.pm line 617.
Global symbol "$tname" requires explicit package name (did you forget to declare "my $tname"?) at /usr/home/cpansand/.cpan/build/2020032820/Genezzo-0.72-0/blib/lib/Genezzo/Tablespace.pm line 617.
syntax error at /usr/home/cpansand/.cpan/build/2020032820/Genezzo-0.72-0/blib/lib/Genezzo/Tablespace.pm line 620, near "}"
/usr/home/cpansand/.cpan/build/2020032820/Genezzo-0.72-0/blib/lib/Genezzo/Tablespace.pm has too many errors.
Compilation failed in require at /usr/home/cpansand/.cpan/build/2020032820/Genezzo-0.72-0/blib/lib/Genezzo/Dict.pm line 15.
BEGIN failed--compilation aborted at /usr/home/cpansand/.cpan/build/2020032820/Genezzo-0.72-0/blib/lib/Genezzo/Dict.pm line 15.
Compilation failed in require at /usr/home/cpansand/.cpan/build/2020032820/Genezzo-0.72-0/blib/lib/Genezzo/GenDBI.pm line 21.
BEGIN failed--compilation aborted at /usr/home/cpansand/.cpan/build/2020032820/Genezzo-0.72-0/blib/lib/Genezzo/GenDBI.pm line 21.
Compilation failed in require at t/Prefs1.t line 13.
BEGIN failed--compilation aborted at t/Prefs1.t line 13.
t/Prefs1.t .....
Dubious, test returned 255 (wstat 65280, 0xff00)
Failed 23/23 subtests
syntax error at /usr/home/cpansand/.cpan/build/2020032820/Genezzo-0.72-0/blib/lib/Genezzo/Tablespace.pm line 603, near "$tname qw(_tspace _tsfiles _tab1 _col1 allfileused)"
Global symbol "$tname" requires explicit package name (did you forget to declare "my $tname"?) at /usr/home/cpansand/.cpan/build/2020032820/Genezzo-0.72-0/blib/lib/Genezzo/Tablespace.pm line 605.
Global symbol "$self" requires explicit package name (did you forget to declare "my $self"?) at /usr/home/cpansand/.cpan/build/2020032820/Genezzo-0.72-0/blib/lib/Genezzo/Tablespace.pm line 608.
Global symbol "$tname" requires explicit package name (did you forget to declare "my $tname"?) at /usr/home/cpansand/.cpan/build/2020032820/Genezzo-0.72-0/blib/lib/Genezzo/Tablespace.pm line 608.
Global symbol "$preload" requires explicit package name (did you forget to declare "my $preload"?) at /usr/home/cpansand/.cpan/build/2020032820/Genezzo-0.72-0/blib/lib/Genezzo/Tablespace.pm line 614.
Global symbol "$self" requires explicit package name (did you forget to declare "my $self"?) at /usr/home/cpansand/.cpan/build/2020032820/Genezzo-0.72-0/blib/lib/Genezzo/Tablespace.pm line 616.
Global symbol "$tname" requires explicit package name (did you forget to declare "my $tname"?) at /usr/home/cpansand/.cpan/build/2020032820/Genezzo-0.72-0/blib/lib/Genezzo/Tablespace.pm line 616.
Global symbol "$self" requires explicit package name (did you forget to declare "my $self"?) at /usr/home/cpansand/.cpan/build/2020032820/Genezzo-0.72-0/blib/lib/Genezzo/Tablespace.pm line 617.
Global symbol "$tname" requires explicit package name (did you forget to declare "my $tname"?) at /usr/home/cpansand/.cpan/build/2020032820/Genezzo-0.72-0/blib/lib/Genezzo/Tablespace.pm line 617.
syntax error at /usr/home/cpansand/.cpan/build/2020032820/Genezzo-0.72-0/blib/lib/Genezzo/Tablespace.pm line 620, near "}"
/usr/home/cpansand/.cpan/build/2020032820/Genezzo-0.72-0/blib/lib/Genezzo/Tablespace.pm has too many errors.
Compilation failed in require at /usr/home/cpansand/.cpan/build/2020032820/Genezzo-0.72-0/blib/lib/Genezzo/Dict.pm line 15.
BEGIN failed--compilation aborted at /usr/home/cpansand/.cpan/build/2020032820/Genezzo-0.72-0/blib/lib/Genezzo/Dict.pm line 15.
Compilation failed in require at /usr/home/cpansand/.cpan/build/2020032820/Genezzo-0.72-0/blib/lib/Genezzo/GenDBI.pm line 21.
BEGIN failed--compilation aborted at /usr/home/cpansand/.cpan/build/2020032820/Genezzo-0.72-0/blib/lib/Genezzo/GenDBI.pm line 21.
Compilation failed in require at t/PTPrep1.t line 13.
BEGIN failed--compilation aborted at t/PTPrep1.t line 13.
t/PTPrep1.t ....
Dubious, test returned 255 (wstat 65280, 0xff00)
Failed 29/29 subtests
"my" variable $phclass masks earlier declaration in same statement at t/PushHash1.t line 177.
"my" variable $insert_num masks earlier declaration in same scope at t/PushHash1.t line 187.
"my" variable $delete_num masks earlier declaration in same scope at t/PushHash1.t line 188.
"my" variable %td_hash masks earlier declaration in same scope at t/PushHash1.t line 190.
"my" variable %realhash masks earlier declaration in same scope at t/PushHash1.t line 192.
"my" variable $foo masks earlier declaration in same scope at t/PushHash1.t line 194.
"my" variable $tiehash masks earlier declaration in same scope at t/PushHash1.t line 196.
"my" variable $icnt masks earlier declaration in same scope at t/PushHash1.t line 202.
"my" variable @tempo1 masks earlier declaration in same scope at t/PushHash1.t line 203.
"my" variable @tempo2 masks earlier declaration in same scope at t/PushHash1.t line 203.
"my" variable $loopfail masks earlier declaration in same scope at t/PushHash1.t line 216.
"my" variable $phclass masks earlier declaration in same scope at t/PushHash1.t line 235.
"my" variable $insert_num masks earlier declaration in same scope at t/PushHash1.t line 245.
syntax error at t/PushHash1.t line 39, near ")"
(Might be a runaway multi-line () string starting on line 34)
Can't redeclare "my" in "my" at t/PushHash1.t line 45, near "my"
Global symbol "$phclass" requires explicit package name (did you forget to declare "my $phclass"?) at t/PushHash1.t line 54.
Global symbol "$phclass" requires explicit package name (did you forget to declare "my $phclass"?) at t/PushHash1.t line 136.
syntax error at t/PushHash1.t line 174, near "}"
Can't redeclare "my" in "my" at t/PushHash1.t line 187, near "my"
Can't redeclare "my" in "my" at t/PushHash1.t line 188, near "my"
syntax error at t/PushHash1.t line 232, near "}"
Can't redeclare "my" in "my" at t/PushHash1.t line 245, near "my"
Can't redeclare "my" in "my" at t/PushHash1.t line 247, near "my"
t/PushHash1.t has too many errors.
t/PushHash1.t ..
Dubious, test returned 255 (wstat 65280, 0xff00)
Failed 117/117 subtests
"my" variable $phclass masks earlier declaration in same statement at t/Row1.t line 177.
"my" variable $insert_num masks earlier declaration in same scope at t/Row1.t line 184.
"my" variable $delete_num masks earlier declaration in same scope at t/Row1.t line 185.
"my" variable $buff masks earlier declaration in same scope at t/Row1.t line 187.
"my" variable %td_hash masks earlier declaration in same scope at t/Row1.t line 188.
"my" variable $foo masks earlier declaration in same scope at t/Row1.t line 191.
"my" variable $tiehash masks earlier declaration in same scope at t/Row1.t line 193.
"my" variable $icnt masks earlier declaration in same scope at t/Row1.t line 200.
"my" variable @tempo1 masks earlier declaration in same scope at t/Row1.t line 201.
"my" variable @tempo2 masks earlier declaration in same scope at t/Row1.t line 201.
"my" variable $loopfail masks earlier declaration in same scope at t/Row1.t line 214.
"my" variable $phclass masks earlier declaration in same scope at t/Row1.t line 233.
"my" variable $insert_num masks earlier declaration in same scope at t/Row1.t line 240.
syntax error at t/Row1.t line 36, near ")"
(Might be a runaway multi-line () string starting on line 34)
Can't redeclare "my" in "my" at t/Row1.t line 44, near "my"
Global symbol "$phclass" requires explicit package name (did you forget to declare "my $phclass"?) at t/Row1.t line 53.
Global symbol "$phclass" requires explicit package name (did you forget to declare "my $phclass"?) at t/Row1.t line 136.
syntax error at t/Row1.t line 174, near "}"
Can't redeclare "my" in "my" at t/Row1.t line 184, near "my"
Can't redeclare "my" in "my" at t/Row1.t line 185, near "my"
syntax error at t/Row1.t line 230, near "}"
Can't redeclare "my" in "my" at t/Row1.t line 240, near "my"
Can't redeclare "my" in "my" at t/Row1.t line 242, near "my"
t/Row1.t has too many errors.
t/Row1.t .......
Dubious, test returned 255 (wstat 65280, 0xff00)
Failed 45/45 subtests
syntax error at /usr/home/cpansand/.cpan/build/2020032820/Genezzo-0.72-0/blib/lib/Genezzo/Tablespace.pm line 603, near "$tname qw(_tspace _tsfiles _tab1 _col1 allfileused)"
Global symbol "$tname" requires explicit package name (did you forget to declare "my $tname"?) at /usr/home/cpansand/.cpan/build/2020032820/Genezzo-0.72-0/blib/lib/Genezzo/Tablespace.pm line 605.
Global symbol "$self" requires explicit package name (did you forget to declare "my $self"?) at /usr/home/cpansand/.cpan/build/2020032820/Genezzo-0.72-0/blib/lib/Genezzo/Tablespace.pm line 608.
Global symbol "$tname" requires explicit package name (did you forget to declare "my $tname"?) at /usr/home/cpansand/.cpan/build/2020032820/Genezzo-0.72-0/blib/lib/Genezzo/Tablespace.pm line 608.
Global symbol "$preload" requires explicit package name (did you forget to declare "my $preload"?) at /usr/home/cpansand/.cpan/build/2020032820/Genezzo-0.72-0/blib/lib/Genezzo/Tablespace.pm line 614.
Global symbol "$self" requires explicit package name (did you forget to declare "my $self"?) at /usr/home/cpansand/.cpan/build/2020032820/Genezzo-0.72-0/blib/lib/Genezzo/Tablespace.pm line 616.
Global symbol "$tname" requires explicit package name (did you forget to declare "my $tname"?) at /usr/home/cpansand/.cpan/build/2020032820/Genezzo-0.72-0/blib/lib/Genezzo/Tablespace.pm line 616.
Global symbol "$self" requires explicit package name (did you forget to declare "my $self"?) at /usr/home/cpansand/.cpan/build/2020032820/Genezzo-0.72-0/blib/lib/Genezzo/Tablespace.pm line 617.
Global symbol "$tname" requires explicit package name (did you forget to declare "my $tname"?) at /usr/home/cpansand/.cpan/build/2020032820/Genezzo-0.72-0/blib/lib/Genezzo/Tablespace.pm line 617.
syntax error at /usr/home/cpansand/.cpan/build/2020032820/Genezzo-0.72-0/blib/lib/Genezzo/Tablespace.pm line 620, near "}"
/usr/home/cpansand/.cpan/build/2020032820/Genezzo-0.72-0/blib/lib/Genezzo/Tablespace.pm has too many errors.
Compilation failed in require at /usr/home/cpansand/.cpan/build/2020032820/Genezzo-0.72-0/blib/lib/Genezzo/Dict.pm line 15.
BEGIN failed--compilation aborted at /usr/home/cpansand/.cpan/build/2020032820/Genezzo-0.72-0/blib/lib/Genezzo/Dict.pm line 15.
Compilation failed in require at /usr/home/cpansand/.cpan/build/2020032820/Genezzo-0.72-0/blib/lib/Genezzo/GenDBI.pm line 21.
BEGIN failed--compilation aborted at /usr/home/cpansand/.cpan/build/2020032820/Genezzo-0.72-0/blib/lib/Genezzo/GenDBI.pm line 21.
Compilation failed in require at t/SQLTest1.t line 13.
BEGIN failed--compilation aborted at t/SQLTest1.t line 13.
t/SQLTest1.t ...
Dubious, test returned 255 (wstat 65280, 0xff00)
Failed 4/4 subtests
t/Util1.t ...... ok
Test Summary Report
-------------------
t/AAASetup1.t (Wstat: 65280 Tests: 1 Failed: 1)
Failed test: 1
Non-zero exit status: 255
Parse errors: Bad plan. You planned 2 tests but ran 1.
t/Cons1.t (Wstat: 65280 Tests: 1 Failed: 1)
Failed test: 1
Non-zero exit status: 255
Parse errors: Bad plan. You planned 21 tests but ran 1.
t/DBI1.t (Wstat: 65280 Tests: 1 Failed: 1)
Failed test: 1
Non-zero exit status: 255
Parse errors: Bad plan. You planned 48 tests but ran 1.
t/Feeble1.t (Wstat: 65280 Tests: 1 Failed: 1)
Failed test: 1
Non-zero exit status: 255
Parse errors: Bad plan. You planned 18 tests but ran 1.
t/Gnzo1.t (Wstat: 65280 Tests: 1 Failed: 1)
Failed test: 1
Non-zero exit status: 255
Parse errors: Bad plan. You planned 14 tests but ran 1.
t/Gnzo2.t (Wstat: 65280 Tests: 1 Failed: 1)
Failed test: 1
Non-zero exit status: 255
Parse errors: Bad plan. You planned 31 tests but ran 1.
t/Gnzo3.t (Wstat: 65280 Tests: 1 Failed: 1)
Failed test: 1
Non-zero exit status: 255
Parse errors: Bad plan. You planned 15 tests but ran 1.
t/GSysHook1.t (Wstat: 65280 Tests: 1 Failed: 1)
Failed test: 1
Non-zero exit status: 255
Parse errors: Bad plan. You planned 14 tests but ran 1.
t/GSysHook2.t (Wstat: 65280 Tests: 1 Failed: 1)
Failed test: 1
Non-zero exit status: 255
Parse errors: Bad plan. You planned 4 tests but ran 1.
t/Havok1.t (Wstat: 65280 Tests: 1 Failed: 1)
Failed test: 1
Non-zero exit status: 255
Parse errors: Bad plan. You planned 26 tests but ran 1.
t/Index1.t (Wstat: 65280 Tests: 1 Failed: 1)
Failed test: 1
Non-zero exit status: 255
Parse errors: Bad plan. You planned 20 tests but ran 1.
t/Index2.t (Wstat: 65280 Tests: 1 Failed: 1)
Failed test: 1
Non-zero exit status: 255
Parse errors: Bad plan. You planned 10 tests but ran 1.
t/Index3.t (Wstat: 65280 Tests: 1 Failed: 1)
Failed test: 1
Non-zero exit status: 255
Parse errors: Bad plan. You planned 23 tests but ran 1.
t/Join1.t (Wstat: 65280 Tests: 1 Failed: 1)
Failed test: 1
Non-zero exit status: 255
Parse errors: Bad plan. You planned 10 tests but ran 1.
t/Prefs1.t (Wstat: 65280 Tests: 1 Failed: 1)
Failed test: 1
Non-zero exit status: 255
Parse errors: Bad plan. You planned 23 tests but ran 1.
t/PTPrep1.t (Wstat: 65280 Tests: 1 Failed: 1)
Failed test: 1
Non-zero exit status: 255
Parse errors: Bad plan. You planned 29 tests but ran 1.
t/PushHash1.t (Wstat: 65280 Tests: 1 Failed: 1)
Failed test: 1
Non-zero exit status: 255
Parse errors: Bad plan. You planned 117 tests but ran 1.
t/Row1.t (Wstat: 65280 Tests: 1 Failed: 1)
Failed test: 1
Non-zero exit status: 255
Parse errors: Bad plan. You planned 45 tests but ran 1.
t/SQLTest1.t (Wstat: 65280 Tests: 1 Failed: 1)
Failed test: 1
Non-zero exit status: 255
Parse errors: Bad plan. You planned 4 tests but ran 1.
Files=25, Tests=1016, 10 wallclock secs ( 0.10 usr 0.06 sys + 6.47 cusr 1.22 csys = 7.85 CPU)
Result: FAIL
Failed 19/25 test programs. 19/1016 subtests failed.
*** Error code 255
Stop.
make: stopped in /usr/home/cpansand/.cpan/build/2020032820/Genezzo-0.72-0
------------------------------
PREREQUISITES
------------------------------
Prerequisite modules loaded:
requires:
Module Need Have
------------------- ---- --------
File::Compare 0.0 1.1006
File::Copy 0.0 2.34
File::Path 0.0 2.16
File::Spec 0.0 3.78
IO::Handle 0.0 1.42
Parse::RecDescent 1.94 1.967015
Term::ReadLine 0.0 1.17
Text::ParseWords 0.0 3.30
Text::Soundex 0.0 3.05
build_requires:
Module Need Have
------------------- ---- --------
ExtUtils::MakeMaker 0 7.44
------------------------------
ENVIRONMENT AND OTHER CONTEXT
------------------------------
Environment variables:
PATH = /usr/local/bin:/usr/bin:/bin:/usr/local/sbin:/usr/sbin:/sbin:/home/cpansand/bin/freebsd12.0:/home/cpansand/bin/sh:/home/cpansand/bin:/usr/games:/home/cpansand/devel:/usr/home/eserte/src/srezic-misc/scripts
PERL5LIB =
PERL5OPT =
PERL5_CPANPLUS_IS_RUNNING = 46200
PERL5_CPAN_IS_RUNNING = 46200
PERL5_CPAN_IS_RUNNING_IN_RECURSION = 5617,46200
PERLDOC = -MPod::Perldoc::ToTextOverstrike
PERL_BATCH = yes
PERL_CANARY_STABILITY_NOPROMPT = 1
PERL_CPAN_REPORTER_CONFIG = /var/tmp/cpansmoker-1023/2020032820/cpanreporter_001_config.ini
PERL_EXTUTILS_AUTOINSTALL = --defaultdeps
PERL_USE_UNSAFE_INC = 1
SHELL = /usr/local/bin/zsh
TERM = screen
TMPDIR = /var/tmp/cpansmoker-1023/2020032820
Perl special variables (and OS-specific diagnostics, for MSWin32):
$^X = /usr/perl5.30.2p/bin/perl
$UID/$EUID = 1023 / 1023
$GID = 1023 1023
$EGID = 1023 1023
Perl module toolchain versions installed:
Module Have
------------------- --------
CPAN 2.22
CPAN::Meta 2.150010
Cwd 3.78
ExtUtils::CBuilder 0.280231
ExtUtils::Command 7.44
ExtUtils::Install 2.14
ExtUtils::MakeMaker 7.44
ExtUtils::Manifest 1.72
ExtUtils::ParseXS 3.40
File::Spec 3.78
JSON 4.02
JSON::PP 4.04
Module::Build 0.4231
Module::Signature 0.83
Parse::CPAN::Meta 2.150010
Test::Harness 3.42
Test::More 1.302173
YAML 1.30
YAML::Syck 1.32
version 0.9924
--
Summary of my perl5 (revision 5 version 30 subversion 2) configuration:
Platform:
osname=freebsd
osvers=12.1-stable
archname=amd64-freebsd
uname='freebsd cloud1.bbbike.org 12.1-stable freebsd 12.1-stable 300cf9f9b89(stable12) generic amd64 '
config_args='-ds -e -Dprefix=/usr/perl5.30.2p -Dcf_email=srezic@cpan.org -Doptimize=-O2 -pipe'
hint=recommended
useposix=true
d_sigaction=define
useithreads=undef
usemultiplicity=undef
use64bitint=define
use64bitall=define
uselongdouble=undef
usemymalloc=n
default_inc_excludes_dot=define
bincompat5005=undef
Compiler:
cc='cc'
ccflags ='-DHAS_FPSETMASK -DHAS_FLOATINGPOINT_H -fno-strict-aliasing -pipe -fstack-protector-strong -I/usr/local/include'
optimize='-O2 -pipe'
cppflags='-DHAS_FPSETMASK -DHAS_FLOATINGPOINT_H -fno-strict-aliasing -pipe -fstack-protector-strong -I/usr/local/include'
ccversion=''
gccversion='FreeBSD Clang 9.0.1 (git@github.com:llvm/llvm-project.git c1a0a213378a458fbea1a5c77b315c7dce08fd05)'
gccosandvers=''
intsize=4
longsize=8
ptrsize=8
doublesize=8
byteorder=12345678
doublekind=3
d_longlong=define
longlongsize=8
d_longdbl=define
longdblsize=16
longdblkind=3
ivtype='long'
ivsize=8
nvtype='double'
nvsize=8
Off_t='off_t'
lseeksize=8
alignbytes=8
prototype=define
Linker and Libraries:
ld='cc'
ldflags ='-pthread -Wl,-E -fstack-protector-strong -L/usr/local/lib'
libpth=/usr/lib /usr/local/lib /usr/lib/clang/9.0.1/lib /usr/lib
libs=-lpthread -lgdbm -ldl -lm -lcrypt -lutil -lc
perllibs=-lpthread -ldl -lm -lcrypt -lutil -lc
libc=
so=so
useshrplib=false
libperl=libperl.a
gnulibc_version=''
Dynamic Linking:
dlsrc=dl_dlopen.xs
dlext=so
d_dlsymun=undef
ccdlflags=' '
cccdlflags='-DPIC -fPIC'
lddlflags='-shared -L/usr/local/lib -fstack-protector-strong'
Characteristics of this binary (from libperl):
Compile-time options:
HAS_TIMES
PERLIO_LAYERS
PERL_COPY_ON_WRITE
PERL_DONT_CREATE_GVSV
PERL_MALLOC_WRAP
PERL_OP_PARENT
PERL_PRESERVE_IVUV
USE_64_BIT_ALL
USE_64_BIT_INT
USE_LARGE_FILES
USE_LOCALE
USE_LOCALE_COLLATE
USE_LOCALE_CTYPE
USE_LOCALE_NUMERIC
USE_LOCALE_TIME
USE_PERLIO
USE_PERL_ATOF
Built under freebsd
Compiled at Mar 14 2020 21:35:07
%ENV:
PERL5LIB=""
PERL5OPT=""
PERL5_CPANPLUS_IS_RUNNING="46200"
PERL5_CPAN_IS_RUNNING="46200"
PERL5_CPAN_IS_RUNNING_IN_RECURSION="5617,46200"
PERLDOC="-MPod::Perldoc::ToTextOverstrike"
PERL_BATCH="yes"
PERL_CANARY_STABILITY_NOPROMPT="1"
PERL_CPAN_REPORTER_CONFIG="/var/tmp/cpansmoker-1023/2020032820/cpanreporter_001_config.ini"
PERL_EXTUTILS_AUTOINSTALL="--defaultdeps"
PERL_USE_UNSAFE_INC="1"
@INC:
/usr/perl5.30.2p/lib/site_perl/5.30.2/amd64-freebsd
/usr/perl5.30.2p/lib/site_perl/5.30.2
/usr/perl5.30.2p/lib/5.30.2/amd64-freebsd
/usr/perl5.30.2p/lib/5.30.2
.