Report for Fey-ORM-0.38

Back
From: metabase:user:30ae4450-2aae-11df-837a-5e0a49663a4f
Subject: FAIL Fey-ORM-0.38 v5.16.1 
Date: 2013-10-28T22:16:58Z

This distribution has been tested as part of the CPAN Testers
project, supporting the Perl programming language.  See
http://wiki.cpantesters.org/ for more information or email
questions to cpan-testers-discuss@perl.org


--
Dear Dave Rolsky,

This is a computer-generated report for Fey-ORM-0.38
on perl 5.16.1, created by CPAN-Reporter-1.2010_01.

Thank you for uploading your work to CPAN.  However, there was a problem
testing your distribution.

If you think this report is invalid, please consult the CPAN Testers Wiki
for suggestions on how to avoid getting FAIL reports for missing library
or binary dependencies, unsupported operating systems, and so on:

http://wiki.cpantesters.org/wiki/CPANAuthorNotes

Sections of this report:

    * Tester comments
    * Program output
    * Prerequisites
    * Environment and other context

------------------------------
TESTER COMMENTS
------------------------------

Additional comments from tester:

this report is from an automated smoke testing program
and was not reviewed by a human for accuracy

------------------------------
PROGRAM OUTPUT
------------------------------

Output from 'C:\strawberry5161\c\bin\dmake.exe test':

C:\strawberry5161\perl\bin\perl.exe "-MExtUtils::Command::MM" "-e" "test_harness(0, 'blib\lib', 'blib\arch')" t/*.t t/Class/*.t t/Object/*.t t/Object/Iterator/*.t t/Object/Iterator/FromSelect/*.t
Can't locate MooseX/StrictConstructor/Role/Meta/Method/Constructor.pm in @INC (@INC contains: t/lib C:\strawberry5161\cpan\build\Fey-ORM-0.38-ugV2P2\blib\lib C:\strawberry5161\cpan\build\Fey-ORM-0.38-ugV2P2\blib\arch C:/strawberry5161/perl/site/lib C:/strawberry5161/perl/vendor/lib C:/strawberry5161/perl/lib .) at C:/strawberry5161/perl/site/lib/Moose/Exporter.pm line 409.
Compilation failed in require at C:\strawberry5161\cpan\build\Fey-ORM-0.38-ugV2P2\blib\lib/Fey/Meta/Class/Table.pm line 21.
BEGIN failed--compilation aborted at C:\strawberry5161\cpan\build\Fey-ORM-0.38-ugV2P2\blib\lib/Fey/Meta/Class/Table.pm line 21.
Compilation failed in require at C:\strawberry5161\cpan\build\Fey-ORM-0.38-ugV2P2\blib\lib/Fey/Object/Schema.pm line 10.
BEGIN failed--compilation aborted at C:\strawberry5161\cpan\build\Fey-ORM-0.38-ugV2P2\blib\lib/Fey/Object/Schema.pm line 10.
Compilation failed in require at C:\strawberry5161\cpan\build\Fey-ORM-0.38-ugV2P2\blib\lib/Fey/ORM/Schema.pm line 11.
BEGIN failed--compilation aborted at C:\strawberry5161\cpan\build\Fey-ORM-0.38-ugV2P2\blib\lib/Fey/ORM/Schema.pm line 11.
Compilation failed in require at t/Class/Policy.t line 105.
BEGIN failed--compilation aborted at t/Class/Policy.t line 105.
t/Class/Policy.t ........................ 
Dubious, test returned 2 (wstat 512, 0x200)
No subtests run 
Can't locate MooseX/StrictConstructor/Role/Meta/Method/Constructor.pm in @INC (@INC contains: t/lib C:\strawberry5161\cpan\build\Fey-ORM-0.38-ugV2P2\blib\lib C:\strawberry5161\cpan\build\Fey-ORM-0.38-ugV2P2\blib\arch C:/strawberry5161/perl/site/lib C:/strawberry5161/perl/vendor/lib C:/strawberry5161/perl/lib .) at C:/strawberry5161/perl/site/lib/Moose/Exporter.pm line 409.
Compilation failed in require at C:\strawberry5161\cpan\build\Fey-ORM-0.38-ugV2P2\blib\lib/Fey/Meta/Class/Table.pm line 21.
BEGIN failed--compilation aborted at C:\strawberry5161\cpan\build\Fey-ORM-0.38-ugV2P2\blib\lib/Fey/Meta/Class/Table.pm line 21.
Compilation failed in require at C:\strawberry5161\cpan\build\Fey-ORM-0.38-ugV2P2\blib\lib/Fey/Object/Schema.pm line 10.
BEGIN failed--compilation aborted at C:\strawberry5161\cpan\build\Fey-ORM-0.38-ugV2P2\blib\lib/Fey/Object/Schema.pm line 10.
Compilation failed in require at C:\strawberry5161\cpan\build\Fey-ORM-0.38-ugV2P2\blib\lib/Fey/ORM/Schema.pm line 11.
BEGIN failed--compilation aborted at C:\strawberry5161\cpan\build\Fey-ORM-0.38-ugV2P2\blib\lib/Fey/ORM/Schema.pm line 11.
Compilation failed in require at t/Class/Schema.t line 16.
BEGIN failed--compilation aborted at t/Class/Schema.t line 16.
t/Class/Schema.t ........................ 
Dubious, test returned 2 (wstat 512, 0x200)
No subtests run 
Can't locate MooseX/StrictConstructor/Role/Meta/Method/Constructor.pm in @INC (@INC contains: t/lib C:\strawberry5161\cpan\build\Fey-ORM-0.38-ugV2P2\blib\lib C:\strawberry5161\cpan\build\Fey-ORM-0.38-ugV2P2\blib\arch C:/strawberry5161/perl/site/lib C:/strawberry5161/perl/vendor/lib C:/strawberry5161/perl/lib .) at C:/strawberry5161/perl/site/lib/Moose/Exporter.pm line 409.
Compilation failed in require at C:\strawberry5161\cpan\build\Fey-ORM-0.38-ugV2P2\blib\lib/Fey/Meta/Class/Table.pm line 21.
BEGIN failed--compilation aborted at C:\strawberry5161\cpan\build\Fey-ORM-0.38-ugV2P2\blib\lib/Fey/Meta/Class/Table.pm line 21.
Compilation failed in require at C:\strawberry5161\cpan\build\Fey-ORM-0.38-ugV2P2\blib\lib/Fey/Object/Schema.pm line 10.
BEGIN failed--compilation aborted at C:\strawberry5161\cpan\build\Fey-ORM-0.38-ugV2P2\blib\lib/Fey/Object/Schema.pm line 10.
Compilation failed in require at C:\strawberry5161\cpan\build\Fey-ORM-0.38-ugV2P2\blib\lib/Fey/ORM/Schema.pm line 11.
BEGIN failed--compilation aborted at C:\strawberry5161\cpan\build\Fey-ORM-0.38-ugV2P2\blib\lib/Fey/ORM/Schema.pm line 11.
Compilation failed in require at t/Class/Table-has_many.t line 17.
BEGIN failed--compilation aborted at t/Class/Table-has_many.t line 17.
t/Class/Table-has_many.t ................ 
Dubious, test returned 2 (wstat 512, 0x200)
No subtests run 
Can't locate MooseX/StrictConstructor/Role/Meta/Method/Constructor.pm in @INC (@INC contains: t/lib C:\strawberry5161\cpan\build\Fey-ORM-0.38-ugV2P2\blib\lib C:\strawberry5161\cpan\build\Fey-ORM-0.38-ugV2P2\blib\arch C:/strawberry5161/perl/site/lib C:/strawberry5161/perl/vendor/lib C:/strawberry5161/perl/lib .) at C:/strawberry5161/perl/site/lib/Moose/Exporter.pm line 409.
Compilation failed in require at C:\strawberry5161\cpan\build\Fey-ORM-0.38-ugV2P2\blib\lib/Fey/Meta/Class/Table.pm line 21.
BEGIN failed--compilation aborted at C:\strawberry5161\cpan\build\Fey-ORM-0.38-ugV2P2\blib\lib/Fey/Meta/Class/Table.pm line 21.
Compilation failed in require at C:\strawberry5161\cpan\build\Fey-ORM-0.38-ugV2P2\blib\lib/Fey/Object/Schema.pm line 10.
BEGIN failed--compilation aborted at C:\strawberry5161\cpan\build\Fey-ORM-0.38-ugV2P2\blib\lib/Fey/Object/Schema.pm line 10.
Compilation failed in require at C:\strawberry5161\cpan\build\Fey-ORM-0.38-ugV2P2\blib\lib/Fey/ORM/Schema.pm line 11.
BEGIN failed--compilation aborted at C:\strawberry5161\cpan\build\Fey-ORM-0.38-ugV2P2\blib\lib/Fey/ORM/Schema.pm line 11.
Compilation failed in require at t/Class/Table-has_one.t line 17.
BEGIN failed--compilation aborted at t/Class/Table-has_one.t line 17.
t/Class/Table-has_one.t ................. 
Dubious, test returned 2 (wstat 512, 0x200)
No subtests run 
Can't locate MooseX/StrictConstructor/Role/Meta/Method/Constructor.pm in @INC (@INC contains: t/lib C:\strawberry5161\cpan\build\Fey-ORM-0.38-ugV2P2\blib\lib C:\strawberry5161\cpan\build\Fey-ORM-0.38-ugV2P2\blib\arch C:/strawberry5161/perl/site/lib C:/strawberry5161/perl/vendor/lib C:/strawberry5161/perl/lib .) at C:/strawberry5161/perl/site/lib/Moose/Exporter.pm line 409.
Compilation failed in require at C:\strawberry5161\cpan\build\Fey-ORM-0.38-ugV2P2\blib\lib/Fey/Meta/Class/Table.pm line 21.
BEGIN failed--compilation aborted at C:\strawberry5161\cpan\build\Fey-ORM-0.38-ugV2P2\blib\lib/Fey/Meta/Class/Table.pm line 21.
Compilation failed in require at C:\strawberry5161\cpan\build\Fey-ORM-0.38-ugV2P2\blib\lib/Fey/ORM/Table.pm line 11.
BEGIN failed--compilation aborted at C:\strawberry5161\cpan\build\Fey-ORM-0.38-ugV2P2\blib\lib/Fey/ORM/Table.pm line 11.
Compilation failed in require at t/Class/Table.t line 15.
BEGIN failed--compilation aborted at t/Class/Table.t line 15.
t/Class/Table.t ......................... 
Dubious, test returned 2 (wstat 512, 0x200)
No subtests run 
Can't locate MooseX/StrictConstructor/Role/Meta/Method/Constructor.pm in @INC (@INC contains: t/lib C:\strawberry5161\cpan\build\Fey-ORM-0.38-ugV2P2\blib\lib C:\strawberry5161\cpan\build\Fey-ORM-0.38-ugV2P2\blib\arch C:/strawberry5161/perl/site/lib C:/strawberry5161/perl/vendor/lib C:/strawberry5161/perl/lib .) at C:/strawberry5161/perl/site/lib/Moose/Exporter.pm line 409.
Compilation failed in require at C:\strawberry5161\cpan\build\Fey-ORM-0.38-ugV2P2\blib\lib/Fey/Meta/Class/Table.pm line 21.
BEGIN failed--compilation aborted at C:\strawberry5161\cpan\build\Fey-ORM-0.38-ugV2P2\blib\lib/Fey/Meta/Class/Table.pm line 21.
Compilation failed in require at C:\strawberry5161\cpan\build\Fey-ORM-0.38-ugV2P2\blib\lib/Fey/Object/Schema.pm line 10.
BEGIN failed--compilation aborted at C:\strawberry5161\cpan\build\Fey-ORM-0.38-ugV2P2\blib\lib/Fey/Object/Schema.pm line 10.
Compilation failed in require at C:\strawberry5161\cpan\build\Fey-ORM-0.38-ugV2P2\blib\lib/Fey/ORM/Schema.pm line 11.
BEGIN failed--compilation aborted at C:\strawberry5161\cpan\build\Fey-ORM-0.38-ugV2P2\blib\lib/Fey/ORM/Schema.pm line 11.
Compilation failed in require at (eval 802) line 4.
BEGIN failed--compilation aborted at (eval 802) line 4.
cannot unlink file for C:\DOCUME~1\c\LOCALS~1\Temp\4dc3YIqm6p\test_fey.sqlite: Permission denied at C:/strawberry5161/perl/lib/File/Temp.pm line 902.
cannot remove directory for C:\DOCUME~1\c\LOCALS~1\Temp\4dc3YIqm6p: Directory not empty at C:/strawberry5161/perl/lib/File/Temp.pm line 902.
t/Object/Iterator/FromArray.t ........... 
Dubious, test returned 2 (wstat 512, 0x200)
No subtests run 
Can't locate MooseX/StrictConstructor/Role/Meta/Method/Constructor.pm in @INC (@INC contains: t/lib C:\strawberry5161\cpan\build\Fey-ORM-0.38-ugV2P2\blib\lib C:\strawberry5161\cpan\build\Fey-ORM-0.38-ugV2P2\blib\arch C:/strawberry5161/perl/site/lib C:/strawberry5161/perl/vendor/lib C:/strawberry5161/perl/lib .) at C:/strawberry5161/perl/site/lib/Moose/Exporter.pm line 409.
Compilation failed in require at C:\strawberry5161\cpan\build\Fey-ORM-0.38-ugV2P2\blib\lib/Fey/Meta/Class/Table.pm line 21.
BEGIN failed--compilation aborted at C:\strawberry5161\cpan\build\Fey-ORM-0.38-ugV2P2\blib\lib/Fey/Meta/Class/Table.pm line 21.
Compilation failed in require at C:\strawberry5161\cpan\build\Fey-ORM-0.38-ugV2P2\blib\lib/Fey/Object/Schema.pm line 10.
BEGIN failed--compilation aborted at C:\strawberry5161\cpan\build\Fey-ORM-0.38-ugV2P2\blib\lib/Fey/Object/Schema.pm line 10.
Compilation failed in require at C:\strawberry5161\cpan\build\Fey-ORM-0.38-ugV2P2\blib\lib/Fey/ORM/Schema.pm line 11.
BEGIN failed--compilation aborted at C:\strawberry5161\cpan\build\Fey-ORM-0.38-ugV2P2\blib\lib/Fey/ORM/Schema.pm line 11.
Compilation failed in require at (eval 789) line 4.
BEGIN failed--compilation aborted at (eval 789) line 4.
cannot unlink file for C:\DOCUME~1\c\LOCALS~1\Temp\qP2EmSjlLM\test_fey.sqlite: Permission denied at C:/strawberry5161/perl/lib/File/Temp.pm line 902.
cannot remove directory for C:\DOCUME~1\c\LOCALS~1\Temp\qP2EmSjlLM: Directory not empty at C:/strawberry5161/perl/lib/File/Temp.pm line 902.
t/Object/Iterator/FromSelect.t .......... 
Dubious, test returned 2 (wstat 512, 0x200)
No subtests run 
Can't locate MooseX/StrictConstructor/Role/Meta/Method/Constructor.pm in @INC (@INC contains: t/lib C:\strawberry5161\cpan\build\Fey-ORM-0.38-ugV2P2\blib\lib C:\strawberry5161\cpan\build\Fey-ORM-0.38-ugV2P2\blib\arch C:/strawberry5161/perl/site/lib C:/strawberry5161/perl/vendor/lib C:/strawberry5161/perl/lib .) at C:/strawberry5161/perl/site/lib/Moose/Exporter.pm line 409.
Compilation failed in require at C:\strawberry5161\cpan\build\Fey-ORM-0.38-ugV2P2\blib\lib/Fey/Meta/Class/Table.pm line 21.
BEGIN failed--compilation aborted at C:\strawberry5161\cpan\build\Fey-ORM-0.38-ugV2P2\blib\lib/Fey/Meta/Class/Table.pm line 21.
Compilation failed in require at C:\strawberry5161\cpan\build\Fey-ORM-0.38-ugV2P2\blib\lib/Fey/Object/Schema.pm line 10.
BEGIN failed--compilation aborted at C:\strawberry5161\cpan\build\Fey-ORM-0.38-ugV2P2\blib\lib/Fey/Object/Schema.pm line 10.
Compilation failed in require at C:\strawberry5161\cpan\build\Fey-ORM-0.38-ugV2P2\blib\lib/Fey/ORM/Schema.pm line 11.
BEGIN failed--compilation aborted at C:\strawberry5161\cpan\build\Fey-ORM-0.38-ugV2P2\blib\lib/Fey/ORM/Schema.pm line 11.
Compilation failed in require at (eval 801) line 4.
BEGIN failed--compilation aborted at (eval 801) line 4.
cannot unlink file for C:\DOCUME~1\c\LOCALS~1\Temp\_xD8VvCo1Z\test_fey.sqlite: Permission denied at C:/strawberry5161/perl/lib/File/Temp.pm line 902.
cannot remove directory for C:\DOCUME~1\c\LOCALS~1\Temp\_xD8VvCo1Z: Directory not empty at C:/strawberry5161/perl/lib/File/Temp.pm line 902.
t/Object/Iterator/FromSelect/Caching.t .. 
Dubious, test returned 2 (wstat 512, 0x200)
No subtests run 
Can't locate MooseX/StrictConstructor/Role/Meta/Method/Constructor.pm in @INC (@INC contains: t/lib C:\strawberry5161\cpan\build\Fey-ORM-0.38-ugV2P2\blib\lib C:\strawberry5161\cpan\build\Fey-ORM-0.38-ugV2P2\blib\arch C:/strawberry5161/perl/site/lib C:/strawberry5161/perl/vendor/lib C:/strawberry5161/perl/lib .) at C:/strawberry5161/perl/site/lib/Moose/Exporter.pm line 409.
Compilation failed in require at C:\strawberry5161\cpan\build\Fey-ORM-0.38-ugV2P2\blib\lib/Fey/Meta/Class/Table.pm line 21.
BEGIN failed--compilation aborted at C:\strawberry5161\cpan\build\Fey-ORM-0.38-ugV2P2\blib\lib/Fey/Meta/Class/Table.pm line 21.
Compilation failed in require at C:\strawberry5161\cpan\build\Fey-ORM-0.38-ugV2P2\blib\lib/Fey/Object/Schema.pm line 10.
BEGIN failed--compilation aborted at C:\strawberry5161\cpan\build\Fey-ORM-0.38-ugV2P2\blib\lib/Fey/Object/Schema.pm line 10.
Compilation failed in require at C:\strawberry5161\cpan\build\Fey-ORM-0.38-ugV2P2\blib\lib/Fey/ORM/Schema.pm line 11.
BEGIN failed--compilation aborted at C:\strawberry5161\cpan\build\Fey-ORM-0.38-ugV2P2\blib\lib/Fey/ORM/Schema.pm line 11.
Compilation failed in require at (eval 748) line 4.
BEGIN failed--compilation aborted at (eval 748) line 4.
cannot unlink file for C:\DOCUME~1\c\LOCALS~1\Temp\0tY3C3FdI8\test_fey.sqlite: Permission denied at C:/strawberry5161/perl/lib/File/Temp.pm line 902.
cannot remove directory for C:\DOCUME~1\c\LOCALS~1\Temp\0tY3C3FdI8: Directory not empty at C:/strawberry5161/perl/lib/File/Temp.pm line 902.
t/Object/Schema.t ....................... 
Dubious, test returned 2 (wstat 512, 0x200)
No subtests run 
Can't locate MooseX/StrictConstructor/Role/Meta/Method/Constructor.pm in @INC (@INC contains: t/lib C:\strawberry5161\cpan\build\Fey-ORM-0.38-ugV2P2\blib\lib C:\strawberry5161\cpan\build\Fey-ORM-0.38-ugV2P2\blib\arch C:/strawberry5161/perl/site/lib C:/strawberry5161/perl/vendor/lib C:/strawberry5161/perl/lib .) at C:/strawberry5161/perl/site/lib/Moose/Exporter.pm line 409.
Compilation failed in require at C:\strawberry5161\cpan\build\Fey-ORM-0.38-ugV2P2\blib\lib/Fey/Meta/Class/Table.pm line 21.
BEGIN failed--compilation aborted at C:\strawberry5161\cpan\build\Fey-ORM-0.38-ugV2P2\blib\lib/Fey/Meta/Class/Table.pm line 21.
Compilation failed in require at C:\strawberry5161\cpan\build\Fey-ORM-0.38-ugV2P2\blib\lib/Fey/Object/Schema.pm line 10.
BEGIN failed--compilation aborted at C:\strawberry5161\cpan\build\Fey-ORM-0.38-ugV2P2\blib\lib/Fey/Object/Schema.pm line 10.
Compilation failed in require at C:\strawberry5161\cpan\build\Fey-ORM-0.38-ugV2P2\blib\lib/Fey/ORM/Schema.pm line 11.
BEGIN failed--compilation aborted at C:\strawberry5161\cpan\build\Fey-ORM-0.38-ugV2P2\blib\lib/Fey/ORM/Schema.pm line 11.
Compilation failed in require at (eval 747) line 4.
BEGIN failed--compilation aborted at (eval 747) line 4.
cannot unlink file for C:\DOCUME~1\c\LOCALS~1\Temp\b2N3gI9uDj\test_fey.sqlite: Permission denied at C:/strawberry5161/perl/lib/File/Temp.pm line 902.
cannot remove directory for C:\DOCUME~1\c\LOCALS~1\Temp\b2N3gI9uDj: Directory not empty at C:/strawberry5161/perl/lib/File/Temp.pm line 902.
t/Object/Table-cache.t .................. 
Dubious, test returned 2 (wstat 512, 0x200)
No subtests run 
Can't locate MooseX/StrictConstructor/Role/Meta/Method/Constructor.pm in @INC (@INC contains: t/lib C:\strawberry5161\cpan\build\Fey-ORM-0.38-ugV2P2\blib\lib C:\strawberry5161\cpan\build\Fey-ORM-0.38-ugV2P2\blib\arch C:/strawberry5161/perl/site/lib C:/strawberry5161/perl/vendor/lib C:/strawberry5161/perl/lib .) at C:/strawberry5161/perl/site/lib/Moose/Exporter.pm line 409.
Compilation failed in require at C:\strawberry5161\cpan\build\Fey-ORM-0.38-ugV2P2\blib\lib/Fey/Meta/Class/Table.pm line 21.
BEGIN failed--compilation aborted at C:\strawberry5161\cpan\build\Fey-ORM-0.38-ugV2P2\blib\lib/Fey/Meta/Class/Table.pm line 21.
Compilation failed in require at C:\strawberry5161\cpan\build\Fey-ORM-0.38-ugV2P2\blib\lib/Fey/ORM/Table.pm line 11.
BEGIN failed--compilation aborted at C:\strawberry5161\cpan\build\Fey-ORM-0.38-ugV2P2\blib\lib/Fey/ORM/Table.pm line 11.
Compilation failed in require at t/Object/Table-has_many.t line 19.
BEGIN failed--compilation aborted at t/Object/Table-has_many.t line 19.
t/Object/Table-has_many.t ............... 
Dubious, test returned 2 (wstat 512, 0x200)
No subtests run 
Can't locate MooseX/StrictConstructor/Role/Meta/Method/Constructor.pm in @INC (@INC contains: t/lib C:\strawberry5161\cpan\build\Fey-ORM-0.38-ugV2P2\blib\lib C:\strawberry5161\cpan\build\Fey-ORM-0.38-ugV2P2\blib\arch C:/strawberry5161/perl/site/lib C:/strawberry5161/perl/vendor/lib C:/strawberry5161/perl/lib .) at C:/strawberry5161/perl/site/lib/Moose/Exporter.pm line 409.
Compilation failed in require at C:\strawberry5161\cpan\build\Fey-ORM-0.38-ugV2P2\blib\lib/Fey/Meta/Class/Table.pm line 21.
BEGIN failed--compilation aborted at C:\strawberry5161\cpan\build\Fey-ORM-0.38-ugV2P2\blib\lib/Fey/Meta/Class/Table.pm line 21.
Compilation failed in require at C:\strawberry5161\cpan\build\Fey-ORM-0.38-ugV2P2\blib\lib/Fey/ORM/Table.pm line 11.
BEGIN failed--compilation aborted at C:\strawberry5161\cpan\build\Fey-ORM-0.38-ugV2P2\blib\lib/Fey/ORM/Table.pm line 11.
Compilation failed in require at t/Object/Table-has_one.t line 19.
BEGIN failed--compilation aborted at t/Object/Table-has_one.t line 19.
t/Object/Table-has_one.t ................ 
Dubious, test returned 2 (wstat 512, 0x200)
No subtests run 
Can't locate MooseX/StrictConstructor/Role/Meta/Method/Constructor.pm in @INC (@INC contains: t/lib C:\strawberry5161\cpan\build\Fey-ORM-0.38-ugV2P2\blib\lib C:\strawberry5161\cpan\build\Fey-ORM-0.38-ugV2P2\blib\arch C:/strawberry5161/perl/site/lib C:/strawberry5161/perl/vendor/lib C:/strawberry5161/perl/lib .) at C:/strawberry5161/perl/site/lib/Moose/Exporter.pm line 409.
Compilation failed in require at C:\strawberry5161\cpan\build\Fey-ORM-0.38-ugV2P2\blib\lib/Fey/Meta/Class/Table.pm line 21.
BEGIN failed--compilation aborted at C:\strawberry5161\cpan\build\Fey-ORM-0.38-ugV2P2\blib\lib/Fey/Meta/Class/Table.pm line 21.
Compilation failed in require at C:\strawberry5161\cpan\build\Fey-ORM-0.38-ugV2P2\blib\lib/Fey/ORM/Table.pm line 11.
BEGIN failed--compilation aborted at C:\strawberry5161\cpan\build\Fey-ORM-0.38-ugV2P2\blib\lib/Fey/ORM/Table.pm line 11.
Compilation failed in require at t/Object/Table-query-method.t line 18.
BEGIN failed--compilation aborted at t/Object/Table-query-method.t line 18.
t/Object/Table-query-method.t ........... 
Dubious, test returned 2 (wstat 512, 0x200)
No subtests run 
Can't locate MooseX/StrictConstructor/Role/Meta/Method/Constructor.pm in @INC (@INC contains: t/lib C:\strawberry5161\cpan\build\Fey-ORM-0.38-ugV2P2\blib\lib C:\strawberry5161\cpan\build\Fey-ORM-0.38-ugV2P2\blib\arch C:/strawberry5161/perl/site/lib C:/strawberry5161/perl/vendor/lib C:/strawberry5161/perl/lib .) at C:/strawberry5161/perl/site/lib/Moose/Exporter.pm line 409.
Compilation failed in require at C:\strawberry5161\cpan\build\Fey-ORM-0.38-ugV2P2\blib\lib/Fey/Meta/Class/Table.pm line 21.
BEGIN failed--compilation aborted at C:\strawberry5161\cpan\build\Fey-ORM-0.38-ugV2P2\blib\lib/Fey/Meta/Class/Table.pm line 21.
Compilation failed in require at C:\strawberry5161\cpan\build\Fey-ORM-0.38-ugV2P2\blib\lib/Fey/ORM/Table.pm line 11.
BEGIN failed--compilation aborted at C:\strawberry5161\cpan\build\Fey-ORM-0.38-ugV2P2\blib\lib/Fey/ORM/Table.pm line 11.
Compilation failed in require at t/Object/Table-select-attr.t line 18.
BEGIN failed--compilation aborted at t/Object/Table-select-attr.t line 18.
t/Object/Table-select-attr.t ............ 
Dubious, test returned 2 (wstat 512, 0x200)
No subtests run 
Can't locate MooseX/StrictConstructor/Role/Meta/Method/Constructor.pm in @INC (@INC contains: t/lib C:\strawberry5161\cpan\build\Fey-ORM-0.38-ugV2P2\blib\lib C:\strawberry5161\cpan\build\Fey-ORM-0.38-ugV2P2\blib\arch C:/strawberry5161/perl/site/lib C:/strawberry5161/perl/vendor/lib C:/strawberry5161/perl/lib .) at C:/strawberry5161/perl/site/lib/Moose/Exporter.pm line 409.
Compilation failed in require at C:\strawberry5161\cpan\build\Fey-ORM-0.38-ugV2P2\blib\lib/Fey/Meta/Class/Table.pm line 21.
BEGIN failed--compilation aborted at C:\strawberry5161\cpan\build\Fey-ORM-0.38-ugV2P2\blib\lib/Fey/Meta/Class/Table.pm line 21.
Compilation failed in require at C:\strawberry5161\cpan\build\Fey-ORM-0.38-ugV2P2\blib\lib/Fey/ORM/Table.pm line 11.
BEGIN failed--compilation aborted at C:\strawberry5161\cpan\build\Fey-ORM-0.38-ugV2P2\blib\lib/Fey/ORM/Table.pm line 11.
Compilation failed in require at t/Object/Table.t line 392.
BEGIN failed--compilation aborted at t/Object/Table.t line 392.
t/Object/Table.t ........................ 
Dubious, test returned 2 (wstat 512, 0x200)
No subtests run 
t/release-eol.t ......................... skipped: these tests are for release candidate testing
t/release-kwalitee.t .................... skipped: these tests are for release candidate testing
t/release-no-tabs.t ..................... skipped: these tests are for release candidate testing

Test Summary Report
-------------------
t/Class/Policy.t                      (Wstat: 512 Tests: 0 Failed: 0)
  Non-zero exit status: 2
  Parse errors: No plan found in TAP output
t/Class/Schema.t                      (Wstat: 512 Tests: 0 Failed: 0)
  Non-zero exit status: 2
  Parse errors: No plan found in TAP output
t/Class/Table-has_many.t              (Wstat: 512 Tests: 0 Failed: 0)
  Non-zero exit status: 2
  Parse errors: No plan found in TAP output
t/Class/Table-has_one.t               (Wstat: 512 Tests: 0 Failed: 0)
  Non-zero exit status: 2
  Parse errors: No plan found in TAP output
t/Class/Table.t                       (Wstat: 512 Tests: 0 Failed: 0)
  Non-zero exit status: 2
  Parse errors: No plan found in TAP output
t/Object/Iterator/FromArray.t         (Wstat: 512 Tests: 0 Failed: 0)
  Non-zero exit status: 2
  Parse errors: No plan found in TAP output
t/Object/Iterator/FromSelect.t        (Wstat: 512 Tests: 0 Failed: 0)
  Non-zero exit status: 2
  Parse errors: No plan found in TAP output
t/Object/Iterator/FromSelect/Caching.t (Wstat: 512 Tests: 0 Failed: 0)
  Non-zero exit status: 2
  Parse errors: No plan found in TAP output
t/Object/Schema.t                     (Wstat: 512 Tests: 0 Failed: 0)
  Non-zero exit status: 2
  Parse errors: No plan found in TAP output
t/Object/Table-cache.t                (Wstat: 512 Tests: 0 Failed: 0)
  Non-zero exit status: 2
  Parse errors: No plan found in TAP output
t/Object/Table-has_many.t             (Wstat: 512 Tests: 0 Failed: 0)
  Non-zero exit status: 2
  Parse errors: No plan found in TAP output
t/Object/Table-has_one.t              (Wstat: 512 Tests: 0 Failed: 0)
  Non-zero exit status: 2
  Parse errors: No plan found in TAP output
t/Object/Table-query-method.t         (Wstat: 512 Tests: 0 Failed: 0)
  Non-zero exit status: 2
  Parse errors: No plan found in TAP output
t/Object/Table-select-attr.t          (Wstat: 512 Tests: 0 Failed: 0)
  Non-zero exit status: 2
  Parse errors: No plan found in TAP output
t/Object/Table.t                      (Wstat: 512 Tests: 0 Failed: 0)
  Non-zero exit status: 2
  Parse errors: No plan found in TAP output
Files=18, Tests=0, 40 wallclock secs ( 0.00 usr +  0.03 sys =  0.03 CPU)
Result: FAIL
Failed 15/18 test programs. 0/0 subtests failed.
dmake.exe:  Error code 255, while making 'test_dynamic'

------------------------------
PREREQUISITES
------------------------------

Prerequisite modules loaded:

requires:

    Module                         Need Have   
    ------------------------------ ---- -------
    Devel::GlobalDestruction       0    0.11   
    Exception::Class               0    1.37   
    Fey                            0.39 0.40   
    Fey::DBIManager                0.07 0.16   
    List::AllUtils                 0    0.05   
    Moose                          1.15 2.1005 
    MooseX::ClassAttribute         0.17 0.27   
    MooseX::SemiAffordanceAccessor 0    0.09   
    MooseX::StrictConstructor      0.08 0.19   
    namespace::autoclean           0    0.13   
    Object::ID                     0    v0.1.2 
    Scalar::Util                   0    1.32   
    Sub::Exporter                  0    0.984  

build_requires:

    Module                         Need Have   
    ------------------------------ ---- -------
    Fey::Test                      0.05 0.10   
    Test::Exception                0    0.31   
    Test::More                     0.88 0.98   

configure_requires:

    Module                         Need Have   
    ------------------------------ ---- -------
    ExtUtils::MakeMaker            6.31 6.63_02


------------------------------
ENVIRONMENT AND OTHER CONTEXT
------------------------------

Environment variables:

    AUTOMATED_TESTING = 1
    COMSPEC = C:\WINDOWS\system32\cmd.exe
    NUMBER_OF_PROCESSORS = 1
    PATH = C:\Program Files\Far Manager\;C:\WINDOWS\system32;C:\WINDOWS;C:\WINDOWS\System32\Wbem;C:\strawberry5161\c\bin;C:\strawberry5161\perl\site\bin;C:\strawberry5161\perl\bin
    PERL5LIB = 
    PERL5OPT = 
    PERL5_CPANPLUS_IS_RUNNING = 820
    PERL5_CPAN_IS_RUNNING = 820
    PERL5_CPAN_IS_RUNNING_IN_RECURSION = 1044,820
    PERL_CR_SMOKER_CURRENT = Fey-ORM-0.38
    PERL_EXTUTILS_AUTOINSTALL = --defaultdeps
    PERL_MM_USE_DEFAULT = 1
    PROCESSOR_IDENTIFIER = x86 Family 16 Model 5 Stepping 3, AuthenticAMD
    TEMP = C:\DOCUME~1\c\LOCALS~1\Temp
    TERM = dumb

Perl special variables (and OS-specific diagnostics, for MSWin32):

    $^X = C:\strawberry5161\perl\bin\perl.exe
    $UID/$EUID = 0 / 0
    $GID = 0
    $EGID = 0
    Win32::GetOSName = WinXP/.Net
    Win32::GetOSVersion = Service Pack 3, 5, 1, 2600, 2, 3, 0, 256, 1
    Win32::FsType = NTFS
    Win32::IsAdminUser = 1

Perl module toolchain versions installed:

    Module              Have    
    ------------------- --------
    CPAN                2.00    
    CPAN::Meta          2.132661
    Cwd                 3.40    
    ExtUtils::CBuilder  0.280206
    ExtUtils::Command   1.17    
    ExtUtils::Install   1.58    
    ExtUtils::MakeMaker 6.63_02 
    ExtUtils::Manifest  1.61    
    ExtUtils::ParseXS   3.16    
    File::Spec          3.40    
    JSON                2.59    
    JSON::PP            2.27200 
    Module::Build       0.4007  
    Module::Signature   0.68    
    Parse::CPAN::Meta   1.4404  
    Test::Harness       3.29    
    Test::More          0.98    
    YAML                0.84    
    YAML::Syck          1.27    
    version             0.9904  


--

Summary of my perl5 (revision 5 version 16 subversion 1) configuration:
   
  Platform:
    osname=MSWin32, osvers=4.0, archname=MSWin32-x86-multi-thread
    uname='Win32 strawberry-perl 5.16.1.1 #1 Thu Aug  9 09:54:46 2012 i386'
    config_args='undef'
    hint=recommended, useposix=true, d_sigaction=undef
    useithreads=define, usemultiplicity=define
    useperlio=define, d_sfio=undef, uselargefiles=define, usesocks=undef
    use64bitint=undef, use64bitall=undef, uselongdouble=undef
    usemymalloc=n, bincompat5005=undef
  Compiler:
    cc='gcc', ccflags =' -s -O2 -DWIN32  -DPERL_TEXTMODE_SCRIPTS -DPERL_IMPLICIT_CONTEXT -DPERL_IMPLICIT_SYS -fno-strict-aliasing -mms-bitfields',
    optimize='-s -O2',
    cppflags='-DWIN32'
    ccversion='', gccversion='4.6.3', gccosandvers=''
    intsize=4, longsize=4, ptrsize=4, doublesize=8, byteorder=1234
    d_longlong=undef, longlongsize=8, d_longdbl=define, longdblsize=12
    ivtype='long', ivsize=4, nvtype='double', nvsize=8, Off_t='long long', lseeksize=8
    alignbytes=8, prototype=define
  Linker and Libraries:
    ld='g++', ldflags ='-s -L"C:\strawberry5161\perl\lib\CORE" -L"C:\strawberry5161\c\lib"'
    libpth=C:\strawberry5161\c\lib C:\strawberry5161\c\i686-w64-mingw32\lib
    libs=-lmoldname -lkernel32 -luser32 -lgdi32 -lwinspool -lcomdlg32 -ladvapi32 -lshell32 -lole32 -loleaut32 -lnetapi32 -luuid -lws2_32 -lmpr -lwinmm -lversion -lodbc32 -lodbccp32 -lcomctl32
    perllibs=-lmoldname -lkernel32 -luser32 -lgdi32 -lwinspool -lcomdlg32 -ladvapi32 -lshell32 -lole32 -loleaut32 -lnetapi32 -luuid -lws2_32 -lmpr -lwinmm -lversion -lodbc32 -lodbccp32 -lcomctl32
    libc=, so=dll, useshrplib=true, libperl=libperl516.a
    gnulibc_version=''
  Dynamic Linking:
    dlsrc=dl_win32.xs, dlext=dll, d_dlsymun=undef, ccdlflags=' '
    cccdlflags=' ', lddlflags='-mdll -s -L"C:\strawberry5161\perl\lib\CORE" -L"C:\strawberry5161\c\lib"'


Characteristics of this binary (from libperl): 
  Compile-time options: HAS_TIMES HAVE_INTERP_INTERN MULTIPLICITY
                        PERLIO_LAYERS PERL_DONT_CREATE_GVSV
                        PERL_IMPLICIT_CONTEXT PERL_IMPLICIT_SYS
                        PERL_MALLOC_WRAP PERL_PRESERVE_IVUV PL_OP_SLAB_ALLOC
                        USE_ITHREADS USE_LARGE_FILES USE_LOCALE
                        USE_LOCALE_COLLATE USE_LOCALE_CTYPE
                        USE_LOCALE_NUMERIC USE_PERLIO USE_PERL_ATOF
  Built under MSWin32
  Compiled at Aug  9 2012 10:03:09
  %ENV:
    PERL5_CPANPLUS_IS_RUNNING="820"
    PERL5_CPAN_IS_RUNNING="820"
    PERL5_CPAN_IS_RUNNING_IN_RECURSION="1044,820"
    PERL_CR_SMOKER_CURRENT="Fey-ORM-0.38"
    PERL_EXTUTILS_AUTOINSTALL="--defaultdeps"
    PERL_MM_USE_DEFAULT="1"
  @INC:
    C:/strawberry5161/perl/site/lib
    C:/strawberry5161/perl/vendor/lib
    C:/strawberry5161/perl/lib
    .