Report for Bundle-PBib-2.08.01

Back
From: metabase:user:e3434da8-b236-11df-85ca-0247c6d74bde
Subject: FAIL Bundle-PBib-2.08.01 v5.8.9 GNU/Linux
Date: 2011-09-11T02:43:07Z

This distribution has been tested as part of the CPAN Testers
project, supporting the Perl programming language.  See
http://wiki.cpantesters.org/ for more information or email
questions to cpan-testers-discuss@perl.org


--
Dear Peter Tandler,

This is a computer-generated report for Bundle-PBib-2.08.01
on perl 5.8.9, created by CPAN-Reporter-1.1902.

Thank you for uploading your work to CPAN.  However, there was a problem
testing your distribution.

If you think this report is invalid, please consult the CPAN Testers Wiki
for suggestions on how to avoid getting FAIL reports for missing library
or binary dependencies, unsupported operating systems, and so on:

http://wiki.cpantesters.org/wiki/CPANAuthorNotes

Sections of this report:

    * Tester comments
    * Program output
    * Prerequisites
    * Environment and other context

------------------------------
TESTER COMMENTS
------------------------------

Additional comments from tester:

this report is from an automated smoke testing program
and was not reviewed by a human for accuracy

------------------------------
PROGRAM OUTPUT
------------------------------

Output from './Build test':

t/00-signature.t .... ok
t/10-pbib-config.t .. ok
BPD: (        format)  format ( auto -> auto )
BPD: (   load_format)   fmt: auto, cset: <undef>
BPD: (    reg_format)   registering format auto:auto (aut) in bp_auto
BPD: (  load_charset)    cset: auto
BPD: (   load_format)   fmt: auto, cset: <undef>
BPD: ( check_consist)    Checking bp variable consistency
BPD: (        (eval)) bp package loaded with defaults
BPD: (        format)  format ( auto -> canon:8859-1 )
BPD: (   load_format)   fmt: auto, cset: <undef>
BPD: (   load_format)   fmt: canon, cset: 8859-1
BPD: (    reg_format)   registering format canon:canon (can) in bp_canon
BPD: (  load_charset)    cset: 8859-1
BPD: ( check_consist)    Checking bp variable consistency
BPD: (load_converter)    conv: aut2can
BPD: ( check_consist)    Checking bp variable consistency
Using bp, version 0.2.97 (19 Dec 96).
Reading: auto:auto  Writing: canon:8859-1

BPD: (        format)  format ( auto -> canon:8859-1 )
BPD: (   load_format)   fmt: auto, cset: <undef>
BPD: (   load_format)   fmt: canon, cset: 8859-1
BPD: (  load_charset)    cset: 8859-1
BPD: ( check_consist)    Checking bp variable consistency
BPD: (load_converter)    conv: aut2can
BPD: ( check_consist)    Checking bp variable consistency
BPD: ( bp_auto::open)    auto step 1: t/sample.bib<bibtex> with mode read
BPD: (   load_format)   fmt: bibtex, cset: <undef>
BPD: (    reg_format)   registering format bibtex:tex (btx) in bp_bibtex
BPD: (  load_charset)    cset: tex
BPD: ( check_consist)    Checking bp variable consistency
BPD: (        format)  format ( canon:canon -> canon:utf8 )
BPD: (   load_format)   fmt: canon, cset: canon
BPD: (  load_charset)    cset: canon
BPD: (   load_format)   fmt: canon, cset: utf8
BPD: (  load_charset)    cset: utf8
Unrecognized escape \X passed through at /home/perl58/.cpan/build/Bundle-PBib-2.08.01-Y2ce8w/blib/lib/Biblio/bp/lib/bp-cs-utf8.pl line 40, <GFMIt/sample.bib> line 16.
BPD: ( check_consist)    Checking bp variable consistency
BPD: ( check_consist)    Checking bp variable consistency
BPD: (        format)  format ( canon:canon -> canon:utf8 )
BPD: (   load_format)   fmt: canon, cset: canon
BPD: (  load_charset)    cset: canon
BPD: (   load_format)   fmt: canon, cset: utf8
BPD: (  load_charset)    cset: utf8
BPD: ( check_consist)    Checking bp variable consistency
BPD: ( check_consist)    Checking bp variable consistency
BPD: (        format)  format ( canon:canon -> canon:utf8 )
BPD: (   load_format)   fmt: canon, cset: canon
BPD: (  load_charset)    cset: canon
BPD: (   load_format)   fmt: canon, cset: utf8
BPD: (  load_charset)    cset: utf8
BPD: ( check_consist)    Checking bp variable consistency
BPD: ( check_consist)    Checking bp variable consistency
BPD: (        format)  format ( canon:canon -> canon:utf8 )
BPD: (   load_format)   fmt: canon, cset: canon
BPD: (  load_charset)    cset: canon
BPD: (   load_format)   fmt: canon, cset: utf8
BPD: (  load_charset)    cset: utf8
BPD: ( check_consist)    Checking bp variable consistency
BPD: ( check_consist)    Checking bp variable consistency
BPD: (        format)  format ( canon:canon -> canon:utf8 )
BPD: (   load_format)   fmt: canon, cset: canon
BPD: (  load_charset)    cset: canon
BPD: (   load_format)   fmt: canon, cset: utf8
BPD: (  load_charset)    cset: utf8
BPD: ( check_consist)    Checking bp variable consistency
BPD: ( check_consist)    Checking bp variable consistency
BPD: (        format)  format ( canon:canon -> canon:utf8 )
BPD: (   load_format)   fmt: canon, cset: canon
BPD: (  load_charset)    cset: canon
BPD: (   load_format)   fmt: canon, cset: utf8
BPD: (  load_charset)    cset: utf8
BPD: ( check_consist)    Checking bp variable consistency
BPD: ( check_consist)    Checking bp variable consistency
BPD: (        format)  format ( canon:canon -> canon:utf8 )
BPD: (   load_format)   fmt: canon, cset: canon
BPD: (  load_charset)    cset: canon
BPD: (   load_format)   fmt: canon, cset: utf8
BPD: (  load_charset)    cset: utf8
BPD: ( check_consist)    Checking bp variable consistency
BPD: ( check_consist)    Checking bp variable consistency
BPD: (        format)  format ( canon:canon -> canon:utf8 )
BPD: (   load_format)   fmt: canon, cset: canon
BPD: (  load_charset)    cset: canon
BPD: (   load_format)   fmt: canon, cset: utf8
BPD: (  load_charset)    cset: utf8
BPD: ( check_consist)    Checking bp variable consistency
BPD: ( check_consist)    Checking bp variable consistency
BPD: (        format)  format ( canon:canon -> canon:utf8 )
BPD: (   load_format)   fmt: canon, cset: canon
BPD: (  load_charset)    cset: canon
BPD: (   load_format)   fmt: canon, cset: utf8
BPD: (  load_charset)    cset: utf8
BPD: ( check_consist)    Checking bp variable consistency
BPD: ( check_consist)    Checking bp variable consistency
BPD: (        format)  format ( canon:canon -> canon:utf8 )
BPD: (   load_format)   fmt: canon, cset: canon
BPD: (  load_charset)    cset: canon
BPD: (   load_format)   fmt: canon, cset: utf8
BPD: (  load_charset)    cset: utf8
BPD: ( check_consist)    Checking bp variable consistency
BPD: ( check_consist)    Checking bp variable consistency
BPD: (        (eval))    Loading approx tables
BPD: (        format)  format ( canon:canon -> canon:utf8 )
BPD: (   load_format)   fmt: canon, cset: canon
BPD: (  load_charset)    cset: canon
BPD: (   load_format)   fmt: canon, cset: utf8
BPD: (  load_charset)    cset: utf8
BPD: ( check_consist)    Checking bp variable consistency
BPD: ( check_consist)    Checking bp variable consistency
BPD: (        format)  format ( canon:canon -> canon:utf8 )
BPD: (   load_format)   fmt: canon, cset: canon
BPD: (  load_charset)    cset: canon
BPD: (   load_format)   fmt: canon, cset: utf8
BPD: (  load_charset)    cset: utf8
BPD: ( check_consist)    Checking bp variable consistency
BPD: ( check_consist)    Checking bp variable consistency
BPD: (        format)  format ( canon:canon -> canon:utf8 )
BPD: (   load_format)   fmt: canon, cset: canon
BPD: (  load_charset)    cset: canon
BPD: (   load_format)   fmt: canon, cset: utf8
BPD: (  load_charset)    cset: utf8
BPD: ( check_consist)    Checking bp variable consistency
BPD: ( check_consist)    Checking bp variable consistency
BPD: (        format)  format ( canon:canon -> canon:utf8 )
BPD: (   load_format)   fmt: canon, cset: canon
BPD: (  load_charset)    cset: canon
BPD: (   load_format)   fmt: canon, cset: utf8
BPD: (  load_charset)    cset: utf8
BPD: ( check_consist)    Checking bp variable consistency
BPD: ( check_consist)    Checking bp variable consistency
BPD: (        format)  format ( canon:canon -> canon:utf8 )
BPD: (   load_format)   fmt: canon, cset: canon
BPD: (  load_charset)    cset: canon
BPD: (   load_format)   fmt: canon, cset: utf8
BPD: (  load_charset)    cset: utf8
BPD: ( check_consist)    Checking bp variable consistency
BPD: ( check_consist)    Checking bp variable consistency
BPD: (        format)  format ( canon:canon -> canon:utf8 )
BPD: (   load_format)   fmt: canon, cset: canon
BPD: (  load_charset)    cset: canon
BPD: (   load_format)   fmt: canon, cset: utf8
BPD: (  load_charset)    cset: utf8
BPD: ( check_consist)    Checking bp variable consistency
BPD: ( check_consist)    Checking bp variable consistency
BPD: (        format)  format ( canon:canon -> canon:utf8 )
BPD: (   load_format)   fmt: canon, cset: canon
BPD: (  load_charset)    cset: canon
BPD: (   load_format)   fmt: canon, cset: utf8
BPD: (  load_charset)    cset: utf8
BPD: ( check_consist)    Checking bp variable consistency
BPD: ( check_consist)    Checking bp variable consistency
BPD: (        format)  format ( canon:canon -> canon:utf8 )
BPD: (   load_format)   fmt: canon, cset: canon
BPD: (  load_charset)    cset: canon
BPD: (   load_format)   fmt: canon, cset: utf8
BPD: (  load_charset)    cset: utf8
BPD: ( check_consist)    Checking bp variable consistency
BPD: ( check_consist)    Checking bp variable consistency
BPD: (        format)  format ( canon:canon -> canon:utf8 )
BPD: (   load_format)   fmt: canon, cset: canon
BPD: (  load_charset)    cset: canon
BPD: (   load_format)   fmt: canon, cset: utf8
BPD: (  load_charset)    cset: utf8
BPD: ( check_consist)    Checking bp variable consistency
BPD: ( check_consist)    Checking bp variable consistency
BPD: (        format)  format ( canon:canon -> canon:utf8 )
BPD: (   load_format)   fmt: canon, cset: canon
BPD: (  load_charset)    cset: canon
BPD: (   load_format)   fmt: canon, cset: utf8
BPD: (  load_charset)    cset: utf8
BPD: ( check_consist)    Checking bp variable consistency
BPD: ( check_consist)    Checking bp variable consistency
BPD: (        format)  format ( canon:canon -> canon:utf8 )
BPD: (   load_format)   fmt: canon, cset: canon
BPD: (  load_charset)    cset: canon
BPD: (   load_format)   fmt: canon, cset: utf8
BPD: (  load_charset)    cset: utf8
BPD: ( check_consist)    Checking bp variable consistency
BPD: ( check_consist)    Checking bp variable consistency
BPD: (        format)  format ( canon:canon -> canon:utf8 )
BPD: (   load_format)   fmt: canon, cset: canon
BPD: (  load_charset)    cset: canon
BPD: (   load_format)   fmt: canon, cset: utf8
BPD: (  load_charset)    cset: utf8
BPD: ( check_consist)    Checking bp variable consistency
BPD: ( check_consist)    Checking bp variable consistency
BPD: (        format)  format ( canon:canon -> canon:utf8 )
BPD: (   load_format)   fmt: canon, cset: canon
BPD: (  load_charset)    cset: canon
BPD: (   load_format)   fmt: canon, cset: utf8
BPD: (  load_charset)    cset: utf8
BPD: ( check_consist)    Checking bp variable consistency
BPD: ( check_consist)    Checking bp variable consistency
BPD: (        format)  format ( canon:canon -> canon:utf8 )
BPD: (   load_format)   fmt: canon, cset: canon
BPD: (  load_charset)    cset: canon
BPD: (   load_format)   fmt: canon, cset: utf8
BPD: (  load_charset)    cset: utf8
BPD: ( check_consist)    Checking bp variable consistency
BPD: ( check_consist)    Checking bp variable consistency
BPD: (        format)  format ( canon:canon -> canon:utf8 )
BPD: (   load_format)   fmt: canon, cset: canon
BPD: (  load_charset)    cset: canon
BPD: (   load_format)   fmt: canon, cset: utf8
BPD: (  load_charset)    cset: utf8
BPD: ( check_consist)    Checking bp variable consistency
BPD: ( check_consist)    Checking bp variable consistency
BPD: (        format)  format ( canon:canon -> canon:utf8 )
BPD: (   load_format)   fmt: canon, cset: canon
BPD: (  load_charset)    cset: canon
BPD: (   load_format)   fmt: canon, cset: utf8
BPD: (  load_charset)    cset: utf8
BPD: ( check_consist)    Checking bp variable consistency
BPD: ( check_consist)    Checking bp variable consistency
BPD: (        format)  format ( canon:canon -> canon:utf8 )
BPD: (   load_format)   fmt: canon, cset: canon
BPD: (  load_charset)    cset: canon
BPD: (   load_format)   fmt: canon, cset: utf8
BPD: (  load_charset)    cset: utf8
BPD: ( check_consist)    Checking bp variable consistency
BPD: ( check_consist)    Checking bp variable consistency
BPD: (        format)  format ( canon:canon -> canon:utf8 )
BPD: (   load_format)   fmt: canon, cset: canon
BPD: (  load_charset)    cset: canon
BPD: (   load_format)   fmt: canon, cset: utf8
BPD: (  load_charset)    cset: utf8
BPD: ( check_consist)    Checking bp variable consistency
BPD: ( check_consist)    Checking bp variable consistency
BPD: (        format)  format ( canon:canon -> canon:utf8 )
BPD: (   load_format)   fmt: canon, cset: canon
BPD: (  load_charset)    cset: canon
BPD: (   load_format)   fmt: canon, cset: utf8
BPD: (  load_charset)    cset: utf8
BPD: ( check_consist)    Checking bp variable consistency
BPD: ( check_consist)    Checking bp variable consistency
BPD: (        format)  format ( canon:canon -> canon:utf8 )
BPD: (   load_format)   fmt: canon, cset: canon
BPD: (  load_charset)    cset: canon
BPD: (   load_format)   fmt: canon, cset: utf8
BPD: (  load_charset)    cset: utf8
BPD: ( check_consist)    Checking bp variable consistency
BPD: ( check_consist)    Checking bp variable consistency
BPD: (        format)  format ( canon:canon -> canon:utf8 )
BPD: (   load_format)   fmt: canon, cset: canon
BPD: (  load_charset)    cset: canon
BPD: (   load_format)   fmt: canon, cset: utf8
BPD: (  load_charset)    cset: utf8
BPD: ( check_consist)    Checking bp variable consistency
BPD: ( check_consist)    Checking bp variable consistency
BPD: (        format)  format ( canon:canon -> canon:utf8 )
BPD: (   load_format)   fmt: canon, cset: canon
BPD: (  load_charset)    cset: canon
BPD: (   load_format)   fmt: canon, cset: utf8
BPD: (  load_charset)    cset: utf8
BPD: ( check_consist)    Checking bp variable consistency
BPD: ( check_consist)    Checking bp variable consistency
BPD: (        format)  format ( canon:canon -> canon:utf8 )
BPD: (   load_format)   fmt: canon, cset: canon
BPD: (  load_charset)    cset: canon
BPD: (   load_format)   fmt: canon, cset: utf8
BPD: (  load_charset)    cset: utf8
BPD: ( check_consist)    Checking bp variable consistency
BPD: ( check_consist)    Checking bp variable consistency
BPD: (        format)  format ( canon:canon -> canon:utf8 )
BPD: (   load_format)   fmt: canon, cset: canon
BPD: (  load_charset)    cset: canon
BPD: (   load_format)   fmt: canon, cset: utf8
BPD: (  load_charset)    cset: utf8
BPD: ( check_consist)    Checking bp variable consistency
BPD: ( check_consist)    Checking bp variable consistency
BPD: (        format)  format ( canon:canon -> canon:utf8 )
BPD: (   load_format)   fmt: canon, cset: canon
BPD: (  load_charset)    cset: canon
BPD: (   load_format)   fmt: canon, cset: utf8
BPD: (  load_charset)    cset: utf8
BPD: ( check_consist)    Checking bp variable consistency
BPD: ( check_consist)    Checking bp variable consistency
BPD: (        format)  format ( canon:canon -> canon:utf8 )
BPD: (   load_format)   fmt: canon, cset: canon
BPD: (  load_charset)    cset: canon
BPD: (   load_format)   fmt: canon, cset: utf8
BPD: (  load_charset)    cset: utf8
BPD: ( check_consist)    Checking bp variable consistency
BPD: ( check_consist)    Checking bp variable consistency
BPD: (        format)  format ( canon:canon -> canon:utf8 )
BPD: (   load_format)   fmt: canon, cset: canon
BPD: (  load_charset)    cset: canon
BPD: (   load_format)   fmt: canon, cset: utf8
BPD: (  load_charset)    cset: utf8
BPD: ( check_consist)    Checking bp variable consistency
BPD: ( check_consist)    Checking bp variable consistency
BPD: (        format)  format ( canon:canon -> canon:utf8 )
BPD: (   load_format)   fmt: canon, cset: canon
BPD: (  load_charset)    cset: canon
BPD: (   load_format)   fmt: canon, cset: utf8
BPD: (  load_charset)    cset: utf8
BPD: ( check_consist)    Checking bp variable consistency
BPD: ( check_consist)    Checking bp variable consistency
BPD: (        format)  format ( canon:canon -> canon:utf8 )
BPD: (   load_format)   fmt: canon, cset: canon
BPD: (  load_charset)    cset: canon
BPD: (   load_format)   fmt: canon, cset: utf8
BPD: (  load_charset)    cset: utf8
BPD: ( check_consist)    Checking bp variable consistency
BPD: ( check_consist)    Checking bp variable consistency
BPD: (        format)  format ( canon:canon -> canon:utf8 )
BPD: (   load_format)   fmt: canon, cset: canon
BPD: (  load_charset)    cset: canon
BPD: (   load_format)   fmt: canon, cset: utf8
BPD: (  load_charset)    cset: utf8
BPD: ( check_consist)    Checking bp variable consistency
BPD: ( check_consist)    Checking bp variable consistency
BPD: (        format)  format ( canon:canon -> canon:utf8 )
BPD: (   load_format)   fmt: canon, cset: canon
BPD: (  load_charset)    cset: canon
BPD: (   load_format)   fmt: canon, cset: utf8
BPD: (  load_charset)    cset: utf8
BPD: ( check_consist)    Checking bp variable consistency
BPD: ( check_consist)    Checking bp variable consistency
BPD: (        format)  format ( canon:canon -> canon:utf8 )
BPD: (   load_format)   fmt: canon, cset: canon
BPD: (  load_charset)    cset: canon
BPD: (   load_format)   fmt: canon, cset: utf8
BPD: (  load_charset)    cset: utf8
BPD: ( check_consist)    Checking bp variable consistency
BPD: ( check_consist)    Checking bp variable consistency
BPD: (        format)  format ( canon:canon -> canon:utf8 )
BPD: (   load_format)   fmt: canon, cset: canon
BPD: (  load_charset)    cset: canon
BPD: (   load_format)   fmt: canon, cset: utf8
BPD: (  load_charset)    cset: utf8
BPD: ( check_consist)    Checking bp variable consistency
BPD: ( check_consist)    Checking bp variable consistency
BPD: (        format)  format ( canon:canon -> canon:utf8 )
BPD: (   load_format)   fmt: canon, cset: canon
BPD: (  load_charset)    cset: canon
BPD: (   load_format)   fmt: canon, cset: utf8
BPD: (  load_charset)    cset: utf8
BPD: ( check_consist)    Checking bp variable consistency
BPD: ( check_consist)    Checking bp variable consistency
BPD: (        format)  format ( canon:canon -> canon:utf8 )
BPD: (   load_format)   fmt: canon, cset: canon
BPD: (  load_charset)    cset: canon
BPD: (   load_format)   fmt: canon, cset: utf8
BPD: (  load_charset)    cset: utf8
BPD: ( check_consist)    Checking bp variable consistency
BPD: ( check_consist)    Checking bp variable consistency
BPD: (        format)  format ( canon:canon -> canon:utf8 )
BPD: (   load_format)   fmt: canon, cset: canon
BPD: (  load_charset)    cset: canon
BPD: (   load_format)   fmt: canon, cset: utf8
BPD: (  load_charset)    cset: utf8
BPD: ( check_consist)    Checking bp variable consistency
BPD: ( check_consist)    Checking bp variable consistency
BPD: (        format)  format ( canon:canon -> canon:utf8 )
BPD: (   load_format)   fmt: canon, cset: canon
BPD: (  load_charset)    cset: canon
BPD: (   load_format)   fmt: canon, cset: utf8
BPD: (  load_charset)    cset: utf8
BPD: ( check_consist)    Checking bp variable consistency
BPD: ( check_consist)    Checking bp variable consistency
BPD: (        format)  format ( canon:canon -> canon:utf8 )
BPD: (   load_format)   fmt: canon, cset: canon
BPD: (  load_charset)    cset: canon
BPD: (   load_format)   fmt: canon, cset: utf8
BPD: (  load_charset)    cset: utf8
BPD: ( check_consist)    Checking bp variable consistency
BPD: ( check_consist)    Checking bp variable consistency
BPD: (        format)  format ( canon:canon -> canon:utf8 )
BPD: (   load_format)   fmt: canon, cset: canon
BPD: (  load_charset)    cset: canon
BPD: (   load_format)   fmt: canon, cset: utf8
BPD: (  load_charset)    cset: utf8
BPD: ( check_consist)    Checking bp variable consistency
BPD: ( check_consist)    Checking bp variable consistency
BPD: (        format)  format ( canon:canon -> canon:utf8 )
BPD: (   load_format)   fmt: canon, cset: canon
BPD: (  load_charset)    cset: canon
BPD: (   load_format)   fmt: canon, cset: utf8
BPD: (  load_charset)    cset: utf8
BPD: ( check_consist)    Checking bp variable consistency
BPD: ( check_consist)    Checking bp variable consistency
BPD: (        format)  format ( canon:canon -> canon:utf8 )
BPD: (   load_format)   fmt: canon, cset: canon
BPD: (  load_charset)    cset: canon
BPD: (   load_format)   fmt: canon, cset: utf8
BPD: (  load_charset)    cset: utf8
BPD: ( check_consist)    Checking bp variable consistency
BPD: ( check_consist)    Checking bp variable consistency
BPD: (        format)  format ( canon:canon -> canon:utf8 )
BPD: (   load_format)   fmt: canon, cset: canon
BPD: (  load_charset)    cset: canon
BPD: (   load_format)   fmt: canon, cset: utf8
BPD: (  load_charset)    cset: utf8
BPD: ( check_consist)    Checking bp variable consistency
BPD: ( check_consist)    Checking bp variable consistency
BPD: (        format)  format ( canon:canon -> canon:utf8 )
BPD: (   load_format)   fmt: canon, cset: canon
BPD: (  load_charset)    cset: canon
BPD: (   load_format)   fmt: canon, cset: utf8
BPD: (  load_charset)    cset: utf8
BPD: ( check_consist)    Checking bp variable consistency
BPD: ( check_consist)    Checking bp variable consistency
BPD: (        format)  format ( canon:canon -> canon:utf8 )
BPD: (   load_format)   fmt: canon, cset: canon
BPD: (  load_charset)    cset: canon
BPD: (   load_format)   fmt: canon, cset: utf8
BPD: (  load_charset)    cset: utf8
BPD: ( check_consist)    Checking bp variable consistency
BPD: ( check_consist)    Checking bp variable consistency
BPD: (        format)  format ( canon:canon -> canon:utf8 )
BPD: (   load_format)   fmt: canon, cset: canon
BPD: (  load_charset)    cset: canon
BPD: (   load_format)   fmt: canon, cset: utf8
BPD: (  load_charset)    cset: utf8
BPD: ( check_consist)    Checking bp variable consistency
BPD: ( check_consist)    Checking bp variable consistency
BPD: (        format)  format ( canon:canon -> canon:utf8 )
BPD: (   load_format)   fmt: canon, cset: canon
BPD: (  load_charset)    cset: canon
BPD: (   load_format)   fmt: canon, cset: utf8
BPD: (  load_charset)    cset: utf8
BPD: ( check_consist)    Checking bp variable consistency
BPD: ( check_consist)    Checking bp variable consistency
BPD: (        format)  format ( canon:canon -> canon:utf8 )
BPD: (   load_format)   fmt: canon, cset: canon
BPD: (  load_charset)    cset: canon
BPD: (   load_format)   fmt: canon, cset: utf8
BPD: (  load_charset)    cset: utf8
BPD: ( check_consist)    Checking bp variable consistency
BPD: ( check_consist)    Checking bp variable consistency
BPD: (        format)  format ( canon:canon -> canon:utf8 )
BPD: (   load_format)   fmt: canon, cset: canon
BPD: (  load_charset)    cset: canon
BPD: (   load_format)   fmt: canon, cset: utf8
BPD: (  load_charset)    cset: utf8
BPD: ( check_consist)    Checking bp variable consistency
BPD: ( check_consist)    Checking bp variable consistency
BPD: (        format)  format ( canon:canon -> canon:utf8 )
BPD: (   load_format)   fmt: canon, cset: canon
BPD: (  load_charset)    cset: canon
BPD: (   load_format)   fmt: canon, cset: utf8
BPD: (  load_charset)    cset: utf8
BPD: ( check_consist)    Checking bp variable consistency
BPD: ( check_consist)    Checking bp variable consistency
BPD: (        format)  format ( canon:canon -> canon:utf8 )
BPD: (   load_format)   fmt: canon, cset: canon
BPD: (  load_charset)    cset: canon
BPD: (   load_format)   fmt: canon, cset: utf8
BPD: (  load_charset)    cset: utf8
BPD: ( check_consist)    Checking bp variable consistency
BPD: ( check_consist)    Checking bp variable consistency
BPD: (        format)  format ( canon:canon -> canon:utf8 )
BPD: (   load_format)   fmt: canon, cset: canon
BPD: (  load_charset)    cset: canon
BPD: (   load_format)   fmt: canon, cset: utf8
BPD: (  load_charset)    cset: utf8
BPD: ( check_consist)    Checking bp variable consistency
BPD: ( check_consist)    Checking bp variable consistency
BPD: (        format)  format ( canon:canon -> canon:utf8 )
BPD: (   load_format)   fmt: canon, cset: canon
BPD: (  load_charset)    cset: canon
BPD: (   load_format)   fmt: canon, cset: utf8
BPD: (  load_charset)    cset: utf8
BPD: ( check_consist)    Checking bp variable consistency
BPD: ( check_consist)    Checking bp variable consistency
BPD: (        format)  format ( canon:canon -> canon:utf8 )
BPD: (   load_format)   fmt: canon, cset: canon
BPD: (  load_charset)    cset: canon
BPD: (   load_format)   fmt: canon, cset: utf8
BPD: (  load_charset)    cset: utf8
BPD: ( check_consist)    Checking bp variable consistency
BPD: ( check_consist)    Checking bp variable consistency
BPD: (        format)  format ( canon:canon -> canon:utf8 )
BPD: (   load_format)   fmt: canon, cset: canon
BPD: (  load_charset)    cset: canon
BPD: (   load_format)   fmt: canon, cset: utf8
BPD: (  load_charset)    cset: utf8
BPD: ( check_consist)    Checking bp variable consistency
BPD: ( check_consist)    Checking bp variable consistency
BPD: (        format)  format ( canon:canon -> canon:utf8 )
BPD: (   load_format)   fmt: canon, cset: canon
BPD: (  load_charset)    cset: canon
BPD: (   load_format)   fmt: canon, cset: utf8
BPD: (  load_charset)    cset: utf8
BPD: ( check_consist)    Checking bp variable consistency
BPD: ( check_consist)    Checking bp variable consistency
BPD: (        format)  format ( canon:canon -> canon:utf8 )
BPD: (   load_format)   fmt: canon, cset: canon
BPD: (  load_charset)    cset: canon
BPD: (   load_format)   fmt: canon, cset: utf8
BPD: (  load_charset)    cset: utf8
BPD: ( check_consist)    Checking bp variable consistency
BPD: ( check_consist)    Checking bp variable consistency
BPD: ( check_consist)    Checking bp variable consistency
storePaper not yet supported ...
t/20-biblio.t ....... ok
t/21-odbc.t ......... skipped: Cannot assume that there is a ODBC data source available
BPD: (        format)  format ( auto -> auto )
BPD: (   load_format)   fmt: auto, cset: <undef>
BPD: (    reg_format)   registering format auto:auto (aut) in bp_auto
BPD: (  load_charset)    cset: auto
BPD: (   load_format)   fmt: auto, cset: <undef>
BPD: ( check_consist)    Checking bp variable consistency
BPD: (        (eval)) bp package loaded with defaults
BPD: (        format)  format ( auto -> canon:8859-1 )
BPD: (   load_format)   fmt: auto, cset: <undef>
BPD: (   load_format)   fmt: canon, cset: 8859-1
BPD: (    reg_format)   registering format canon:canon (can) in bp_canon
BPD: (  load_charset)    cset: 8859-1
BPD: ( check_consist)    Checking bp variable consistency
BPD: (load_converter)    conv: aut2can
BPD: ( check_consist)    Checking bp variable consistency
Using bp, version 0.2.97 (19 Dec 96).
Reading: auto:auto  Writing: canon:8859-1

BPD: (        format)  format ( auto -> canon:8859-1 )
BPD: (   load_format)   fmt: auto, cset: <undef>
BPD: (   load_format)   fmt: canon, cset: 8859-1
BPD: (  load_charset)    cset: 8859-1
BPD: ( check_consist)    Checking bp variable consistency
BPD: (load_converter)    conv: aut2can
BPD: ( check_consist)    Checking bp variable consistency
Using bp, version 0.2.97 (19 Dec 96).
Reading: auto:auto  Writing: canon:8859-1

BPD: (        format)  format ( auto -> canon:8859-1 )
BPD: (   load_format)   fmt: auto, cset: <undef>
BPD: (   load_format)   fmt: canon, cset: 8859-1
BPD: (  load_charset)    cset: 8859-1
BPD: ( check_consist)    Checking bp variable consistency
BPD: (load_converter)    conv: aut2can
BPD: ( check_consist)    Checking bp variable consistency
BPD: ( bp_auto::open)    auto step 1: t/sample.bib<bibtex> with mode read
BPD: (   load_format)   fmt: bibtex, cset: <undef>
BPD: (    reg_format)   registering format bibtex:tex (btx) in bp_bibtex
BPD: (  load_charset)    cset: tex
BPD: ( check_consist)    Checking bp variable consistency
BPD: (        format)  format ( canon:canon -> canon:utf8 )
BPD: (   load_format)   fmt: canon, cset: canon
BPD: (  load_charset)    cset: canon
BPD: (   load_format)   fmt: canon, cset: utf8
BPD: (  load_charset)    cset: utf8
Unrecognized escape \X passed through at /home/perl58/.cpan/build/Bundle-PBib-2.08.01-Y2ce8w/blib/lib/Biblio/bp/lib/bp-cs-utf8.pl line 40, <GFMIt/sample.bib> line 16.
BPD: ( check_consist)    Checking bp variable consistency
BPD: ( check_consist)    Checking bp variable consistency
BPD: (        format)  format ( canon:canon -> canon:utf8 )
BPD: (   load_format)   fmt: canon, cset: canon
BPD: (  load_charset)    cset: canon
BPD: (   load_format)   fmt: canon, cset: utf8
BPD: (  load_charset)    cset: utf8
BPD: ( check_consist)    Checking bp variable consistency
BPD: ( check_consist)    Checking bp variable consistency
BPD: (        format)  format ( canon:canon -> canon:utf8 )
BPD: (   load_format)   fmt: canon, cset: canon
BPD: (  load_charset)    cset: canon
BPD: (   load_format)   fmt: canon, cset: utf8
BPD: (  load_charset)    cset: utf8
BPD: ( check_consist)    Checking bp variable consistency
BPD: ( check_consist)    Checking bp variable consistency
BPD: (        format)  format ( canon:canon -> canon:utf8 )
BPD: (   load_format)   fmt: canon, cset: canon
BPD: (  load_charset)    cset: canon
BPD: (   load_format)   fmt: canon, cset: utf8
BPD: (  load_charset)    cset: utf8
BPD: ( check_consist)    Checking bp variable consistency
BPD: ( check_consist)    Checking bp variable consistency
BPD: (        format)  format ( canon:canon -> canon:utf8 )
BPD: (   load_format)   fmt: canon, cset: canon
BPD: (  load_charset)    cset: canon
BPD: (   load_format)   fmt: canon, cset: utf8
BPD: (  load_charset)    cset: utf8
BPD: ( check_consist)    Checking bp variable consistency
BPD: ( check_consist)    Checking bp variable consistency
BPD: (        format)  format ( canon:canon -> canon:utf8 )
BPD: (   load_format)   fmt: canon, cset: canon
BPD: (  load_charset)    cset: canon
BPD: (   load_format)   fmt: canon, cset: utf8
BPD: (  load_charset)    cset: utf8
BPD: ( check_consist)    Checking bp variable consistency
BPD: ( check_consist)    Checking bp variable consistency
BPD: (        format)  format ( canon:canon -> canon:utf8 )
BPD: (   load_format)   fmt: canon, cset: canon
BPD: (  load_charset)    cset: canon
BPD: (   load_format)   fmt: canon, cset: utf8
BPD: (  load_charset)    cset: utf8
BPD: ( check_consist)    Checking bp variable consistency
BPD: ( check_consist)    Checking bp variable consistency
BPD: (        format)  format ( canon:canon -> canon:utf8 )
BPD: (   load_format)   fmt: canon, cset: canon
BPD: (  load_charset)    cset: canon
BPD: (   load_format)   fmt: canon, cset: utf8
BPD: (  load_charset)    cset: utf8
BPD: ( check_consist)    Checking bp variable consistency
BPD: ( check_consist)    Checking bp variable consistency
BPD: (        format)  format ( canon:canon -> canon:utf8 )
BPD: (   load_format)   fmt: canon, cset: canon
BPD: (  load_charset)    cset: canon
BPD: (   load_format)   fmt: canon, cset: utf8
BPD: (  load_charset)    cset: utf8
BPD: ( check_consist)    Checking bp variable consistency
BPD: ( check_consist)    Checking bp variable consistency
BPD: (        format)  format ( canon:canon -> canon:utf8 )
BPD: (   load_format)   fmt: canon, cset: canon
BPD: (  load_charset)    cset: canon
BPD: (   load_format)   fmt: canon, cset: utf8
BPD: (  load_charset)    cset: utf8
BPD: ( check_consist)    Checking bp variable consistency
BPD: ( check_consist)    Checking bp variable consistency
BPD: (        (eval))    Loading approx tables
BPD: (        format)  format ( canon:canon -> canon:utf8 )
BPD: (   load_format)   fmt: canon, cset: canon
BPD: (  load_charset)    cset: canon
BPD: (   load_format)   fmt: canon, cset: utf8
BPD: (  load_charset)    cset: utf8
BPD: ( check_consist)    Checking bp variable consistency
BPD: ( check_consist)    Checking bp variable consistency
BPD: (        format)  format ( canon:canon -> canon:utf8 )
BPD: (   load_format)   fmt: canon, cset: canon
BPD: (  load_charset)    cset: canon
BPD: (   load_format)   fmt: canon, cset: utf8
BPD: (  load_charset)    cset: utf8
BPD: ( check_consist)    Checking bp variable consistency
BPD: ( check_consist)    Checking bp variable consistency
BPD: (        format)  format ( canon:canon -> canon:utf8 )
BPD: (   load_format)   fmt: canon, cset: canon
BPD: (  load_charset)    cset: canon
BPD: (   load_format)   fmt: canon, cset: utf8
BPD: (  load_charset)    cset: utf8
BPD: ( check_consist)    Checking bp variable consistency
BPD: ( check_consist)    Checking bp variable consistency
BPD: (        format)  format ( canon:canon -> canon:utf8 )
BPD: (   load_format)   fmt: canon, cset: canon
BPD: (  load_charset)    cset: canon
BPD: (   load_format)   fmt: canon, cset: utf8
BPD: (  load_charset)    cset: utf8
BPD: ( check_consist)    Checking bp variable consistency
BPD: ( check_consist)    Checking bp variable consistency
BPD: (        format)  format ( canon:canon -> canon:utf8 )
BPD: (   load_format)   fmt: canon, cset: canon
BPD: (  load_charset)    cset: canon
BPD: (   load_format)   fmt: canon, cset: utf8
BPD: (  load_charset)    cset: utf8
BPD: ( check_consist)    Checking bp variable consistency
BPD: ( check_consist)    Checking bp variable consistency
BPD: (        format)  format ( canon:canon -> canon:utf8 )
BPD: (   load_format)   fmt: canon, cset: canon
BPD: (  load_charset)    cset: canon
BPD: (   load_format)   fmt: canon, cset: utf8
BPD: (  load_charset)    cset: utf8
BPD: ( check_consist)    Checking bp variable consistency
BPD: ( check_consist)    Checking bp variable consistency
BPD: (        format)  format ( canon:canon -> canon:utf8 )
BPD: (   load_format)   fmt: canon, cset: canon
BPD: (  load_charset)    cset: canon
BPD: (   load_format)   fmt: canon, cset: utf8
BPD: (  load_charset)    cset: utf8
BPD: ( check_consist)    Checking bp variable consistency
BPD: ( check_consist)    Checking bp variable consistency
BPD: (        format)  format ( canon:canon -> canon:utf8 )
BPD: (   load_format)   fmt: canon, cset: canon
BPD: (  load_charset)    cset: canon
BPD: (   load_format)   fmt: canon, cset: utf8
BPD: (  load_charset)    cset: utf8
BPD: ( check_consist)    Checking bp variable consistency
BPD: ( check_consist)    Checking bp variable consistency
BPD: (        format)  format ( canon:canon -> canon:utf8 )
BPD: (   load_format)   fmt: canon, cset: canon
BPD: (  load_charset)    cset: canon
BPD: (   load_format)   fmt: canon, cset: utf8
BPD: (  load_charset)    cset: utf8
BPD: ( check_consist)    Checking bp variable consistency
BPD: ( check_consist)    Checking bp variable consistency
BPD: (        format)  format ( canon:canon -> canon:utf8 )
BPD: (   load_format)   fmt: canon, cset: canon
BPD: (  load_charset)    cset: canon
BPD: (   load_format)   fmt: canon, cset: utf8
BPD: (  load_charset)    cset: utf8
BPD: ( check_consist)    Checking bp variable consistency
BPD: ( check_consist)    Checking bp variable consistency
BPD: (        format)  format ( canon:canon -> canon:utf8 )
BPD: (   load_format)   fmt: canon, cset: canon
BPD: (  load_charset)    cset: canon
BPD: (   load_format)   fmt: canon, cset: utf8
BPD: (  load_charset)    cset: utf8
BPD: ( check_consist)    Checking bp variable consistency
BPD: ( check_consist)    Checking bp variable consistency
BPD: (        format)  format ( canon:canon -> canon:utf8 )
BPD: (   load_format)   fmt: canon, cset: canon
BPD: (  load_charset)    cset: canon
BPD: (   load_format)   fmt: canon, cset: utf8
BPD: (  load_charset)    cset: utf8
BPD: ( check_consist)    Checking bp variable consistency
BPD: ( check_consist)    Checking bp variable consistency
BPD: (        format)  format ( canon:canon -> canon:utf8 )
BPD: (   load_format)   fmt: canon, cset: canon
BPD: (  load_charset)    cset: canon
BPD: (   load_format)   fmt: canon, cset: utf8
BPD: (  load_charset)    cset: utf8
BPD: ( check_consist)    Checking bp variable consistency
BPD: ( check_consist)    Checking bp variable consistency
BPD: (        format)  format ( canon:canon -> canon:utf8 )
BPD: (   load_format)   fmt: canon, cset: canon
BPD: (  load_charset)    cset: canon
BPD: (   load_format)   fmt: canon, cset: utf8
BPD: (  load_charset)    cset: utf8
BPD: ( check_consist)    Checking bp variable consistency
BPD: ( check_consist)    Checking bp variable consistency
BPD: (        format)  format ( canon:canon -> canon:utf8 )
BPD: (   load_format)   fmt: canon, cset: canon
BPD: (  load_charset)    cset: canon
BPD: (   load_format)   fmt: canon, cset: utf8
BPD: (  load_charset)    cset: utf8
BPD: ( check_consist)    Checking bp variable consistency
BPD: ( check_consist)    Checking bp variable consistency
BPD: (        format)  format ( canon:canon -> canon:utf8 )
BPD: (   load_format)   fmt: canon, cset: canon
BPD: (  load_charset)    cset: canon
BPD: (   load_format)   fmt: canon, cset: utf8
BPD: (  load_charset)    cset: utf8
BPD: ( check_consist)    Checking bp variable consistency
BPD: ( check_consist)    Checking bp variable consistency
BPD: (        format)  format ( canon:canon -> canon:utf8 )
BPD: (   load_format)   fmt: canon, cset: canon
BPD: (  load_charset)    cset: canon
BPD: (   load_format)   fmt: canon, cset: utf8
BPD: (  load_charset)    cset: utf8
BPD: ( check_consist)    Checking bp variable consistency
BPD: ( check_consist)    Checking bp variable consistency
BPD: (        format)  format ( canon:canon -> canon:utf8 )
BPD: (   load_format)   fmt: canon, cset: canon
BPD: (  load_charset)    cset: canon
BPD: (   load_format)   fmt: canon, cset: utf8
BPD: (  load_charset)    cset: utf8
BPD: ( check_consist)    Checking bp variable consistency
BPD: ( check_consist)    Checking bp variable consistency
BPD: (        format)  format ( canon:canon -> canon:utf8 )
BPD: (   load_format)   fmt: canon, cset: canon
BPD: (  load_charset)    cset: canon
BPD: (   load_format)   fmt: canon, cset: utf8
BPD: (  load_charset)    cset: utf8
BPD: ( check_consist)    Checking bp variable consistency
BPD: ( check_consist)    Checking bp variable consistency
BPD: (        format)  format ( canon:canon -> canon:utf8 )
BPD: (   load_format)   fmt: canon, cset: canon
BPD: (  load_charset)    cset: canon
BPD: (   load_format)   fmt: canon, cset: utf8
BPD: (  load_charset)    cset: utf8
BPD: ( check_consist)    Checking bp variable consistency
BPD: ( check_consist)    Checking bp variable consistency
BPD: (        format)  format ( canon:canon -> canon:utf8 )
BPD: (   load_format)   fmt: canon, cset: canon
BPD: (  load_charset)    cset: canon
BPD: (   load_format)   fmt: canon, cset: utf8
BPD: (  load_charset)    cset: utf8
BPD: ( check_consist)    Checking bp variable consistency
BPD: ( check_consist)    Checking bp variable consistency
BPD: (        format)  format ( canon:canon -> canon:utf8 )
BPD: (   load_format)   fmt: canon, cset: canon
BPD: (  load_charset)    cset: canon
BPD: (   load_format)   fmt: canon, cset: utf8
BPD: (  load_charset)    cset: utf8
BPD: ( check_consist)    Checking bp variable consistency
BPD: ( check_consist)    Checking bp variable consistency
BPD: (        format)  format ( canon:canon -> canon:utf8 )
BPD: (   load_format)   fmt: canon, cset: canon
BPD: (  load_charset)    cset: canon
BPD: (   load_format)   fmt: canon, cset: utf8
BPD: (  load_charset)    cset: utf8
BPD: ( check_consist)    Checking bp variable consistency
BPD: ( check_consist)    Checking bp variable consistency
BPD: (        format)  format ( canon:canon -> canon:utf8 )
BPD: (   load_format)   fmt: canon, cset: canon
BPD: (  load_charset)    cset: canon
BPD: (   load_format)   fmt: canon, cset: utf8
BPD: (  load_charset)    cset: utf8
BPD: ( check_consist)    Checking bp variable consistency
BPD: ( check_consist)    Checking bp variable consistency
BPD: (        format)  format ( canon:canon -> canon:utf8 )
BPD: (   load_format)   fmt: canon, cset: canon
BPD: (  load_charset)    cset: canon
BPD: (   load_format)   fmt: canon, cset: utf8
BPD: (  load_charset)    cset: utf8
BPD: ( check_consist)    Checking bp variable consistency
BPD: ( check_consist)    Checking bp variable consistency
BPD: (        format)  format ( canon:canon -> canon:utf8 )
BPD: (   load_format)   fmt: canon, cset: canon
BPD: (  load_charset)    cset: canon
BPD: (   load_format)   fmt: canon, cset: utf8
BPD: (  load_charset)    cset: utf8
BPD: ( check_consist)    Checking bp variable consistency
BPD: ( check_consist)    Checking bp variable consistency
BPD: (        format)  format ( canon:canon -> canon:utf8 )
BPD: (   load_format)   fmt: canon, cset: canon
BPD: (  load_charset)    cset: canon
BPD: (   load_format)   fmt: canon, cset: utf8
BPD: (  load_charset)    cset: utf8
BPD: ( check_consist)    Checking bp variable consistency
BPD: ( check_consist)    Checking bp variable consistency
BPD: (        format)  format ( canon:canon -> canon:utf8 )
BPD: (   load_format)   fmt: canon, cset: canon
BPD: (  load_charset)    cset: canon
BPD: (   load_format)   fmt: canon, cset: utf8
BPD: (  load_charset)    cset: utf8
BPD: ( check_consist)    Checking bp variable consistency
BPD: ( check_consist)    Checking bp variable consistency
BPD: (        format)  format ( canon:canon -> canon:utf8 )
BPD: (   load_format)   fmt: canon, cset: canon
BPD: (  load_charset)    cset: canon
BPD: (   load_format)   fmt: canon, cset: utf8
BPD: (  load_charset)    cset: utf8
BPD: ( check_consist)    Checking bp variable consistency
BPD: ( check_consist)    Checking bp variable consistency
BPD: (        format)  format ( canon:canon -> canon:utf8 )
BPD: (   load_format)   fmt: canon, cset: canon
BPD: (  load_charset)    cset: canon
BPD: (   load_format)   fmt: canon, cset: utf8
BPD: (  load_charset)    cset: utf8
BPD: ( check_consist)    Checking bp variable consistency
BPD: ( check_consist)    Checking bp variable consistency
BPD: (        format)  format ( canon:canon -> canon:utf8 )
BPD: (   load_format)   fmt: canon, cset: canon
BPD: (  load_charset)    cset: canon
BPD: (   load_format)   fmt: canon, cset: utf8
BPD: (  load_charset)    cset: utf8
BPD: ( check_consist)    Checking bp variable consistency
BPD: ( check_consist)    Checking bp variable consistency
BPD: (        format)  format ( canon:canon -> canon:utf8 )
BPD: (   load_format)   fmt: canon, cset: canon
BPD: (  load_charset)    cset: canon
BPD: (   load_format)   fmt: canon, cset: utf8
BPD: (  load_charset)    cset: utf8
BPD: ( check_consist)    Checking bp variable consistency
BPD: ( check_consist)    Checking bp variable consistency
BPD: (        format)  format ( canon:canon -> canon:utf8 )
BPD: (   load_format)   fmt: canon, cset: canon
BPD: (  load_charset)    cset: canon
BPD: (   load_format)   fmt: canon, cset: utf8
BPD: (  load_charset)    cset: utf8
BPD: ( check_consist)    Checking bp variable consistency
BPD: ( check_consist)    Checking bp variable consistency
BPD: (        format)  format ( canon:canon -> canon:utf8 )
BPD: (   load_format)   fmt: canon, cset: canon
BPD: (  load_charset)    cset: canon
BPD: (   load_format)   fmt: canon, cset: utf8
BPD: (  load_charset)    cset: utf8
BPD: ( check_consist)    Checking bp variable consistency
BPD: ( check_consist)    Checking bp variable consistency
BPD: (        format)  format ( canon:canon -> canon:utf8 )
BPD: (   load_format)   fmt: canon, cset: canon
BPD: (  load_charset)    cset: canon
BPD: (   load_format)   fmt: canon, cset: utf8
BPD: (  load_charset)    cset: utf8
BPD: ( check_consist)    Checking bp variable consistency
BPD: ( check_consist)    Checking bp variable consistency
BPD: (        format)  format ( canon:canon -> canon:utf8 )
BPD: (   load_format)   fmt: canon, cset: canon
BPD: (  load_charset)    cset: canon
BPD: (   load_format)   fmt: canon, cset: utf8
BPD: (  load_charset)    cset: utf8
BPD: ( check_consist)    Checking bp variable consistency
BPD: ( check_consist)    Checking bp variable consistency
BPD: (        format)  format ( canon:canon -> canon:utf8 )
BPD: (   load_format)   fmt: canon, cset: canon
BPD: (  load_charset)    cset: canon
BPD: (   load_format)   fmt: canon, cset: utf8
BPD: (  load_charset)    cset: utf8
BPD: ( check_consist)    Checking bp variable consistency
BPD: ( check_consist)    Checking bp variable consistency
BPD: (        format)  format ( canon:canon -> canon:utf8 )
BPD: (   load_format)   fmt: canon, cset: canon
BPD: (  load_charset)    cset: canon
BPD: (   load_format)   fmt: canon, cset: utf8
BPD: (  load_charset)    cset: utf8
BPD: ( check_consist)    Checking bp variable consistency
BPD: ( check_consist)    Checking bp variable consistency
BPD: (        format)  format ( canon:canon -> canon:utf8 )
BPD: (   load_format)   fmt: canon, cset: canon
BPD: (  load_charset)    cset: canon
BPD: (   load_format)   fmt: canon, cset: utf8
BPD: (  load_charset)    cset: utf8
BPD: ( check_consist)    Checking bp variable consistency
BPD: ( check_consist)    Checking bp variable consistency
BPD: (        format)  format ( canon:canon -> canon:utf8 )
BPD: (   load_format)   fmt: canon, cset: canon
BPD: (  load_charset)    cset: canon
BPD: (   load_format)   fmt: canon, cset: utf8
BPD: (  load_charset)    cset: utf8
BPD: ( check_consist)    Checking bp variable consistency
BPD: ( check_consist)    Checking bp variable consistency
BPD: (        format)  format ( canon:canon -> canon:utf8 )
BPD: (   load_format)   fmt: canon, cset: canon
BPD: (  load_charset)    cset: canon
BPD: (   load_format)   fmt: canon, cset: utf8
BPD: (  load_charset)    cset: utf8
BPD: ( check_consist)    Checking bp variable consistency
BPD: ( check_consist)    Checking bp variable consistency
BPD: (        format)  format ( canon:canon -> canon:utf8 )
BPD: (   load_format)   fmt: canon, cset: canon
BPD: (  load_charset)    cset: canon
BPD: (   load_format)   fmt: canon, cset: utf8
BPD: (  load_charset)    cset: utf8
BPD: ( check_consist)    Checking bp variable consistency
BPD: ( check_consist)    Checking bp variable consistency
BPD: (        format)  format ( canon:canon -> canon:utf8 )
BPD: (   load_format)   fmt: canon, cset: canon
BPD: (  load_charset)    cset: canon
BPD: (   load_format)   fmt: canon, cset: utf8
BPD: (  load_charset)    cset: utf8
BPD: ( check_consist)    Checking bp variable consistency
BPD: ( check_consist)    Checking bp variable consistency
BPD: (        format)  format ( canon:canon -> canon:utf8 )
BPD: (   load_format)   fmt: canon, cset: canon
BPD: (  load_charset)    cset: canon
BPD: (   load_format)   fmt: canon, cset: utf8
BPD: (  load_charset)    cset: utf8
BPD: ( check_consist)    Checking bp variable consistency
BPD: ( check_consist)    Checking bp variable consistency
BPD: (        format)  format ( canon:canon -> canon:utf8 )
BPD: (   load_format)   fmt: canon, cset: canon
BPD: (  load_charset)    cset: canon
BPD: (   load_format)   fmt: canon, cset: utf8
BPD: (  load_charset)    cset: utf8
BPD: ( check_consist)    Checking bp variable consistency
BPD: ( check_consist)    Checking bp variable consistency
BPD: (        format)  format ( canon:canon -> canon:utf8 )
BPD: (   load_format)   fmt: canon, cset: canon
BPD: (  load_charset)    cset: canon
BPD: (   load_format)   fmt: canon, cset: utf8
BPD: (  load_charset)    cset: utf8
BPD: ( check_consist)    Checking bp variable consistency
BPD: ( check_consist)    Checking bp variable consistency
BPD: (        format)  format ( canon:canon -> canon:utf8 )
BPD: (   load_format)   fmt: canon, cset: canon
BPD: (  load_charset)    cset: canon
BPD: (   load_format)   fmt: canon, cset: utf8
BPD: (  load_charset)    cset: utf8
BPD: ( check_consist)    Checking bp variable consistency
BPD: ( check_consist)    Checking bp variable consistency
BPD: (        format)  format ( canon:canon -> canon:utf8 )
BPD: (   load_format)   fmt: canon, cset: canon
BPD: (  load_charset)    cset: canon
BPD: (   load_format)   fmt: canon, cset: utf8
BPD: (  load_charset)    cset: utf8
BPD: ( check_consist)    Checking bp variable consistency
BPD: ( check_consist)    Checking bp variable consistency
BPD: (        format)  format ( canon:canon -> canon:utf8 )
BPD: (   load_format)   fmt: canon, cset: canon
BPD: (  load_charset)    cset: canon
BPD: (   load_format)   fmt: canon, cset: utf8
BPD: (  load_charset)    cset: utf8
BPD: ( check_consist)    Checking bp variable consistency
BPD: ( check_consist)    Checking bp variable consistency
BPD: (        format)  format ( canon:canon -> canon:utf8 )
BPD: (   load_format)   fmt: canon, cset: canon
BPD: (  load_charset)    cset: canon
BPD: (   load_format)   fmt: canon, cset: utf8
BPD: (  load_charset)    cset: utf8
BPD: ( check_consist)    Checking bp variable consistency
BPD: ( check_consist)    Checking bp variable consistency
BPD: (        format)  format ( canon:canon -> canon:utf8 )
BPD: (   load_format)   fmt: canon, cset: canon
BPD: (  load_charset)    cset: canon
BPD: (   load_format)   fmt: canon, cset: utf8
BPD: (  load_charset)    cset: utf8
BPD: ( check_consist)    Checking bp variable consistency
BPD: ( check_consist)    Checking bp variable consistency
BPD: (        format)  format ( canon:canon -> canon:utf8 )
BPD: (   load_format)   fmt: canon, cset: canon
BPD: (  load_charset)    cset: canon
BPD: (   load_format)   fmt: canon, cset: utf8
BPD: (  load_charset)    cset: utf8
BPD: ( check_consist)    Checking bp variable consistency
BPD: ( check_consist)    Checking bp variable consistency
BPD: (        format)  format ( canon:canon -> canon:utf8 )
BPD: (   load_format)   fmt: canon, cset: canon
BPD: (  load_charset)    cset: canon
BPD: (   load_format)   fmt: canon, cset: utf8
BPD: (  load_charset)    cset: utf8
BPD: ( check_consist)    Checking bp variable consistency
BPD: ( check_consist)    Checking bp variable consistency
BPD: (        format)  format ( canon:canon -> canon:utf8 )
BPD: (   load_format)   fmt: canon, cset: canon
BPD: (  load_charset)    cset: canon
BPD: (   load_format)   fmt: canon, cset: utf8
BPD: (  load_charset)    cset: utf8
BPD: ( check_consist)    Checking bp variable consistency
BPD: ( check_consist)    Checking bp variable consistency
BPD: (        format)  format ( canon:canon -> canon:utf8 )
BPD: (   load_format)   fmt: canon, cset: canon
BPD: (  load_charset)    cset: canon
BPD: (   load_format)   fmt: canon, cset: utf8
BPD: (  load_charset)    cset: utf8
BPD: ( check_consist)    Checking bp variable consistency
BPD: ( check_consist)    Checking bp variable consistency
BPD: (        format)  format ( canon:canon -> canon:utf8 )
BPD: (   load_format)   fmt: canon, cset: canon
BPD: (  load_charset)    cset: canon
BPD: (   load_format)   fmt: canon, cset: utf8
BPD: (  load_charset)    cset: utf8
BPD: ( check_consist)    Checking bp variable consistency
BPD: ( check_consist)    Checking bp variable consistency
BPD: ( check_consist)    Checking bp variable consistency
# Converting t/sample.html ...

#   Failed test 'PBib::convertFile(t/sample.html) produces expected output file'
#   at t/30-pbib-module.t line 93.
# Converting t/sample.sxw ...
Failed to open module PBib::Document::OpenOfficeSXW
 at /home/perl58/.cpan/build/Bundle-PBib-2.08.01-Y2ce8w/blib/lib/PBib/PBib.pm line 461
# Looks like you planned 25 tests but ran 18.
# Looks like you failed 1 test of 18 run.
# Looks like your test exited with 2 just after 18.
t/30-pbib-module.t .. 
Dubious, test returned 2 (wstat 512, 0x200)
Failed 8/25 subtests 
	(less 3 skipped subtests: 14 okay)
# Converting t/sample.html ...
Using bp, version 0.2.97 (19 Dec 96).
Reading: auto:auto  Writing: canon:8859-1

PBib version 2.14.
Using bp, version 0.2.97 (19 Dec 96).
Reading: auto:auto  Writing: canon:8859-1

Read t/sample.bib ...
66 records read from t/sample.bib.

#   Failed test 'PBib::convertFile(t/sample.html) produces expected output file'
#   at t/31-pbib-script.t line 76.
# Converting t/sample.sxw ...
Using bp, version 0.2.97 (19 Dec 96).
Reading: auto:auto  Writing: canon:8859-1

PBib version 2.14.
Using bp, version 0.2.97 (19 Dec 96).
Reading: auto:auto  Writing: canon:8859-1

Read t/sample.bib ...
66 records read from t/sample.bib.
Failed to open module PBib::Document::OpenOfficeSXW
 at /home/perl58/.cpan/build/Bundle-PBib-2.08.01-Y2ce8w/bin/../lib/PBib/PBib.pm line 461

#   Failed test 'system(/home/perl58/testing/bin/perl5.8.9, /home/perl58/.cpan/build/Bundle-PBib-2.08.01-Y2ce8w/t/../bin/pbib.pl, t/sample.sxw)'
#   at t/31-pbib-script.t line 73.
#          got: '512'
#     expected: '0'
# Converting t/sample.txt ...
Using bp, version 0.2.97 (19 Dec 96).
Reading: auto:auto  Writing: canon:8859-1

PBib version 2.14.
Using bp, version 0.2.97 (19 Dec 96).
Reading: auto:auto  Writing: canon:8859-1

Read t/sample.bib ...
66 records read from t/sample.bib.

#   Failed test 'PBib::convertFile(t/sample.txt) produces expected output file'
#   at t/31-pbib-script.t line 76.
# Converting t/sample.xml ...
Using bp, version 0.2.97 (19 Dec 96).
Reading: auto:auto  Writing: canon:8859-1

PBib version 2.14.
Using bp, version 0.2.97 (19 Dec 96).
Reading: auto:auto  Writing: canon:8859-1

Read t/sample.bib ...
66 records read from t/sample.bib.
Failed to open module PBib::Document::XML
 at /home/perl58/.cpan/build/Bundle-PBib-2.08.01-Y2ce8w/bin/../lib/PBib/PBib.pm line 461

#   Failed test 'system(/home/perl58/testing/bin/perl5.8.9, /home/perl58/.cpan/build/Bundle-PBib-2.08.01-Y2ce8w/t/../bin/pbib.pl, t/sample.xml)'
#   at t/31-pbib-script.t line 73.
#          got: '512'
#     expected: '0'
# Looks like you failed 4 tests of 23.
t/31-pbib-script.t .. 
Dubious, test returned 4 (wstat 1024, 0x400)
Failed 4/23 subtests 
	(less 6 skipped subtests: 13 okay)

Test Summary Report
-------------------
t/30-pbib-module.t (Wstat: 512 Tests: 18 Failed: 1)
  Failed test:  13
  Non-zero exit status: 2
  Parse errors: Bad plan.  You planned 25 tests but ran 18.
t/31-pbib-script.t (Wstat: 1024 Tests: 23 Failed: 4)
  Failed tests:  7, 14, 19, 22
  Non-zero exit status: 4
Files=6, Tests=54,  7 wallclock secs ( 0.05 usr  0.03 sys +  1.62 cusr  0.23 csys =  1.93 CPU)
Result: FAIL
Failed 2/6 test programs. 5/54 subtests failed.

------------------------------
PREREQUISITES
------------------------------

Prerequisite modules loaded:

requires:

    Module          Need   Have     
    --------------- ------ ---------
    Bundle::DBI     11.02  12.008695
    Config::General 2.18   2.50     
    Cwd             2.06   3.29     
    Data::Dumper    2.12   2.121_17 
    Module::Build   0.2604 0.3800   
    perl            v5.6.1 5.008009 

build_requires:

    Module          Need   Have     
    --------------- ------ ---------
    Test::More      0      0.98     


------------------------------
ENVIRONMENT AND OTHER CONTEXT
------------------------------

Environment variables:

    AUTOMATED_TESTING = 1
    LANG = en_US.UTF-8
    LC_COLLATE = C
    LC_MONETARY = nl_NL.utf8
    PATH = /home/tester/perl5/perlbrew/bin:/home/tester/perl5/perlbrew/perls/perl-5.15.1/bin:/usr/lib64/qt-3.3/bin:/usr/lib64/ccache:/usr/local/bin:/bin:/usr/bin:/usr/local/sbin:/usr/sbin:/sbin:/home/tester/bin:/home/tester/bin
    PATH_WITHOUT_PERLBREW = /usr/lib64/qt-3.3/bin:/usr/lib64/ccache:/usr/local/bin:/bin:/usr/bin:/usr/local/sbin:/usr/sbin:/sbin:/home/tester/bin
    PERL5LIB = /home/perl58/.cpan/build/Config-General-2.50-WigeEP/blib/arch:/home/perl58/.cpan/build/Config-General-2.50-WigeEP/blib/lib
    PERL5OPT = 
    PERL5_CPANPLUS_IS_RUNNING = 12158
    PERL5_CPAN_IS_RUNNING = 12158
    PERL5_CPAN_IS_RUNNING_IN_RECURSION = 19870,12158
    PERLBREW_PATH = /home/tester/perl5/perlbrew/bin:/home/tester/perl5/perlbrew/perls/perl-5.15.1/bin
    PERLBREW_PERL = perl-5.15.1
    PERLBREW_ROOT = /home/tester/perl5/perlbrew
    PERLBREW_VERSION = 0.15
    PERL_CR_SMOKER_CURRENT = Bundle-PBib-2.08.01
    PERL_EXTUTILS_AUTOINSTALL = --defaultdeps
    PERL_MM_USE_DEFAULT = 1
    SHELL = /bin/bash
    TERM = screen

Perl special variables (and OS-specific diagnostics, for MSWin32):

    $^X = /home/perl58/testing/bin/perl5.8.9
    $UID/$EUID = 506 / 506
    $GID = 506 506
    $EGID = 506 506

Perl module toolchain versions installed:

    Module              Have    
    ------------------- --------
    CPAN                1.9600  
    Cwd                 3.29    
    ExtUtils::CBuilder  0.280202
    ExtUtils::Command   1.16    
    ExtUtils::Install   1.52    
    ExtUtils::MakeMaker 6.56    
    ExtUtils::Manifest  1.56    
    ExtUtils::ParseXS   2.2206  
    File::Spec          3.29    
    Module::Build       0.3800  
    Module::Signature   n/a     
    Test::Harness       3.23    
    Test::More          0.98    
    YAML                n/a     
    YAML::Syck          1.17    
    version             0.90    


--

Summary of my perl5 (revision 5 version 8 subversion 9) configuration:
  Platform:
    osname=linux, osvers=2.6.35.11-83.fc14.x86_64, archname=x86_64-linux-thread-multi
    uname='linux firenze.fritz.box 2.6.35.11-83.fc14.x86_64 #1 smp mon feb 7 07:06:44 utc 2011 x86_64 x86_64 x86_64 gnulinux '
    config_args='-Dprefix=/home/perl58/testing/ -Dusethreads -Dusedevel -des'
    hint=recommended, useposix=true, d_sigaction=define
    usethreads=define use5005threads=undef useithreads=define usemultiplicity=define
    useperlio=define d_sfio=undef uselargefiles=define usesocks=undef
    use64bitint=define use64bitall=define uselongdouble=undef
    usemymalloc=n, bincompat5005=undef
  Compiler:
    cc='cc', ccflags ='-D_REENTRANT -D_GNU_SOURCE -DTHREADS_HAVE_PIDS -fno-strict-aliasing -pipe -I/usr/local/include -D_LARGEFILE_SOURCE -D_FILE_OFFSET_BITS=64 -I/usr/include/gdbm',
    optimize='-O2',
    cppflags='-D_REENTRANT -D_GNU_SOURCE -DTHREADS_HAVE_PIDS -fno-strict-aliasing -pipe -I/usr/local/include -I/usr/include/gdbm'
    ccversion='', gccversion='4.5.1 20100924 (Red Hat 4.5.1-4)', gccosandvers=''
    intsize=4, longsize=8, ptrsize=8, doublesize=8, byteorder=12345678
    d_longlong=define, longlongsize=8, d_longdbl=define, longdblsize=16
    ivtype='long', ivsize=8, nvtype='double', nvsize=8, Off_t='off_t', lseeksize=8
    alignbytes=8, prototype=define
  Linker and Libraries:
    ld='cc', ldflags =' -L/usr/local/lib'
    libpth=/usr/local/lib /lib /usr/lib /lib64 /usr/lib64 /usr/local/lib64
    libs=-lnsl -lgdbm -ldb -ldl -lm -lcrypt -lutil -lpthread -lc
    perllibs=-lnsl -ldl -lm -lcrypt -lutil -lpthread -lc
    libc=, so=so, useshrplib=false, libperl=libperl.a
    gnulibc_version='2.13'
  Dynamic Linking:
    dlsrc=dl_dlopen.xs, dlext=so, d_dlsymun=undef, ccdlflags='-Wl,-E'
    cccdlflags='-fPIC', lddlflags='-shared -O2 -L/usr/local/lib'


Characteristics of this binary (from libperl): 
  Compile-time options: MULTIPLICITY PERL_IMPLICIT_CONTEXT PERL_MALLOC_WRAP
                        THREADS_HAVE_PIDS USE_64_BIT_ALL USE_64_BIT_INT
                        USE_FAST_STDIO USE_ITHREADS USE_LARGE_FILES
                        USE_PERLIO USE_REENTRANT_API
  Built under linux
  Compiled at Jun  4 2011 22:22:39
  %ENV:
    PERL5LIB="/home/perl58/.cpan/build/Config-General-2.50-WigeEP/blib/arch:/home/perl58/.cpan/build/Config-General-2.50-WigeEP/blib/lib"
    PERL5OPT=""
    PERL5_CPANPLUS_IS_RUNNING="12158"
    PERL5_CPAN_IS_RUNNING="12158"
    PERL5_CPAN_IS_RUNNING_IN_RECURSION="19870,12158"
    PERLBREW_PATH="/home/tester/perl5/perlbrew/bin:/home/tester/perl5/perlbrew/perls/perl-5.15.1/bin"
    PERLBREW_PERL="perl-5.15.1"
    PERLBREW_ROOT="/home/tester/perl5/perlbrew"
    PERLBREW_VERSION="0.15"
    PERL_CR_SMOKER_CURRENT="Bundle-PBib-2.08.01"
    PERL_EXTUTILS_AUTOINSTALL="--defaultdeps"
    PERL_MM_USE_DEFAULT="1"
  @INC:
    /home/perl58/.cpan/build/Config-General-2.50-WigeEP/blib/arch
    /home/perl58/.cpan/build/Config-General-2.50-WigeEP/blib/lib
    /home/perl58/testing/lib/5.8.9/x86_64-linux-thread-multi
    /home/perl58/testing/lib/5.8.9
    /home/perl58/testing/lib/site_perl/5.8.9/x86_64-linux-thread-multi
    /home/perl58/testing/lib/site_perl/5.8.9
    .