Report for XML-Schema-0.07

Back
From: metabase:user:c2f5ff8c-3c8f-11e3-bf27-fc60afd260fb
Subject: FAIL XML-Schema-0.07 v5.16.3 GNU/Linux
Date: 2013-12-14T23:09:26Z

This distribution has been tested as part of the CPAN Testers
project, supporting the Perl programming language.  See
http://wiki.cpantesters.org/ for more information or email
questions to cpan-testers-discuss@perl.org


--
Dear Andy Wardley,

This is a computer-generated report for XML-Schema-0.07
on perl 5.16.3, created by CPAN-Reporter-1.2010.

Thank you for uploading your work to CPAN.  However, there was a problem
testing your distribution.

If you think this report is invalid, please consult the CPAN Testers Wiki
for suggestions on how to avoid getting FAIL reports for missing library
or binary dependencies, unsupported operating systems, and so on:

http://wiki.cpantesters.org/wiki/CPANAuthorNotes

Sections of this report:

    * Tester comments
    * Program output
    * Prerequisites
    * Environment and other context

------------------------------
TESTER COMMENTS
------------------------------

Additional comments from tester:

this report is from an automated smoke testing program
and was not reviewed by a human for accuracy

------------------------------
PROGRAM OUTPUT
------------------------------

Output from '/usr/bin/make test':

PERL_DL_NONLAZY=1 /home/perltest/perl5/perlbrew/perls/perl-5.16.3-thread-multi/bin/perl "-MExtUtils::Command::MM" "-e" "test_harness(0, 'blib/lib', 'blib/arch')" t/*.t
Use of uninitialized value in addition (+) at lib/XML/Schema/Type/Builtin.pm line 198.
Use of uninitialized value in numeric le (<=) at lib/XML/Schema/Facet/Builtin.pm line 319.
Use of uninitialized value in addition (+) at lib/XML/Schema/Type/Builtin.pm line 198.
Use of uninitialized value in numeric le (<=) at lib/XML/Schema/Facet/Builtin.pm line 319.
Use of uninitialized value in addition (+) at lib/XML/Schema/Type/Builtin.pm line 198.
Use of uninitialized value in numeric le (<=) at lib/XML/Schema/Facet/Builtin.pm line 319.
Use of uninitialized value in addition (+) at lib/XML/Schema/Type/Builtin.pm line 198.
Use of uninitialized value in numeric le (<=) at lib/XML/Schema/Facet/Builtin.pm line 319.
Use of uninitialized value in addition (+) at lib/XML/Schema/Type/Builtin.pm line 198.
Use of uninitialized value in numeric le (<=) at lib/XML/Schema/Facet/Builtin.pm line 319.
Use of uninitialized value in addition (+) at lib/XML/Schema/Type/Builtin.pm line 198.
Use of uninitialized value in numeric le (<=) at lib/XML/Schema/Facet/Builtin.pm line 319.
Use of uninitialized value in addition (+) at lib/XML/Schema/Type/Builtin.pm line 198.
Use of uninitialized value in numeric le (<=) at lib/XML/Schema/Facet/Builtin.pm line 319.
Use of uninitialized value in addition (+) at lib/XML/Schema/Type/Builtin.pm line 198.
Use of uninitialized value in numeric le (<=) at lib/XML/Schema/Facet/Builtin.pm line 319.
Use of uninitialized value in addition (+) at lib/XML/Schema/Type/Builtin.pm line 198.
Use of uninitialized value in numeric le (<=) at lib/XML/Schema/Facet/Builtin.pm line 319.
Use of uninitialized value in addition (+) at lib/XML/Schema/Type/Builtin.pm line 198.
Use of uninitialized value in numeric le (<=) at lib/XML/Schema/Facet/Builtin.pm line 319.
Use of uninitialized value in addition (+) at lib/XML/Schema/Type/Builtin.pm line 198.
Use of uninitialized value in numeric le (<=) at lib/XML/Schema/Facet/Builtin.pm line 319.
Use of uninitialized value in addition (+) at lib/XML/Schema/Type/Builtin.pm line 198.
Use of uninitialized value in numeric le (<=) at lib/XML/Schema/Facet/Builtin.pm line 319.
Use of uninitialized value in addition (+) at lib/XML/Schema/Type/Builtin.pm line 198.
Use of uninitialized value in numeric le (<=) at lib/XML/Schema/Facet/Builtin.pm line 319.
Use of uninitialized value in addition (+) at lib/XML/Schema/Type/Builtin.pm line 198.
Use of uninitialized value in numeric le (<=) at lib/XML/Schema/Facet/Builtin.pm line 319.
Use of uninitialized value in addition (+) at lib/XML/Schema/Type/Builtin.pm line 198.
Use of uninitialized value in numeric le (<=) at lib/XML/Schema/Facet/Builtin.pm line 319.
Use of uninitialized value in addition (+) at lib/XML/Schema/Type/Builtin.pm line 198.
Use of uninitialized value in numeric le (<=) at lib/XML/Schema/Facet/Builtin.pm line 319.
Use of uninitialized value in addition (+) at lib/XML/Schema/Type/Builtin.pm line 198.
Use of uninitialized value in numeric le (<=) at lib/XML/Schema/Facet/Builtin.pm line 319.
Use of uninitialized value in addition (+) at lib/XML/Schema/Type/Builtin.pm line 198.
Use of uninitialized value in numeric le (<=) at lib/XML/Schema/Facet/Builtin.pm line 319.
Use of uninitialized value in addition (+) at lib/XML/Schema/Type/Builtin.pm line 198.
Use of uninitialized value in numeric le (<=) at lib/XML/Schema/Facet/Builtin.pm line 319.
Use of uninitialized value in addition (+) at lib/XML/Schema/Type/Builtin.pm line 198.
Use of uninitialized value in numeric le (<=) at lib/XML/Schema/Facet/Builtin.pm line 319.
Use of uninitialized value in addition (+) at lib/XML/Schema/Type/Builtin.pm line 198.
Use of uninitialized value in numeric le (<=) at lib/XML/Schema/Facet/Builtin.pm line 319.
Use of uninitialized value in addition (+) at lib/XML/Schema/Type/Builtin.pm line 198.
Use of uninitialized value in numeric le (<=) at lib/XML/Schema/Facet/Builtin.pm line 319.
Use of uninitialized value in addition (+) at lib/XML/Schema/Type/Builtin.pm line 198.
Use of uninitialized value in numeric le (<=) at lib/XML/Schema/Facet/Builtin.pm line 319.
Use of uninitialized value in addition (+) at lib/XML/Schema/Type/Builtin.pm line 198.
Use of uninitialized value in numeric le (<=) at lib/XML/Schema/Facet/Builtin.pm line 319.
Use of uninitialized value in addition (+) at lib/XML/Schema/Type/Builtin.pm line 198.
Use of uninitialized value in numeric le (<=) at lib/XML/Schema/Facet/Builtin.pm line 319.
Use of uninitialized value in addition (+) at lib/XML/Schema/Type/Builtin.pm line 198.
Use of uninitialized value in numeric le (<=) at lib/XML/Schema/Facet/Builtin.pm line 319.
Use of uninitialized value in addition (+) at lib/XML/Schema/Type/Builtin.pm line 198.
Use of uninitialized value in numeric le (<=) at lib/XML/Schema/Facet/Builtin.pm line 319.
Use of uninitialized value in addition (+) at lib/XML/Schema/Type/Builtin.pm line 198.
Use of uninitialized value in numeric le (<=) at lib/XML/Schema/Facet/Builtin.pm line 319.
Use of uninitialized value in addition (+) at lib/XML/Schema/Type/Builtin.pm line 198.
Use of uninitialized value in numeric le (<=) at lib/XML/Schema/Facet/Builtin.pm line 319.
Use of uninitialized value in addition (+) at lib/XML/Schema/Type/Builtin.pm line 198.
Use of uninitialized value in numeric le (<=) at lib/XML/Schema/Facet/Builtin.pm line 319.
Use of uninitialized value in addition (+) at lib/XML/Schema/Type/Builtin.pm line 198.
Use of uninitialized value in numeric le (<=) at lib/XML/Schema/Facet/Builtin.pm line 319.
Use of uninitialized value in addition (+) at lib/XML/Schema/Type/Builtin.pm line 198.
Use of uninitialized value in numeric le (<=) at lib/XML/Schema/Facet/Builtin.pm line 319.
Use of uninitialized value in addition (+) at lib/XML/Schema/Type/Builtin.pm line 198.
Use of uninitialized value in numeric le (<=) at lib/XML/Schema/Facet/Builtin.pm line 319.
Use of uninitialized value in addition (+) at lib/XML/Schema/Type/Builtin.pm line 198.
Use of uninitialized value in numeric le (<=) at lib/XML/Schema/Facet/Builtin.pm line 319.
Use of uninitialized value in addition (+) at lib/XML/Schema/Type/Builtin.pm line 198.
Use of uninitialized value in numeric le (<=) at lib/XML/Schema/Facet/Builtin.pm line 319.
t/attrgroup.t .. ok
t/attribute.t .. ok
t/base.t ....... ok
Use of uninitialized value in addition (+) at lib/XML/Schema/Type/Builtin.pm line 198.
Use of uninitialized value in addition (+) at lib/XML/Schema/Type/Builtin.pm line 198.
Use of uninitialized value in addition (+) at lib/XML/Schema/Type/Builtin.pm line 198.
Use of uninitialized value in addition (+) at lib/XML/Schema/Type/Builtin.pm line 198.
Use of uninitialized value in numeric le (<=) at lib/XML/Schema/Facet/Builtin.pm line 319.
Use of uninitialized value in addition (+) at lib/XML/Schema/Type/Builtin.pm line 198.
Use of uninitialized value in numeric le (<=) at lib/XML/Schema/Facet/Builtin.pm line 319.
Use of uninitialized value in addition (+) at lib/XML/Schema/Type/Builtin.pm line 198.
Use of uninitialized value in numeric le (<=) at lib/XML/Schema/Facet/Builtin.pm line 319.
Use of uninitialized value in addition (+) at lib/XML/Schema/Type/Builtin.pm line 198.
Use of uninitialized value in numeric le (<=) at lib/XML/Schema/Facet/Builtin.pm line 319.
Use of uninitialized value in addition (+) at lib/XML/Schema/Type/Builtin.pm line 198.
Use of uninitialized value in numeric le (<=) at lib/XML/Schema/Facet/Builtin.pm line 319.
Use of uninitialized value in addition (+) at lib/XML/Schema/Type/Builtin.pm line 198.
Use of uninitialized value in numeric le (<=) at lib/XML/Schema/Facet/Builtin.pm line 319.
Use of uninitialized value in addition (+) at lib/XML/Schema/Type/Builtin.pm line 198.
Use of uninitialized value in numeric le (<=) at lib/XML/Schema/Facet/Builtin.pm line 319.
Use of uninitialized value in addition (+) at lib/XML/Schema/Type/Builtin.pm line 198.
Use of uninitialized value in numeric le (<=) at lib/XML/Schema/Facet/Builtin.pm line 319.
Use of uninitialized value in addition (+) at lib/XML/Schema/Type/Builtin.pm line 198.
Use of uninitialized value in numeric le (<=) at lib/XML/Schema/Facet/Builtin.pm line 319.
Use of uninitialized value in addition (+) at lib/XML/Schema/Type/Builtin.pm line 198.
Use of uninitialized value in numeric le (<=) at lib/XML/Schema/Facet/Builtin.pm line 319.
Use of uninitialized value in addition (+) at lib/XML/Schema/Type/Builtin.pm line 198.
Use of uninitialized value in numeric le (<=) at lib/XML/Schema/Facet/Builtin.pm line 319.
Use of uninitialized value in addition (+) at lib/XML/Schema/Type/Builtin.pm line 198.
Use of uninitialized value in numeric le (<=) at lib/XML/Schema/Facet/Builtin.pm line 319.
Use of uninitialized value in addition (+) at lib/XML/Schema/Type/Builtin.pm line 198.
Use of uninitialized value in numeric le (<=) at lib/XML/Schema/Facet/Builtin.pm line 319.
Use of uninitialized value in addition (+) at lib/XML/Schema/Type/Builtin.pm line 198.
Use of uninitialized value in numeric le (<=) at lib/XML/Schema/Facet/Builtin.pm line 319.
Use of uninitialized value in addition (+) at lib/XML/Schema/Type/Builtin.pm line 198.
Use of uninitialized value in numeric le (<=) at lib/XML/Schema/Facet/Builtin.pm line 319.
Use of uninitialized value in addition (+) at lib/XML/Schema/Type/Builtin.pm line 198.
Use of uninitialized value in numeric le (<=) at lib/XML/Schema/Facet/Builtin.pm line 319.
Use of uninitialized value in addition (+) at lib/XML/Schema/Type/Builtin.pm line 198.
Use of uninitialized value in numeric le (<=) at lib/XML/Schema/Facet/Builtin.pm line 319.
Use of uninitialized value in addition (+) at lib/XML/Schema/Type/Builtin.pm line 198.
Use of uninitialized value in numeric le (<=) at lib/XML/Schema/Facet/Builtin.pm line 319.
Use of uninitialized value in addition (+) at lib/XML/Schema/Type/Builtin.pm line 198.
Use of uninitialized value in numeric le (<=) at lib/XML/Schema/Facet/Builtin.pm line 319.
Use of uninitialized value in addition (+) at lib/XML/Schema/Type/Builtin.pm line 198.
Use of uninitialized value in numeric le (<=) at lib/XML/Schema/Facet/Builtin.pm line 319.
Use of uninitialized value in addition (+) at lib/XML/Schema/Type/Builtin.pm line 198.
Use of uninitialized value in numeric le (<=) at lib/XML/Schema/Facet/Builtin.pm line 319.
Use of uninitialized value in addition (+) at lib/XML/Schema/Type/Builtin.pm line 198.
Use of uninitialized value in numeric le (<=) at lib/XML/Schema/Facet/Builtin.pm line 319.
Use of uninitialized value in addition (+) at lib/XML/Schema/Type/Builtin.pm line 198.
Use of uninitialized value in numeric le (<=) at lib/XML/Schema/Facet/Builtin.pm line 319.
Use of uninitialized value in addition (+) at lib/XML/Schema/Type/Builtin.pm line 198.
Use of uninitialized value in numeric le (<=) at lib/XML/Schema/Facet/Builtin.pm line 319.
Use of uninitialized value in addition (+) at lib/XML/Schema/Type/Builtin.pm line 198.
Use of uninitialized value in numeric le (<=) at lib/XML/Schema/Facet/Builtin.pm line 319.
Use of uninitialized value in addition (+) at lib/XML/Schema/Type/Builtin.pm line 198.
Use of uninitialized value in numeric le (<=) at lib/XML/Schema/Facet/Builtin.pm line 319.
Use of uninitialized value in addition (+) at lib/XML/Schema/Type/Builtin.pm line 198.
Use of uninitialized value in numeric le (<=) at lib/XML/Schema/Facet/Builtin.pm line 319.
Use of uninitialized value in addition (+) at lib/XML/Schema/Type/Builtin.pm line 198.
Use of uninitialized value in numeric le (<=) at lib/XML/Schema/Facet/Builtin.pm line 319.
Use of uninitialized value in addition (+) at lib/XML/Schema/Type/Builtin.pm line 198.
Use of uninitialized value in numeric le (<=) at lib/XML/Schema/Facet/Builtin.pm line 319.
Use of uninitialized value in addition (+) at lib/XML/Schema/Type/Builtin.pm line 198.
Use of uninitialized value in numeric le (<=) at lib/XML/Schema/Facet/Builtin.pm line 319.
Use of uninitialized value in addition (+) at lib/XML/Schema/Type/Builtin.pm line 198.
Use of uninitialized value in numeric le (<=) at lib/XML/Schema/Facet/Builtin.pm line 319.
Use of uninitialized value in addition (+) at lib/XML/Schema/Type/Builtin.pm line 198.
Use of uninitialized value in numeric le (<=) at lib/XML/Schema/Facet/Builtin.pm line 319.
Use of uninitialized value in addition (+) at lib/XML/Schema/Type/Builtin.pm line 198.
Use of uninitialized value in numeric le (<=) at lib/XML/Schema/Facet/Builtin.pm line 319.
Use of uninitialized value in addition (+) at lib/XML/Schema/Type/Builtin.pm line 198.
Use of uninitialized value in numeric le (<=) at lib/XML/Schema/Facet/Builtin.pm line 319.
Use of uninitialized value in addition (+) at lib/XML/Schema/Type/Builtin.pm line 198.
Use of uninitialized value in numeric le (<=) at lib/XML/Schema/Facet/Builtin.pm line 319.
Use of uninitialized value in addition (+) at lib/XML/Schema/Type/Builtin.pm line 198.
Use of uninitialized value in numeric le (<=) at lib/XML/Schema/Facet/Builtin.pm line 319.
Use of uninitialized value in addition (+) at lib/XML/Schema/Type/Builtin.pm line 198.
Use of uninitialized value in numeric le (<=) at lib/XML/Schema/Facet/Builtin.pm line 319.
Use of uninitialized value in addition (+) at lib/XML/Schema/Type/Builtin.pm line 198.
Use of uninitialized value in numeric le (<=) at lib/XML/Schema/Facet/Builtin.pm line 319.
Use of uninitialized value in addition (+) at lib/XML/Schema/Type/Builtin.pm line 198.
Use of uninitialized value in numeric le (<=) at lib/XML/Schema/Facet/Builtin.pm line 319.
Use of uninitialized value in addition (+) at lib/XML/Schema/Type/Builtin.pm line 198.
Use of uninitialized value in numeric le (<=) at lib/XML/Schema/Facet/Builtin.pm line 319.
Use of uninitialized value in addition (+) at lib/XML/Schema/Type/Builtin.pm line 198.
Use of uninitialized value in numeric le (<=) at lib/XML/Schema/Facet/Builtin.pm line 319.
Use of uninitialized value in addition (+) at lib/XML/Schema/Type/Builtin.pm line 198.
Use of uninitialized value in numeric le (<=) at lib/XML/Schema/Facet/Builtin.pm line 319.
Use of uninitialized value in addition (+) at lib/XML/Schema/Type/Builtin.pm line 198.
Use of uninitialized value in numeric le (<=) at lib/XML/Schema/Facet/Builtin.pm line 319.
Use of uninitialized value in addition (+) at lib/XML/Schema/Type/Builtin.pm line 198.
Use of uninitialized value in numeric le (<=) at lib/XML/Schema/Facet/Builtin.pm line 319.
Use of uninitialized value in addition (+) at lib/XML/Schema/Type/Builtin.pm line 198.
Use of uninitialized value in numeric le (<=) at lib/XML/Schema/Facet/Builtin.pm line 319.
Use of uninitialized value in addition (+) at lib/XML/Schema/Type/Builtin.pm line 198.
Use of uninitialized value in numeric le (<=) at lib/XML/Schema/Facet/Builtin.pm line 319.
Use of uninitialized value in addition (+) at lib/XML/Schema/Type/Builtin.pm line 198.
Use of uninitialized value in numeric le (<=) at lib/XML/Schema/Facet/Builtin.pm line 319.
Use of uninitialized value in addition (+) at lib/XML/Schema/Type/Builtin.pm line 198.
Use of uninitialized value in numeric le (<=) at lib/XML/Schema/Facet/Builtin.pm line 319.
Use of uninitialized value in addition (+) at lib/XML/Schema/Type/Builtin.pm line 198.
Use of uninitialized value in numeric le (<=) at lib/XML/Schema/Facet/Builtin.pm line 319.
Use of uninitialized value in addition (+) at lib/XML/Schema/Type/Builtin.pm line 198.
Use of uninitialized value in numeric le (<=) at lib/XML/Schema/Facet/Builtin.pm line 319.
Use of uninitialized value in addition (+) at lib/XML/Schema/Type/Builtin.pm line 198.
Use of uninitialized value in numeric le (<=) at lib/XML/Schema/Facet/Builtin.pm line 319.
Use of uninitialized value in addition (+) at lib/XML/Schema/Type/Builtin.pm line 198.
Use of uninitialized value in numeric le (<=) at lib/XML/Schema/Facet/Builtin.pm line 319.
Use of uninitialized value in addition (+) at lib/XML/Schema/Type/Builtin.pm line 198.
Use of uninitialized value in numeric le (<=) at lib/XML/Schema/Facet/Builtin.pm line 319.
t/builtin.t .... ok
t/choice.t ..... ok
t/complex.t .... ok
t/constants.t .. ok
t/content.t .... ok
t/element.t .... ok
t/enum.t ....... ok
t/exception.t .. ok
t/facet.t ...... ok
t/handler.t .... ok
Can't call method "parse" on an undefined value at t/id.t line 74.
t/id.t ......... 
Dubious, test returned 2 (wstat 512, 0x200)
Failed 1/4 subtests 
t/instance.t ... ok
Use of uninitialized value in addition (+) at lib/XML/Schema/Type/Builtin.pm line 198.
Use of uninitialized value in numeric le (<=) at lib/XML/Schema/Facet/Builtin.pm line 319.
Use of uninitialized value in addition (+) at lib/XML/Schema/Type/Builtin.pm line 198.
Use of uninitialized value in numeric le (<=) at lib/XML/Schema/Facet/Builtin.pm line 319.
Use of uninitialized value in addition (+) at lib/XML/Schema/Type/Builtin.pm line 198.
Use of uninitialized value in numeric le (<=) at lib/XML/Schema/Facet/Builtin.pm line 319.
Use of uninitialized value in addition (+) at lib/XML/Schema/Type/Builtin.pm line 198.
Use of uninitialized value in numeric le (<=) at lib/XML/Schema/Facet/Builtin.pm line 319.
Use of uninitialized value in addition (+) at lib/XML/Schema/Type/Builtin.pm line 198.
Use of uninitialized value in numeric le (<=) at lib/XML/Schema/Facet/Builtin.pm line 319.
Use of uninitialized value in addition (+) at lib/XML/Schema/Type/Builtin.pm line 198.
Use of uninitialized value in numeric le (<=) at lib/XML/Schema/Facet/Builtin.pm line 319.
Use of uninitialized value in addition (+) at lib/XML/Schema/Type/Builtin.pm line 198.
Use of uninitialized value in numeric le (<=) at lib/XML/Schema/Facet/Builtin.pm line 319.
Use of uninitialized value in addition (+) at lib/XML/Schema/Type/Builtin.pm line 198.
Use of uninitialized value in numeric le (<=) at lib/XML/Schema/Facet/Builtin.pm line 319.
Use of uninitialized value in addition (+) at lib/XML/Schema/Type/Builtin.pm line 198.
Use of uninitialized value in numeric le (<=) at lib/XML/Schema/Facet/Builtin.pm line 319.
Use of uninitialized value in addition (+) at lib/XML/Schema/Type/Builtin.pm line 198.
Use of uninitialized value in numeric le (<=) at lib/XML/Schema/Facet/Builtin.pm line 319.
Use of uninitialized value in addition (+) at lib/XML/Schema/Type/Builtin.pm line 198.
Use of uninitialized value in numeric le (<=) at lib/XML/Schema/Facet/Builtin.pm line 319.
Use of uninitialized value in addition (+) at lib/XML/Schema/Type/Builtin.pm line 198.
Use of uninitialized value in numeric le (<=) at lib/XML/Schema/Facet/Builtin.pm line 319.
Use of uninitialized value in addition (+) at lib/XML/Schema/Type/Builtin.pm line 198.
Use of uninitialized value in numeric le (<=) at lib/XML/Schema/Facet/Builtin.pm line 319.
Use of uninitialized value in addition (+) at lib/XML/Schema/Type/Builtin.pm line 198.
Use of uninitialized value in numeric le (<=) at lib/XML/Schema/Facet/Builtin.pm line 319.
Use of uninitialized value in addition (+) at lib/XML/Schema/Type/Builtin.pm line 198.
Use of uninitialized value in numeric le (<=) at lib/XML/Schema/Facet/Builtin.pm line 319.
Use of uninitialized value in addition (+) at lib/XML/Schema/Type/Builtin.pm line 198.
Use of uninitialized value in numeric le (<=) at lib/XML/Schema/Facet/Builtin.pm line 319.
Use of uninitialized value in addition (+) at lib/XML/Schema/Type/Builtin.pm line 198.
Use of uninitialized value in numeric le (<=) at lib/XML/Schema/Facet/Builtin.pm line 319.
Use of uninitialized value in addition (+) at lib/XML/Schema/Type/Builtin.pm line 198.
Use of uninitialized value in numeric le (<=) at lib/XML/Schema/Facet/Builtin.pm line 319.
Use of uninitialized value in addition (+) at lib/XML/Schema/Type/Builtin.pm line 198.
Use of uninitialized value in numeric le (<=) at lib/XML/Schema/Facet/Builtin.pm line 319.
Use of uninitialized value in addition (+) at lib/XML/Schema/Type/Builtin.pm line 198.
Use of uninitialized value in numeric le (<=) at lib/XML/Schema/Facet/Builtin.pm line 319.
Use of uninitialized value in addition (+) at lib/XML/Schema/Type/Builtin.pm line 198.
Use of uninitialized value in numeric le (<=) at lib/XML/Schema/Facet/Builtin.pm line 319.
t/list.t ....... ok
Can't locate XML/Parser.pm in @INC (@INC contains: ./lib ../lib /home/perltest/.cpan/build/XML-Schema-0.07-aj_Gf9/blib/lib /home/perltest/.cpan/build/XML-Schema-0.07-aj_Gf9/blib/arch /home/perltest/.cpan/build/XML-LibXML-2.0107-j9nv2I/blib/arch /home/perltest/.cpan/build/XML-LibXML-2.0107-j9nv2I/blib/lib /home/perltest/.cpan/build/XML-SAX-0.99-yNDv3H/blib/arch /home/perltest/.cpan/build/XML-SAX-0.99-yNDv3H/blib/lib /home/perltest/.cpan/build/XML-SAX-Base-1.08-pzGwlL/blib/arch /home/perltest/.cpan/build/XML-SAX-Base-1.08-pzGwlL/blib/lib /home/perltest/.cpan/build/XML-NamespaceSupport-1.11-5jqaJL/blib/arch /home/perltest/.cpan/build/XML-NamespaceSupport-1.11-5jqaJL/blib/lib /home/perltest/perl5/perlbrew/perls/perl-5.16.3-thread-multi/lib/site_perl/5.16.3/x86_64-linux-thread-multi /home/perltest/perl5/perlbrew/perls/perl-5.16.3-thread-multi/lib/site_perl/5.16.3 /home/perltest/perl5/perlbrew/perls/perl-5.16.3-thread-multi/lib/5.16.3/x86_64-linux-thread-multi /home/perltest/perl5/perlbrew/perls/perl-5.16.3-thread-multi/lib/5.16.3 .) at lib/XML/Schema/Parser.pm line 27.
BEGIN failed--compilation aborted at lib/XML/Schema/Parser.pm line 27.
Compilation failed in require at t/name.t line 28.
BEGIN failed--compilation aborted at t/name.t line 28.
t/name.t ....... skipped: (no reason given)
Can't locate XML/Parser.pm in @INC (@INC contains: ./lib ../lib /home/perltest/.cpan/build/XML-Schema-0.07-aj_Gf9/blib/lib /home/perltest/.cpan/build/XML-Schema-0.07-aj_Gf9/blib/arch /home/perltest/.cpan/build/XML-LibXML-2.0107-j9nv2I/blib/arch /home/perltest/.cpan/build/XML-LibXML-2.0107-j9nv2I/blib/lib /home/perltest/.cpan/build/XML-SAX-0.99-yNDv3H/blib/arch /home/perltest/.cpan/build/XML-SAX-0.99-yNDv3H/blib/lib /home/perltest/.cpan/build/XML-SAX-Base-1.08-pzGwlL/blib/arch /home/perltest/.cpan/build/XML-SAX-Base-1.08-pzGwlL/blib/lib /home/perltest/.cpan/build/XML-NamespaceSupport-1.11-5jqaJL/blib/arch /home/perltest/.cpan/build/XML-NamespaceSupport-1.11-5jqaJL/blib/lib /home/perltest/perl5/perlbrew/perls/perl-5.16.3-thread-multi/lib/site_perl/5.16.3/x86_64-linux-thread-multi /home/perltest/perl5/perlbrew/perls/perl-5.16.3-thread-multi/lib/site_perl/5.16.3 /home/perltest/perl5/perlbrew/perls/perl-5.16.3-thread-multi/lib/5.16.3/x86_64-linux-thread-multi /home/perltest/perl5/perlbrew/perls/perl-5.16.3-thread-multi/lib/5.16.3 .) at lib/XML/Schema/Parser.pm line 27.
BEGIN failed--compilation aborted at lib/XML/Schema/Parser.pm line 27.
Compilation failed in require at t/names.t line 29.
BEGIN failed--compilation aborted at t/names.t line 29.
t/names.t ...... skipped: (no reason given)
t/parser.t ..... ok
t/particle.t ... ok
Can't locate XML/Parser.pm in @INC (@INC contains: ./lib ../lib /home/perltest/.cpan/build/XML-Schema-0.07-aj_Gf9/blib/lib /home/perltest/.cpan/build/XML-Schema-0.07-aj_Gf9/blib/arch /home/perltest/.cpan/build/XML-LibXML-2.0107-j9nv2I/blib/arch /home/perltest/.cpan/build/XML-LibXML-2.0107-j9nv2I/blib/lib /home/perltest/.cpan/build/XML-SAX-0.99-yNDv3H/blib/arch /home/perltest/.cpan/build/XML-SAX-0.99-yNDv3H/blib/lib /home/perltest/.cpan/build/XML-SAX-Base-1.08-pzGwlL/blib/arch /home/perltest/.cpan/build/XML-SAX-Base-1.08-pzGwlL/blib/lib /home/perltest/.cpan/build/XML-NamespaceSupport-1.11-5jqaJL/blib/arch /home/perltest/.cpan/build/XML-NamespaceSupport-1.11-5jqaJL/blib/lib /home/perltest/perl5/perlbrew/perls/perl-5.16.3-thread-multi/lib/site_perl/5.16.3/x86_64-linux-thread-multi /home/perltest/perl5/perlbrew/perls/perl-5.16.3-thread-multi/lib/site_perl/5.16.3 /home/perltest/perl5/perlbrew/perls/perl-5.16.3-thread-multi/lib/5.16.3/x86_64-linux-thread-multi /home/perltest/perl5/perlbrew/perls/perl-5.16.3-thread-multi/lib/5.16.3 .) at lib/XML/Schema/Parser.pm line 27.
BEGIN failed--compilation aborted at lib/XML/Schema/Parser.pm line 27.
Compilation failed in require at t/person.t line 26.
BEGIN failed--compilation aborted at t/person.t line 26.
t/person.t ..... skipped: (no reason given)
t/scheduler.t .. ok
Use of uninitialized value in addition (+) at lib/XML/Schema/Type/Builtin.pm line 198.
Use of uninitialized value in numeric le (<=) at lib/XML/Schema/Facet/Builtin.pm line 319.
t/scope.t ...... ok
t/sequence.t ... ok
t/simple.t ..... ok
t/type.t ....... ok
Use of uninitialized value in addition (+) at lib/XML/Schema/Type/Builtin.pm line 198.
Use of uninitialized value in numeric le (<=) at lib/XML/Schema/Facet/Builtin.pm line 319.
t/union.t ...... ok
t/wildcard.t ... ok

Test Summary Report
-------------------
t/id.t       (Wstat: 512 Tests: 4 Failed: 1)
  Failed test:  4
  Non-zero exit status: 2
t/name.t     (Wstat: 512 Tests: 0 Failed: 0)
  Non-zero exit status: 2
t/names.t    (Wstat: 512 Tests: 0 Failed: 0)
  Non-zero exit status: 2
t/person.t   (Wstat: 512 Tests: 0 Failed: 0)
  Non-zero exit status: 2
Files=28, Tests=1441,  3 wallclock secs ( 0.34 usr  0.25 sys +  1.74 cusr  0.64 csys =  2.97 CPU)
Result: FAIL
Failed 4/28 test programs. 1/1441 subtests failed.
make: *** [test_dynamic] Ошибка 255

------------------------------
PREREQUISITES
------------------------------

Prerequisite modules loaded:

build_requires:

    Module              Need Have   
    ------------------- ---- -------
    ExtUtils::MakeMaker 0    6.63_02


------------------------------
ENVIRONMENT AND OTHER CONTEXT
------------------------------

Environment variables:

    AUTOMATED_TESTING = 1
    LANG = ru_RU
    LANGUAGE = ru_RU:ru
    LC_ADDRESS = en_US.UTF-8
    LC_ALL = ru_RU.utf8
    LC_IDENTIFICATION = en_US.UTF-8
    LC_MEASUREMENT = en_US.UTF-8
    LC_MONETARY = en_US.UTF-8
    LC_NAME = en_US.UTF-8
    LC_NUMERIC = en_US.UTF-8
    LC_PAPER = en_US.UTF-8
    LC_TELEPHONE = en_US.UTF-8
    LC_TIME = en_US.UTF-8
    PATH = /home/perltest/perl5/perlbrew/bin:/home/perltest/perl5/perlbrew/perls/perl-5.16.3-thread-multi/bin:/usr/local/sbin:/usr/local/bin:/usr/sbin:/usr/bin:/sbin:/bin:/usr/games:/usr/local/games
    PERL5LIB = /home/perltest/.cpan/build/XML-LibXML-2.0107-j9nv2I/blib/arch:/home/perltest/.cpan/build/XML-LibXML-2.0107-j9nv2I/blib/lib:/home/perltest/.cpan/build/XML-SAX-0.99-yNDv3H/blib/arch:/home/perltest/.cpan/build/XML-SAX-0.99-yNDv3H/blib/lib:/home/perltest/.cpan/build/XML-SAX-Base-1.08-pzGwlL/blib/arch:/home/perltest/.cpan/build/XML-SAX-Base-1.08-pzGwlL/blib/lib:/home/perltest/.cpan/build/XML-NamespaceSupport-1.11-5jqaJL/blib/arch:/home/perltest/.cpan/build/XML-NamespaceSupport-1.11-5jqaJL/blib/lib
    PERL5OPT = 
    PERL5_CPANPLUS_IS_RUNNING = 16021
    PERL5_CPAN_IS_RUNNING = 16021
    PERL5_CPAN_IS_RUNNING_IN_RECURSION = 3056,16021
    PERLBREW_BASHRC_VERSION = 0.66
    PERLBREW_HOME = /home/perltest/.perlbrew
    PERLBREW_MANPATH = /home/perltest/perl5/perlbrew/perls/perl-5.16.3-thread-multi/man
    PERLBREW_PATH = /home/perltest/perl5/perlbrew/bin:/home/perltest/perl5/perlbrew/perls/perl-5.16.3-thread-multi/bin
    PERLBREW_PERL = perl-5.16.3-thread-multi
    PERLBREW_ROOT = /home/perltest/perl5/perlbrew
    PERLBREW_VERSION = 0.66
    PERL_CR_SMOKER_CURRENT = XML-XForms-Validate-0.9
    PERL_EXTUTILS_AUTOINSTALL = --defaultdeps
    PERL_MM_USE_DEFAULT = 1
    SHELL = /bin/bash
    TERM = xterm

Perl special variables (and OS-specific diagnostics, for MSWin32):

    $^X = /home/perltest/perl5/perlbrew/perls/perl-5.16.3-thread-multi/bin/perl
    $UID/$EUID = 1001 / 1001
    $GID = 1001 1001
    $EGID = 1001 1001

Perl module toolchain versions installed:

    Module              Have    
    ------------------- --------
    CPAN                2.00    
    CPAN::Meta          2.120630
    Cwd                 3.40    
    ExtUtils::CBuilder  0.280212
    ExtUtils::Command   1.17    
    ExtUtils::Install   1.58    
    ExtUtils::MakeMaker 6.63_02 
    ExtUtils::Manifest  1.61    
    ExtUtils::ParseXS   3.16    
    File::Spec          3.40    
    JSON                2.61    
    JSON::PP            2.27203 
    Module::Build       0.4007  
    Module::Signature   n/a     
    Parse::CPAN::Meta   1.4402  
    Test::Harness       3.23    
    Test::More          0.98    
    YAML                0.84    
    YAML::Syck          1.27    
    version             0.9904  


--

Summary of my perl5 (revision 5 version 16 subversion 3) configuration:
   
  Platform:
    osname=linux, osvers=3.8.0-32-generic, archname=x86_64-linux-thread-multi
    uname='linux vm22-ubuntu 3.8.0-32-generic #47-ubuntu smp tue oct 1 22:35:23 utc 2013 x86_64 x86_64 x86_64 gnulinux '
    config_args='-de -Dprefix=/home/perltest/perl5/perlbrew/perls/perl-5.16.3-thread-multi -Dusethreads -Dusemultiplicity -Aeval:scriptdir=/home/perltest/perl5/perlbrew/perls/perl-5.16.3-thread-multi/bin'
    hint=recommended, useposix=true, d_sigaction=define
    useithreads=define, usemultiplicity=define
    useperlio=define, d_sfio=undef, uselargefiles=define, usesocks=undef
    use64bitint=define, use64bitall=define, uselongdouble=undef
    usemymalloc=n, bincompat5005=undef
  Compiler:
    cc='cc', ccflags ='-D_REENTRANT -D_GNU_SOURCE -fno-strict-aliasing -pipe -fstack-protector -I/usr/local/include -D_LARGEFILE_SOURCE -D_FILE_OFFSET_BITS=64',
    optimize='-O2',
    cppflags='-D_REENTRANT -D_GNU_SOURCE -fno-strict-aliasing -pipe -fstack-protector -I/usr/local/include'
    ccversion='', gccversion='4.7.3', gccosandvers=''
    intsize=4, longsize=8, ptrsize=8, doublesize=8, byteorder=12345678
    d_longlong=define, longlongsize=8, d_longdbl=define, longdblsize=16
    ivtype='long', ivsize=8, nvtype='double', nvsize=8, Off_t='off_t', lseeksize=8
    alignbytes=8, prototype=define
  Linker and Libraries:
    ld='cc', ldflags =' -fstack-protector -L/usr/local/lib'
    libpth=/usr/local/lib /lib/x86_64-linux-gnu /lib/../lib /usr/lib/x86_64-linux-gnu /usr/lib/../lib /lib /usr/lib
    libs=-lnsl -ldl -lm -lcrypt -lutil -lpthread -lc
    perllibs=-lnsl -ldl -lm -lcrypt -lutil -lpthread -lc
    libc=, so=so, useshrplib=false, libperl=libperl.a
    gnulibc_version='2.17'
  Dynamic Linking:
    dlsrc=dl_dlopen.xs, dlext=so, d_dlsymun=undef, ccdlflags='-Wl,-E'
    cccdlflags='-fPIC', lddlflags='-shared -O2 -L/usr/local/lib -fstack-protector'


Characteristics of this binary (from libperl): 
  Compile-time options: HAS_TIMES MULTIPLICITY PERLIO_LAYERS
                        PERL_DONT_CREATE_GVSV PERL_IMPLICIT_CONTEXT
                        PERL_MALLOC_WRAP PERL_PRESERVE_IVUV USE_64_BIT_ALL
                        USE_64_BIT_INT USE_ITHREADS USE_LARGE_FILES
                        USE_LOCALE USE_LOCALE_COLLATE USE_LOCALE_CTYPE
                        USE_LOCALE_NUMERIC USE_PERLIO USE_PERL_ATOF
                        USE_REENTRANT_API
  Built under linux
  Compiled at Oct 24 2013 08:45:12
  %ENV:
    PERL5LIB="/home/perltest/.cpan/build/XML-LibXML-2.0107-j9nv2I/blib/arch:/home/perltest/.cpan/build/XML-LibXML-2.0107-j9nv2I/blib/lib:/home/perltest/.cpan/build/XML-SAX-0.99-yNDv3H/blib/arch:/home/perltest/.cpan/build/XML-SAX-0.99-yNDv3H/blib/lib:/home/perltest/.cpan/build/XML-SAX-Base-1.08-pzGwlL/blib/arch:/home/perltest/.cpan/build/XML-SAX-Base-1.08-pzGwlL/blib/lib:/home/perltest/.cpan/build/XML-NamespaceSupport-1.11-5jqaJL/blib/arch:/home/perltest/.cpan/build/XML-NamespaceSupport-1.11-5jqaJL/blib/lib"
    PERL5OPT=""
    PERL5_CPANPLUS_IS_RUNNING="16021"
    PERL5_CPAN_IS_RUNNING="16021"
    PERL5_CPAN_IS_RUNNING_IN_RECURSION="3056,16021"
    PERLBREW_BASHRC_VERSION="0.66"
    PERLBREW_HOME="/home/perltest/.perlbrew"
    PERLBREW_MANPATH="/home/perltest/perl5/perlbrew/perls/perl-5.16.3-thread-multi/man"
    PERLBREW_PATH="/home/perltest/perl5/perlbrew/bin:/home/perltest/perl5/perlbrew/perls/perl-5.16.3-thread-multi/bin"
    PERLBREW_PERL="perl-5.16.3-thread-multi"
    PERLBREW_ROOT="/home/perltest/perl5/perlbrew"
    PERLBREW_VERSION="0.66"
    PERL_CR_SMOKER_CURRENT="XML-XForms-Validate-0.9"
    PERL_EXTUTILS_AUTOINSTALL="--defaultdeps"
    PERL_MM_USE_DEFAULT="1"
  @INC:
    /home/perltest/.cpan/build/XML-LibXML-2.0107-j9nv2I/blib/arch
    /home/perltest/.cpan/build/XML-LibXML-2.0107-j9nv2I/blib/lib
    /home/perltest/.cpan/build/XML-SAX-0.99-yNDv3H/blib/arch
    /home/perltest/.cpan/build/XML-SAX-0.99-yNDv3H/blib/lib
    /home/perltest/.cpan/build/XML-SAX-Base-1.08-pzGwlL/blib/arch
    /home/perltest/.cpan/build/XML-SAX-Base-1.08-pzGwlL/blib/lib
    /home/perltest/.cpan/build/XML-NamespaceSupport-1.11-5jqaJL/blib/arch
    /home/perltest/.cpan/build/XML-NamespaceSupport-1.11-5jqaJL/blib/lib
    /home/perltest/perl5/perlbrew/perls/perl-5.16.3-thread-multi/lib/site_perl/5.16.3/x86_64-linux-thread-multi
    /home/perltest/perl5/perlbrew/perls/perl-5.16.3-thread-multi/lib/site_perl/5.16.3
    /home/perltest/perl5/perlbrew/perls/perl-5.16.3-thread-multi/lib/5.16.3/x86_64-linux-thread-multi
    /home/perltest/perl5/perlbrew/perls/perl-5.16.3-thread-multi/lib/5.16.3
    .