MogileFS-Client-Async v0.030 Perl 5 v5.24.0 x86_64-linux-thread-multi
- Status
- Fail
- From
- Andreas J. König (ANDK)
- Dist
-
MogileFS-Client-Async v0.030
- Platform
- Perl 5 v5.24.0 x86_64-linux-thread-multi
- Date
- 2017-10-31 17:13:11
- ID
- c5db508a-be5e-11e7-a8b0-097ab2fc9795
This distribution has been tested as part of the CPAN Testers
project, supporting the Perl programming language. See
http://wiki.cpantesters.org/ for more information or email
questions to cpan-testers-discuss@perl.org
--
Dear Dave Lambley,
This is a computer-generated report for MogileFS-Client-Async-0.030
on perl 5.24.0, created by CPAN-Reporter-1.2018.
Thank you for uploading your work to CPAN. However, there was a problem
testing your distribution.
If you think this report is invalid, please consult the CPAN Testers Wiki
for suggestions on how to avoid getting FAIL reports for missing library
or binary dependencies, unsupported operating systems, and so on:
http://wiki.cpantesters.org/wiki/CPANAuthorNotes
Sections of this report:
* Tester comments
* Program output
* Prerequisites
* Environment and other context
------------------------------
TESTER COMMENTS
------------------------------
Additional comments from tester:
this report is from an automated smoke testing program
and was not reviewed by a human for accuracy
------------------------------
PROGRAM OUTPUT
------------------------------
Output from '/usr/bin/make test':
PERL_DL_NONLAZY=1 "/home/sand/src/perl/repoperls/installed-perls/host/k93msid/v5.24.0/276a/bin/perl" "-MExtUtils::Command::MM" "-MTest::Harness" "-e" "undef *Test::Harness::Switches; test_harness(0, 'inc', 'blib/lib', 'blib/arch')" t/*.t
# Failed test 'use MogileFS::Client::Callback;'
# at t/00_compile.t line 6.
# Tried to use 'MogileFS::Client::Callback'.
# Error: Can't locate MogileFS/Client/Callback.pm in @INC (you may need to install the MogileFS::Client::Callback module) (@INC contains: /tmp/loop_over_bdir-24717-Nz8CQp/MogileFS-Client-Async-0.030-0/inc /tmp/loop_over_bdir-24717-Nz8CQp/MogileFS-Client-Async-0.030-0/blib/lib /tmp/loop_over_bdir-24717-Nz8CQp/MogileFS-Client-Async-0.030-0/blib/arch /tmp/loop_over_bdir-24717-Nz8CQp/MogileFS-Client-1.17-0/blib/arch /tmp/loop_over_bdir-24717-Nz8CQp/MogileFS-Client-1.17-0/blib/lib /tmp/loop_over_bdir-24717-Nz8CQp/Linux-PipeMagic-0.03-0/blib/arch /tmp/loop_over_bdir-24717-Nz8CQp/Linux-PipeMagic-0.03-0/blib/lib /tmp/loop_over_bdir-24717-Nz8CQp/IO-AIO-4.34-0/blib/arch /tmp/loop_over_bdir-24717-Nz8CQp/IO-AIO-4.34-0/blib/lib /tmp/loop_over_bdir-24717-Nz8CQp/AnyEvent-HTTP-2.23-0/blib/arch /tmp/loop_over_bdir-24717-Nz8CQp/AnyEvent-HTTP-2.23-0/blib/lib /tmp/loop_over_bdir-24717-Nz8CQp/MogileFS-Client-1.17-0/blib/arch /tmp/loop_over_bdir-24717-Nz8CQp/MogileFS-Client-1.17-0/blib/lib /tmp/loop_over_bdir-24717-Nz8CQp/Linux-PipeMagic-0.03-0/blib/arch /tmp/loop_over_bdir-24717-Nz8CQp/Linux-PipeMagic-0.03-0/blib/lib /tmp/loop_over_bdir-24717-Nz8CQp/IO-AIO-4.34-0/blib/arch /tmp/loop_over_bdir-24717-Nz8CQp/IO-AIO-4.34-0/blib/lib /tmp/loop_over_bdir-24717-Nz8CQp/AnyEvent-HTTP-2.23-0/blib/arch /tmp/loop_over_bdir-24717-Nz8CQp/AnyEvent-HTTP-2.23-0/blib/lib /home/sand/src/perl/repoperls/installed-perls/host/k93msid/v5.24.0/276a/lib/site_perl/5.24.0/x86_64-linux-thread-multi /home/sand/src/perl/repoperls/installed-perls/host/k93msid/v5.24.0/276a/lib/site_perl/5.24.0 /home/sand/src/perl/repoperls/installed-perls/host/k93msid/v5.24.0/276a/lib/5.24.0/x86_64-linux-thread-multi /home/sand/src/perl/repoperls/installed-perls/host/k93msid/v5.24.0/276a/lib/5.24.0 .) at t/00_compile.t line 6.
# BEGIN failed--compilation aborted at t/00_compile.t line 6.
# Looks like you failed 1 test of 2.
t/00_compile.t ..........
Dubious, test returned 1 (wstat 256, 0x100)
Failed 1/2 subtests
Mogile backend failed: MogileFS::Backend: couldn't connect to mogilefsd backend at /tmp/loop_over_bdir-24717-Nz8CQp/MogileFS-Client-Async-0.030-0/blib/lib/MogileFS/Client/CallbackFile.pm line 101.
Mogile backend failed: MogileFS::Backend: couldn't connect to mogilefsd backend at /tmp/loop_over_bdir-24717-Nz8CQp/MogileFS-Client-Async-0.030-0/blib/lib/MogileFS/Client/CallbackFile.pm line 101.
Mogile backend failed: MogileFS::Backend: couldn't connect to mogilefsd backend at /tmp/loop_over_bdir-24717-Nz8CQp/MogileFS-Client-Async-0.030-0/blib/lib/MogileFS/Client/CallbackFile.pm line 101.
Mogile backend failed: MogileFS::Backend: couldn't connect to mogilefsd backend at /tmp/loop_over_bdir-24717-Nz8CQp/MogileFS-Client-Async-0.030-0/blib/lib/MogileFS/Client/CallbackFile.pm line 101.
Mogile backend failed: MogileFS::Backend: couldn't connect to mogilefsd backend at /tmp/loop_over_bdir-24717-Nz8CQp/MogileFS-Client-Async-0.030-0/blib/lib/MogileFS/Client/CallbackFile.pm line 101.
Fail to get a destination to write to. at /tmp/loop_over_bdir-24717-Nz8CQp/MogileFS-Client-Async-0.030-0/blib/lib/MogileFS/Client/CallbackFile.pm line 132.
Mogile backend failed: MogileFS::Backend: couldn't connect to mogilefsd backend at /tmp/loop_over_bdir-24717-Nz8CQp/MogileFS-Client-Async-0.030-0/blib/lib/MogileFS/Client/CallbackFile.pm line 101.
Mogile backend failed: MogileFS::Backend: couldn't connect to mogilefsd backend at /tmp/loop_over_bdir-24717-Nz8CQp/MogileFS-Client-Async-0.030-0/blib/lib/MogileFS/Client/CallbackFile.pm line 101.
Mogile backend failed: MogileFS::Backend: couldn't connect to mogilefsd backend at /tmp/loop_over_bdir-24717-Nz8CQp/MogileFS-Client-Async-0.030-0/blib/lib/MogileFS/Client/CallbackFile.pm line 101.
Mogile backend failed: MogileFS::Backend: couldn't connect to mogilefsd backend at /tmp/loop_over_bdir-24717-Nz8CQp/MogileFS-Client-Async-0.030-0/blib/lib/MogileFS/Client/CallbackFile.pm line 101.
Mogile backend failed: MogileFS::Backend: couldn't connect to mogilefsd backend at /tmp/loop_over_bdir-24717-Nz8CQp/MogileFS-Client-Async-0.030-0/blib/lib/MogileFS/Client/CallbackFile.pm line 101.
Fail to get a destination to write to. at /tmp/loop_over_bdir-24717-Nz8CQp/MogileFS-Client-Async-0.030-0/blib/lib/MogileFS/Client/CallbackFile.pm line 132.
Mogile backend failed: MogileFS::Backend: couldn't connect to mogilefsd backend at /tmp/loop_over_bdir-24717-Nz8CQp/MogileFS-Client-Async-0.030-0/blib/lib/MogileFS/Client/CallbackFile.pm line 101.
Mogile backend failed: MogileFS::Backend: couldn't connect to mogilefsd backend at /tmp/loop_over_bdir-24717-Nz8CQp/MogileFS-Client-Async-0.030-0/blib/lib/MogileFS/Client/CallbackFile.pm line 101.
Mogile backend failed: MogileFS::Backend: couldn't connect to mogilefsd backend at /tmp/loop_over_bdir-24717-Nz8CQp/MogileFS-Client-Async-0.030-0/blib/lib/MogileFS/Client/CallbackFile.pm line 101.
Mogile backend failed: MogileFS::Backend: couldn't connect to mogilefsd backend at /tmp/loop_over_bdir-24717-Nz8CQp/MogileFS-Client-Async-0.030-0/blib/lib/MogileFS/Client/CallbackFile.pm line 101.
Mogile backend failed: MogileFS::Backend: couldn't connect to mogilefsd backend at /tmp/loop_over_bdir-24717-Nz8CQp/MogileFS-Client-Async-0.030-0/blib/lib/MogileFS/Client/CallbackFile.pm line 101.
Fail to get a destination to write to. at /tmp/loop_over_bdir-24717-Nz8CQp/MogileFS-Client-Async-0.030-0/blib/lib/MogileFS/Client/CallbackFile.pm line 132.
Mogile backend failed: MogileFS::Backend: couldn't connect to mogilefsd backend at /tmp/loop_over_bdir-24717-Nz8CQp/MogileFS-Client-Async-0.030-0/blib/lib/MogileFS/Client/CallbackFile.pm line 101.
Mogile backend failed: MogileFS::Backend: couldn't connect to mogilefsd backend at /tmp/loop_over_bdir-24717-Nz8CQp/MogileFS-Client-Async-0.030-0/blib/lib/MogileFS/Client/CallbackFile.pm line 101.
Mogile backend failed: MogileFS::Backend: couldn't connect to mogilefsd backend at /tmp/loop_over_bdir-24717-Nz8CQp/MogileFS-Client-Async-0.030-0/blib/lib/MogileFS/Client/CallbackFile.pm line 101.
Mogile backend failed: MogileFS::Backend: couldn't connect to mogilefsd backend at /tmp/loop_over_bdir-24717-Nz8CQp/MogileFS-Client-Async-0.030-0/blib/lib/MogileFS/Client/CallbackFile.pm line 101.
Mogile backend failed: MogileFS::Backend: couldn't connect to mogilefsd backend at /tmp/loop_over_bdir-24717-Nz8CQp/MogileFS-Client-Async-0.030-0/blib/lib/MogileFS/Client/CallbackFile.pm line 101.
Fail to get a destination to write to. at /tmp/loop_over_bdir-24717-Nz8CQp/MogileFS-Client-Async-0.030-0/blib/lib/MogileFS/Client/CallbackFile.pm line 132.
Mogile backend failed: MogileFS::Backend: couldn't connect to mogilefsd backend at /tmp/loop_over_bdir-24717-Nz8CQp/MogileFS-Client-Async-0.030-0/blib/lib/MogileFS/Client/CallbackFile.pm line 101.
Mogile backend failed: MogileFS::Backend: couldn't connect to mogilefsd backend at /tmp/loop_over_bdir-24717-Nz8CQp/MogileFS-Client-Async-0.030-0/blib/lib/MogileFS/Client/CallbackFile.pm line 101.
Mogile backend failed: MogileFS::Backend: couldn't connect to mogilefsd backend at /tmp/loop_over_bdir-24717-Nz8CQp/MogileFS-Client-Async-0.030-0/blib/lib/MogileFS/Client/CallbackFile.pm line 101.
Mogile backend failed: MogileFS::Backend: couldn't connect to mogilefsd backend at /tmp/loop_over_bdir-24717-Nz8CQp/MogileFS-Client-Async-0.030-0/blib/lib/MogileFS/Client/CallbackFile.pm line 101.
Mogile backend failed: MogileFS::Backend: couldn't connect to mogilefsd backend at /tmp/loop_over_bdir-24717-Nz8CQp/MogileFS-Client-Async-0.030-0/blib/lib/MogileFS/Client/CallbackFile.pm line 101.
Fail to get a destination to write to. at /tmp/loop_over_bdir-24717-Nz8CQp/MogileFS-Client-Async-0.030-0/blib/lib/MogileFS/Client/CallbackFile.pm line 132.
Mogile backend failed: MogileFS::Backend: couldn't connect to mogilefsd backend at /tmp/loop_over_bdir-24717-Nz8CQp/MogileFS-Client-Async-0.030-0/blib/lib/MogileFS/Client/CallbackFile.pm line 101.
Mogile backend failed: MogileFS::Backend: couldn't connect to mogilefsd backend at /tmp/loop_over_bdir-24717-Nz8CQp/MogileFS-Client-Async-0.030-0/blib/lib/MogileFS/Client/CallbackFile.pm line 101.
Mogile backend failed: MogileFS::Backend: couldn't connect to mogilefsd backend at /tmp/loop_over_bdir-24717-Nz8CQp/MogileFS-Client-Async-0.030-0/blib/lib/MogileFS/Client/CallbackFile.pm line 101.
Mogile backend failed: MogileFS::Backend: couldn't connect to mogilefsd backend at /tmp/loop_over_bdir-24717-Nz8CQp/MogileFS-Client-Async-0.030-0/blib/lib/MogileFS/Client/CallbackFile.pm line 101.
Mogile backend failed: MogileFS::Backend: couldn't connect to mogilefsd backend at /tmp/loop_over_bdir-24717-Nz8CQp/MogileFS-Client-Async-0.030-0/blib/lib/MogileFS/Client/CallbackFile.pm line 101.
Fail to get a destination to write to. at /tmp/loop_over_bdir-24717-Nz8CQp/MogileFS-Client-Async-0.030-0/blib/lib/MogileFS/Client/CallbackFile.pm line 132.
Mogile write failed: Fail to get a destination to write to. at /tmp/loop_over_bdir-24717-Nz8CQp/MogileFS-Client-Async-0.030-0/blib/lib/MogileFS/Client/CallbackFile.pm line 132.
# Tests were run but no plan was declared and done_testing() was not seen.
# Looks like your test exited with 115 just after 3.
t/callbackfile_works.t ..
Dubious, test returned 115 (wstat 29440, 0x7300)
All 3 subtests passed
# Failed test at t/works.t line 35.
# died: MogileFS::Backend: couldn't connect to mogilefsd backend at /tmp/loop_over_bdir-24717-Nz8CQp/MogileFS-Client-Async-0.030-0/blib/lib/MogileFS/Client/Async.pm line 137.
# Failed test at t/works.t line 44.
# died: MogileFS::Backend: couldn't connect to mogilefsd backend at /tmp/loop_over_bdir-24717-Nz8CQp/MogileFS-Client-1.17-0/blib/lib/MogileFS/Client.pm line 584.
# Looks like you failed 2 tests of 3.
t/works.t ...............
Dubious, test returned 2 (wstat 512, 0x200)
Failed 2/3 subtests
Test Summary Report
-------------------
t/00_compile.t (Wstat: 256 Tests: 2 Failed: 1)
Failed test: 2
Non-zero exit status: 1
t/callbackfile_works.t (Wstat: 29440 Tests: 3 Failed: 0)
Non-zero exit status: 115
Parse errors: No plan found in TAP output
t/works.t (Wstat: 512 Tests: 3 Failed: 2)
Failed tests: 2-3
Non-zero exit status: 2
Files=3, Tests=8, 39 wallclock secs ( 0.03 usr 0.02 sys + 0.57 cusr 0.14 csys = 0.76 CPU)
Result: FAIL
Failed 3/3 test programs. 3/8 subtests failed.
Makefile:780: recipe for target 'test_dynamic' failed
make: *** [test_dynamic] Error 2
------------------------------
PREREQUISITES
------------------------------
Prerequisite modules loaded:
requires:
Module Need Have
------------------- ---- --------
AnyEvent 0 7.14
AnyEvent::HTTP 0 2.23
File::Slurp 0 9999.19
IO::AIO 3.25 4.34
IO::Socket::INET 0 1.35
Linux::PipeMagic 0.03 0.03
LWP::Simple 0 6.27
MogileFS::Client 0 1.17
namespace::clean 0 0.27
Try::Tiny 0 0.28
build_requires:
Module Need Have
------------------- ---- --------
Data::Dumper 0 2.161
Digest::MD5 0 2.54
Digest::SHA1 0 2.13
ExtUtils::MakeMaker 6.42 7.31_04
File::Temp 0 0.2304
Test::Exception 0.31 0.43
Test::More 0.88 1.302106
configure_requires:
Module Need Have
------------------- ---- --------
ExtUtils::MakeMaker 6.42 7.31_04
------------------------------
ENVIRONMENT AND OTHER CONTEXT
------------------------------
Environment variables:
AUTOMATED_TESTING = 1
LANG = en_US.UTF-8
PATH = /home/sand/bin:/usr/local/bin:/usr/bin:/bin:/usr/games:/usr/local/perl/bin:/usr/X11/bin:/sbin:/usr/sbin
PERL5LIB = /tmp/loop_over_bdir-24717-Nz8CQp/MogileFS-Client-1.17-0/blib/arch:/tmp/loop_over_bdir-24717-Nz8CQp/MogileFS-Client-1.17-0/blib/lib:/tmp/loop_over_bdir-24717-Nz8CQp/Linux-PipeMagic-0.03-0/blib/arch:/tmp/loop_over_bdir-24717-Nz8CQp/Linux-PipeMagic-0.03-0/blib/lib:/tmp/loop_over_bdir-24717-Nz8CQp/IO-AIO-4.34-0/blib/arch:/tmp/loop_over_bdir-24717-Nz8CQp/IO-AIO-4.34-0/blib/lib:/tmp/loop_over_bdir-24717-Nz8CQp/AnyEvent-HTTP-2.23-0/blib/arch:/tmp/loop_over_bdir-24717-Nz8CQp/AnyEvent-HTTP-2.23-0/blib/lib
PERL5OPT =
PERL5_CPANPLUS_IS_RUNNING = 24723
PERL5_CPAN_IS_RUNNING = 24723
PERL5_CPAN_IS_RUNNING_IN_RECURSION = 24287,24723
PERL_CANARY_STABILITY_NOPROMPT = 1
PERL_MM_USE_DEFAULT = 1
PERL_USE_UNSAFE_INC = 1
SHELL = /usr/bin/zsh
TERM = screen
Perl special variables (and OS-specific diagnostics, for MSWin32):
$^X = /home/sand/src/perl/repoperls/installed-perls/host/k93msid/v5.24.0/276a/bin/perl
$UID/$EUID = 1005 / 1005
$GID = 1005 1005
$EGID = 1005 1005
Perl module toolchain versions installed:
Module Have
------------------- --------
CPAN 2.18
CPAN::Meta 2.150010
Cwd 3.63
ExtUtils::CBuilder 0.280226
ExtUtils::Command 7.31_04
ExtUtils::Install 2.06
ExtUtils::MakeMaker 7.31_04
ExtUtils::Manifest 1.70
ExtUtils::ParseXS 3.31
File::Spec 3.63
JSON 2.94
JSON::PP 2.94
Module::Build 0.4224
Module::Signature 0.81
Parse::CPAN::Meta 2.150010
Test::Harness 3.39
Test::More 1.302106
YAML 1.24
YAML::Syck 1.30
version 0.9916
--
Summary of my perl5 (revision 5 version 24 subversion 0) configuration:
Derived from: be2c0c650b028f54e427f2469a59942edfdff8a9
Platform:
osname=linux, osvers=4.12.0-2-amd64, archname=x86_64-linux-thread-multi
uname='linux k93msid 4.12.0-2-amd64 #1 smp debian 4.12.13-1 (2017-09-19) x86_64 gnulinux '
config_args='-Dprefix=/home/sand/src/perl/repoperls/installed-perls/host/k93msid/v5.24.0/276a -Dmyhostname=k93msid -Dinstallusrbinperl=n -Uversiononly -Dusedevel -des -Ui_db -Dlibswanted=cl pthread socket inet nsl gdbm dbm malloc dl ld sun m crypt sec util c cposix posix ucb BSD gdbm_compat -Duseithreads -Uuselongdouble -DDEBUGGING=both'
hint=recommended, useposix=true, d_sigaction=define
useithreads=define, usemultiplicity=define
use64bitint=define, use64bitall=define, uselongdouble=undef
usemymalloc=n, bincompat5005=undef
Compiler:
cc='cc', ccflags ='-D_REENTRANT -D_GNU_SOURCE -fwrapv -DDEBUGGING -fno-strict-aliasing -pipe -fstack-protector-strong -I/usr/local/include -D_LARGEFILE_SOURCE -D_FILE_OFFSET_BITS=64',
optimize='-O2 -g',
cppflags='-D_REENTRANT -D_GNU_SOURCE -fwrapv -DDEBUGGING -fno-strict-aliasing -pipe -fstack-protector-strong -I/usr/local/include'
ccversion='', gccversion='7.2.0', gccosandvers=''
intsize=4, longsize=8, ptrsize=8, doublesize=8, byteorder=12345678, doublekind=3
d_longlong=define, longlongsize=8, d_longdbl=define, longdblsize=16, longdblkind=3
ivtype='long', ivsize=8, nvtype='double', nvsize=8, Off_t='off_t', lseeksize=8
alignbytes=8, prototype=define
Linker and Libraries:
ld='cc', ldflags =' -fstack-protector-strong -L/usr/local/lib'
libpth=/usr/local/lib /usr/lib/gcc/x86_64-linux-gnu/7/include-fixed /usr/include/x86_64-linux-gnu /usr/lib /lib/x86_64-linux-gnu /lib/../lib /usr/lib/x86_64-linux-gnu /usr/lib/../lib /lib
libs=-lpthread -lnsl -ldl -lm -lcrypt -lutil -lc
perllibs=-lpthread -lnsl -ldl -lm -lcrypt -lutil -lc
libc=libc-2.24.so, so=so, useshrplib=false, libperl=libperl.a
gnulibc_version='2.24'
Dynamic Linking:
dlsrc=dl_dlopen.xs, dlext=so, d_dlsymun=undef, ccdlflags='-Wl,-E'
cccdlflags='-fPIC', lddlflags='-shared -O2 -g -L/usr/local/lib -fstack-protector-strong'
Characteristics of this binary (from libperl):
Compile-time options: DEBUGGING HAS_TIMES MULTIPLICITY PERLIO_LAYERS
PERL_COPY_ON_WRITE PERL_DONT_CREATE_GVSV
PERL_HASH_FUNC_ONE_AT_A_TIME_HARD
PERL_IMPLICIT_CONTEXT PERL_MALLOC_WRAP
PERL_PRESERVE_IVUV PERL_TRACK_MEMPOOL PERL_USE_DEVEL
USE_64_BIT_ALL USE_64_BIT_INT USE_ITHREADS
USE_LARGE_FILES USE_LOCALE USE_LOCALE_COLLATE
USE_LOCALE_CTYPE USE_LOCALE_NUMERIC USE_LOCALE_TIME
USE_PERLIO USE_PERL_ATOF USE_REENTRANT_API
Locally applied patches:
uncommitted-changes
Built under linux
Compiled at Oct 4 2017 00:00:22
%ENV:
PERL5LIB="/tmp/loop_over_bdir-24717-Nz8CQp/MogileFS-Client-1.17-0/blib/arch:/tmp/loop_over_bdir-24717-Nz8CQp/MogileFS-Client-1.17-0/blib/lib:/tmp/loop_over_bdir-24717-Nz8CQp/Linux-PipeMagic-0.03-0/blib/arch:/tmp/loop_over_bdir-24717-Nz8CQp/Linux-PipeMagic-0.03-0/blib/lib:/tmp/loop_over_bdir-24717-Nz8CQp/IO-AIO-4.34-0/blib/arch:/tmp/loop_over_bdir-24717-Nz8CQp/IO-AIO-4.34-0/blib/lib:/tmp/loop_over_bdir-24717-Nz8CQp/AnyEvent-HTTP-2.23-0/blib/arch:/tmp/loop_over_bdir-24717-Nz8CQp/AnyEvent-HTTP-2.23-0/blib/lib"
PERL5OPT=""
PERL5_CPANPLUS_IS_RUNNING="24723"
PERL5_CPAN_IS_RUNNING="24723"
PERL5_CPAN_IS_RUNNING_IN_RECURSION="24287,24723"
PERL_CANARY_STABILITY_NOPROMPT="1"
PERL_MM_USE_DEFAULT="1"
PERL_USE_UNSAFE_INC="1"
@INC:
/tmp/loop_over_bdir-24717-Nz8CQp/MogileFS-Client-1.17-0/blib/arch
/tmp/loop_over_bdir-24717-Nz8CQp/MogileFS-Client-1.17-0/blib/lib
/tmp/loop_over_bdir-24717-Nz8CQp/Linux-PipeMagic-0.03-0/blib/arch
/tmp/loop_over_bdir-24717-Nz8CQp/Linux-PipeMagic-0.03-0/blib/lib
/tmp/loop_over_bdir-24717-Nz8CQp/IO-AIO-4.34-0/blib/arch
/tmp/loop_over_bdir-24717-Nz8CQp/IO-AIO-4.34-0/blib/lib
/tmp/loop_over_bdir-24717-Nz8CQp/AnyEvent-HTTP-2.23-0/blib/arch
/tmp/loop_over_bdir-24717-Nz8CQp/AnyEvent-HTTP-2.23-0/blib/lib
/home/sand/src/perl/repoperls/installed-perls/host/k93msid/v5.24.0/276a/lib/site_perl/5.24.0/x86_64-linux-thread-multi
/home/sand/src/perl/repoperls/installed-perls/host/k93msid/v5.24.0/276a/lib/site_perl/5.24.0
/home/sand/src/perl/repoperls/installed-perls/host/k93msid/v5.24.0/276a/lib/5.24.0/x86_64-linux-thread-multi
/home/sand/src/perl/repoperls/installed-perls/host/k93msid/v5.24.0/276a/lib/5.24.0
.