Back
From: metabase:user:30f0bd62-2aae-11df-837a-5e0a49663a4f
Subject: FAIL Config-DB-0.2 v5.16.2 NetBSD
Date: 2012-12-09T14:21:49Z
This distribution has been tested as part of the CPAN Testers
project, supporting the Perl programming language. See
http://wiki.cpantesters.org/ for more information or email
questions to cpan-testers-discuss@perl.org
--
Dear Daniele Ricci,
This is a computer-generated report for Config-DB-0.2
on perl 5.16.2, created by CPAN-Reporter-1.2006.
Thank you for uploading your work to CPAN. However, there was a problem
testing your distribution.
If you think this report is invalid, please consult the CPAN Testers Wiki
for suggestions on how to avoid getting FAIL reports for missing library
or binary dependencies, unsupported operating systems, and so on:
http://wiki.cpantesters.org/wiki/CPANAuthorNotes
Sections of this report:
* Tester comments
* Program output
* Prerequisites
* Environment and other context
------------------------------
TESTER COMMENTS
------------------------------
Additional comments from tester:
this report is from an automated smoke testing program
and was not reviewed by a human for accuracy
------------------------------
PROGRAM OUTPUT
------------------------------
Output from '/usr/bin/make test':
PERL_DL_NONLAZY=1 /home/sts/cpansmoke/perl-5.16.2/bin/perl "-MExtUtils::Command::MM" "-e" "test_harness(0, 'blib/lib', 'blib/arch')" t/*.t
# Failed test 'wrong new call - no parameters'
# at t/01_new.t line 9.
# 'Config::DB::new: wrong call at t/01_new.t line 8.
# '
# doesn't match '(?^:^Config::DB::new: wrong call at t/01_new.t line \d+\n$)'
# Failed test 'wrong new call - hack try 1'
# at t/01_new.t line 16.
# 'Config::DB::new: wrong call at t/01_new.t line 15.
# '
# doesn't match '(?^:^Config::DB::new: wrong call at t/01_new.t line \d+\n$)'
# Failed test 'wrong new call - hack try 2'
# at t/01_new.t line 23.
# 'Config::DB::new: 'NoOk' does not hinerit 'Config::DB' at t/01_new.t line 22.
# '
# doesn't match '(?^:^Config::DB::new: 'NoOk' does not hinerit 'Config::DB' at t/01_new.t line \d+\n$)'
# Failed test 'wrong new call - wrong class'
# at t/01_new.t line 30.
# 'Config::DB::new: 'Wrong::Class' does not hinerit 'Config::DB' at t/01_new.t line 29.
# '
# doesn't match '(?^:^Config::DB::new: 'Wrong::Class' does not hinerit 'Config::DB' at t/01_new.t line \d+\n$)'
# Failed test 'wrong new call - missing connect paramenter'
# at t/01_new.t line 37.
# 'Config::DB::new: missing 'connect' paramenter at t/01_new.t line 36.
# '
# doesn't match '(?^:^Config::DB::new: missing 'connect' paramenter at t/01_new.t line \d+\n$)'
# Failed test 'wrong new call - connect paramenter not array ref'
# at t/01_new.t line 44.
# 'Config::DB::new: 'connect' paramenter is not a reference to ARRAY at t/01_new.t line 43.
# '
# doesn't match '(?^:^Config::DB::new: 'connect' paramenter is not a reference to ARRAY at t/01_new.t line \d+\n$)'
# Failed test 'wrong new call - missing tables paramenter'
# at t/01_new.t line 51.
# 'Config::DB::new: missing 'tables' paramenter at t/01_new.t line 50.
# '
# doesn't match '(?^:^Config::DB::new: missing 'tables' paramenter at t/01_new.t line \d+\n$)'
# Failed test 'wrong new call - tables paramenter not array ref'
# at t/01_new.t line 58.
# 'Config::DB::new: 'tables' paramenter is not a reference to HASH at t/01_new.t line 57.
# '
# doesn't match '(?^:^Config::DB::new: 'tables' paramenter is not a reference to HASH at t/01_new.t line \d+\n$)'
# Failed test 'wrong new call - missing tables'
# at t/01_new.t line 65.
# 'Config::DB::new: no tables defined at t/01_new.t line 64.
# '
# doesn't match '(?^:^Config::DB::new: no tables defined at t/01_new.t line \d+\n$)'
# Looks like you failed 9 tests of 13.
t/01_new.t .....
Dubious, test returned 9 (wstat 2304, 0x900)
Failed 9/13 subtests
DBD::DBM::db do failed: Cannot open /home/sts/cpansmoke/perl-5.16.2/cpan/build/Config-DB-0.2-C0LlIc/notable.lck: No such file or directory (2) at /home/sts/cpansmoke/perl-5.16.2/cpan/build/DBI-1.622-dOX8Rb/blib/lib/DBD/File.pm line 730. at /home/sts/cpansmoke/perl-5.16.2/cpan/build/DBI-1.622-dOX8Rb/blib/lib/DBI/DBD/SqlEngine.pm line 796.
at /home/sts/cpansmoke/perl-5.16.2/cpan/build/DBI-1.622-dOX8Rb/blib/lib/DBI/DBD/SqlEngine.pm line 796.
[for Statement "DROP TABLE notable"] at t/02_params.t line 5.
# Failed test 'connection error'
# at t/02_params.t line 18.
# 'Can't connect to data source 'DBI:NotInstalled' because I can't work out what driver to use (it doesn't seem to contain a 'dbi:driver:' prefix and the DBI_DRIVER env var is not set) at /home/sts/cpansmoke/perl-5.16.2/cpan/build/Config-DB-0.2-C0LlIc/blib/lib/Config/DB.pm line 100.Config::DB::read: can't connect at t/02_params.t line 15.'
# doesn't match '(?^:^Can't connect to data source 'DBI:NotInstalled'.*Config::DB::read: can't connect at t/02_params.t line \d+$)'
# Failed test 'missing table'
# at t/02_params.t line 32.
# 'DBD::DBM::db selectall_hashref failed: Cannot open /home/sts/cpansmoke/perl-5.16.2/cpan/build/Config-DB-0.2-C0LlIc/notable.lck: No such file or directory (2) at /home/sts/cpansmoke/perl-5.16.2/cpan/build/DBI-1.622-dOX8Rb/blib/lib/DBD/File.pm line 730. at /home/sts/cpansmoke/perl-5.16.2/cpan/build/DBI-1.622-dOX8Rb/blib/lib/DBI/DBD/SqlEngine.pm line 796. [for Statement "SELECT nofield AS dbcfg_key, notable.* FROM notable"] at /home/sts/cpansmoke/perl-5.16.2/cpan/build/Config-DB-0.2-C0LlIc/blib/lib/Config/DB.pm line 107.Config::DB::read: reading 'notable' table at t/02_params.t line 29.'
# doesn't match '(?^:^DBD::DBM::db selectall_hashref failed.*Config::DB::read: reading 'notable' table at t/02_params.t line \d+$)'
# Failed test 'missing field'
# at t/02_params.t line 43.
# 'DBD::DBM::db selectall_hashref failed: No such column 'nofield AS dbcfg_key' at /home/sts/cpansmoke/perl-5.16.2/cpan/build/DBI-1.622-dOX8Rb/blib/lib/DBI/DBD/SqlEngine.pm line 796. [for Statement "SELECT nofield AS dbcfg_key, notable.* FROM notable"] at /home/sts/cpansmoke/perl-5.16.2/cpan/build/Config-DB-0.2-C0LlIc/blib/lib/Config/DB.pm line 107.Config::DB::read: reading 'notable' table at t/02_params.t line 40.'
# doesn't match '(?^:^DBD::DBM::db selectall_hashref failed.*Config::DB::read: reading 'notable' table at t/02_params.t line \d+$)'
# Failed test 'ok call'
# at t/02_params.t line 53.
# got: 'DBD::DBM::db selectall_hashref failed: No such column 'nofield AS dbcfg_key' at /home/sts/cpansmoke/perl-5.16.2/cpan/build/DBI-1.622-dOX8Rb/blib/lib/DBI/DBD/SqlEngine.pm line 796.
# [for Statement "SELECT nofield AS dbcfg_key, notable.* FROM notable"] at /home/sts/cpansmoke/perl-5.16.2/cpan/build/Config-DB-0.2-C0LlIc/blib/lib/Config/DB.pm line 107.
#
# Config::DB::read: reading 'notable' table at t/02_params.t line 52.
# '
# expected: ''
# Looks like you failed 4 tests of 6.
t/02_params.t ..
Dubious, test returned 4 (wstat 1024, 0x400)
Failed 4/6 subtests
DBD::DBM::db do failed: Cannot open /home/sts/cpansmoke/perl-5.16.2/cpan/build/Config-DB-0.2-C0LlIc/cfg.lck: No such file or directory (2) at /home/sts/cpansmoke/perl-5.16.2/cpan/build/DBI-1.622-dOX8Rb/blib/lib/DBD/File.pm line 730. at /home/sts/cpansmoke/perl-5.16.2/cpan/build/DBI-1.622-dOX8Rb/blib/lib/DBI/DBD/SqlEngine.pm line 796.
at /home/sts/cpansmoke/perl-5.16.2/cpan/build/DBI-1.622-dOX8Rb/blib/lib/DBI/DBD/SqlEngine.pm line 796.
[for Statement "DROP TABLE cfg"] at t/03_get.t line 5.
# Failed test 'ok call'
# at t/03_get.t line 20.
# got: 'DBD::DBM::db selectall_hashref failed: No such column 'ckey AS dbcfg_key' at /home/sts/cpansmoke/perl-5.16.2/cpan/build/DBI-1.622-dOX8Rb/blib/lib/DBI/DBD/SqlEngine.pm line 796.
# [for Statement "SELECT ckey AS dbcfg_key, cfg.* FROM cfg"] at /home/sts/cpansmoke/perl-5.16.2/cpan/build/Config-DB-0.2-C0LlIc/blib/lib/Config/DB.pm line 107.
#
# Config::DB::read: reading 'cfg' table at t/03_get.t line 19.
# '
# expected: ''
# Failed test 'missing table parameter'
# at t/03_get.t line 23.
# 'DBD::DBM::db selectall_hashref failed: No such column 'ckey AS dbcfg_key' at /home/sts/cpansmoke/perl-5.16.2/cpan/build/DBI-1.622-dOX8Rb/blib/lib/DBI/DBD/SqlEngine.pm line 796.
# [for Statement "SELECT ckey AS dbcfg_key, cfg.* FROM cfg"] at /home/sts/cpansmoke/perl-5.16.2/cpan/build/Config-DB-0.2-C0LlIc/blib/lib/Config/DB.pm line 107.
#
# Config::DB::read: reading 'cfg' table at t/03_get.t line 22.
# '
# doesn't match '(?^:^Config::DB::get: missing table parameter at t/03_get.t line \d+$)'
DBD::DBM::db selectall_hashref failed: No such column 'ckey AS dbcfg_key' at /home/sts/cpansmoke/perl-5.16.2/cpan/build/DBI-1.622-dOX8Rb/blib/lib/DBI/DBD/SqlEngine.pm line 796.
[for Statement "SELECT ckey AS dbcfg_key, cfg.* FROM cfg"] at /home/sts/cpansmoke/perl-5.16.2/cpan/build/Config-DB-0.2-C0LlIc/blib/lib/Config/DB.pm line 107.
Config::DB::read: reading 'cfg' table at t/03_get.t line 29.
# Looks like you planned 28 tests but ran 4.
# Looks like you failed 2 tests of 4 run.
# Looks like your test exited with 25 just after 4.
t/03_get.t .....
Dubious, test returned 25 (wstat 6400, 0x1900)
Failed 26/28 subtests
Test Summary Report
-------------------
t/01_new.t (Wstat: 2304 Tests: 13 Failed: 9)
Failed tests: 3-11
Non-zero exit status: 9
t/02_params.t (Wstat: 1024 Tests: 6 Failed: 4)
Failed tests: 3-6
Non-zero exit status: 4
t/03_get.t (Wstat: 6400 Tests: 4 Failed: 2)
Failed tests: 3-4
Non-zero exit status: 25
Parse errors: Bad plan. You planned 28 tests but ran 4.
Files=3, Tests=23, 0 wallclock secs ( 0.05 usr 0.02 sys + 0.42 cusr 0.12 csys = 0.61 CPU)
Result: FAIL
Failed 3/3 test programs. 15/23 subtests failed.
*** Error code 25
Stop.
make: stopped in /home/sts/cpansmoke/perl-5.16.2/cpan/build/Config-DB-0.2-C0LlIc
------------------------------
PREREQUISITES
------------------------------
Prerequisite modules loaded:
requires:
Module Need Have
------------------- ----- -------
DBI 1.616 1.622
build_requires:
Module Need Have
------------------- ----- -------
ExtUtils::MakeMaker 0 6.63_02
configure_requires:
Module Need Have
------------------- ----- -------
ExtUtils::MakeMaker 0 6.63_02
------------------------------
ENVIRONMENT AND OTHER CONTEXT
------------------------------
Environment variables:
AUTOMATED_TESTING = 1
PATH = /home/sts/bin:/bin:/sbin:/usr/bin:/usr/sbin:/usr/X11R7/bin:/usr/X11R6/bin:/usr/pkg/bin:/usr/pkg/sbin:/usr/games:/usr/local/bin:/usr/local/sbin
PERL5LIB = /home/sts/cpansmoke/perl-5.16.2/cpan/build/DBI-1.622-dOX8Rb/blib/arch:/home/sts/cpansmoke/perl-5.16.2/cpan/build/DBI-1.622-dOX8Rb/blib/lib
PERL5OPT =
PERL5_CPANPLUS_IS_RUNNING = 19979
PERL5_CPAN_IS_RUNNING = 19979
PERL5_CPAN_IS_RUNNING_IN_RECURSION = 884,19979
PERL_CR_SMOKER_CURRENT = Config-DB-0.2
PERL_EXTUTILS_AUTOINSTALL = --defaultdeps
PERL_MM_USE_DEFAULT = 1
SHELL = /usr/pkg/bin/bash
TERM = screen
TMPDIR = /home/sts/cpansmoke/tmp
Perl special variables (and OS-specific diagnostics, for MSWin32):
$^X = /home/sts/cpansmoke/perl-5.16.2/bin/perl
$UID/$EUID = 1000 / 1000
$GID = 100 100 0
$EGID = 100 100 0
Perl module toolchain versions installed:
Module Have
------------------- --------
CPAN 1.9800
CPAN::Meta 2.120630
Cwd 3.39_02
ExtUtils::CBuilder 0.280206
ExtUtils::Command 1.17
ExtUtils::Install 1.58
ExtUtils::MakeMaker 6.63_02
ExtUtils::Manifest 1.61
ExtUtils::ParseXS 3.16
File::Spec 3.39_02
JSON 2.53
JSON::PP 2.27200
Module::Build 0.39_01
Module::Signature n/a
Parse::CPAN::Meta 1.4402
Test::Harness 3.23
Test::More 0.98
YAML n/a
YAML::Syck n/a
version 0.99
--
Summary of my perl5 (revision 5 version 16 subversion 2) configuration:
Platform:
osname=netbsd, osvers=6.0, archname=i386-netbsd-thread-multi
uname='netbsd cpansmoke2 6.0 netbsd 6.0 (xen3_domu) i386 '
config_args='-des -Dusethreads -Dprefix=/home/sts/cpansmoke/perl-5.16.2'
hint=recommended, useposix=true, d_sigaction=define
useithreads=define, usemultiplicity=define
useperlio=define, d_sfio=undef, uselargefiles=define, usesocks=undef
use64bitint=undef, use64bitall=undef, uselongdouble=undef
usemymalloc=n, bincompat5005=undef
Compiler:
cc='cc', ccflags ='-fno-strict-aliasing -pipe -fstack-protector -I/usr/pkg/include',
optimize='-O',
cppflags='-fno-strict-aliasing -pipe -fstack-protector -I/usr/pkg/include'
ccversion='', gccversion='4.5.3', gccosandvers=''
intsize=4, longsize=4, ptrsize=4, doublesize=8, byteorder=1234
d_longlong=define, longlongsize=8, d_longdbl=define, longdblsize=12
ivtype='long', ivsize=4, nvtype='double', nvsize=8, Off_t='off_t', lseeksize=8
alignbytes=4, prototype=define
Linker and Libraries:
ld='cc', ldflags =' -Wl,-rpath,/usr/pkg/lib -Wl,-rpath,/usr/local/lib -fstack-protector -L/usr/pkg/lib'
libpth=/usr/pkg/lib /lib /usr/lib
libs=-lm -lcrypt -lutil -lc -lposix -lpthread
perllibs=-lm -lcrypt -lutil -lc -lposix -lpthread
libc=/lib/libc.so, so=so, useshrplib=false, libperl=libperl.a
gnulibc_version=''
Dynamic Linking:
dlsrc=dl_dlopen.xs, dlext=so, d_dlsymun=undef, ccdlflags='-Wl,-E '
cccdlflags='-DPIC -fPIC ', lddlflags='--whole-archive -shared -L/usr/pkg/lib -fstack-protector'
Characteristics of this binary (from libperl):
Compile-time options: HAS_TIMES MULTIPLICITY PERLIO_LAYERS
PERL_DONT_CREATE_GVSV PERL_IMPLICIT_CONTEXT
PERL_MALLOC_WRAP PERL_PRESERVE_IVUV USE_ITHREADS
USE_LARGE_FILES USE_LOCALE USE_LOCALE_COLLATE
USE_LOCALE_CTYPE USE_LOCALE_NUMERIC USE_PERLIO
USE_PERL_ATOF USE_REENTRANT_API
Built under netbsd
Compiled at Nov 27 2012 15:10:18
%ENV:
PERL5LIB="/home/sts/cpansmoke/perl-5.16.2/cpan/build/DBI-1.622-dOX8Rb/blib/arch:/home/sts/cpansmoke/perl-5.16.2/cpan/build/DBI-1.622-dOX8Rb/blib/lib"
PERL5OPT=""
PERL5_CPANPLUS_IS_RUNNING="19979"
PERL5_CPAN_IS_RUNNING="19979"
PERL5_CPAN_IS_RUNNING_IN_RECURSION="884,19979"
PERL_CR_SMOKER_CURRENT="Config-DB-0.2"
PERL_EXTUTILS_AUTOINSTALL="--defaultdeps"
PERL_MM_USE_DEFAULT="1"
@INC:
/home/sts/cpansmoke/perl-5.16.2/cpan/build/DBI-1.622-dOX8Rb/blib/arch
/home/sts/cpansmoke/perl-5.16.2/cpan/build/DBI-1.622-dOX8Rb/blib/lib
/home/sts/cpansmoke/perl-5.16.2/lib/site_perl/5.16.2/i386-netbsd-thread-multi
/home/sts/cpansmoke/perl-5.16.2/lib/site_perl/5.16.2
/home/sts/cpansmoke/perl-5.16.2/lib/5.16.2/i386-netbsd-thread-multi
/home/sts/cpansmoke/perl-5.16.2/lib/5.16.2
.